[INFO] fetching crate tish_gba_scenepack 0.3.3...
[INFO] testing tish_gba_scenepack-0.3.3 against 1.99.0-beta.8+cargoflags=--release for beta-release-1.100-2
[INFO] extracting crate tish_gba_scenepack 0.3.3 into /workspace/builds/worker-3-tc1/source
[INFO] started tweaking crates.io crate tish_gba_scenepack 0.3.3
[INFO] finished tweaking crates.io crate tish_gba_scenepack 0.3.3
[INFO] tweaked toml for crates.io crate tish_gba_scenepack 0.3.3 written to /workspace/builds/worker-3-tc1/source/Cargo.toml
[INFO] validating manifest of crates.io crate tish_gba_scenepack 0.3.3 on toolchain 1.99.0-beta.8
[INFO] running `Command { std: CARGO_HOME="/workspace/cargo-home" RUSTUP_HOME="/workspace/rustup-home" "/workspace/cargo-home/bin/cargo" "+1.99.0-beta.8" "metadata" "--manifest-path" "Cargo.toml" "--no-deps", kill_on_drop: false }`
[INFO] crate crates.io crate tish_gba_scenepack 0.3.3 already has a lockfile, it will not be regenerated
[INFO] running `Command { std: CARGO_HOME="/workspace/cargo-home" RUSTUP_HOME="/workspace/rustup-home" "/workspace/cargo-home/bin/cargo" "+1.99.0-beta.8" "fetch" "--manifest-path" "Cargo.toml", kill_on_drop: false }`
[INFO] [stderr]     Updating crates.io index
[INFO] [stderr]  Downloading crates ...
[INFO] [stderr]   Downloaded tishlang_builtins v3.10.3
[INFO] [stderr]   Downloaded tishlang_core v3.10.3
[INFO] [stderr]   Downloaded deckfile v1.5.3
[INFO] [stderr]   Downloaded freetype-rs v0.38.0
[INFO] [stderr]   Downloaded tishlang_runtime v3.10.3
[INFO] running `Command { std: "docker" "create" "-v" "/var/lib/crater-agent-workspace/builds/worker-3-tc1/source:/opt/rustwide/workdir:ro,Z" "-v" "/var/lib/crater-agent-workspace/builds/worker-3-tc1/target:/opt/rustwide/target:rw,Z" "-v" "/var/lib/crater-agent-workspace/cargo-home:/opt/rustwide/cargo-home:ro,Z" "-v" "/var/lib/crater-agent-workspace/rustup-home:/opt/rustwide/rustup-home:ro,Z" "-m" "1610612736" "--network" "none" "ghcr.io/rust-lang/crates-build-env/linux@sha256:77db811e55d90add9212f6832c23229e3de5f1c1f9905e8cb07319ea15df73ac" "sleep" "infinity", kill_on_drop: false }`
[INFO] [stdout] bcc38c70c334c5a5ef7169b729e0399d49077fe83f7a17182d4bf4d1e26dcc68
[INFO] running `Command { std: "docker" "start" "bcc38c70c334c5a5ef7169b729e0399d49077fe83f7a17182d4bf4d1e26dcc68", kill_on_drop: false }`
[INFO] running `Command { std: "docker" "inspect" "bcc38c70c334c5a5ef7169b729e0399d49077fe83f7a17182d4bf4d1e26dcc68", kill_on_drop: false }`
[INFO] running `Command { std: "docker" "exec" "-e" "SOURCE_DIR=/opt/rustwide/workdir" "-e" "CARGO_HOME=/opt/rustwide/cargo-home" "-e" "RUSTUP_HOME=/opt/rustwide/rustup-home" "-e" "CARGO_TARGET_DIR=/opt/rustwide/target" "-w" "/opt/rustwide/workdir" "--user" "0:0" "bcc38c70c334c5a5ef7169b729e0399d49077fe83f7a17182d4bf4d1e26dcc68" "/opt/rustwide/cargo-home/bin/cargo" "+1.99.0-beta.8" "metadata" "--no-deps" "--format-version=1", kill_on_drop: false }`
[INFO] running `Command { std: "docker" "inspect" "bcc38c70c334c5a5ef7169b729e0399d49077fe83f7a17182d4bf4d1e26dcc68", kill_on_drop: false }`
[INFO] running `Command { std: "docker" "exec" "-e" "SOURCE_DIR=/opt/rustwide/workdir" "-e" "CARGO_HOME=/opt/rustwide/cargo-home" "-e" "RUSTUP_HOME=/opt/rustwide/rustup-home" "-e" "CARGO_TARGET_DIR=/opt/rustwide/target" "-e" "CARGO_INCREMENTAL=0" "-e" "RUST_BACKTRACE=full" "-e" "RUSTFLAGS=--cap-lints=warn" "-e" "RUSTDOCFLAGS=--cap-lints=warn" "-w" "/opt/rustwide/workdir" "--user" "0:0" "bcc38c70c334c5a5ef7169b729e0399d49077fe83f7a17182d4bf4d1e26dcc68" "/opt/rustwide/cargo-home/bin/cargo" "+1.99.0-beta.8" "build" "--frozen" "--message-format=json" "--release", kill_on_drop: false }`
[INFO] [stderr]    Compiling cc v1.4.4
[INFO] [stderr]    Compiling object v0.39.1
[INFO] [stderr]    Compiling memchr v2.8.3
[INFO] [stderr]    Compiling zerocopy v0.8.56
[INFO] [stderr]    Compiling rand_core v0.10.1
[INFO] [stderr]    Compiling cpufeatures v0.3.0
[INFO] [stderr]    Compiling getrandom v0.3.4
[INFO] [stderr]    Compiling ahash v0.8.12
[INFO] [stderr]    Compiling getrandom v0.4.3
[INFO] [stderr]    Compiling tinyvec_macros v0.1.1
[INFO] [stderr]    Compiling simd-adler32 v0.3.10
[INFO] [stderr]    Compiling once_cell v1.21.4
[INFO] [stderr]    Compiling itoa v1.0.18
[INFO] [stderr]    Compiling crc32fast v1.5.1
[INFO] [stderr]    Compiling indexmap v2.14.0
[INFO] [stderr]    Compiling arcstr v1.2.0
[INFO] [stderr]    Compiling adler2 v2.0.1
[INFO] [stderr]    Compiling ryu v1.0.23
[INFO] [stderr]    Compiling serde_core v1.0.229
[INFO] [stderr]    Compiling tinyvec v1.12.0
[INFO] [stderr]    Compiling chacha20 v0.10.2
[INFO] [stderr]    Compiling zmij v1.0.23
[INFO] [stderr]    Compiling num-traits v0.2.19
[INFO] [stderr]    Compiling syn v3.0.4
[INFO] [stderr]    Compiling bitflags v1.3.2
[INFO] [stderr]    Compiling serde_json v1.0.151
[INFO] [stderr]    Compiling miniz_oxide v0.8.9
[INFO] [stderr]    Compiling fdeflate v0.3.7
[INFO] [stderr]    Compiling bytemuck v1.25.2
[INFO] [stderr]    Compiling color_quant v1.1.0
[INFO] [stderr]    Compiling byteorder v1.5.0
[INFO] [stderr]    Compiling bitflags v2.13.1
[INFO] [stderr]    Compiling rand v0.10.2
[INFO] [stderr]    Compiling flate2 v1.1.9
[INFO] [stderr]    Compiling unicode-normalization v0.1.25
[INFO] [stderr]    Compiling png v0.17.16
[INFO] [stderr]    Compiling image v0.24.9
[INFO] [stderr]    Compiling libz-sys v1.1.29
[INFO] [stderr]    Compiling stacker v0.1.25
[INFO] [stderr]    Compiling freetype-sys v0.23.0
[INFO] [stderr]    Compiling freetype-rs v0.38.0
[INFO] [stderr]    Compiling serde_derive v1.0.229
[INFO] [stderr]    Compiling ar_archive_writer v0.5.3
[INFO] [stderr]    Compiling serde v1.0.229
[INFO] [stderr]    Compiling tishlang_core v3.10.3
[INFO] [stderr]    Compiling psm v0.1.32
[INFO] [stderr]    Compiling tishlang_builtins v3.10.3
[INFO] [stderr]    Compiling tishlang_runtime v3.10.3
[INFO] [stderr]    Compiling deckfile v1.5.3
[INFO] [stderr]    Compiling tish_gba_scenepack v0.3.3 (/opt/rustwide/workdir)
[INFO] [stderr]     Finished `release` profile [optimized] target(s) in 35.69s
[INFO] running `Command { std: "docker" "inspect" "bcc38c70c334c5a5ef7169b729e0399d49077fe83f7a17182d4bf4d1e26dcc68", kill_on_drop: false }`
[INFO] running `Command { std: "docker" "exec" "-e" "SOURCE_DIR=/opt/rustwide/workdir" "-e" "CARGO_HOME=/opt/rustwide/cargo-home" "-e" "RUSTUP_HOME=/opt/rustwide/rustup-home" "-e" "CARGO_TARGET_DIR=/opt/rustwide/target" "-e" "CARGO_INCREMENTAL=0" "-e" "RUST_BACKTRACE=full" "-e" "RUSTFLAGS=--cap-lints=warn" "-e" "RUSTDOCFLAGS=--cap-lints=warn" "-w" "/opt/rustwide/workdir" "--user" "0:0" "bcc38c70c334c5a5ef7169b729e0399d49077fe83f7a17182d4bf4d1e26dcc68" "/opt/rustwide/cargo-home/bin/cargo" "+1.99.0-beta.8" "test" "--frozen" "--no-run" "--message-format=json" "--release", kill_on_drop: false }`
[INFO] [stderr]    Compiling tish_gba_scenepack v0.3.3 (/opt/rustwide/workdir)
[INFO] [stderr]     Finished `release` profile [optimized] target(s) in 6.46s
[INFO] running `Command { std: "docker" "inspect" "bcc38c70c334c5a5ef7169b729e0399d49077fe83f7a17182d4bf4d1e26dcc68", kill_on_drop: false }`
[INFO] running `Command { std: "docker" "exec" "-e" "SOURCE_DIR=/opt/rustwide/workdir" "-e" "CARGO_HOME=/opt/rustwide/cargo-home" "-e" "RUSTUP_HOME=/opt/rustwide/rustup-home" "-e" "CARGO_TARGET_DIR=/opt/rustwide/target" "-e" "CARGO_INCREMENTAL=0" "-e" "RUST_BACKTRACE=full" "-e" "RUSTFLAGS=--cap-lints=warn" "-e" "RUSTDOCFLAGS=--cap-lints=warn" "-w" "/opt/rustwide/workdir" "--user" "0:0" "bcc38c70c334c5a5ef7169b729e0399d49077fe83f7a17182d4bf4d1e26dcc68" "/opt/rustwide/cargo-home/bin/cargo" "+1.99.0-beta.8" "test" "--frozen" "--release", kill_on_drop: false }`
[INFO] [stderr]     Finished `release` profile [optimized] target(s) in 0.13s
[INFO] [stderr]      Running unittests src/lib.rs (/opt/rustwide/target/release/deps/tish_gba_scenepack-c2ed495eb574ae20)
[INFO] [stdout] 
[INFO] [stdout] running 11 tests
[INFO] [stdout] test deckpack::tests::pulse_table_reaches_the_rails ... ok
[INFO] [stdout] test stringspack::tests::tilde_is_an_empty_string ... ok
[INFO] [stdout] test stringspack::tests::a_string_before_any_header_is_an_error ... ok
[INFO] [stdout] test stringspack::tests::parses_two_languages ... ok
[INFO] [stdout] test stringspack::tests::a_duplicate_language_is_an_error ... ok
[INFO] [stdout] test stringspack::tests::a_short_translation_is_an_error ... ok
[INFO] [stdout] test deckpack::tests::wave_harmonics_and_hex_pack_identically ... ok
[INFO] [stdout] test corpus_test::voice_is_dropped_and_fx_errors ... ok
[INFO] [stdout] test deckpack::tests::pcm_table_is_signed_8bit ... ok
[INFO] [stdout] test profile_test::gba_profile_is_honest ... ok
[INFO] [stderr] error: test failed, to rerun pass `--lib`
[INFO] [stdout] test corpus_test::corpus_bakes ... FAILED
[INFO] [stdout] 
[INFO] [stdout] failures:
[INFO] [stdout] 
[INFO] [stdout] ---- corpus_test::corpus_bakes stdout ----
[INFO] [stdout] 
[INFO] [stdout] thread 'corpus_test::corpus_bakes' (1000) panicked at src/corpus_test.rs:58:5:
[INFO] [stdout] expected the shipped corpus, found 13 files
[INFO] [stdout] stack backtrace:
[INFO] [stdout]    0:     0x7509f2ce8821 - std[70759c8f55707aa4]::backtrace_rs::backtrace::libunwind::trace
[INFO] [stdout]                                at /rustc/dfb0accb7f508ae8be965d8629557221c889dd98/library/std/src/../../backtrace/src/backtrace/libunwind.rs:117:9
[INFO] [stdout]    1:     0x7509f2ce8821 - std[70759c8f55707aa4]::backtrace_rs::backtrace::trace_unsynchronized::<std[70759c8f55707aa4]::sys::backtrace::_print_fmt::{closure#1}>
[INFO] [stdout]                                at /rustc/dfb0accb7f508ae8be965d8629557221c889dd98/library/std/src/../../backtrace/src/backtrace/mod.rs:66:14
[INFO] [stdout]    2:     0x7509f2ce8821 - std[70759c8f55707aa4]::sys::backtrace::_print_fmt
[INFO] [stdout]                                at /rustc/dfb0accb7f508ae8be965d8629557221c889dd98/library/std/src/sys/backtrace.rs:74:9
[INFO] [stdout]    3:     0x7509f2ce8821 - <<std[70759c8f55707aa4]::sys::backtrace::BacktraceLock>::print::DisplayBacktrace as core[df12db4294e9bfd3]::fmt::Display>::fmt
[INFO] [stdout]                                at /rustc/dfb0accb7f508ae8be965d8629557221c889dd98/library/std/src/sys/backtrace.rs:44:26
[INFO] [stdout]    4:     0x7509f2d2faea - <core[df12db4294e9bfd3]::fmt::rt::Argument>::fmt
[INFO] [stdout]                                at /rustc/dfb0accb7f508ae8be965d8629557221c889dd98/library/core/src/fmt/rt.rs:152:76
[INFO] [stdout]    5:     0x7509f2d2faea - core[df12db4294e9bfd3]::fmt::write
[INFO] [stdout]    6:     0x7509f2cf97cc - core[df12db4294e9bfd3]::io::write::default_write_fmt::<alloc[2182bb758b4b3781]::vec::Vec<u8>>
[INFO] [stdout]                                at /rustc/dfb0accb7f508ae8be965d8629557221c889dd98/library/core/src/io/write.rs:402:11
[INFO] [stdout]    7:     0x7509f2cf97cc - <alloc[2182bb758b4b3781]::vec::Vec<u8> as core[df12db4294e9bfd3]::io::write::Write>::write_fmt
[INFO] [stdout]                                at /rustc/dfb0accb7f508ae8be965d8629557221c889dd98/library/core/src/io/write.rs:335:13
[INFO] [stdout]    8:     0x7509f2cb21a6 - <std[70759c8f55707aa4]::sys::backtrace::BacktraceLock>::print
[INFO] [stdout]                                at /rustc/dfb0accb7f508ae8be965d8629557221c889dd98/library/std/src/sys/backtrace.rs:47:9
[INFO] [stdout]    9:     0x7509f2cb21a6 - std[70759c8f55707aa4]::panicking::default_hook::{closure#0}
[INFO] [stdout]                                at /rustc/dfb0accb7f508ae8be965d8629557221c889dd98/library/std/src/panicking.rs:292:27
[INFO] [stdout]   10:     0x7509f2cd92a9 - std[70759c8f55707aa4]::panicking::default_hook
[INFO] [stdout]                                at /rustc/dfb0accb7f508ae8be965d8629557221c889dd98/library/std/src/panicking.rs:316:9
[INFO] [stdout]   11:     0x654069a15a60 - test[9d35eded1c95d3be]::test_main_inner::<test[9d35eded1c95d3be]::test_main_static::{closure#0}>::{closure#0}
[INFO] [stdout]   12:     0x7509f2cd95d2 - <alloc[2182bb758b4b3781]::boxed::Box<dyn for<'a, 'b> core[df12db4294e9bfd3]::ops::function::Fn<(&'a std[70759c8f55707aa4]::panic::PanicHookInfo<'b>,), Output = ()> + core[df12db4294e9bfd3]::marker::Send + core[df12db4294e9bfd3]::marker::Sync> as core[df12db4294e9bfd3]::ops::function::Fn<(&std[70759c8f55707aa4]::panic::PanicHookInfo,)>>::call
[INFO] [stdout]                                at /rustc/dfb0accb7f508ae8be965d8629557221c889dd98/library/alloc/src/boxed.rs:2334:9
[INFO] [stdout]   13:     0x7509f2cd95d2 - std[70759c8f55707aa4]::panicking::panic_with_hook
[INFO] [stdout]                                at /rustc/dfb0accb7f508ae8be965d8629557221c889dd98/library/std/src/panicking.rs:823:13
[INFO] [stdout]   14:     0x7509f2cb2252 - std[70759c8f55707aa4]::panicking::panic_handler::{closure#0}
[INFO] [stdout]                                at /rustc/dfb0accb7f508ae8be965d8629557221c889dd98/library/std/src/panicking.rs:688:13
[INFO] [stdout]   15:     0x7509f2ca98a9 - std[70759c8f55707aa4]::sys::backtrace::__rust_end_short_backtrace::<std[70759c8f55707aa4]::panicking::panic_handler::{closure#0}, !>
[INFO] [stdout]                                at /rustc/dfb0accb7f508ae8be965d8629557221c889dd98/library/std/src/sys/backtrace.rs:182:18
[INFO] [stdout]   16:     0x7509f2cb3b5d - __rustc[8fa7c3cbc660c2b3]::rust_begin_unwind
[INFO] [stdout]                                at /rustc/dfb0accb7f508ae8be965d8629557221c889dd98/library/std/src/panicking.rs:679:5
[INFO] [stdout]   17:     0x7509f2d3057c - core[df12db4294e9bfd3]::panicking::panic_fmt
[INFO] [stdout]                                at /rustc/dfb0accb7f508ae8be965d8629557221c889dd98/library/core/src/panicking.rs:80:14
[INFO] [stdout]   18:     0x6540699e6114 - tish_gba_scenepack[4ac7fc7c489aff30]::corpus_test::corpus_bakes
[INFO] [stdout]   19:     0x6540699f8a29 - <tish_gba_scenepack[4ac7fc7c489aff30]::corpus_test::corpus_bakes::{closure#0} as core[df12db4294e9bfd3]::ops::function::FnOnce<()>>::call_once
[INFO] [stdout]   20:     0x654069a08d4b - test[9d35eded1c95d3be]::__rust_begin_short_backtrace::<core[df12db4294e9bfd3]::result::Result<(), alloc[2182bb758b4b3781]::string::String>, fn() -> core[df12db4294e9bfd3]::result::Result<(), alloc[2182bb758b4b3781]::string::String>>
[INFO] [stdout]   21:     0x654069a163b5 - test[9d35eded1c95d3be]::run_test::{closure#0}
[INFO] [stdout]   22:     0x654069a0fc74 - std[70759c8f55707aa4]::sys::backtrace::__rust_begin_short_backtrace::<test[9d35eded1c95d3be]::run_test::{closure#1}, ()>
[INFO] [stdout]   23:     0x654069a19512 - <std[70759c8f55707aa4]::thread::lifecycle::spawn_unchecked<test[9d35eded1c95d3be]::run_test::{closure#1}, ()>::{closure#1} as core[df12db4294e9bfd3]::ops::function::FnOnce<()>>::call_once::{shim:vtable#0}
[INFO] [stdout]   24:     0x7509f2ce4df9 - <alloc[2182bb758b4b3781]::boxed::Box<dyn core[df12db4294e9bfd3]::ops::function::FnOnce<(), Output = ()> + core[df12db4294e9bfd3]::marker::Send> as core[df12db4294e9bfd3]::ops::function::FnOnce<()>>::call_once
[INFO] [stdout]                                at /rustc/dfb0accb7f508ae8be965d8629557221c889dd98/library/alloc/src/boxed.rs:2320:9
[INFO] [stdout]   25:     0x7509f2ce4df9 - <std[70759c8f55707aa4]::sys::thread::unix::Thread>::new::thread_start
[INFO] [stdout]                                at /rustc/dfb0accb7f508ae8be965d8629557221c889dd98/library/std/src/sys/thread/unix.rs:123:17
[INFO] [stdout]   26:     0x7509f291bdfa - <unknown>
[INFO] [stdout]   27:     0x7509f29af3d4 - clone
[INFO] [stdout]   28:                0x0 - <unknown>
[INFO] [stdout] 
[INFO] [stdout] 
[INFO] [stdout] failures:
[INFO] [stdout]     corpus_test::corpus_bakes
[INFO] [stdout] 
[INFO] [stdout] test result: FAILED. 10 passed; 1 failed; 0 ignored; 0 measured; 0 filtered out; finished in 29.14s
[INFO] [stdout] 
[INFO] running `Command { std: "docker" "inspect" "bcc38c70c334c5a5ef7169b729e0399d49077fe83f7a17182d4bf4d1e26dcc68", kill_on_drop: false }`
[INFO] running `Command { std: "docker" "rm" "-f" "bcc38c70c334c5a5ef7169b729e0399d49077fe83f7a17182d4bf4d1e26dcc68", kill_on_drop: false }`
[INFO] [stdout] bcc38c70c334c5a5ef7169b729e0399d49077fe83f7a17182d4bf4d1e26dcc68
