[INFO] fetching crate tiro 0.4.1...
[INFO] testing tiro-0.4.1 against 1.99.0-beta.8+cargoflags=--release for beta-release-1.100-2
[INFO] extracting crate tiro 0.4.1 into /workspace/builds/worker-0-tc1/source
[INFO] started tweaking crates.io crate tiro 0.4.1
[INFO] removed 0 missing tests
[INFO] finished tweaking crates.io crate tiro 0.4.1
[INFO] tweaked toml for crates.io crate tiro 0.4.1 written to /workspace/builds/worker-0-tc1/source/Cargo.toml
[INFO] validating manifest of crates.io crate tiro 0.4.1 on toolchain 1.99.0-beta.8
[INFO] running `Command { std: CARGO_HOME="/workspace/cargo-home" RUSTUP_HOME="/workspace/rustup-home" "/workspace/cargo-home/bin/cargo" "+1.99.0-beta.8" "metadata" "--manifest-path" "Cargo.toml" "--no-deps", kill_on_drop: false }`
[INFO] crate crates.io crate tiro 0.4.1 already has a lockfile, it will not be regenerated
[INFO] running `Command { std: CARGO_HOME="/workspace/cargo-home" RUSTUP_HOME="/workspace/rustup-home" "/workspace/cargo-home/bin/cargo" "+1.99.0-beta.8" "fetch" "--manifest-path" "Cargo.toml", kill_on_drop: false }`
[INFO] [stderr]     Updating crates.io index
[INFO] [stderr]  Downloading crates ...
[INFO] [stderr]   Downloaded vergen v3.2.0
[INFO] [stderr]   Downloaded chrono v0.4.19
[INFO] [stderr]   Downloaded objc_id v0.1.1
[INFO] [stderr]   Downloaded mio-extras v2.0.6
[INFO] [stderr]   Downloaded objc-foundation v0.1.1
[INFO] [stderr]   Downloaded predicates-core v1.0.9
[INFO] [stderr]   Downloaded fsevent v0.4.0
[INFO] [stderr]   Downloaded fsevent-sys v2.0.1
[INFO] [stderr]   Downloaded predicates v3.1.3
[INFO] [stderr]   Downloaded redox_syscall v0.5.12
[INFO] [stderr]   Downloaded colored v1.9.4
[INFO] [stderr]   Downloaded time v0.1.44
[INFO] [stderr]   Downloaded wasi v0.10.0+wasi-snapshot-preview1
[INFO] [stderr]   Downloaded inotify v0.7.1
[INFO] [stderr]   Downloaded predicates-tree v1.0.12
[INFO] [stderr]   Downloaded assert_cmd v2.1.1
[INFO] [stderr]   Downloaded notify-rust v3.6.3
[INFO] [stderr]   Downloaded yaml-rust v0.3.5
[INFO] [stderr]   Downloaded mac-notification-sys v0.3.0
[INFO] [stderr]   Downloaded notify v4.0.18
[INFO] [stderr]   Downloaded dbus v0.6.5
[INFO] [stderr]   Downloaded cc v1.2.26
[INFO] [stderr]   Downloaded libdbus-sys v0.2.5
[INFO] running `Command { std: "docker" "create" "-v" "/var/lib/crater-agent-workspace/builds/worker-0-tc1/source:/opt/rustwide/workdir:ro,Z" "-v" "/var/lib/crater-agent-workspace/builds/worker-0-tc1/target:/opt/rustwide/target:rw,Z" "-v" "/var/lib/crater-agent-workspace/cargo-home:/opt/rustwide/cargo-home:ro,Z" "-v" "/var/lib/crater-agent-workspace/rustup-home:/opt/rustwide/rustup-home:ro,Z" "-m" "1610612736" "--network" "none" "ghcr.io/rust-lang/crates-build-env/linux@sha256:77db811e55d90add9212f6832c23229e3de5f1c1f9905e8cb07319ea15df73ac" "sleep" "infinity", kill_on_drop: false }`
[INFO] [stdout] 568a2f986dbda15577d172d1da17cfada7abbdf1c5ca37b3e2d28c932adc0272
[INFO] running `Command { std: "docker" "start" "568a2f986dbda15577d172d1da17cfada7abbdf1c5ca37b3e2d28c932adc0272", kill_on_drop: false }`
[INFO] running `Command { std: "docker" "inspect" "568a2f986dbda15577d172d1da17cfada7abbdf1c5ca37b3e2d28c932adc0272", kill_on_drop: false }`
[INFO] running `Command { std: "docker" "exec" "-e" "SOURCE_DIR=/opt/rustwide/workdir" "-e" "CARGO_HOME=/opt/rustwide/cargo-home" "-e" "RUSTUP_HOME=/opt/rustwide/rustup-home" "-e" "CARGO_TARGET_DIR=/opt/rustwide/target" "-w" "/opt/rustwide/workdir" "--user" "0:0" "568a2f986dbda15577d172d1da17cfada7abbdf1c5ca37b3e2d28c932adc0272" "/opt/rustwide/cargo-home/bin/cargo" "+1.99.0-beta.8" "metadata" "--no-deps" "--format-version=1", kill_on_drop: false }`
[INFO] running `Command { std: "docker" "inspect" "568a2f986dbda15577d172d1da17cfada7abbdf1c5ca37b3e2d28c932adc0272", kill_on_drop: false }`
[INFO] running `Command { std: "docker" "exec" "-e" "SOURCE_DIR=/opt/rustwide/workdir" "-e" "CARGO_HOME=/opt/rustwide/cargo-home" "-e" "RUSTUP_HOME=/opt/rustwide/rustup-home" "-e" "CARGO_TARGET_DIR=/opt/rustwide/target" "-e" "CARGO_INCREMENTAL=0" "-e" "RUST_BACKTRACE=full" "-e" "RUSTFLAGS=--cap-lints=warn" "-e" "RUSTDOCFLAGS=--cap-lints=warn" "-w" "/opt/rustwide/workdir" "--user" "0:0" "568a2f986dbda15577d172d1da17cfada7abbdf1c5ca37b3e2d28c932adc0272" "/opt/rustwide/cargo-home/bin/cargo" "+1.99.0-beta.8" "build" "--frozen" "--message-format=json" "--release", kill_on_drop: false }`
[INFO] [stderr]    Compiling libc v0.2.172
[INFO] [stderr]    Compiling autocfg v1.4.0
[INFO] [stderr]    Compiling proc-macro2 v1.0.95
[INFO] [stderr]    Compiling cfg-if v0.1.10
[INFO] [stderr]    Compiling serde v1.0.219
[INFO] [stderr]    Compiling unicode-width v0.1.14
[INFO] [stderr]    Compiling lazycell v1.3.0
[INFO] [stderr]    Compiling libdbus-sys v0.2.5
[INFO] [stderr]    Compiling ansi_term v0.12.1
[INFO] [stderr]    Compiling yaml-rust v0.3.5
[INFO] [stderr]    Compiling vec_map v0.8.2
[INFO] [stderr]    Compiling strsim v0.8.0
[INFO] [stderr]    Compiling num-traits v0.2.19
[INFO] [stderr]    Compiling slab v0.4.9
[INFO] [stderr]    Compiling textwrap v0.11.0
[INFO] [stderr]    Compiling quote v1.0.40
[INFO] [stderr]    Compiling syn v2.0.101
[INFO] [stderr]    Compiling net2 v0.2.39
[INFO] [stderr]    Compiling iovec v0.1.4
[INFO] [stderr]    Compiling inotify-sys v0.1.5
[INFO] [stderr]    Compiling atty v0.2.14
[INFO] [stderr]    Compiling is-terminal v0.4.16
[INFO] [stderr]    Compiling filetime v0.2.25
[INFO] [stderr]    Compiling dbus v0.6.5
[INFO] [stderr]    Compiling time v0.1.44
[INFO] [stderr]    Compiling num-integer v0.1.46
[INFO] [stderr]    Compiling clap v2.34.0
[INFO] [stderr]    Compiling colored v1.9.4
[INFO] [stderr]    Compiling inotify v0.7.1
[INFO] [stderr]    Compiling mio v0.6.23
[INFO] [stderr]    Compiling chrono v0.4.19
[INFO] [stderr]    Compiling mio-extras v2.0.6
[INFO] [stderr]    Compiling notify v4.0.18
[INFO] [stderr]    Compiling vergen v3.2.0
[INFO] [stderr]    Compiling tiro v0.4.1 (/opt/rustwide/workdir)
[INFO] [stderr]    Compiling serde_derive v1.0.219
[INFO] [stderr]    Compiling notify-rust v3.6.3
[INFO] [stderr]    Compiling toml v0.5.11
[INFO] [stderr]     Finished `release` profile [optimized] target(s) in 36.03s
[INFO] running `Command { std: "docker" "inspect" "568a2f986dbda15577d172d1da17cfada7abbdf1c5ca37b3e2d28c932adc0272", kill_on_drop: false }`
[INFO] running `Command { std: "docker" "exec" "-e" "SOURCE_DIR=/opt/rustwide/workdir" "-e" "CARGO_HOME=/opt/rustwide/cargo-home" "-e" "RUSTUP_HOME=/opt/rustwide/rustup-home" "-e" "CARGO_TARGET_DIR=/opt/rustwide/target" "-e" "CARGO_INCREMENTAL=0" "-e" "RUST_BACKTRACE=full" "-e" "RUSTFLAGS=--cap-lints=warn" "-e" "RUSTDOCFLAGS=--cap-lints=warn" "-w" "/opt/rustwide/workdir" "--user" "0:0" "568a2f986dbda15577d172d1da17cfada7abbdf1c5ca37b3e2d28c932adc0272" "/opt/rustwide/cargo-home/bin/cargo" "+1.99.0-beta.8" "test" "--frozen" "--no-run" "--message-format=json" "--release", kill_on_drop: false }`
[INFO] [stderr]    Compiling regex-syntax v0.8.8
[INFO] [stderr]    Compiling predicates-core v1.0.9
[INFO] [stderr]    Compiling rustix v1.1.2
[INFO] [stderr]    Compiling float-cmp v0.10.0
[INFO] [stderr]    Compiling termtree v0.5.1
[INFO] [stderr]    Compiling difflib v0.4.0
[INFO] [stderr]    Compiling normalize-line-endings v0.3.0
[INFO] [stderr]    Compiling assert_cmd v2.1.1
[INFO] [stderr]    Compiling anstyle v1.0.13
[INFO] [stderr]    Compiling getrandom v0.3.4
[INFO] [stderr]    Compiling wait-timeout v0.2.1
[INFO] [stderr]    Compiling fastrand v2.3.0
[INFO] [stderr]    Compiling unicode-linebreak v0.1.5
[INFO] [stderr]    Compiling smawk v0.3.2
[INFO] [stderr]    Compiling once_cell v1.21.3
[INFO] [stderr]    Compiling predicates-tree v1.0.12
[INFO] [stderr]    Compiling textwrap v0.16.2
[INFO] [stderr]    Compiling regex-automata v0.4.13
[INFO] [stderr]    Compiling tempfile v3.23.0
[INFO] [stderr]    Compiling regex v1.12.2
[INFO] [stderr]    Compiling bstr v1.12.1
[INFO] [stderr]    Compiling predicates v3.1.3
[INFO] [stderr]    Compiling tiro v0.4.1 (/opt/rustwide/workdir)
[INFO] [stderr]     Finished `release` profile [optimized] target(s) in 23.04s
[INFO] running `Command { std: "docker" "inspect" "568a2f986dbda15577d172d1da17cfada7abbdf1c5ca37b3e2d28c932adc0272", kill_on_drop: false }`
[INFO] running `Command { std: "docker" "exec" "-e" "SOURCE_DIR=/opt/rustwide/workdir" "-e" "CARGO_HOME=/opt/rustwide/cargo-home" "-e" "RUSTUP_HOME=/opt/rustwide/rustup-home" "-e" "CARGO_TARGET_DIR=/opt/rustwide/target" "-e" "CARGO_INCREMENTAL=0" "-e" "RUST_BACKTRACE=full" "-e" "RUSTFLAGS=--cap-lints=warn" "-e" "RUSTDOCFLAGS=--cap-lints=warn" "-w" "/opt/rustwide/workdir" "--user" "0:0" "568a2f986dbda15577d172d1da17cfada7abbdf1c5ca37b3e2d28c932adc0272" "/opt/rustwide/cargo-home/bin/cargo" "+1.99.0-beta.8" "test" "--frozen" "--release", kill_on_drop: false }`
[INFO] [stderr]     Finished `release` profile [optimized] target(s) in 0.09s
[INFO] [stderr]      Running unittests src/main.rs (/opt/rustwide/target/release/deps/tiro-cda63cc4988461b5)
[INFO] [stdout] 
[INFO] [stdout] running 58 tests
[INFO] [stdout] test config::tests::parse_as_path_buf ... ok
[INFO] [stdout] test config::tests::test_2 ... ok
[INFO] [stdout] test config::tests::test_update_parse_state_no_override ... ok
[INFO] [stdout] test config::tests::test_update_parse_state_empty_config_quadrants ... ok
[INFO] [stdout] test config::tests::test_update_parse_state_basic ... ok
[INFO] [stdout] test config::tests::test_update_parse_state_empty_parse_state ... ok
[INFO] [stdout] test merge::tests::are_compatible_disjoint_intervals_returns_true ... ok
[INFO] [stdout] test config::tests::test_load_config_invalid_toml_syntax ... FAILED
[INFO] [stdout] test merge::tests::are_compatible_two_overlapping_intervals_returns_false ... ok
[INFO] [stdout] test config::tests::test_load_config_non_existent_file ... FAILED
[INFO] [stdout] test config::tests::test_load_config_valid_file ... FAILED
[INFO] [stdout] test parse::tests::get_all_life_lapses_single_file_returns_parsed_lapses ... ok
[INFO] [stdout] test parse::tests::get_all_life_lapses_multiple_files_returns_merged_lapses ... ok
[INFO] [stdout] test merge::tests::are_compatible_single_interval_returns_true ... ok
[INFO] [stdout] test merge::tests::merge_strictly_compatible_lifelapses_overlapping_inputs_returns_separate_lapses ... ok
[INFO] [stdout] test merge::tests::are_compatible_touching_intervals_returns_true ... ok
[INFO] [stdout] test merge::tests::are_compatible_empty_input_returns_true ... ok
[INFO] [stdout] test merge::tests::are_compatible_three_intervals_with_overlap_returns_false ... ok
[INFO] [stdout] test merge::tests::merge_strictly_compatible_lifelapses_contiguous_inputs_returns_single_merged_lapse ... ok
[INFO] [stdout] test parse::tests::parsing_1_valid_datetime_string_returns_datetime ... ok
[INFO] [stdout] test parse::tests::get_life_chunk_missing_categories_returns_empty_categories ... ok
[INFO] [stdout] test parse::tests::get_life_chunk_missing_duration_returns_zero_duration ... ok
[INFO] [stdout] test parse::tests::parse_date_empty_string_returns_none ... ok
[INFO] [stdout] test parse::tests::get_life_chunk_extra_spaces_returns_correct_description ... ok
[INFO] [stdout] test parse::tests::get_life_chunk_full_input_returns_populated_lifechunk ... ok
[INFO] [stdout] test parse::tests::process_line_life_chunk_string_returns_lc_result ... ok
[INFO] [stdout] test parse::tests::get_life_chunk_no_quadrant_returns_default_quadrant ... ok
[INFO] [stdout] test parse::tests::get_life_chunk_user_quadrant_returns_parsed_quadrant ... ok
[INFO] [stdout] test parse::tests::parse_date_invalid_string_returns_none ... ok
[INFO] [stdout] test parse::tests::process_line_comment_string_returns_lc_result_with_zero_duration ... ok
[INFO] [stdout] test parse::tests::process_line_empty_string_returns_empty_lc_result ... ok
[INFO] [stdout] test pretty_print::tests::test_cleanup_redundant_files_different_prefix ... ok
[INFO] [stdout] test pretty_print::tests::test_cleanup_redundant_files_multiple_redundant ... ok
[INFO] [stdout] test pretty_print::tests::test_cleanup_redundant_files_exact_match ... ok
[INFO] [stdout] test parse::tests::parse_date_custom_format_returns_datetime ... ok
[INFO] [stdout] test parse::tests::process_line_date_string_returns_date_result ... ok
[INFO] [stdout] test summary::tests::compute_context_summary_basic_map_returns_sorted_summaries ... ok
[INFO] [stdout] test pretty_print::tests::test_cleanup_redundant_files_new_content_shorter ... ok
[INFO] [stdout] test pretty_print::tests::test_cleanup_redundant_files_not_a_prefix_on_line_boundary ... ok
[INFO] [stdout] test pretty_print::tests::test_cleanup_redundant_files_superset ... ok
[INFO] [stdout] test summary::tests::compute_summary_multiple_categories_in_single_chunk_returns_duration_added_to_all_categories ... ok
[INFO] [stdout] test summary::tests::compute_context_summary_empty_map_returns_empty_vec ... ok
[INFO] [stdout] test config::tests::test_update_parse_state_category_not_in_config ... ok
[INFO] [stdout] test summary::tests::compute_summary_basic_chunks_returns_correct_durations ... ok
[INFO] [stdout] test merge::tests::merge_strictly_compatible_lifelapses_inputs_with_gap_returns_separate_lapses ... ok
[INFO] [stdout] test summary::tests::format_category_summary_with_note_basic_vec_returns_formatted_lines_with_note ... ok
[INFO] [stdout] test summary::tests::format_duration_single_digit_hours_returns_padded_string ... ok
[INFO] [stdout] test pretty_print::tests::test_cleanup_redundant_files_not_superset ... ok
[INFO] [stdout] test summary::tests::compute_summary_chunks_without_categories_returns_only_categorized_durations ... ok
[INFO] [stdout] test summary::tests::format_category_summary_basic_vec_returns_formatted_lines ... ok
[INFO] [stdout] test summary::tests::format_category_summary_with_note_empty_vec_returns_date_header_with_note ... ok
[INFO] [stdout] test summary::tests::compute_summary_empty_input_returns_empty_summary ... ok
[INFO] [stdout] test summary::tests::merge_summaries_on_same_date_mixed_dates_returns_merged_by_date ... ok
[INFO] [stdout] test summary::tests::compute_summary_zero_duration_chunks_returns_zero_duration_entries ... ok
[INFO] [stderr] error: test failed, to rerun pass `--bin tiro`
[INFO] [stdout] test summary::tests::format_category_summary_empty_vec_returns_date_header_only ... ok
[INFO] [stdout] test summary::tests::format_duration_duration_longer_than_day_returns_hours_greater_than_24 ... ok
[INFO] [stdout] test summary::tests::merge_all_summaries_multiple_summaries_returns_accumulated_summary ... ok
[INFO] [stdout] test summary::tests::merge_summaries_disjoint_summaries_returns_merged_summary ... ok
[INFO] [stdout] 
[INFO] [stdout] failures:
[INFO] [stdout] 
[INFO] [stdout] ---- config::tests::test_load_config_invalid_toml_syntax stdout ----
[INFO] [stdout] 
[INFO] [stdout] thread 'config::tests::test_load_config_invalid_toml_syntax' (1575) panicked at src/config.rs:134:13:
[INFO] [stdout] Failed to create test specific temp dir: "./target/test_temp_configs/invalid_syntax"
[INFO] [stdout] stack backtrace:
[INFO] [stdout]    0:     0x5a1056dfdf11 - <<std[70759c8f55707aa4]::sys::backtrace::BacktraceLock>::print::DisplayBacktrace as core[df12db4294e9bfd3]::fmt::Display>::fmt
[INFO] [stdout]    1:     0x5a1056e1376a - core[df12db4294e9bfd3]::fmt::write
[INFO] [stdout]    2:     0x5a1056e02c2c - <alloc[2182bb758b4b3781]::vec::Vec<u8> as core[df12db4294e9bfd3]::io::write::Write>::write_fmt
[INFO] [stdout]    3:     0x5a1056dd7d36 - std[70759c8f55707aa4]::panicking::default_hook::{closure#0}
[INFO] [stdout]    4:     0x5a1056df5599 - std[70759c8f55707aa4]::panicking::default_hook
[INFO] [stdout]    5:     0x5a1056d75be0 - test[9d35eded1c95d3be]::test_main_inner::<test[9d35eded1c95d3be]::test_main_static::{closure#0}>::{closure#0}
[INFO] [stdout]    6:     0x5a1056df5752 - std[70759c8f55707aa4]::panicking::panic_with_hook
[INFO] [stdout]    7:     0x5a1056dd7de2 - std[70759c8f55707aa4]::panicking::panic_handler::{closure#0}
[INFO] [stdout]    8:     0x5a1056dd0259 - std[70759c8f55707aa4]::sys::backtrace::__rust_end_short_backtrace::<std[70759c8f55707aa4]::panicking::panic_handler::{closure#0}, !>
[INFO] [stdout]    9:     0x5a1056dd8aed - __rustc[8fa7c3cbc660c2b3]::rust_begin_unwind
[INFO] [stdout]   10:     0x5a1056e13e9c - core[df12db4294e9bfd3]::panicking::panic_fmt
[INFO] [stdout]   11:     0x5a1056d3742f - tiro[d1aa123a8cd658c6]::config::tests::setup_test_dir::{closure#0}
[INFO] [stdout]   12:     0x5a1056d3763c - tiro[d1aa123a8cd658c6]::config::tests::setup_test_dir
[INFO] [stdout]   13:     0x5a1056d39fb7 - tiro[d1aa123a8cd658c6]::config::tests::test_load_config_invalid_toml_syntax
[INFO] [stdout]   14:     0x5a1056d52959 - <tiro[d1aa123a8cd658c6]::config::tests::test_load_config_invalid_toml_syntax::{closure#0} as core[df12db4294e9bfd3]::ops::function::FnOnce<()>>::call_once
[INFO] [stdout]   15:     0x5a1056d68ecb - test[9d35eded1c95d3be]::__rust_begin_short_backtrace::<core[df12db4294e9bfd3]::result::Result<(), alloc[2182bb758b4b3781]::string::String>, fn() -> core[df12db4294e9bfd3]::result::Result<(), alloc[2182bb758b4b3781]::string::String>>
[INFO] [stdout]   16:     0x5a1056d76535 - test[9d35eded1c95d3be]::run_test::{closure#0}
[INFO] [stdout]   17:     0x5a1056d6fdf4 - std[70759c8f55707aa4]::sys::backtrace::__rust_begin_short_backtrace::<test[9d35eded1c95d3be]::run_test::{closure#1}, ()>
[INFO] [stdout]   18:     0x5a1056d79692 - <std[70759c8f55707aa4]::thread::lifecycle::spawn_unchecked<test[9d35eded1c95d3be]::run_test::{closure#1}, ()>::{closure#1} as core[df12db4294e9bfd3]::ops::function::FnOnce<()>>::call_once::{shim:vtable#0}
[INFO] [stdout]   19:     0x5a1056dfd289 - <std[70759c8f55707aa4]::sys::thread::unix::Thread>::new::thread_start
[INFO] [stdout]   20:     0x7d797b278dfa - <unknown>
[INFO] [stdout]   21:     0x7d797b30c3d4 - clone
[INFO] [stdout]   22:                0x0 - <unknown>
[INFO] [stdout] 
[INFO] [stdout] ---- config::tests::test_load_config_non_existent_file stdout ----
[INFO] [stdout] 
[INFO] [stdout] thread 'config::tests::test_load_config_non_existent_file' (1576) panicked at src/config.rs:134:13:
[INFO] [stdout] Failed to create test specific temp dir: "./target/test_temp_configs/non_existent"
[INFO] [stdout] stack backtrace:
[INFO] [stdout]    0:     0x5a1056dfdf11 - <<std[70759c8f55707aa4]::sys::backtrace::BacktraceLock>::print::DisplayBacktrace as core[df12db4294e9bfd3]::fmt::Display>::fmt
[INFO] [stdout]    1:     0x5a1056e1376a - core[df12db4294e9bfd3]::fmt::write
[INFO] [stdout]    2:     0x5a1056e02c2c - <alloc[2182bb758b4b3781]::vec::Vec<u8> as core[df12db4294e9bfd3]::io::write::Write>::write_fmt
[INFO] [stdout]    3:     0x5a1056dd7d36 - std[70759c8f55707aa4]::panicking::default_hook::{closure#0}
[INFO] [stdout]    4:     0x5a1056df5599 - std[70759c8f55707aa4]::panicking::default_hook
[INFO] [stdout]    5:     0x5a1056d75be0 - test[9d35eded1c95d3be]::test_main_inner::<test[9d35eded1c95d3be]::test_main_static::{closure#0}>::{closure#0}
[INFO] [stdout]    6:     0x5a1056df5752 - std[70759c8f55707aa4]::panicking::panic_with_hook
[INFO] [stdout]    7:     0x5a1056dd7de2 - std[70759c8f55707aa4]::panicking::panic_handler::{closure#0}
[INFO] [stdout]    8:     0x5a1056dd0259 - std[70759c8f55707aa4]::sys::backtrace::__rust_end_short_backtrace::<std[70759c8f55707aa4]::panicking::panic_handler::{closure#0}, !>
[INFO] [stdout]    9:     0x5a1056dd8aed - __rustc[8fa7c3cbc660c2b3]::rust_begin_unwind
[INFO] [stdout]   10:     0x5a1056e13e9c - core[df12db4294e9bfd3]::panicking::panic_fmt
[INFO] [stdout]   11:     0x5a1056d3742f - tiro[d1aa123a8cd658c6]::config::tests::setup_test_dir::{closure#0}
[INFO] [stdout]   12:     0x5a1056d3763c - tiro[d1aa123a8cd658c6]::config::tests::setup_test_dir
[INFO] [stdout]   13:     0x5a1056d39437 - tiro[d1aa123a8cd658c6]::config::tests::test_load_config_non_existent_file
[INFO] [stdout]   14:     0x5a1056d52919 - <tiro[d1aa123a8cd658c6]::config::tests::test_load_config_non_existent_file::{closure#0} as core[df12db4294e9bfd3]::ops::function::FnOnce<()>>::call_once
[INFO] [stdout]   15:     0x5a1056d68ecb - test[9d35eded1c95d3be]::__rust_begin_short_backtrace::<core[df12db4294e9bfd3]::result::Result<(), alloc[2182bb758b4b3781]::string::String>, fn() -> core[df12db4294e9bfd3]::result::Result<(), alloc[2182bb758b4b3781]::string::String>>
[INFO] [stdout]   16:     0x5a1056d76535 - test[9d35eded1c95d3be]::run_test::{closure#0}
[INFO] [stdout]   17:     0x5a1056d6fdf4 - std[70759c8f55707aa4]::sys::backtrace::__rust_begin_short_backtrace::<test[9d35eded1c95d3be]::run_test::{closure#1}, ()>
[INFO] [stdout]   18:     0x5a1056d79692 - <std[70759c8f55707aa4]::thread::lifecycle::spawn_unchecked<test[9d35eded1c95d3be]::run_test::{closure#1}, ()>::{closure#1} as core[df12db4294e9bfd3]::ops::function::FnOnce<()>>::call_once::{shim:vtable#0}
[INFO] [stdout]   19:     0x5a1056dfd289 - <std[70759c8f55707aa4]::sys::thread::unix::Thread>::new::thread_start
[INFO] [stdout]   20:     0x7d797b278dfa - <unknown>
[INFO] [stdout]   21:     0x7d797b30c3d4 - clone
[INFO] [stdout]   22:                0x0 - <unknown>
[INFO] [stdout] 
[INFO] [stdout] ---- config::tests::test_load_config_valid_file stdout ----
[INFO] [stdout] 
[INFO] [stdout] thread 'config::tests::test_load_config_valid_file' (1577) panicked at src/config.rs:134:13:
[INFO] [stdout] Failed to create test specific temp dir: "./target/test_temp_configs/valid_file"
[INFO] [stdout] stack backtrace:
[INFO] [stdout]    0:     0x5a1056dfdf11 - <<std[70759c8f55707aa4]::sys::backtrace::BacktraceLock>::print::DisplayBacktrace as core[df12db4294e9bfd3]::fmt::Display>::fmt
[INFO] [stdout]    1:     0x5a1056e1376a - core[df12db4294e9bfd3]::fmt::write
[INFO] [stdout]    2:     0x5a1056e02c2c - <alloc[2182bb758b4b3781]::vec::Vec<u8> as core[df12db4294e9bfd3]::io::write::Write>::write_fmt
[INFO] [stdout]    3:     0x5a1056dd7d36 - std[70759c8f55707aa4]::panicking::default_hook::{closure#0}
[INFO] [stdout]    4:     0x5a1056df5599 - std[70759c8f55707aa4]::panicking::default_hook
[INFO] [stdout]    5:     0x5a1056d75be0 - test[9d35eded1c95d3be]::test_main_inner::<test[9d35eded1c95d3be]::test_main_static::{closure#0}>::{closure#0}
[INFO] [stdout]    6:     0x5a1056df5752 - std[70759c8f55707aa4]::panicking::panic_with_hook
[INFO] [stdout]    7:     0x5a1056dd7de2 - std[70759c8f55707aa4]::panicking::panic_handler::{closure#0}
[INFO] [stdout]    8:     0x5a1056dd0259 - std[70759c8f55707aa4]::sys::backtrace::__rust_end_short_backtrace::<std[70759c8f55707aa4]::panicking::panic_handler::{closure#0}, !>
[INFO] [stdout]    9:     0x5a1056dd8aed - __rustc[8fa7c3cbc660c2b3]::rust_begin_unwind
[INFO] [stdout]   10:     0x5a1056e13e9c - core[df12db4294e9bfd3]::panicking::panic_fmt
[INFO] [stdout]   11:     0x5a1056d3742f - tiro[d1aa123a8cd658c6]::config::tests::setup_test_dir::{closure#0}
[INFO] [stdout]   12:     0x5a1056d3763c - tiro[d1aa123a8cd658c6]::config::tests::setup_test_dir
[INFO] [stdout]   13:     0x5a1056d37d6a - tiro[d1aa123a8cd658c6]::config::tests::test_load_config_valid_file
[INFO] [stdout]   14:     0x5a1056d528d9 - <tiro[d1aa123a8cd658c6]::config::tests::test_load_config_valid_file::{closure#0} as core[df12db4294e9bfd3]::ops::function::FnOnce<()>>::call_once
[INFO] [stdout]   15:     0x5a1056d68ecb - test[9d35eded1c95d3be]::__rust_begin_short_backtrace::<core[df12db4294e9bfd3]::result::Result<(), alloc[2182bb758b4b3781]::string::String>, fn() -> core[df12db4294e9bfd3]::result::Result<(), alloc[2182bb758b4b3781]::string::String>>
[INFO] [stdout]   16:     0x5a1056d76535 - test[9d35eded1c95d3be]::run_test::{closure#0}
[INFO] [stdout]   17:     0x5a1056d6fdf4 - std[70759c8f55707aa4]::sys::backtrace::__rust_begin_short_backtrace::<test[9d35eded1c95d3be]::run_test::{closure#1}, ()>
[INFO] [stdout]   18:     0x5a1056d79692 - <std[70759c8f55707aa4]::thread::lifecycle::spawn_unchecked<test[9d35eded1c95d3be]::run_test::{closure#1}, ()>::{closure#1} as core[df12db4294e9bfd3]::ops::function::FnOnce<()>>::call_once::{shim:vtable#0}
[INFO] [stdout]   19:     0x5a1056dfd289 - <std[70759c8f55707aa4]::sys::thread::unix::Thread>::new::thread_start
[INFO] [stdout]   20:     0x7d797b278dfa - <unknown>
[INFO] [stdout]   21:     0x7d797b30c3d4 - clone
[INFO] [stdout]   22:                0x0 - <unknown>
[INFO] [stdout] 
[INFO] [stdout] 
[INFO] [stdout] failures:
[INFO] [stdout]     config::tests::test_load_config_invalid_toml_syntax
[INFO] [stdout]     config::tests::test_load_config_non_existent_file
[INFO] [stdout]     config::tests::test_load_config_valid_file
[INFO] [stdout] 
[INFO] [stdout] test result: FAILED. 55 passed; 3 failed; 0 ignored; 0 measured; 0 filtered out; finished in 0.02s
[INFO] [stdout] 
[INFO] running `Command { std: "docker" "inspect" "568a2f986dbda15577d172d1da17cfada7abbdf1c5ca37b3e2d28c932adc0272", kill_on_drop: false }`
[INFO] running `Command { std: "docker" "rm" "-f" "568a2f986dbda15577d172d1da17cfada7abbdf1c5ca37b3e2d28c932adc0272", kill_on_drop: false }`
[INFO] [stdout] 568a2f986dbda15577d172d1da17cfada7abbdf1c5ca37b3e2d28c932adc0272
