[INFO] fetching crate tinyxml2 1.1.1...
[INFO] testing tinyxml2-1.1.1 against 1.99.0-beta.8+cargoflags=--release for beta-release-1.100-2
[INFO] extracting crate tinyxml2 1.1.1 into /workspace/builds/worker-5-tc1/source
[INFO] started tweaking crates.io crate tinyxml2 1.1.1
[INFO] removed 0 missing tests
[INFO] finished tweaking crates.io crate tinyxml2 1.1.1
[INFO] tweaked toml for crates.io crate tinyxml2 1.1.1 written to /workspace/builds/worker-5-tc1/source/Cargo.toml
[INFO] validating manifest of crates.io crate tinyxml2 1.1.1 on toolchain 1.99.0-beta.8
[INFO] running `Command { std: CARGO_HOME="/workspace/cargo-home" RUSTUP_HOME="/workspace/rustup-home" "/workspace/cargo-home/bin/cargo" "+1.99.0-beta.8" "metadata" "--manifest-path" "Cargo.toml" "--no-deps", kill_on_drop: false }`
[INFO] crate crates.io crate tinyxml2 1.1.1 already has a lockfile, it will not be regenerated
[INFO] running `Command { std: CARGO_HOME="/workspace/cargo-home" RUSTUP_HOME="/workspace/rustup-home" "/workspace/cargo-home/bin/cargo" "+1.99.0-beta.8" "fetch" "--manifest-path" "Cargo.toml", kill_on_drop: false }`
[INFO] [stderr]  Downloading crates ...
[INFO] [stderr]   Downloaded rand v0.9.4
[INFO] running `Command { std: "docker" "create" "-v" "/var/lib/crater-agent-workspace/builds/worker-5-tc1/source:/opt/rustwide/workdir:ro,Z" "-v" "/var/lib/crater-agent-workspace/builds/worker-5-tc1/target:/opt/rustwide/target:rw,Z" "-v" "/var/lib/crater-agent-workspace/cargo-home:/opt/rustwide/cargo-home:ro,Z" "-v" "/var/lib/crater-agent-workspace/rustup-home:/opt/rustwide/rustup-home:ro,Z" "-m" "1610612736" "--network" "none" "ghcr.io/rust-lang/crates-build-env/linux@sha256:77db811e55d90add9212f6832c23229e3de5f1c1f9905e8cb07319ea15df73ac" "sleep" "infinity", kill_on_drop: false }`
[INFO] [stdout] 6c41b4519d2ce43a5194492e3550c38fd8a329fdba5ecc8588b409dc79bc648a
[INFO] running `Command { std: "docker" "start" "6c41b4519d2ce43a5194492e3550c38fd8a329fdba5ecc8588b409dc79bc648a", kill_on_drop: false }`
[INFO] running `Command { std: "docker" "inspect" "6c41b4519d2ce43a5194492e3550c38fd8a329fdba5ecc8588b409dc79bc648a", kill_on_drop: false }`
[INFO] running `Command { std: "docker" "exec" "-e" "SOURCE_DIR=/opt/rustwide/workdir" "-e" "CARGO_HOME=/opt/rustwide/cargo-home" "-e" "RUSTUP_HOME=/opt/rustwide/rustup-home" "-e" "CARGO_TARGET_DIR=/opt/rustwide/target" "-w" "/opt/rustwide/workdir" "--user" "0:0" "6c41b4519d2ce43a5194492e3550c38fd8a329fdba5ecc8588b409dc79bc648a" "/opt/rustwide/cargo-home/bin/cargo" "+1.99.0-beta.8" "metadata" "--no-deps" "--format-version=1", kill_on_drop: false }`
[INFO] running `Command { std: "docker" "inspect" "6c41b4519d2ce43a5194492e3550c38fd8a329fdba5ecc8588b409dc79bc648a", kill_on_drop: false }`
[INFO] running `Command { std: "docker" "exec" "-e" "SOURCE_DIR=/opt/rustwide/workdir" "-e" "CARGO_HOME=/opt/rustwide/cargo-home" "-e" "RUSTUP_HOME=/opt/rustwide/rustup-home" "-e" "CARGO_TARGET_DIR=/opt/rustwide/target" "-e" "CARGO_INCREMENTAL=0" "-e" "RUST_BACKTRACE=full" "-e" "RUSTFLAGS=--cap-lints=warn" "-e" "RUSTDOCFLAGS=--cap-lints=warn" "-w" "/opt/rustwide/workdir" "--user" "0:0" "6c41b4519d2ce43a5194492e3550c38fd8a329fdba5ecc8588b409dc79bc648a" "/opt/rustwide/cargo-home/bin/cargo" "+1.99.0-beta.8" "build" "--frozen" "--message-format=json" "--release", kill_on_drop: false }`
[INFO] [stderr]    Compiling tinyxml2 v1.1.1 (/opt/rustwide/workdir)
[INFO] [stderr]     Finished `release` profile [optimized] target(s) in 1.74s
[INFO] running `Command { std: "docker" "inspect" "6c41b4519d2ce43a5194492e3550c38fd8a329fdba5ecc8588b409dc79bc648a", kill_on_drop: false }`
[INFO] running `Command { std: "docker" "exec" "-e" "SOURCE_DIR=/opt/rustwide/workdir" "-e" "CARGO_HOME=/opt/rustwide/cargo-home" "-e" "RUSTUP_HOME=/opt/rustwide/rustup-home" "-e" "CARGO_TARGET_DIR=/opt/rustwide/target" "-e" "CARGO_INCREMENTAL=0" "-e" "RUST_BACKTRACE=full" "-e" "RUSTFLAGS=--cap-lints=warn" "-e" "RUSTDOCFLAGS=--cap-lints=warn" "-w" "/opt/rustwide/workdir" "--user" "0:0" "6c41b4519d2ce43a5194492e3550c38fd8a329fdba5ecc8588b409dc79bc648a" "/opt/rustwide/cargo-home/bin/cargo" "+1.99.0-beta.8" "test" "--frozen" "--no-run" "--message-format=json" "--release", kill_on_drop: false }`
[INFO] [stderr]    Compiling quote v1.0.46
[INFO] [stderr]    Compiling serde_json v1.0.150
[INFO] [stderr]    Compiling ppv-lite86 v0.2.21
[INFO] [stderr]    Compiling tempfile v3.27.0
[INFO] [stderr]    Compiling rand_chacha v0.9.0
[INFO] [stderr]    Compiling syn v2.0.118
[INFO] [stderr]    Compiling rusty-fork v0.3.1
[INFO] [stderr]    Compiling proptest v1.11.0
[INFO] [stderr]    Compiling serde_derive v1.0.228
[INFO] [stderr]    Compiling serde v1.0.228
[INFO] [stderr]    Compiling tinyxml2 v1.1.1 (/opt/rustwide/workdir)
[INFO] [stderr]     Finished `release` profile [optimized] target(s) in 12.45s
[INFO] running `Command { std: "docker" "inspect" "6c41b4519d2ce43a5194492e3550c38fd8a329fdba5ecc8588b409dc79bc648a", kill_on_drop: false }`
[INFO] running `Command { std: "docker" "exec" "-e" "SOURCE_DIR=/opt/rustwide/workdir" "-e" "CARGO_HOME=/opt/rustwide/cargo-home" "-e" "RUSTUP_HOME=/opt/rustwide/rustup-home" "-e" "CARGO_TARGET_DIR=/opt/rustwide/target" "-e" "CARGO_INCREMENTAL=0" "-e" "RUST_BACKTRACE=full" "-e" "RUSTFLAGS=--cap-lints=warn" "-e" "RUSTDOCFLAGS=--cap-lints=warn" "-w" "/opt/rustwide/workdir" "--user" "0:0" "6c41b4519d2ce43a5194492e3550c38fd8a329fdba5ecc8588b409dc79bc648a" "/opt/rustwide/cargo-home/bin/cargo" "+1.99.0-beta.8" "test" "--frozen" "--release", kill_on_drop: false }`
[INFO] [stderr]     Finished `release` profile [optimized] target(s) in 0.10s
[INFO] [stderr]      Running unittests src/lib.rs (/opt/rustwide/target/release/deps/tinyxml2-6408d66e98358425)
[INFO] [stdout] 
[INFO] [stdout] running 88 tests
[INFO] [stdout] test arena::tests::clear ... ok
[INFO] [stdout] test arena::tests::dealloc_stale_id_returns_none ... ok
[INFO] [stdout] test arena::tests::free_list_reuse ... ok
[INFO] [stdout] test arena::tests::alloc_and_get ... ok
[INFO] [stdout] test arena::tests::default_arena ... ok
[INFO] [stdout] test arena::tests::iter_all_occupied ... ok
[INFO] [stdout] test arena::tests::alloc_multiple ... ok
[INFO] [stdout] test arena::tests::generation_wrapping ... ok
[INFO] [stdout] test arena::tests::iter_empty ... ok
[INFO] [stdout] test arena::tests::iter_with_holes ... ok
[INFO] [stdout] test arena::tests::contains ... ok
[INFO] [stdout] test arena::tests::node_id_debug ... ok
[INFO] [stdout] test arena::tests::get_mut ... ok
[INFO] [stdout] test arena::tests::get_mut_stale ... ok
[INFO] [stdout] test entity::tests::decode_cow_borrows_when_no_entities ... ok
[INFO] [stdout] test arena::tests::dealloc_returns_value ... ok
[INFO] [stdout] test arena::tests::is_empty ... ok
[INFO] [stdout] test arena::tests::out_of_bounds_id ... ok
[INFO] [stdout] test arena::tests::stale_id_returns_none ... ok
[INFO] [stdout] test arena::tests::stress_alloc_dealloc ... ok
[INFO] [stdout] test entity::tests::decode_invalid_numeric_left_unchanged ... ok
[INFO] [stdout] test entity::tests::decode_named_entities ... ok
[INFO] [stdout] test entity::tests::decode_decimal_numeric ... ok
[INFO] [stdout] test entity::tests::encode_attribute_all_special_chars ... ok
[INFO] [stdout] test entity::tests::decode_nested_entity_reference ... ok
[INFO] [stdout] test entity::tests::encode_text_preserves_quotes ... ok
[INFO] [stdout] test entity::tests::encode_text_special_chars ... ok
[INFO] [stdout] test entity::tests::roundtrip_all_entities ... ok
[INFO] [stdout] test entity::tests::decode_entity_at_end ... ok
[INFO] [stdout] test entity::tests::roundtrip_attribute ... ok
[INFO] [stdout] test entity::tests::decode_cow_owns_when_entities_present ... ok
[INFO] [stdout] test entity::tests::roundtrip_no_special_chars ... ok
[INFO] [stdout] test entity::tests::decode_ampersand_without_semicolon ... ok
[INFO] [stdout] test entity::tests::encode_text_no_special_chars ... ok
[INFO] [stdout] test entity::tests::decode_numeric_only_behavior ... ok
[INFO] [stdout] test entity::tests::decode_unknown_entity_left_unchanged ... ok
[INFO] [stdout] test entity::tests::encode_attribute_no_special_chars ... ok
[INFO] [stdout] test entity::tests::roundtrip_text ... ok
[INFO] [stdout] test entity::tests::decode_multiple_entities ... ok
[INFO] [stdout] test entity::tests::roundtrip_empty ... ok
[INFO] [stdout] test error::tests::display_formatting ... ok
[INFO] [stdout] test error::tests::error_line_numbers ... ok
[INFO] [stdout] test error::tests::error_clone_and_eq ... ok
[INFO] [stdout] test arena::tests::with_capacity ... ok
[INFO] [stdout] test error::tests::error_is_send_sync ... ok
[INFO] [stdout] test entity::tests::encode_attribute_mixed ... ok
[INFO] [stdout] test entity::tests::decode_no_entities ... ok
[INFO] [stdout] test arena::tests::node_id_is_copy_and_eq ... ok
[INFO] [stdout] test entity::tests::decode_hex_numeric ... ok
[INFO] [stdout] test error::tests::error_names_match_tinyxml2 ... ok
[INFO] [stdout] test error::tests::io_error_conversion ... ok
[INFO] [stdout] test error::tests::parse_error_names ... ok
[INFO] [stdout] test error::tests::std_error_source ... ok
[INFO] [stdout] test tests::parse_options_builder ... ok
[INFO] [stdout] test tests::parse_options_defaults ... ok
[INFO] [stdout] test tests::whitespace_default ... ok
[INFO] [stdout] test util::tests::bom_detection ... ok
[INFO] [stdout] test util::tests::bom_stripping ... ok
[INFO] [stdout] test util::tests::collapse_all_whitespace ... ok
[INFO] [stdout] test util::tests::collapse_empty ... ok
[INFO] [stdout] test arena::tests::node_id_hash ... ok
[INFO] [stdout] test util::tests::collapse_basic ... ok
[INFO] [stdout] test util::tests::collapse_already_clean ... ok
[INFO] [stdout] test util::tests::name_char_rejects_special ... ok
[INFO] [stdout] test util::tests::name_start_ascii ... ok
[INFO] [stdout] test util::tests::name_start_rejects_digits ... ok
[INFO] [stdout] test util::tests::read_name_empty ... ok
[INFO] [stdout] test util::tests::read_name_underscore_start ... ok
[INFO] [stdout] test tests::parse_options_default_trait ... ok
[INFO] [stdout] test util::tests::collapse_leading_trailing ... ok
[INFO] [stdout] test util::tests::collapse_mixed_whitespace ... ok
[INFO] [stdout] test util::tests::collapse_single_word ... ok
[INFO] [stdout] test util::tests::name_char_includes_digits_and_hyphen ... ok
[INFO] [stdout] test util::tests::name_start_rejects_special ... ok
[INFO] [stdout] test util::tests::name_start_unicode ... ok
[INFO] [stdout] test util::tests::read_name_simple ... ok
[INFO] [stdout] test util::tests::read_name_starts_with_digit ... ok
[INFO] [stdout] test util::tests::read_name_unicode ... ok
[INFO] [stdout] test util::tests::read_name_with_digits ... ok
[INFO] [stdout] test util::tests::read_name_with_hyphen ... ok
[INFO] [stdout] test util::tests::skip_whitespace_no_whitespace ... ok
[INFO] [stdout] test util::tests::whitespace_bytes ... ok
[INFO] [stdout] test util::tests::skip_whitespace_all_whitespace ... ok
[INFO] [stdout] test util::tests::read_name_with_namespace ... ok
[INFO] [stdout] test util::tests::skip_whitespace_basic ... ok
[INFO] [stdout] test util::tests::skip_whitespace_empty ... ok
[INFO] [stdout] test util::tests::skip_whitespace_with_newlines ... ok
[INFO] [stdout] test util::tests::whitespace_chars ... ok
[INFO] [stdout] 
[INFO] [stdout] test result: ok. 88 passed; 0 failed; 0 ignored; 0 measured; 0 filtered out; finished in 0.02s
[INFO] [stdout] 
[INFO] [stderr]      Running tests/dom_tests.rs (/opt/rustwide/target/release/deps/dom_tests-d3bec59debf49ccb)
[INFO] [stdout] 
[INFO] [stdout] running 15 tests
[INFO] [stdout] test test_tree_mutations_after_child ... ok
[INFO] [stdout] test test_text_helpers ... ok
[INFO] [stdout] test test_tree_mutations_first_child ... ok
[INFO] [stdout] test test_factory_methods ... ok
[INFO] [stdout] test test_typed_attribute_access ... ok
[INFO] [stdout] test test_hierarchy_violation_cycles ... ok
[INFO] [stdout] test test_typed_text_access ... ok
[INFO] [stdout] test test_stale_node_id_checks ... ok
[INFO] [stdout] test test_tree_mutations_end_child ... ok
[INFO] [stdout] test test_attributes ... ok
[INFO] [stdout] test test_cloning ... ok
[INFO] [stdout] test test_navigation_element_filters ... ok
[INFO] [stdout] test test_tree_mutations_delete_child ... ok
[INFO] [stdout] test test_tree_mutations_delete_children ... ok
[INFO] [stdout] test test_tree_mutations_delete_node ... ok
[INFO] [stdout] 
[INFO] [stdout] test result: ok. 15 passed; 0 failed; 0 ignored; 0 measured; 0 filtered out; finished in 0.00s
[INFO] [stdout] 
[INFO] [stderr]      Running tests/handle_tests.rs (/opt/rustwide/target/release/deps/handle_tests-8604acbad6e9abc6)
[INFO] [stdout] 
[INFO] [stdout] running 13 tests
[INFO] [stdout] test handle_null_constructor ... ok
[INFO] [stdout] test handle_null_propagation ... ok
[INFO] [stdout] test handle_attribute_extraction ... ok
[INFO] [stdout] test handle_mut_navigation_chain ... ok
[INFO] [stdout] test handle_mut_null_propagation ... ok
[INFO] [stdout] test handle_mut_text_and_attribute ... ok
[INFO] [stdout] test handle_sibling_navigation ... ok
[INFO] [stdout] test handle_last_child_and_prev_sibling ... ok
[INFO] [stdout] test handle_to_element_returns_none_for_non_element ... ok
[INFO] [stdout] test handle_is_copy ... ok
[INFO] [stdout] test handle_navigation_chain ... ok
[INFO] [stderr]      Running tests/iter_tests.rs (/opt/rustwide/target/release/deps/iter_tests-c3dab334fa0378ff)
[INFO] [stdout] test handle_parent_navigation ... ok
[INFO] [stdout] test handle_mut_into_doc ... ok
[INFO] [stdout] 
[INFO] [stdout] test result: ok. 13 passed; 0 failed; 0 ignored; 0 measured; 0 filtered out; finished in 0.01s
[INFO] [stdout] 
[INFO] [stdout] 
[INFO] [stdout] running 21 tests
[INFO] [stdout] test attributes_empty ... ok
[INFO] [stdout] test attributes_exact_size ... ok
[INFO] [stdout] test children_fused_after_exhaustion ... ok
[INFO] [stdout] test children_single_child ... ok
[INFO] [stdout] test child_elements_name_filter_no_match ... ok
[INFO] [stdout] test descendants_empty ... ok
[INFO] [stdout] test siblings_last_child_has_none ... ok
[INFO] [stdout] test children_forward_iteration ... ok
[INFO] [stdout] test siblings_iteration ... ok
[INFO] [stdout] test children_mixed_forward_backward ... ok
[INFO] [stdout] test children_empty_parent ... ok
[INFO] [stdout] test child_elements_no_filter ... ok
[INFO] [stdout] test child_elements_via_element_ref ... ok
[INFO] [stdout] test children_reverse_iteration ... ok
[INFO] [stderr]      Running tests/parser_tests.rs (/opt/rustwide/target/release/deps/parser_tests-ac56532ade290c28)
[INFO] [stdout] test child_elements_name_filter ... ok
[INFO] [stdout] test child_elements_by_name_via_element_ref ... ok
[INFO] [stdout] test descendants_depth_first_order ... ok
[INFO] [stdout] test descendants_from_document_root ... ok
[INFO] [stdout] test attributes_forward ... ok
[INFO] [stdout] test attributes_reverse ... ok
[INFO] [stdout] test descendants_with_text_and_comments ... ok
[INFO] [stdout] 
[INFO] [stdout] test result: ok. 21 passed; 0 failed; 0 ignored; 0 measured; 0 filtered out; finished in 0.00s
[INFO] [stdout] 
[INFO] [stdout] 
[INFO] [stdout] running 12 tests
[INFO] [stdout] test test_bom_handling ... ok
[INFO] [stdout] test test_depth_limiting ... ok
[INFO] [stdout] test test_cdata_section ... ok
[INFO] [stdout] test test_basic_parsing ... ok
[INFO] [stdout] test test_error_handling ... ok
[INFO] [stdout] test test_file_loading ... FAILED
[INFO] [stdout] test test_invalid_utf8_rejection ... ok
[INFO] [stdout] test test_entity_resolution ... ok
[INFO] [stdout] test test_comments_and_declarations ... ok
[INFO] [stdout] test test_self_closing_and_siblings ... ok
[INFO] [stderr] error: test failed, to rerun pass `--test parser_tests`
[INFO] [stdout] test test_whitespace_modes ... ok
[INFO] [stdout] test test_whitespace_only_text_nodes ... ok
[INFO] [stdout] 
[INFO] [stdout] failures:
[INFO] [stdout] 
[INFO] [stdout] ---- test_file_loading stdout ----
[INFO] [stdout] 
[INFO] [stdout] thread 'test_file_loading' (754) panicked at tests/parser_tests.rs:361:26:
[INFO] [stdout] called `Result::unwrap()` on an `Err` value: Os { code: 30, kind: ReadOnlyFilesystem, message: "Read-only file system" }
[INFO] [stdout] stack backtrace:
[INFO] [stdout]    0:     0x6140e34330a1 - <<std[70759c8f55707aa4]::sys::backtrace::BacktraceLock>::print::DisplayBacktrace as core[df12db4294e9bfd3]::fmt::Display>::fmt
[INFO] [stdout]    1:     0x6140e34474ba - core[df12db4294e9bfd3]::fmt::write
[INFO] [stdout]    2:     0x6140e343753c - <alloc[2182bb758b4b3781]::vec::Vec<u8> as core[df12db4294e9bfd3]::io::write::Write>::write_fmt
[INFO] [stdout]    3:     0x6140e340f026 - std[70759c8f55707aa4]::panicking::default_hook::{closure#0}
[INFO] [stdout]    4:     0x6140e342b199 - std[70759c8f55707aa4]::panicking::default_hook
[INFO] [stdout]    5:     0x6140e33bfc80 - test[9d35eded1c95d3be]::test_main_inner::<test[9d35eded1c95d3be]::test_main_static::{closure#0}>::{closure#0}
[INFO] [stdout]    6:     0x6140e342b352 - std[70759c8f55707aa4]::panicking::panic_with_hook
[INFO] [stdout]    7:     0x6140e340f0d2 - std[70759c8f55707aa4]::panicking::panic_handler::{closure#0}
[INFO] [stdout]    8:     0x6140e3407c19 - std[70759c8f55707aa4]::sys::backtrace::__rust_end_short_backtrace::<std[70759c8f55707aa4]::panicking::panic_handler::{closure#0}, !>
[INFO] [stdout]    9:     0x6140e340fccd - __rustc[8fa7c3cbc660c2b3]::rust_begin_unwind
[INFO] [stdout]   10:     0x6140e3447bec - core[df12db4294e9bfd3]::panicking::panic_fmt
[INFO] [stdout]   11:     0x6140e34479c2 - core[df12db4294e9bfd3]::result::unwrap_failed
[INFO] [stdout]   12:     0x6140e33b05a7 - <parser_tests[4eb6ae438080cbee]::test_file_loading::{closure#0} as core[df12db4294e9bfd3]::ops::function::FnOnce<()>>::call_once
[INFO] [stdout]   13:     0x6140e33b2f6b - test[9d35eded1c95d3be]::__rust_begin_short_backtrace::<core[df12db4294e9bfd3]::result::Result<(), alloc[2182bb758b4b3781]::string::String>, fn() -> core[df12db4294e9bfd3]::result::Result<(), alloc[2182bb758b4b3781]::string::String>>
[INFO] [stdout]   14:     0x6140e33c05d5 - test[9d35eded1c95d3be]::run_test::{closure#0}
[INFO] [stdout]   15:     0x6140e33b9e94 - std[70759c8f55707aa4]::sys::backtrace::__rust_begin_short_backtrace::<test[9d35eded1c95d3be]::run_test::{closure#1}, ()>
[INFO] [stdout]   16:     0x6140e33c3732 - <std[70759c8f55707aa4]::thread::lifecycle::spawn_unchecked<test[9d35eded1c95d3be]::run_test::{closure#1}, ()>::{closure#1} as core[df12db4294e9bfd3]::ops::function::FnOnce<()>>::call_once::{shim:vtable#0}
[INFO] [stdout]   17:     0x6140e3432469 - <std[70759c8f55707aa4]::sys::thread::unix::Thread>::new::thread_start
[INFO] [stdout]   18:     0x717b9e85cdfa - <unknown>
[INFO] [stdout]   19:     0x717b9e8f03d4 - clone
[INFO] [stdout]   20:                0x0 - <unknown>
[INFO] [stdout] 
[INFO] [stdout] 
[INFO] [stdout] failures:
[INFO] [stdout]     test_file_loading
[INFO] [stdout] 
[INFO] [stdout] test result: FAILED. 11 passed; 1 failed; 0 ignored; 0 measured; 0 filtered out; finished in 0.01s
[INFO] [stdout] 
[INFO] running `Command { std: "docker" "inspect" "6c41b4519d2ce43a5194492e3550c38fd8a329fdba5ecc8588b409dc79bc648a", kill_on_drop: false }`
[INFO] running `Command { std: "docker" "rm" "-f" "6c41b4519d2ce43a5194492e3550c38fd8a329fdba5ecc8588b409dc79bc648a", kill_on_drop: false }`
[INFO] [stdout] 6c41b4519d2ce43a5194492e3550c38fd8a329fdba5ecc8588b409dc79bc648a
