[INFO] fetching crate tinyical 0.2.0...
[INFO] testing tinyical-0.2.0 against 1.99.0-beta.8+cargoflags=--release for beta-release-1.100-2
[INFO] extracting crate tinyical 0.2.0 into /workspace/builds/worker-4-tc1/source
[INFO] started tweaking crates.io crate tinyical 0.2.0
[INFO] finished tweaking crates.io crate tinyical 0.2.0
[INFO] tweaked toml for crates.io crate tinyical 0.2.0 written to /workspace/builds/worker-4-tc1/source/Cargo.toml
[INFO] validating manifest of crates.io crate tinyical 0.2.0 on toolchain 1.99.0-beta.8
[INFO] running `Command { std: CARGO_HOME="/workspace/cargo-home" RUSTUP_HOME="/workspace/rustup-home" "/workspace/cargo-home/bin/cargo" "+1.99.0-beta.8" "metadata" "--manifest-path" "Cargo.toml" "--no-deps", kill_on_drop: false }`
[INFO] crate crates.io crate tinyical 0.2.0 already has a lockfile, it will not be regenerated
[INFO] running `Command { std: CARGO_HOME="/workspace/cargo-home" RUSTUP_HOME="/workspace/rustup-home" "/workspace/cargo-home/bin/cargo" "+1.99.0-beta.8" "fetch" "--manifest-path" "Cargo.toml", kill_on_drop: false }`
[INFO] [stderr]     Updating crates.io index
[INFO] [stderr]  Downloading crates ...
[INFO] [stderr]   Downloaded peg-pretty-error v0.2.0
[INFO] [stderr]   Downloaded blehrror v0.4.0
[INFO] [stderr]   Downloaded proc-parser v0.7.5
[INFO] [stderr]   Downloaded proc-template v0.7.1
[INFO] running `Command { std: "docker" "create" "-v" "/var/lib/crater-agent-workspace/builds/worker-4-tc1/source:/opt/rustwide/workdir:ro,Z" "-v" "/var/lib/crater-agent-workspace/builds/worker-4-tc1/target:/opt/rustwide/target:rw,Z" "-v" "/var/lib/crater-agent-workspace/cargo-home:/opt/rustwide/cargo-home:ro,Z" "-v" "/var/lib/crater-agent-workspace/rustup-home:/opt/rustwide/rustup-home:ro,Z" "-m" "1610612736" "--network" "none" "ghcr.io/rust-lang/crates-build-env/linux@sha256:77db811e55d90add9212f6832c23229e3de5f1c1f9905e8cb07319ea15df73ac" "sleep" "infinity", kill_on_drop: false }`
[INFO] [stdout] 0d44ebc03e5ad878459a75df810ed183f8eaf1760b078b53bcba8e2f1b262e12
[INFO] running `Command { std: "docker" "start" "0d44ebc03e5ad878459a75df810ed183f8eaf1760b078b53bcba8e2f1b262e12", kill_on_drop: false }`
[INFO] running `Command { std: "docker" "inspect" "0d44ebc03e5ad878459a75df810ed183f8eaf1760b078b53bcba8e2f1b262e12", kill_on_drop: false }`
[INFO] running `Command { std: "docker" "exec" "-e" "SOURCE_DIR=/opt/rustwide/workdir" "-e" "CARGO_HOME=/opt/rustwide/cargo-home" "-e" "RUSTUP_HOME=/opt/rustwide/rustup-home" "-e" "CARGO_TARGET_DIR=/opt/rustwide/target" "-w" "/opt/rustwide/workdir" "--user" "0:0" "0d44ebc03e5ad878459a75df810ed183f8eaf1760b078b53bcba8e2f1b262e12" "/opt/rustwide/cargo-home/bin/cargo" "+1.99.0-beta.8" "metadata" "--no-deps" "--format-version=1", kill_on_drop: false }`
[INFO] running `Command { std: "docker" "inspect" "0d44ebc03e5ad878459a75df810ed183f8eaf1760b078b53bcba8e2f1b262e12", kill_on_drop: false }`
[INFO] running `Command { std: "docker" "exec" "-e" "SOURCE_DIR=/opt/rustwide/workdir" "-e" "CARGO_HOME=/opt/rustwide/cargo-home" "-e" "RUSTUP_HOME=/opt/rustwide/rustup-home" "-e" "CARGO_TARGET_DIR=/opt/rustwide/target" "-e" "CARGO_INCREMENTAL=0" "-e" "RUST_BACKTRACE=full" "-e" "RUSTFLAGS=--cap-lints=warn" "-e" "RUSTDOCFLAGS=--cap-lints=warn" "-w" "/opt/rustwide/workdir" "--user" "0:0" "0d44ebc03e5ad878459a75df810ed183f8eaf1760b078b53bcba8e2f1b262e12" "/opt/rustwide/cargo-home/bin/cargo" "+1.99.0-beta.8" "build" "--frozen" "--message-format=json" "--release", kill_on_drop: false }`
[INFO] [stderr]    Compiling peg-runtime v0.8.6
[INFO] [stderr]    Compiling time v0.3.54
[INFO] [stderr]    Compiling uuid v1.24.0
[INFO] [stderr]    Compiling peg-macros v0.8.6
[INFO] [stderr]    Compiling peg v0.8.6
[INFO] [stderr]    Compiling proc-parser v0.7.5
[INFO] [stderr]    Compiling peg-pretty-error v0.2.0
[INFO] [stderr]    Compiling proc-template v0.7.1
[INFO] [stderr]    Compiling blehrror v0.4.0
[INFO] [stderr]    Compiling tinyical v0.2.0 (/opt/rustwide/workdir)
[INFO] [stderr]     Finished `release` profile [optimized] target(s) in 5.74s
[INFO] running `Command { std: "docker" "inspect" "0d44ebc03e5ad878459a75df810ed183f8eaf1760b078b53bcba8e2f1b262e12", kill_on_drop: false }`
[INFO] running `Command { std: "docker" "exec" "-e" "SOURCE_DIR=/opt/rustwide/workdir" "-e" "CARGO_HOME=/opt/rustwide/cargo-home" "-e" "RUSTUP_HOME=/opt/rustwide/rustup-home" "-e" "CARGO_TARGET_DIR=/opt/rustwide/target" "-e" "CARGO_INCREMENTAL=0" "-e" "RUST_BACKTRACE=full" "-e" "RUSTFLAGS=--cap-lints=warn" "-e" "RUSTDOCFLAGS=--cap-lints=warn" "-w" "/opt/rustwide/workdir" "--user" "0:0" "0d44ebc03e5ad878459a75df810ed183f8eaf1760b078b53bcba8e2f1b262e12" "/opt/rustwide/cargo-home/bin/cargo" "+1.99.0-beta.8" "test" "--frozen" "--no-run" "--message-format=json" "--release", kill_on_drop: false }`
[INFO] [stderr]    Compiling time-macros v0.2.32
[INFO] [stderr]    Compiling time v0.3.54
[INFO] [stderr]    Compiling tinyical v0.2.0 (/opt/rustwide/workdir)
[INFO] [stderr]     Finished `release` profile [optimized] target(s) in 4.95s
[INFO] running `Command { std: "docker" "inspect" "0d44ebc03e5ad878459a75df810ed183f8eaf1760b078b53bcba8e2f1b262e12", kill_on_drop: false }`
[INFO] running `Command { std: "docker" "exec" "-e" "SOURCE_DIR=/opt/rustwide/workdir" "-e" "CARGO_HOME=/opt/rustwide/cargo-home" "-e" "RUSTUP_HOME=/opt/rustwide/rustup-home" "-e" "CARGO_TARGET_DIR=/opt/rustwide/target" "-e" "CARGO_INCREMENTAL=0" "-e" "RUST_BACKTRACE=full" "-e" "RUSTFLAGS=--cap-lints=warn" "-e" "RUSTDOCFLAGS=--cap-lints=warn" "-w" "/opt/rustwide/workdir" "--user" "0:0" "0d44ebc03e5ad878459a75df810ed183f8eaf1760b078b53bcba8e2f1b262e12" "/opt/rustwide/cargo-home/bin/cargo" "+1.99.0-beta.8" "test" "--frozen" "--release", kill_on_drop: false }`
[INFO] [stderr]     Finished `release` profile [optimized] target(s) in 0.04s
[INFO] [stderr]      Running unittests src/lib.rs (/opt/rustwide/target/release/deps/tinyical-565a44e8bccbafa5)
[INFO] [stdout] 
[INFO] [stdout] running 66 tests
[INFO] [stdout] test datetime::parse::tests::time_empty ... ok
[INFO] [stdout] test datetime::tests::date::date ... ok
[INFO] [stdout] test datetime::tests::dt::date ... ok
[INFO] [stdout] test calendar::tests::ical_commas ... ok
[INFO] [stdout] test datetime::parse::tests::date_empty ... ok
[INFO] [stdout] test datetime::parse::tests::time_ok ... ok
[INFO] [stdout] test datetime::parse::tests::date_ok ... ok
[INFO] [stdout] test datetime::tests::date::parse ... ok
[INFO] [stdout] test parser::tests::newlines ... ok
[INFO] [stdout] test parser::tests::parser_success ... ok
[INFO] [stdout] test parser::tests::folding ... ok
[INFO] [stdout] test datetime::tests::invalid_month_oob ... ok
[INFO] [stdout] test parser::tests::set_existing_property ... ok
[INFO] [stdout] test datetime::tests::dt::parse ... ok
[INFO] [stdout] test datetime::tests::dt::into_property ... ok
[INFO] [stdout] test parser::tests::remove_with_block ... ok
[INFO] [stdout] test parser::tests::advanced_reproducible ... ok
[INFO] [stdout] test property::tests::check_parser_basic ... ok
[INFO] [stdout] test datetime::tests::invalid_empty ... ok
[INFO] [stdout] test property::tests::check_parser_params ... ok
[INFO] [stdout] test status::tests::reformat ... ok
[INFO] [stdout] test property::tests::check_parser_quoted_params ... ok
[INFO] [stdout] test datetime::tests::date::parse_invalid_length ... ok
[INFO] [stdout] test status::tests::from_unknown ... ok
[INFO] [stdout] test datetime::tests::invalid_year ... ok
[INFO] [stdout] test property::tests::set_param ... ok
[INFO] [stdout] test property::tests::check_reproducible ... ok
[INFO] [stdout] test property::tests::check_parser_wrapped ... ok
[INFO] [stdout] test parser::tests::unwrap_non_property - should panic ... ok
[INFO] [stdout] test task::description::tests::newlines ... ok
[INFO] [stdout] test task::description::tests::reset_html ... ok
[INFO] [stdout] test parser::tests::unwrap_non_block - should panic ... ok
[INFO] [stdout] test task::due_date::tests::set_date ... ok
[INFO] [stdout] test task::description::tests::get_none ... ok
[INFO] [stdout] test task::due_date::tests::empty ... ok
[INFO] [stdout] test task::due_date::tests::get_date ... ok
[INFO] [stdout] test task::description::tests::get_some ... ok
[INFO] [stdout] test task::category::tests::add_existing ... ok
[INFO] [stdout] test task::category::tests::crud ... ok
[INFO] [stdout] test task::mod_date::tests::check_date_updates ... ok
[INFO] [stdout] test task::category::tests::empty ... ok
[INFO] [stdout] test task::start_date::tests::has_not_started ... ok
[INFO] [stdout] test task::completed_date::tests::completed_date::update ... ok
[INFO] [stdout] test task::start_date::tests::get_date ... ok
[INFO] [stdout] test task::start_date::tests::get_empty ... ok
[INFO] [stdout] test task::start_date::tests::has_started_empty ... ok
[INFO] [stdout] test task::start_date::tests::has_started ... ok
[INFO] [stdout] test task::status::tests::to_needs_action ... ok
[INFO] [stdout] test task::start_date::tests::set_date ... ok
[INFO] [stdout] test datetime::tests::invalid_month_str ... ok
[INFO] [stdout] test task::status::tests::invalid ... ok
[INFO] [stdout] test task::mod_date::tests::empty_moddate ... ok
[INFO] [stdout] test task::category::tests::remove_missing ... ok
[INFO] [stdout] test task::status::tests::set ... ok
[INFO] [stdout] test task::tests::parse_folded ... ok
[INFO] [stdout] test task::tests::parse_long_desc ... ok
[INFO] [stdout] test tests::test_urldecode ... ok
[INFO] [stdout] test task::tests::reset_id ... ok
[INFO] [stdout] test task::due_date::tests::is_past_due ... ok
[INFO] [stdout] test task::start_date::tests::clear_date ... ok
[INFO] [stdout] test task::due_date::tests::get_datetime ... FAILED
[INFO] [stdout] test task::status::tests::to_completed ... ok
[INFO] [stdout] test task::start_date::tests::get_dt ... FAILED
[INFO] [stdout] test task::tests::parse_advanced ... ok
[INFO] [stdout] test task::tests::parse_basic ... ok
[INFO] [stderr] error: test failed, to rerun pass `--lib`
[INFO] [stdout] test parser::tests::basic_reproducible ... ok
[INFO] [stdout] 
[INFO] [stdout] failures:
[INFO] [stdout] 
[INFO] [stdout] ---- task::due_date::tests::get_datetime stdout ----
[INFO] [stdout] 
[INFO] [stdout] thread 'task::due_date::tests::get_datetime' (452) panicked at src/task/due_date.rs:59:14:
[INFO] [stdout] due date can be parsed: Error { message: "invalid timestamp: '20260802T160000'" }
[INFO] [stdout] stack backtrace:
[INFO] [stdout]    0:     0x5e1e71826e01 - <<std[70759c8f55707aa4]::sys::backtrace::BacktraceLock>::print::DisplayBacktrace as core[df12db4294e9bfd3]::fmt::Display>::fmt
[INFO] [stdout]    1:     0x5e1e7183b3ca - core[df12db4294e9bfd3]::fmt::write
[INFO] [stdout]    2:     0x5e1e7182b29c - <alloc[2182bb758b4b3781]::vec::Vec<u8> as core[df12db4294e9bfd3]::io::write::Write>::write_fmt
[INFO] [stdout]    3:     0x5e1e718033f6 - std[70759c8f55707aa4]::panicking::default_hook::{closure#0}
[INFO] [stdout]    4:     0x5e1e7181f569 - std[70759c8f55707aa4]::panicking::default_hook
[INFO] [stdout]    5:     0x5e1e717b71a0 - test[9d35eded1c95d3be]::test_main_inner::<test[9d35eded1c95d3be]::test_main_static::{closure#0}>::{closure#0}
[INFO] [stdout]    6:     0x5e1e7181f722 - std[70759c8f55707aa4]::panicking::panic_with_hook
[INFO] [stdout]    7:     0x5e1e718034a2 - std[70759c8f55707aa4]::panicking::panic_handler::{closure#0}
[INFO] [stdout]    8:     0x5e1e717fc229 - std[70759c8f55707aa4]::sys::backtrace::__rust_end_short_backtrace::<std[70759c8f55707aa4]::panicking::panic_handler::{closure#0}, !>
[INFO] [stdout]    9:     0x5e1e7180409d - __rustc[8fa7c3cbc660c2b3]::rust_begin_unwind
[INFO] [stdout]   10:     0x5e1e7183bafc - core[df12db4294e9bfd3]::panicking::panic_fmt
[INFO] [stdout]   11:     0x5e1e7183b8d2 - core[df12db4294e9bfd3]::result::unwrap_failed
[INFO] [stdout]   12:     0x5e1e71797274 - tinyical[7161c14bd0816148]::task::due_date::tests::get_datetime
[INFO] [stdout]   13:     0x5e1e7179d3c9 - <tinyical[7161c14bd0816148]::task::due_date::tests::get_datetime::{closure#0} as core[df12db4294e9bfd3]::ops::function::FnOnce<()>>::call_once
[INFO] [stdout]   14:     0x5e1e717aa48b - test[9d35eded1c95d3be]::__rust_begin_short_backtrace::<core[df12db4294e9bfd3]::result::Result<(), alloc[2182bb758b4b3781]::string::String>, fn() -> core[df12db4294e9bfd3]::result::Result<(), alloc[2182bb758b4b3781]::string::String>>
[INFO] [stdout]   15:     0x5e1e717b7af5 - test[9d35eded1c95d3be]::run_test::{closure#0}
[INFO] [stdout]   16:     0x5e1e717b13b4 - std[70759c8f55707aa4]::sys::backtrace::__rust_begin_short_backtrace::<test[9d35eded1c95d3be]::run_test::{closure#1}, ()>
[INFO] [stdout]   17:     0x5e1e717bac52 - <std[70759c8f55707aa4]::thread::lifecycle::spawn_unchecked<test[9d35eded1c95d3be]::run_test::{closure#1}, ()>::{closure#1} as core[df12db4294e9bfd3]::ops::function::FnOnce<()>>::call_once::{shim:vtable#0}
[INFO] [stdout]   18:     0x5e1e718266d9 - <std[70759c8f55707aa4]::sys::thread::unix::Thread>::new::thread_start
[INFO] [stdout]   19:     0x771012b6cdfa - <unknown>
[INFO] [stdout]   20:     0x771012c003d4 - clone
[INFO] [stdout]   21:                0x0 - <unknown>
[INFO] [stdout] 
[INFO] [stdout] ---- task::start_date::tests::get_dt stdout ----
[INFO] [stdout] 
[INFO] [stdout] thread 'task::start_date::tests::get_dt' (459) panicked at src/task/start_date.rs:66:9:
[INFO] [stdout] assertion `left == right` failed
[INFO] [stdout]   left: Err(Error { message: "invalid timestamp: '20260720T150000'" })
[INFO] [stdout]  right: Ok(Some(DateTime(2026-07-20 15:00:00.0 +00)))
[INFO] [stdout] stack backtrace:
[INFO] [stdout]    0:     0x5e1e71826e01 - <<std[70759c8f55707aa4]::sys::backtrace::BacktraceLock>::print::DisplayBacktrace as core[df12db4294e9bfd3]::fmt::Display>::fmt
[INFO] [stdout]    1:     0x5e1e7183b3ca - core[df12db4294e9bfd3]::fmt::write
[INFO] [stdout]    2:     0x5e1e7182b29c - <alloc[2182bb758b4b3781]::vec::Vec<u8> as core[df12db4294e9bfd3]::io::write::Write>::write_fmt
[INFO] [stdout]    3:     0x5e1e718033f6 - std[70759c8f55707aa4]::panicking::default_hook::{closure#0}
[INFO] [stdout]    4:     0x5e1e7181f569 - std[70759c8f55707aa4]::panicking::default_hook
[INFO] [stdout]    5:     0x5e1e717b71a0 - test[9d35eded1c95d3be]::test_main_inner::<test[9d35eded1c95d3be]::test_main_static::{closure#0}>::{closure#0}
[INFO] [stdout]    6:     0x5e1e7181f722 - std[70759c8f55707aa4]::panicking::panic_with_hook
[INFO] [stdout]    7:     0x5e1e718034a2 - std[70759c8f55707aa4]::panicking::panic_handler::{closure#0}
[INFO] [stdout]    8:     0x5e1e717fc229 - std[70759c8f55707aa4]::sys::backtrace::__rust_end_short_backtrace::<std[70759c8f55707aa4]::panicking::panic_handler::{closure#0}, !>
[INFO] [stdout]    9:     0x5e1e7180409d - __rustc[8fa7c3cbc660c2b3]::rust_begin_unwind
[INFO] [stdout]   10:     0x5e1e7183bafc - core[df12db4294e9bfd3]::panicking::panic_fmt
[INFO] [stdout]   11:     0x5e1e7183ba13 - core[df12db4294e9bfd3]::panicking::assert_failed_inner
[INFO] [stdout]   12:     0x5e1e717a6654 - core[df12db4294e9bfd3]::panicking::assert_failed::<core[df12db4294e9bfd3]::result::Result<core[df12db4294e9bfd3]::option::Option<tinyical[7161c14bd0816148]::datetime::Timestamp>, tinyical[7161c14bd0816148]::error::Error>, core[df12db4294e9bfd3]::result::Result<core[df12db4294e9bfd3]::option::Option<tinyical[7161c14bd0816148]::datetime::Timestamp>, tinyical[7161c14bd0816148]::error::Error>>
[INFO] [stdout]   13:     0x5e1e7179c65b - <tinyical[7161c14bd0816148]::task::start_date::tests::get_dt::{closure#0} as core[df12db4294e9bfd3]::ops::function::FnOnce<()>>::call_once
[INFO] [stdout]   14:     0x5e1e717aa48b - test[9d35eded1c95d3be]::__rust_begin_short_backtrace::<core[df12db4294e9bfd3]::result::Result<(), alloc[2182bb758b4b3781]::string::String>, fn() -> core[df12db4294e9bfd3]::result::Result<(), alloc[2182bb758b4b3781]::string::String>>
[INFO] [stdout]   15:     0x5e1e717b7af5 - test[9d35eded1c95d3be]::run_test::{closure#0}
[INFO] [stdout]   16:     0x5e1e717b13b4 - std[70759c8f55707aa4]::sys::backtrace::__rust_begin_short_backtrace::<test[9d35eded1c95d3be]::run_test::{closure#1}, ()>
[INFO] [stdout]   17:     0x5e1e717bac52 - <std[70759c8f55707aa4]::thread::lifecycle::spawn_unchecked<test[9d35eded1c95d3be]::run_test::{closure#1}, ()>::{closure#1} as core[df12db4294e9bfd3]::ops::function::FnOnce<()>>::call_once::{shim:vtable#0}
[INFO] [stdout]   18:     0x5e1e718266d9 - <std[70759c8f55707aa4]::sys::thread::unix::Thread>::new::thread_start
[INFO] [stdout]   19:     0x771012b6cdfa - <unknown>
[INFO] [stdout]   20:     0x771012c003d4 - clone
[INFO] [stdout]   21:                0x0 - <unknown>
[INFO] [stdout] 
[INFO] [stdout] 
[INFO] [stdout] failures:
[INFO] [stdout]     task::due_date::tests::get_datetime
[INFO] [stdout]     task::start_date::tests::get_dt
[INFO] [stdout] 
[INFO] [stdout] test result: FAILED. 64 passed; 2 failed; 0 ignored; 0 measured; 0 filtered out; finished in 0.01s
[INFO] [stdout] 
[INFO] running `Command { std: "docker" "inspect" "0d44ebc03e5ad878459a75df810ed183f8eaf1760b078b53bcba8e2f1b262e12", kill_on_drop: false }`
[INFO] running `Command { std: "docker" "rm" "-f" "0d44ebc03e5ad878459a75df810ed183f8eaf1760b078b53bcba8e2f1b262e12", kill_on_drop: false }`
[INFO] [stdout] 0d44ebc03e5ad878459a75df810ed183f8eaf1760b078b53bcba8e2f1b262e12
