[INFO] fetching crate tiny_orm_core 0.4.6...
[INFO] testing tiny_orm_core-0.4.6 against 1.99.0-beta.8+cargoflags=--release for beta-release-1.100-2
[INFO] extracting crate tiny_orm_core 0.4.6 into /workspace/builds/worker-2-tc1/source
[INFO] started tweaking crates.io crate tiny_orm_core 0.4.6
[INFO] finished tweaking crates.io crate tiny_orm_core 0.4.6
[INFO] tweaked toml for crates.io crate tiny_orm_core 0.4.6 written to /workspace/builds/worker-2-tc1/source/Cargo.toml
[INFO] validating manifest of crates.io crate tiny_orm_core 0.4.6 on toolchain 1.99.0-beta.8
[INFO] running `Command { std: CARGO_HOME="/workspace/cargo-home" RUSTUP_HOME="/workspace/rustup-home" "/workspace/cargo-home/bin/cargo" "+1.99.0-beta.8" "metadata" "--manifest-path" "Cargo.toml" "--no-deps", kill_on_drop: false }`
[INFO] running `Command { std: CARGO_HOME="/workspace/cargo-home" RUSTUP_HOME="/workspace/rustup-home" "/workspace/cargo-home/bin/cargo" "+1.99.0-beta.8" "generate-lockfile" "--manifest-path" "Cargo.toml", kill_on_drop: false }`
[INFO] [stderr]     Updating crates.io index
[INFO] [stderr]      Locking 220 packages to highest compatible versions
[INFO] [stderr]       Adding generic-array v0.14.7 (available: v0.14.9)
[INFO] [stderr]       Adding serde_with v1.14.0 (available: v3.24.0)
[INFO] [stderr]       Adding sqlx v0.7.4 (available: v0.9.0)
[INFO] running `Command { std: CARGO_HOME="/workspace/cargo-home" RUSTUP_HOME="/workspace/rustup-home" "/workspace/cargo-home/bin/cargo" "+1.99.0-beta.8" "fetch" "--manifest-path" "Cargo.toml", kill_on_drop: false }`
[INFO] [stderr]  Downloading crates ...
[INFO] [stderr]   Downloaded sqlformat v0.2.6
[INFO] [stderr]   Downloaded tiny_orm_macro_derive v0.4.5
[INFO] [stderr]   Downloaded redox_syscall v0.9.5
[INFO] [stderr]   Downloaded num_threads v0.1.8
[INFO] [stderr]   Downloaded darling v0.13.4
[INFO] [stderr]   Downloaded darling_core v0.13.4
[INFO] [stderr]   Downloaded serde_with_macros v1.5.2
[INFO] [stderr]   Downloaded darling_macro v0.13.4
[INFO] [stderr]   Downloaded serde_with v1.14.0
[INFO] running `Command { std: "docker" "create" "-v" "/var/lib/crater-agent-workspace/builds/worker-2-tc1/source:/opt/rustwide/workdir:ro,Z" "-v" "/var/lib/crater-agent-workspace/builds/worker-2-tc1/target:/opt/rustwide/target:rw,Z" "-v" "/var/lib/crater-agent-workspace/cargo-home:/opt/rustwide/cargo-home:ro,Z" "-v" "/var/lib/crater-agent-workspace/rustup-home:/opt/rustwide/rustup-home:ro,Z" "-m" "1610612736" "--network" "none" "ghcr.io/rust-lang/crates-build-env/linux@sha256:77db811e55d90add9212f6832c23229e3de5f1c1f9905e8cb07319ea15df73ac" "sleep" "infinity", kill_on_drop: false }`
[INFO] [stdout] 5c298a9976184da92285dceea037e76a2dca085cb894c6b1ea2dfebea7f5f621
[INFO] running `Command { std: "docker" "start" "5c298a9976184da92285dceea037e76a2dca085cb894c6b1ea2dfebea7f5f621", kill_on_drop: false }`
[INFO] running `Command { std: "docker" "inspect" "5c298a9976184da92285dceea037e76a2dca085cb894c6b1ea2dfebea7f5f621", kill_on_drop: false }`
[INFO] running `Command { std: "docker" "exec" "-e" "SOURCE_DIR=/opt/rustwide/workdir" "-e" "CARGO_HOME=/opt/rustwide/cargo-home" "-e" "RUSTUP_HOME=/opt/rustwide/rustup-home" "-e" "CARGO_TARGET_DIR=/opt/rustwide/target" "-w" "/opt/rustwide/workdir" "--user" "0:0" "5c298a9976184da92285dceea037e76a2dca085cb894c6b1ea2dfebea7f5f621" "/opt/rustwide/cargo-home/bin/cargo" "+1.99.0-beta.8" "metadata" "--no-deps" "--format-version=1", kill_on_drop: false }`
[INFO] running `Command { std: "docker" "inspect" "5c298a9976184da92285dceea037e76a2dca085cb894c6b1ea2dfebea7f5f621", kill_on_drop: false }`
[INFO] running `Command { std: "docker" "exec" "-e" "SOURCE_DIR=/opt/rustwide/workdir" "-e" "CARGO_HOME=/opt/rustwide/cargo-home" "-e" "RUSTUP_HOME=/opt/rustwide/rustup-home" "-e" "CARGO_TARGET_DIR=/opt/rustwide/target" "-e" "CARGO_INCREMENTAL=0" "-e" "RUST_BACKTRACE=full" "-e" "RUSTFLAGS=--cap-lints=warn" "-e" "RUSTDOCFLAGS=--cap-lints=warn" "-w" "/opt/rustwide/workdir" "--user" "0:0" "5c298a9976184da92285dceea037e76a2dca085cb894c6b1ea2dfebea7f5f621" "/opt/rustwide/cargo-home/bin/cargo" "+1.99.0-beta.8" "build" "--frozen" "--message-format=json" "--release", kill_on_drop: false }`
[INFO] [stderr]    Compiling cfg-if v1.0.5
[INFO] [stderr]    Compiling libc v0.2.191
[INFO] [stderr]    Compiling serde_core v1.0.229
[INFO] [stderr]    Compiling num-traits v0.2.19
[INFO] [stderr]    Compiling ring v0.17.14
[INFO] [stderr]    Compiling stable_deref_trait v1.2.1
[INFO] [stderr]    Compiling zerofrom v0.1.8
[INFO] [stderr]    Compiling getrandom v0.3.4
[INFO] [stderr]    Compiling const-oid v0.9.6
[INFO] [stderr]    Compiling typenum v1.20.1
[INFO] [stderr]    Compiling ahash v0.8.12
[INFO] [stderr]    Compiling yoke v0.8.3
[INFO] [stderr]    Compiling zerocopy v0.8.63
[INFO] [stderr]    Compiling serde v1.0.229
[INFO] [stderr]    Compiling smallvec v1.16.3
[INFO] [stderr]    Compiling syn v2.0.119
[INFO] [stderr]    Compiling crossbeam-utils v0.8.23
[INFO] [stderr]    Compiling subtle v2.6.1
[INFO] [stderr]    Compiling zerovec v0.11.8
[INFO] [stderr]    Compiling libm v0.2.16
[INFO] [stderr]    Compiling litemap v0.8.3
[INFO] [stderr]    Compiling writeable v0.6.4
[INFO] [stderr]    Compiling serde_json v1.0.154
[INFO] [stderr]    Compiling zerotrie v0.2.5
[INFO] [stderr]    Compiling tinystr v0.8.4
[INFO] [stderr]    Compiling potential_utf v0.1.6
[INFO] [stderr]    Compiling num-bigint-dig v0.8.6
[INFO] [stderr]    Compiling generic-array v0.14.7
[INFO] [stderr]    Compiling icu_locale_core v2.3.0
[INFO] [stderr]    Compiling rustls v0.21.12
[INFO] [stderr]    Compiling digest v0.10.7
[INFO] [stderr]    Compiling icu_collections v2.3.0
[INFO] [stderr]    Compiling getrandom v0.2.17
[INFO] [stderr]    Compiling crypto-common v0.1.7
[INFO] [stderr]    Compiling block-buffer v0.10.4
[INFO] [stderr]    Compiling icu_properties_data v2.3.0
[INFO] [stderr]    Compiling icu_normalizer_data v2.3.0
[INFO] [stderr]    Compiling zeroize v1.9.1
[INFO] [stderr]    Compiling num-conv v0.2.2
[INFO] [stderr]    Compiling icu_provider v2.3.1
[INFO] [stderr]    Compiling time-core v0.1.9
[INFO] [stderr]    Compiling base64ct v1.8.3
[INFO] [stderr]    Compiling time-macros v0.2.32
[INFO] [stderr]    Compiling pem-rfc7468 v0.7.0
[INFO] [stderr]    Compiling rand_core v0.6.4
[INFO] [stderr]    Compiling pin-project-lite v0.2.17
[INFO] [stderr]    Compiling untrusted v0.9.0
[INFO] [stderr]    Compiling futures-core v0.3.34
[INFO] [stderr]    Compiling memchr v2.8.3
[INFO] [stderr]    Compiling icu_properties v2.3.0
[INFO] [stderr]    Compiling der v0.7.10
[INFO] [stderr]    Compiling icu_normalizer v2.3.0
[INFO] [stderr]    Compiling ppv-lite86 v0.2.21
[INFO] [stderr]    Compiling rand_chacha v0.3.1
[INFO] [stderr]    Compiling parking_lot_core v0.9.12
[INFO] [stderr]    Compiling thiserror-impl v1.0.69
[INFO] [stderr]    Compiling tracing-attributes v0.1.31
[INFO] [stderr]    Compiling spki v0.7.3
[INFO] [stderr]    Compiling idna_adapter v1.2.2
[INFO] [stderr]    Compiling num-integer v0.1.47
[INFO] [stderr]    Compiling socket2 v0.6.5
[INFO] [stderr]    Compiling mio v1.2.4
[INFO] [stderr]    Compiling zmij v1.0.23
[INFO] [stderr]    Compiling futures-sink v0.3.34
[INFO] [stderr]    Compiling cpufeatures v0.2.17
[INFO] [stderr]    Compiling allocator-api2 v0.2.21
[INFO] [stderr]    Compiling spin v0.9.9
[INFO] [stderr]    Compiling bytes v1.12.1
[INFO] [stderr]    Compiling percent-encoding v2.3.2
[INFO] [stderr]    Compiling minimal-lexical v0.2.1
[INFO] [stderr]    Compiling form_urlencoded v1.2.2
[INFO] [stderr]    Compiling lazy_static v1.5.1
[INFO] [stderr]    Compiling nom v7.1.3
[INFO] [stderr]    Compiling hashbrown v0.14.5
[INFO] [stderr]    Compiling num-iter v0.1.46
[INFO] [stderr]    Compiling pkcs8 v0.10.2
[INFO] [stderr]    Compiling rustls-webpki v0.101.7
[INFO] [stderr]    Compiling tokio v1.53.3
[INFO] [stderr]    Compiling sct v0.7.1
[INFO] [stderr]    Compiling idna v1.1.0
[INFO] [stderr]    Compiling parking_lot v0.12.5
[INFO] [stderr]    Compiling rand v0.8.8
[INFO] [stderr]    Compiling bitflags v2.13.2
[INFO] [stderr]    Compiling tracing-core v0.1.36
[INFO] [stderr]    Compiling itoa v1.0.18
[INFO] [stderr]    Compiling rustix v1.1.5
[INFO] [stderr]    Compiling num_threads v0.1.8
[INFO] [stderr]    Compiling deranged v0.5.9
[INFO] [stderr]    Compiling slab v0.4.12
[INFO] [stderr]    Compiling log v0.4.34
[INFO] [stderr]    Compiling base64 v0.21.7
[INFO] [stderr]    Compiling futures-io v0.3.34
[INFO] [stderr]    Compiling powerfmt v0.2.1
[INFO] [stderr]    Compiling getrandom v0.4.3
[INFO] [stderr]    Compiling unicode_categories v0.1.1
[INFO] [stderr]    Compiling tinyvec v1.13.3
[INFO] [stderr]    Compiling crc-catalog v2.5.0
[INFO] [stderr]    Compiling futures-task v0.3.34
[INFO] [stderr]    Compiling crc v3.4.0
[INFO] [stderr]    Compiling futures-util v0.3.34
[INFO] [stderr]    Compiling sqlformat v0.2.6
[INFO] [stderr]    Compiling rustls-pemfile v1.0.4
[INFO] [stderr]    Compiling unicode-normalization v0.1.26
[INFO] [stderr]    Compiling time v0.3.55
[INFO] [stderr]    Compiling tracing v0.1.44
[INFO] [stderr]    Compiling thiserror v1.0.69
[INFO] [stderr]    Compiling futures-intrusive v0.5.0
[INFO] [stderr]    Compiling url v2.5.8
[INFO] [stderr]    Compiling hashlink v0.8.4
[INFO] [stderr]    Compiling crossbeam-queue v0.3.14
[INFO] [stderr]    Compiling either v1.19.0
[INFO] [stderr]    Compiling pkcs1 v0.7.5
[INFO] [stderr]    Compiling sha2 v0.10.9
[INFO] [stderr]    Compiling futures-channel v0.3.34
[INFO] [stderr]    Compiling signature v2.2.0
[INFO] [stderr]    Compiling atoi v2.0.0
[INFO] [stderr]    Compiling hmac v0.12.1
[INFO] [stderr]    Compiling event-listener v2.5.3
[INFO] [stderr]    Compiling unicode-properties v0.1.4
[INFO] [stderr]    Compiling tokio-stream v0.1.19
[INFO] [stderr]    Compiling linux-raw-sys v0.12.1
[INFO] [stderr]    Compiling unicode-bidi v0.3.18
[INFO] [stderr]    Compiling hex v0.4.3
[INFO] [stderr]    Compiling byteorder v1.5.0
[INFO] [stderr]    Compiling webpki-roots v0.25.4
[INFO] [stderr]    Compiling darling_core v0.13.4
[INFO] [stderr]    Compiling sqlx-core v0.7.4
[INFO] [stderr]    Compiling stringprep v0.1.5
[INFO] [stderr]    Compiling hkdf v0.12.4
[INFO] [stderr]    Compiling rsa v0.9.10
[INFO] [stderr]    Compiling sha1 v0.10.7
[INFO] [stderr]    Compiling md-5 v0.10.6
[INFO] [stderr]    Compiling unicode-segmentation v1.13.3
[INFO] [stderr]    Compiling dotenvy v0.15.7
[INFO] [stderr]    Compiling fastrand v2.5.0
[INFO] [stderr]    Compiling hashbrown v0.17.1
[INFO] [stderr]    Compiling whoami v1.6.1
[INFO] [stderr]    Compiling equivalent v1.0.3
[INFO] [stderr]    Compiling indexmap v2.14.2
[INFO] [stderr]    Compiling sqlx-mysql v0.7.4
[INFO] [stderr]    Compiling tempfile v3.27.0
[INFO] [stderr]    Compiling heck v0.4.1
[INFO] [stderr]    Compiling darling_macro v0.13.4
[INFO] [stderr]    Compiling darling v0.13.4
[INFO] [stderr]    Compiling sqlx-macros-core v0.7.4
[INFO] [stderr]    Compiling sqlx-macros v0.7.4
[INFO] [stderr]    Compiling anyhow v1.0.104
[INFO] [stderr]    Compiling serde_with_macros v1.5.2
[INFO] [stderr]    Compiling tiny_orm_macro_derive v0.4.5
[INFO] [stderr]    Compiling serde_with v1.14.0
[INFO] [stderr]    Compiling sqlx v0.7.4
[INFO] [stderr]    Compiling tiny_orm_core v0.4.6 (/opt/rustwide/workdir)
[INFO] [stdout] warning: hiding a lifetime that's elided elsewhere is confusing
[INFO] [stdout]    --> src/model/mod.rs:160:22
[INFO] [stdout]     |
[INFO] [stdout] 160 |     fn db_query(sql: &str) -> Query<TinyOrmDatabase, MySqlArguments> {
[INFO] [stdout]     |                      ^^^^     ^^^^^^^^^^^^^^^^^^^^^^^^^^^^^^^^^^^^^^ the same lifetime is hidden here
[INFO] [stdout]     |                      |
[INFO] [stdout]     |                      the lifetime is elided here
[INFO] [stdout]     |
[INFO] [stdout]     = help: the same lifetime is referred to in inconsistent ways, making the signature confusing
[INFO] [stdout]     = note: `#[warn(mismatched_lifetime_syntaxes)]` on by default
[INFO] [stdout] help: use `'_` for type paths
[INFO] [stdout]     |
[INFO] [stdout] 160 |     fn db_query(sql: &str) -> Query<'_, TinyOrmDatabase, MySqlArguments> {
[INFO] [stdout]     |                                     +++
[INFO] [stdout] 
[INFO] [stdout] 
[INFO] [stderr]     Finished `release` profile [optimized] target(s) in 3m 56s
[INFO] running `Command { std: "docker" "inspect" "5c298a9976184da92285dceea037e76a2dca085cb894c6b1ea2dfebea7f5f621", kill_on_drop: false }`
[INFO] running `Command { std: "docker" "exec" "-e" "SOURCE_DIR=/opt/rustwide/workdir" "-e" "CARGO_HOME=/opt/rustwide/cargo-home" "-e" "RUSTUP_HOME=/opt/rustwide/rustup-home" "-e" "CARGO_TARGET_DIR=/opt/rustwide/target" "-e" "CARGO_INCREMENTAL=0" "-e" "RUST_BACKTRACE=full" "-e" "RUSTFLAGS=--cap-lints=warn" "-e" "RUSTDOCFLAGS=--cap-lints=warn" "-w" "/opt/rustwide/workdir" "--user" "0:0" "5c298a9976184da92285dceea037e76a2dca085cb894c6b1ea2dfebea7f5f621" "/opt/rustwide/cargo-home/bin/cargo" "+1.99.0-beta.8" "test" "--frozen" "--no-run" "--message-format=json" "--release", kill_on_drop: false }`
[INFO] [stderr]    Compiling tiny_orm_core v0.4.6 (/opt/rustwide/workdir)
[INFO] [stdout] warning: hiding a lifetime that's elided elsewhere is confusing
[INFO] [stdout]    --> src/model/mod.rs:160:22
[INFO] [stdout]     |
[INFO] [stdout] 160 |     fn db_query(sql: &str) -> Query<TinyOrmDatabase, MySqlArguments> {
[INFO] [stdout]     |                      ^^^^     ^^^^^^^^^^^^^^^^^^^^^^^^^^^^^^^^^^^^^^ the same lifetime is hidden here
[INFO] [stdout]     |                      |
[INFO] [stdout]     |                      the lifetime is elided here
[INFO] [stdout]     |
[INFO] [stdout]     = help: the same lifetime is referred to in inconsistent ways, making the signature confusing
[INFO] [stdout]     = note: `#[warn(mismatched_lifetime_syntaxes)]` on by default
[INFO] [stdout] help: use `'_` for type paths
[INFO] [stdout]     |
[INFO] [stdout] 160 |     fn db_query(sql: &str) -> Query<'_, TinyOrmDatabase, MySqlArguments> {
[INFO] [stdout]     |                                     +++
[INFO] [stdout] 
[INFO] [stdout] 
[INFO] [stdout] warning: hiding a lifetime that's elided elsewhere is confusing
[INFO] [stdout]    --> src/model/mod.rs:160:22
[INFO] [stdout]     |
[INFO] [stdout] 160 |     fn db_query(sql: &str) -> Query<TinyOrmDatabase, MySqlArguments> {
[INFO] [stdout]     |                      ^^^^     ^^^^^^^^^^^^^^^^^^^^^^^^^^^^^^^^^^^^^^ the same lifetime is hidden here
[INFO] [stdout]     |                      |
[INFO] [stdout]     |                      the lifetime is elided here
[INFO] [stdout]     |
[INFO] [stdout]     = help: the same lifetime is referred to in inconsistent ways, making the signature confusing
[INFO] [stdout]     = note: `#[warn(mismatched_lifetime_syntaxes)]` on by default
[INFO] [stdout] help: use `'_` for type paths
[INFO] [stdout]     |
[INFO] [stdout] 160 |     fn db_query(sql: &str) -> Query<'_, TinyOrmDatabase, MySqlArguments> {
[INFO] [stdout]     |                                     +++
[INFO] [stdout] 
[INFO] [stdout] 
[INFO] [stderr]     Finished `release` profile [optimized] target(s) in 14.06s
[INFO] running `Command { std: "docker" "inspect" "5c298a9976184da92285dceea037e76a2dca085cb894c6b1ea2dfebea7f5f621", kill_on_drop: false }`
[INFO] running `Command { std: "docker" "exec" "-e" "SOURCE_DIR=/opt/rustwide/workdir" "-e" "CARGO_HOME=/opt/rustwide/cargo-home" "-e" "RUSTUP_HOME=/opt/rustwide/rustup-home" "-e" "CARGO_TARGET_DIR=/opt/rustwide/target" "-e" "CARGO_INCREMENTAL=0" "-e" "RUST_BACKTRACE=full" "-e" "RUSTFLAGS=--cap-lints=warn" "-e" "RUSTDOCFLAGS=--cap-lints=warn" "-w" "/opt/rustwide/workdir" "--user" "0:0" "5c298a9976184da92285dceea037e76a2dca085cb894c6b1ea2dfebea7f5f621" "/opt/rustwide/cargo-home/bin/cargo" "+1.99.0-beta.8" "test" "--frozen" "--release", kill_on_drop: false }`
[INFO] [stderr] warning: hiding a lifetime that's elided elsewhere is confusing
[INFO] [stderr]    --> src/model/mod.rs:160:22
[INFO] [stderr]     |
[INFO] [stderr] 160 |     fn db_query(sql: &str) -> Query<TinyOrmDatabase, MySqlArguments> {
[INFO] [stderr]     |                      ^^^^     ^^^^^^^^^^^^^^^^^^^^^^^^^^^^^^^^^^^^^^ the same lifetime is hidden here
[INFO] [stderr]     |                      |
[INFO] [stderr]     |                      the lifetime is elided here
[INFO] [stderr]     |
[INFO] [stderr]     = help: the same lifetime is referred to in inconsistent ways, making the signature confusing
[INFO] [stderr]     = note: `#[warn(mismatched_lifetime_syntaxes)]` on by default
[INFO] [stderr] help: use `'_` for type paths
[INFO] [stderr]     |
[INFO] [stderr] 160 |     fn db_query(sql: &str) -> Query<'_, TinyOrmDatabase, MySqlArguments> {
[INFO] [stderr]     |                                     +++
[INFO] [stderr] 
[INFO] [stderr] warning: `tiny_orm_core` (lib) generated 1 warning (run `cargo fix --lib -p tiny_orm_core` to apply 1 suggestion)
[INFO] [stderr] warning: `tiny_orm_core` (lib test) generated 1 warning (1 duplicate)
[INFO] [stderr]     Finished `release` profile [optimized] target(s) in 0.32s
[INFO] [stderr]      Running unittests src/lib.rs (/opt/rustwide/target/release/deps/tiny_orm_core-57e183759048c57e)
[INFO] [stdout] 
[INFO] [stdout] running 17 tests
[INFO] [stdout] test model::test::test_db_filter ... FAILED
[INFO] [stdout] test model::test::test_orm_get_with_pk ... FAILED
[INFO] [stdout] test model::test::test_orm_delete ... FAILED
[INFO] [stdout] test model::test::test_db_query ... FAILED
[INFO] [stdout] test model::test::test_orm_exist_with_name ... FAILED
[INFO] [stdout] test model::test::test_orm_delete_with_name_and_tel ... FAILED
[INFO] [stdout] test model::test::test_orm_exist_with_pk ... FAILED
[INFO] [stdout] test model::test::test_orm_delete_join_with_user_type ... FAILED
[INFO] [stdout] test model::test::test_orm_insert ... FAILED
[INFO] [stdout] test model::test::test_user ... ok
[INFO] [stdout] test model::test::test_orm_query_join_with_user_type ... FAILED
[INFO] [stdout] test model::test::test_orm_query_join_with_org_id ... FAILED
[INFO] [stdout] test model::test::test_orm_update_all ... FAILED
[INFO] [stdout] test model::test::test_orm_query_with_name_and_mobile ... FAILED
[INFO] [stdout] test model::test::test_orm_query_with_name ... FAILED
[INFO] [stdout] test model::test::test_orm_update_with_name_and_tel ... FAILED
[INFO] [stdout] test model::test::test_orm_update_password ... FAILED
[INFO] [stdout] 
[INFO] [stdout] failures:
[INFO] [stdout] 
[INFO] [stdout] ---- model::test::test_db_filter stdout ----
[INFO] [stdout] 
[INFO] [stdout] thread 'model::test::test_db_filter' (3073) panicked at src/model/test.rs:423:41:
[INFO] [stdout] called `Result::unwrap()` on an `Err` value: pool timed out while waiting for an open connection
[INFO] [stdout] 
[INFO] [stdout] Stack backtrace:
[INFO] [stdout]    0: <anyhow::Error as core::convert::From<sqlx_core::error::Error>>::from
[INFO] [stdout]    1: tiny_orm_core::model::test::get_pool::{closure#0}
[INFO] [stdout]    2: tiny_orm_core::model::test::test_db_filter::{closure#0}
[INFO] [stdout]    3: <tokio::runtime::scheduler::current_thread::Context>::enter::<core::task::poll::Poll<()>, <tokio::runtime::scheduler::current_thread::CoreGuard>::block_on<core::pin::Pin<&mut tiny_orm_core::model::test::test_db_filter::{closure#0}>>::{closure#0}::{closure#0}>
[INFO] [stdout]    4: <tokio::runtime::context::scoped::Scoped<tokio::runtime::scheduler::Context>>::set::<<tokio::runtime::scheduler::current_thread::CoreGuard>::enter<<tokio::runtime::scheduler::current_thread::CoreGuard>::block_on<core::pin::Pin<&mut tiny_orm_core::model::test::test_db_filter::{closure#0}>>::{closure#0}, core::option::Option<()>>::{closure#0}, (alloc::boxed::Box<tokio::runtime::scheduler::current_thread::Core>, core::option::Option<()>)>
[INFO] [stdout]    5: <tokio::runtime::scheduler::current_thread::CoreGuard>::block_on::<core::pin::Pin<&mut tiny_orm_core::model::test::test_db_filter::{closure#0}>>
[INFO] [stdout]    6: tokio::runtime::context::runtime::enter_runtime::<<tokio::runtime::scheduler::current_thread::CurrentThread>::block_on<tiny_orm_core::model::test::test_db_filter::{closure#0}>::{closure#0}, ()>
[INFO] [stdout]    7: <tokio::runtime::runtime::Runtime>::block_on::<tiny_orm_core::model::test::test_db_filter::{closure#0}>
[INFO] [stdout]    8: tiny_orm_core::model::test::test_db_filter
[INFO] [stdout]    9: <tiny_orm_core::model::test::test_db_filter::{closure#0} as core::ops::function::FnOnce<()>>::call_once
[INFO] [stdout]   10: test::__rust_begin_short_backtrace::<core::result::Result<(), alloc::string::String>, fn() -> core::result::Result<(), alloc::string::String>>
[INFO] [stdout]   11: test::run_test::{closure#0}
[INFO] [stdout]   12: std::sys::backtrace::__rust_begin_short_backtrace::<test::run_test::{closure#1}, ()>
[INFO] [stdout]   13: <std::thread::lifecycle::spawn_unchecked<test::run_test::{closure#1}, ()>::{closure#1} as core::ops::function::FnOnce<()>>::call_once::{shim:vtable#0}
[INFO] [stdout]   14: <std::sys::thread::unix::Thread>::new::thread_start
[INFO] [stdout]   15: <unknown>
[INFO] [stdout]   16: clone
[INFO] [stdout] stack backtrace:
[INFO] [stdout]    0:     0x612f4d92ebc1 - <<std[70759c8f55707aa4]::sys::backtrace::BacktraceLock>::print::DisplayBacktrace as core[df12db4294e9bfd3]::fmt::Display>::fmt
[INFO] [stdout]    1:     0x612f4d9464ca - core[df12db4294e9bfd3]::fmt::write
[INFO] [stdout]    2:     0x612f4d933a3c - <alloc[2182bb758b4b3781]::vec::Vec<u8> as core[df12db4294e9bfd3]::io::write::Write>::write_fmt
[INFO] [stdout]    3:     0x612f4d9097f6 - std[70759c8f55707aa4]::panicking::default_hook::{closure#0}
[INFO] [stdout]    4:     0x612f4d9267a9 - std[70759c8f55707aa4]::panicking::default_hook
[INFO] [stdout]    5:     0x612f4d7568e0 - test[9d35eded1c95d3be]::test_main_inner::<test[9d35eded1c95d3be]::test_main_static::{closure#0}>::{closure#0}
[INFO] [stdout]    6:     0x612f4d926ad2 - std[70759c8f55707aa4]::panicking::panic_with_hook
[INFO] [stdout]    7:     0x612f4d9098a2 - std[70759c8f55707aa4]::panicking::panic_handler::{closure#0}
[INFO] [stdout]    8:     0x612f4d901e59 - std[70759c8f55707aa4]::sys::backtrace::__rust_end_short_backtrace::<std[70759c8f55707aa4]::panicking::panic_handler::{closure#0}, !>
[INFO] [stdout]    9:     0x612f4d90a79d - __rustc[8fa7c3cbc660c2b3]::rust_begin_unwind
[INFO] [stdout]   10:     0x612f4d946c2c - core[df12db4294e9bfd3]::panicking::panic_fmt
[INFO] [stdout]   11:     0x612f4d946a02 - core[df12db4294e9bfd3]::result::unwrap_failed
[INFO] [stdout]   12:     0x612f4d6f1eec - tiny_orm_core[fd593a2fe958460]::model::test::test_db_filter::{closure#0}
[INFO] [stdout]   13:     0x612f4d6e481e - <tokio[7abe90bc580b99a8]::runtime::scheduler::current_thread::Context>::enter::<core[df12db4294e9bfd3]::task::poll::Poll<()>, <tokio[7abe90bc580b99a8]::runtime::scheduler::current_thread::CoreGuard>::block_on<core[df12db4294e9bfd3]::pin::Pin<&mut tiny_orm_core[fd593a2fe958460]::model::test::test_db_filter::{closure#0}>>::{closure#0}::{closure#0}>
[INFO] [stdout]   14:     0x612f4d739a5c - <tokio[7abe90bc580b99a8]::runtime::context::scoped::Scoped<tokio[7abe90bc580b99a8]::runtime::scheduler::Context>>::set::<<tokio[7abe90bc580b99a8]::runtime::scheduler::current_thread::CoreGuard>::enter<<tokio[7abe90bc580b99a8]::runtime::scheduler::current_thread::CoreGuard>::block_on<core[df12db4294e9bfd3]::pin::Pin<&mut tiny_orm_core[fd593a2fe958460]::model::test::test_db_filter::{closure#0}>>::{closure#0}, core[df12db4294e9bfd3]::option::Option<()>>::{closure#0}, (alloc[2182bb758b4b3781]::boxed::Box<tokio[7abe90bc580b99a8]::runtime::scheduler::current_thread::Core>, core[df12db4294e9bfd3]::option::Option<()>)>
[INFO] [stdout]   15:     0x612f4d6e6487 - <tokio[7abe90bc580b99a8]::runtime::scheduler::current_thread::CoreGuard>::block_on::<core[df12db4294e9bfd3]::pin::Pin<&mut tiny_orm_core[fd593a2fe958460]::model::test::test_db_filter::{closure#0}>>
[INFO] [stdout]   16:     0x612f4d711166 - tokio[7abe90bc580b99a8]::runtime::context::runtime::enter_runtime::<<tokio[7abe90bc580b99a8]::runtime::scheduler::current_thread::CurrentThread>::block_on<tiny_orm_core[fd593a2fe958460]::model::test::test_db_filter::{closure#0}>::{closure#0}, ()>
[INFO] [stdout]   17:     0x612f4d728d7e - <tokio[7abe90bc580b99a8]::runtime::runtime::Runtime>::block_on::<tiny_orm_core[fd593a2fe958460]::model::test::test_db_filter::{closure#0}>
[INFO] [stdout]   18:     0x612f4d7473ca - tiny_orm_core[fd593a2fe958460]::model::test::test_db_filter
[INFO] [stdout]   19:     0x612f4d7288a9 - <tiny_orm_core[fd593a2fe958460]::model::test::test_db_filter::{closure#0} as core[df12db4294e9bfd3]::ops::function::FnOnce<()>>::call_once
[INFO] [stdout]   20:     0x612f4d749bcb - test[9d35eded1c95d3be]::__rust_begin_short_backtrace::<core[df12db4294e9bfd3]::result::Result<(), alloc[2182bb758b4b3781]::string::String>, fn() -> core[df12db4294e9bfd3]::result::Result<(), alloc[2182bb758b4b3781]::string::String>>
[INFO] [stdout]   21:     0x612f4d757235 - test[9d35eded1c95d3be]::run_test::{closure#0}
[INFO] [stdout]   22:     0x612f4d750af4 - std[70759c8f55707aa4]::sys::backtrace::__rust_begin_short_backtrace::<test[9d35eded1c95d3be]::run_test::{closure#1}, ()>
[INFO] [stdout]   23:     0x612f4d75a392 - <std[70759c8f55707aa4]::thread::lifecycle::spawn_unchecked<test[9d35eded1c95d3be]::run_test::{closure#1}, ()>::{closure#1} as core[df12db4294e9bfd3]::ops::function::FnOnce<()>>::call_once::{shim:vtable#0}
[INFO] [stdout]   24:     0x612f4d92ddc9 - <std[70759c8f55707aa4]::sys::thread::unix::Thread>::new::thread_start
[INFO] [stdout]   25:     0x75b330658dfa - <unknown>
[INFO] [stdout]   26:     0x75b3306ec3d4 - clone
[INFO] [stdout]   27:                0x0 - <unknown>
[INFO] [stdout] 
[INFO] [stdout] ---- model::test::test_orm_get_with_pk stdout ----
[INFO] [stdout] 
[INFO] [stdout] thread 'model::test::test_orm_get_with_pk' (3080) panicked at src/model/test.rs:317:41:
[INFO] [stdout] called `Result::unwrap()` on an `Err` value: pool timed out while waiting for an open connection
[INFO] [stdout] 
[INFO] [stdout] Stack backtrace:
[INFO] [stdout]    0: <anyhow::Error as core::convert::From<sqlx_core::error::Error>>::from
[INFO] [stdout]    1: tiny_orm_core::model::test::get_pool::{closure#0}
[INFO] [stdout]    2: tiny_orm_core::model::test::test_orm_get_with_pk::{closure#0}
[INFO] [stdout]    3: <tokio::runtime::scheduler::current_thread::Context>::enter::<core::task::poll::Poll<()>, <tokio::runtime::scheduler::current_thread::CoreGuard>::block_on<core::pin::Pin<&mut tiny_orm_core::model::test::test_orm_get_with_pk::{closure#0}>>::{closure#0}::{closure#0}>
[INFO] [stdout]    4: <tokio::runtime::context::scoped::Scoped<tokio::runtime::scheduler::Context>>::set::<<tokio::runtime::scheduler::current_thread::CoreGuard>::enter<<tokio::runtime::scheduler::current_thread::CoreGuard>::block_on<core::pin::Pin<&mut tiny_orm_core::model::test::test_orm_get_with_pk::{closure#0}>>::{closure#0}, core::option::Option<()>>::{closure#0}, (alloc::boxed::Box<tokio::runtime::scheduler::current_thread::Core>, core::option::Option<()>)>
[INFO] [stdout]    5: <tokio::runtime::scheduler::current_thread::CoreGuard>::block_on::<core::pin::Pin<&mut tiny_orm_core::model::test::test_orm_get_with_pk::{closure#0}>>
[INFO] [stdout]    6: tokio::runtime::context::runtime::enter_runtime::<<tokio::runtime::scheduler::current_thread::CurrentThread>::block_on<tiny_orm_core::model::test::test_orm_get_with_pk::{closure#0}>::{closure#0}, ()>
[INFO] [stdout]    7: <tokio::runtime::scheduler::current_thread::CurrentThread>::block_on::<tiny_orm_core::model::test::test_orm_get_with_pk::{closure#0}>
[INFO] [stdout]    8: <tokio::runtime::runtime::Runtime>::block_on::<tiny_orm_core::model::test::test_orm_get_with_pk::{closure#0}>
[INFO] [stdout]    9: tiny_orm_core::model::test::test_orm_get_with_pk
[INFO] [stdout]   10: <tiny_orm_core::model::test::test_orm_get_with_pk::{closure#0} as core::ops::function::FnOnce<()>>::call_once
[INFO] [stdout]   11: test::__rust_begin_short_backtrace::<core::result::Result<(), alloc::string::String>, fn() -> core::result::Result<(), alloc::string::String>>
[INFO] [stdout]   12: test::run_test::{closure#0}
[INFO] [stdout]   13: std::sys::backtrace::__rust_begin_short_backtrace::<test::run_test::{closure#1}, ()>
[INFO] [stdout]   14: <std::thread::lifecycle::spawn_unchecked<test::run_test::{closure#1}, ()>::{closure#1} as core::ops::function::FnOnce<()>>::call_once::{shim:vtable#0}
[INFO] [stdout]   15: <std::sys::thread::unix::Thread>::new::thread_start
[INFO] [stdout]   16: <unknown>
[INFO] [stdout]   17: clone
[INFO] [stdout] stack backtrace:
[INFO] [stdout]    0:     0x612f4d92ebc1 - <<std[70759c8f55707aa4]::sys::backtrace::BacktraceLock>::print::DisplayBacktrace as core[df12db4294e9bfd3]::fmt::Display>::fmt
[INFO] [stdout]    1:     0x612f4d9464ca - core[df12db4294e9bfd3]::fmt::write
[INFO] [stdout]    2:     0x612f4d933a3c - <alloc[2182bb758b4b3781]::vec::Vec<u8> as core[df12db4294e9bfd3]::io::write::Write>::write_fmt
[INFO] [stdout]    3:     0x612f4d9097f6 - std[70759c8f55707aa4]::panicking::default_hook::{closure#0}
[INFO] [stdout]    4:     0x612f4d9267a9 - std[70759c8f55707aa4]::panicking::default_hook
[INFO] [stdout]    5:     0x612f4d7568e0 - test[9d35eded1c95d3be]::test_main_inner::<test[9d35eded1c95d3be]::test_main_static::{closure#0}>::{closure#0}
[INFO] [stdout]    6:     0x612f4d926ad2 - std[70759c8f55707aa4]::panicking::panic_with_hook
[INFO] [stdout]    7:     0x612f4d9098a2 - std[70759c8f55707aa4]::panicking::panic_handler::{closure#0}
[INFO] [stdout]    8:     0x612f4d901e59 - std[70759c8f55707aa4]::sys::backtrace::__rust_end_short_backtrace::<std[70759c8f55707aa4]::panicking::panic_handler::{closure#0}, !>
[INFO] [stdout]    9:     0x612f4d90a79d - __rustc[8fa7c3cbc660c2b3]::rust_begin_unwind
[INFO] [stdout]   10:     0x612f4d946c2c - core[df12db4294e9bfd3]::panicking::panic_fmt
[INFO] [stdout]   11:     0x612f4d946a02 - core[df12db4294e9bfd3]::result::unwrap_failed
[INFO] [stdout]   12:     0x612f4d6f4234 - tiny_orm_core[fd593a2fe958460]::model::test::test_orm_get_with_pk::{closure#0}
[INFO] [stdout]   13:     0x612f4d6e4e5e - <tokio[7abe90bc580b99a8]::runtime::scheduler::current_thread::Context>::enter::<core[df12db4294e9bfd3]::task::poll::Poll<()>, <tokio[7abe90bc580b99a8]::runtime::scheduler::current_thread::CoreGuard>::block_on<core[df12db4294e9bfd3]::pin::Pin<&mut tiny_orm_core[fd593a2fe958460]::model::test::test_orm_get_with_pk::{closure#0}>>::{closure#0}::{closure#0}>
[INFO] [stdout]   14:     0x612f4d73a1dc - <tokio[7abe90bc580b99a8]::runtime::context::scoped::Scoped<tokio[7abe90bc580b99a8]::runtime::scheduler::Context>>::set::<<tokio[7abe90bc580b99a8]::runtime::scheduler::current_thread::CoreGuard>::enter<<tokio[7abe90bc580b99a8]::runtime::scheduler::current_thread::CoreGuard>::block_on<core[df12db4294e9bfd3]::pin::Pin<&mut tiny_orm_core[fd593a2fe958460]::model::test::test_orm_get_with_pk::{closure#0}>>::{closure#0}, core[df12db4294e9bfd3]::option::Option<()>>::{closure#0}, (alloc[2182bb758b4b3781]::boxed::Box<tokio[7abe90bc580b99a8]::runtime::scheduler::current_thread::Core>, core[df12db4294e9bfd3]::option::Option<()>)>
[INFO] [stdout]   15:     0x612f4d6e6c47 - <tokio[7abe90bc580b99a8]::runtime::scheduler::current_thread::CoreGuard>::block_on::<core[df12db4294e9bfd3]::pin::Pin<&mut tiny_orm_core[fd593a2fe958460]::model::test::test_orm_get_with_pk::{closure#0}>>
[INFO] [stdout]   16:     0x612f4d7122e6 - tokio[7abe90bc580b99a8]::runtime::context::runtime::enter_runtime::<<tokio[7abe90bc580b99a8]::runtime::scheduler::current_thread::CurrentThread>::block_on<tiny_orm_core[fd593a2fe958460]::model::test::test_orm_get_with_pk::{closure#0}>::{closure#0}, ()>
[INFO] [stdout]   17:     0x612f4d6e4491 - <tokio[7abe90bc580b99a8]::runtime::scheduler::current_thread::CurrentThread>::block_on::<tiny_orm_core[fd593a2fe958460]::model::test::test_orm_get_with_pk::{closure#0}>
[INFO] [stdout]   18:     0x612f4d729313 - <tokio[7abe90bc580b99a8]::runtime::runtime::Runtime>::block_on::<tiny_orm_core[fd593a2fe958460]::model::test::test_orm_get_with_pk::{closure#0}>
[INFO] [stdout]   19:     0x612f4d74788a - tiny_orm_core[fd593a2fe958460]::model::test::test_orm_get_with_pk
[INFO] [stdout]   20:     0x612f4d728929 - <tiny_orm_core[fd593a2fe958460]::model::test::test_orm_get_with_pk::{closure#0} as core[df12db4294e9bfd3]::ops::function::FnOnce<()>>::call_once
[INFO] [stdout]   21:     0x612f4d749bcb - test[9d35eded1c95d3be]::__rust_begin_short_backtrace::<core[df12db4294e9bfd3]::result::Result<(), alloc[2182bb758b4b3781]::string::String>, fn() -> core[df12db4294e9bfd3]::result::Result<(), alloc[2182bb758b4b3781]::string::String>>
[INFO] [stdout]   22:     0x612f4d757235 - test[9d35eded1c95d3be]::run_test::{closure#0}
[INFO] [stdout]   23:     0x612f4d750af4 - std[70759c8f55707aa4]::sys::backtrace::__rust_begin_short_backtrace::<test[9d35eded1c95d3be]::run_test::{closure#1}, ()>
[INFO] [stdout]   24:     0x612f4d75a392 - <std[70759c8f55707aa4]::thread::lifecycle::spawn_unchecked<test[9d35eded1c95d3be]::run_test::{closure#1}, ()>::{closure#1} as core[df12db4294e9bfd3]::ops::function::FnOnce<()>>::call_once::{shim:vtable#0}
[INFO] [stdout]   25:     0x612f4d92ddc9 - <std[70759c8f55707aa4]::sys::thread::unix::Thread>::new::thread_start
[INFO] [stdout]   26:     0x75b330658dfa - <unknown>
[INFO] [stdout]   27:     0x75b3306ec3d4 - clone
[INFO] [stdout]   28:                0x0 - <unknown>
[INFO] [stdout] 
[INFO] [stdout] ---- model::test::test_orm_delete stdout ----
[INFO] [stdout] 
[INFO] [stdout] thread 'model::test::test_orm_delete' (3075) panicked at src/model/test.rs:333:41:
[INFO] [stdout] called `Result::unwrap()` on an `Err` value: pool timed out while waiting for an open connection
[INFO] [stdout] 
[INFO] [stdout] Stack backtrace:
[INFO] [stdout]    0: <anyhow::Error as core::convert::From<sqlx_core::error::Error>>::from
[INFO] [stdout]    1: tiny_orm_core::model::test::get_pool::{closure#0}
[INFO] [stdout]    2: tiny_orm_core::model::test::test_orm_delete::{closure#0}
[INFO] [stdout]    3: <tokio::runtime::scheduler::current_thread::Context>::enter::<core::task::poll::Poll<()>, <tokio::runtime::scheduler::current_thread::CoreGuard>::block_on<core::pin::Pin<&mut tiny_orm_core::model::test::test_orm_delete::{closure#0}>>::{closure#0}::{closure#0}>
[INFO] [stdout]    4: <tokio::runtime::context::scoped::Scoped<tokio::runtime::scheduler::Context>>::set::<<tokio::runtime::scheduler::current_thread::CoreGuard>::enter<<tokio::runtime::scheduler::current_thread::CoreGuard>::block_on<core::pin::Pin<&mut tiny_orm_core::model::test::test_orm_delete::{closure#0}>>::{closure#0}, core::option::Option<()>>::{closure#0}, (alloc::boxed::Box<tokio::runtime::scheduler::current_thread::Core>, core::option::Option<()>)>
[INFO] [stdout]    5: <tokio::runtime::scheduler::current_thread::CoreGuard>::block_on::<core::pin::Pin<&mut tiny_orm_core::model::test::test_orm_delete::{closure#0}>>
[INFO] [stdout]    6: tokio::runtime::context::runtime::enter_runtime::<<tokio::runtime::scheduler::current_thread::CurrentThread>::block_on<tiny_orm_core::model::test::test_orm_delete::{closure#0}>::{closure#0}, ()>
[INFO] [stdout]    7: <tokio::runtime::runtime::Runtime>::block_on::<tiny_orm_core::model::test::test_orm_delete::{closure#0}>
[INFO] [stdout]    8: tiny_orm_core::model::test::test_orm_delete
[INFO] [stdout]    9: <tiny_orm_core::model::test::test_orm_delete::{closure#0} as core::ops::function::FnOnce<()>>::call_once
[INFO] [stdout]   10: test::__rust_begin_short_backtrace::<core::result::Result<(), alloc::string::String>, fn() -> core::result::Result<(), alloc::string::String>>
[INFO] [stdout]   11: test::run_test::{closure#0}
[INFO] [stdout]   12: std::sys::backtrace::__rust_begin_short_backtrace::<test::run_test::{closure#1}, ()>
[INFO] [stdout]   13: <std::thread::lifecycle::spawn_unchecked<test::run_test::{closure#1}, ()>::{closure#1} as core::ops::function::FnOnce<()>>::call_once::{shim:vtable#0}
[INFO] [stdout]   14: <std::sys::thread::unix::Thread>::new::thread_start
[INFO] [stdout]   15: <unknown>
[INFO] [stdout]   16: clone
[INFO] [stdout] stack backtrace:
[INFO] [stdout]    0:     0x612f4d92ebc1 - <<std[70759c8f55707aa4]::sys::backtrace::BacktraceLock>::print::DisplayBacktrace as core[df12db4294e9bfd3]::fmt::Display>::fmt
[INFO] [stdout]    1:     0x612f4d9464ca - core[df12db4294e9bfd3]::fmt::write
[INFO] [stdout]    2:     0x612f4d933a3c - <alloc[2182bb758b4b3781]::vec::Vec<u8> as core[df12db4294e9bfd3]::io::write::Write>::write_fmt
[INFO] [stdout]    3:     0x612f4d9097f6 - std[70759c8f55707aa4]::panicking::default_hook::{closure#0}
[INFO] [stdout]    4:     0x612f4d9267a9 - std[70759c8f55707aa4]::panicking::default_hook
[INFO] [stdout]    5:     0x612f4d7568e0 - test[9d35eded1c95d3be]::test_main_inner::<test[9d35eded1c95d3be]::test_main_static::{closure#0}>::{closure#0}
[INFO] [stdout]    6:     0x612f4d926ad2 - std[70759c8f55707aa4]::panicking::panic_with_hook
[INFO] [stdout]    7:     0x612f4d9098a2 - std[70759c8f55707aa4]::panicking::panic_handler::{closure#0}
[INFO] [stdout]    8:     0x612f4d901e59 - std[70759c8f55707aa4]::sys::backtrace::__rust_end_short_backtrace::<std[70759c8f55707aa4]::panicking::panic_handler::{closure#0}, !>
[INFO] [stdout]    9:     0x612f4d90a79d - __rustc[8fa7c3cbc660c2b3]::rust_begin_unwind
[INFO] [stdout]   10:     0x612f4d946c2c - core[df12db4294e9bfd3]::panicking::panic_fmt
[INFO] [stdout]   11:     0x612f4d946a02 - core[df12db4294e9bfd3]::result::unwrap_failed
[INFO] [stdout]   12:     0x612f4d6f26f5 - tiny_orm_core[fd593a2fe958460]::model::test::test_orm_delete::{closure#0}
[INFO] [stdout]   13:     0x612f4d6e49ae - <tokio[7abe90bc580b99a8]::runtime::scheduler::current_thread::Context>::enter::<core[df12db4294e9bfd3]::task::poll::Poll<()>, <tokio[7abe90bc580b99a8]::runtime::scheduler::current_thread::CoreGuard>::block_on<core[df12db4294e9bfd3]::pin::Pin<&mut tiny_orm_core[fd593a2fe958460]::model::test::test_orm_delete::{closure#0}>>::{closure#0}::{closure#0}>
[INFO] [stdout]   14:     0x612f4d739c3c - <tokio[7abe90bc580b99a8]::runtime::context::scoped::Scoped<tokio[7abe90bc580b99a8]::runtime::scheduler::Context>>::set::<<tokio[7abe90bc580b99a8]::runtime::scheduler::current_thread::CoreGuard>::enter<<tokio[7abe90bc580b99a8]::runtime::scheduler::current_thread::CoreGuard>::block_on<core[df12db4294e9bfd3]::pin::Pin<&mut tiny_orm_core[fd593a2fe958460]::model::test::test_orm_delete::{closure#0}>>::{closure#0}, core[df12db4294e9bfd3]::option::Option<()>>::{closure#0}, (alloc[2182bb758b4b3781]::boxed::Box<tokio[7abe90bc580b99a8]::runtime::scheduler::current_thread::Core>, core[df12db4294e9bfd3]::option::Option<()>)>
[INFO] [stdout]   15:     0x612f4d6e6677 - <tokio[7abe90bc580b99a8]::runtime::scheduler::current_thread::CoreGuard>::block_on::<core[df12db4294e9bfd3]::pin::Pin<&mut tiny_orm_core[fd593a2fe958460]::model::test::test_orm_delete::{closure#0}>>
[INFO] [stdout]   16:     0x612f4d7115c6 - tokio[7abe90bc580b99a8]::runtime::context::runtime::enter_runtime::<<tokio[7abe90bc580b99a8]::runtime::scheduler::current_thread::CurrentThread>::block_on<tiny_orm_core[fd593a2fe958460]::model::test::test_orm_delete::{closure#0}>::{closure#0}, ()>
[INFO] [stdout]   17:     0x612f4d728eee - <tokio[7abe90bc580b99a8]::runtime::runtime::Runtime>::block_on::<tiny_orm_core[fd593a2fe958460]::model::test::test_orm_delete::{closure#0}>
[INFO] [stdout]   18:     0x612f4d7474fa - tiny_orm_core[fd593a2fe958460]::model::test::test_orm_delete
[INFO] [stdout]   19:     0x612f4d7288c9 - <tiny_orm_core[fd593a2fe958460]::model::test::test_orm_delete::{closure#0} as core[df12db4294e9bfd3]::ops::function::FnOnce<()>>::call_once
[INFO] [stdout]   20:     0x612f4d749bcb - test[9d35eded1c95d3be]::__rust_begin_short_backtrace::<core[df12db4294e9bfd3]::result::Result<(), alloc[2182bb758b4b3781]::string::String>, fn() -> core[df12db4294e9bfd3]::result::Result<(), alloc[2182bb758b4b3781]::string::String>>
[INFO] [stdout]   21:     0x612f4d757235 - test[9d35eded1c95d3be]::run_test::{closure#0}
[INFO] [stdout]   22:     0x612f4d750af4 - std[70759c8f55707aa4]::sys::backtrace::__rust_begin_short_backtrace::<test[9d35eded1c95d3be]::run_test::{closure#1}, ()>
[INFO] [stdout]   23:     0x612f4d75a392 - <std[70759c8f55707aa4]::thread::lifecycle::spawn_unchecked<test[9d35eded1c95d3be]::run_test::{closure#1}, ()>::{closure#1} as core[df12db4294e9bfd3]::ops::function::FnOnce<()>>::call_once::{shim:vtable#0}
[INFO] [stdout]   24:     0x612f4d92ddc9 - <std[70759c8f55707aa4]::sys::thread::unix::Thread>::new::thread_start
[INFO] [stdout]   25:     0x75b330658dfa - <unknown>
[INFO] [stdout]   26:     0x75b3306ec3d4 - clone
[INFO] [stdout]   27:                0x0 - <unknown>
[INFO] [stdout] 
[INFO] [stdout] ---- model::test::test_db_query stdout ----
[INFO] [stdout] 
[INFO] [stdout] thread 'model::test::test_db_query' (3074) panicked at src/model/test.rs:288:41:
[INFO] [stdout] called `Result::unwrap()` on an `Err` value: pool timed out while waiting for an open connection
[INFO] [stdout] 
[INFO] [stdout] Stack backtrace:
[INFO] [stdout]    0: <anyhow::Error as core::convert::From<sqlx_core::error::Error>>::from
[INFO] [stdout]    1: tiny_orm_core::model::test::get_pool::{closure#0}
[INFO] [stdout]    2: tiny_orm_core::model::test::test_db_query::{closure#0}
[INFO] [stdout]    3: <tokio::runtime::scheduler::current_thread::Context>::enter::<core::task::poll::Poll<()>, <tokio::runtime::scheduler::current_thread::CoreGuard>::block_on<core::pin::Pin<&mut tiny_orm_core::model::test::test_db_query::{closure#0}>>::{closure#0}::{closure#0}>
[INFO] [stdout]    4: <tokio::runtime::context::scoped::Scoped<tokio::runtime::scheduler::Context>>::set::<<tokio::runtime::scheduler::current_thread::CoreGuard>::enter<<tokio::runtime::scheduler::current_thread::CoreGuard>::block_on<core::pin::Pin<&mut tiny_orm_core::model::test::test_db_query::{closure#0}>>::{closure#0}, core::option::Option<()>>::{closure#0}, (alloc::boxed::Box<tokio::runtime::scheduler::current_thread::Core>, core::option::Option<()>)>
[INFO] [stdout]    5: <tokio::runtime::scheduler::current_thread::CoreGuard>::block_on::<core::pin::Pin<&mut tiny_orm_core::model::test::test_db_query::{closure#0}>>
[INFO] [stdout]    6: tokio::runtime::context::runtime::enter_runtime::<<tokio::runtime::scheduler::current_thread::CurrentThread>::block_on<tiny_orm_core::model::test::test_db_query::{closure#0}>::{closure#0}, ()>
[INFO] [stdout]    7: <tokio::runtime::runtime::Runtime>::block_on::<tiny_orm_core::model::test::test_db_query::{closure#0}>
[INFO] [stdout]    8: tiny_orm_core::model::test::test_db_query
[INFO] [stdout]    9: <tiny_orm_core::model::test::test_db_query::{closure#0} as core::ops::function::FnOnce<()>>::call_once
[INFO] [stdout]   10: test::__rust_begin_short_backtrace::<core::result::Result<(), alloc::string::String>, fn() -> core::result::Result<(), alloc::string::String>>
[INFO] [stdout]   11: test::run_test::{closure#0}
[INFO] [stdout]   12: std::sys::backtrace::__rust_begin_short_backtrace::<test::run_test::{closure#1}, ()>
[INFO] [stdout]   13: <std::thread::lifecycle::spawn_unchecked<test::run_test::{closure#1}, ()>::{closure#1} as core::ops::function::FnOnce<()>>::call_once::{shim:vtable#0}
[INFO] [stdout]   14: <std::sys::thread::unix::Thread>::new::thread_start
[INFO] [stdout]   15: <unknown>
[INFO] [stdout]   16: clone
[INFO] [stdout] stack backtrace:
[INFO] [stdout]    0:     0x612f4d92ebc1 - <<std[70759c8f55707aa4]::sys::backtrace::BacktraceLock>::print::DisplayBacktrace as core[df12db4294e9bfd3]::fmt::Display>::fmt
[INFO] [stdout]    1:     0x612f4d9464ca - core[df12db4294e9bfd3]::fmt::write
[INFO] [stdout]    2:     0x612f4d933a3c - <alloc[2182bb758b4b3781]::vec::Vec<u8> as core[df12db4294e9bfd3]::io::write::Write>::write_fmt
[INFO] [stdout]    3:     0x612f4d9097f6 - std[70759c8f55707aa4]::panicking::default_hook::{closure#0}
[INFO] [stdout]    4:     0x612f4d9267a9 - std[70759c8f55707aa4]::panicking::default_hook
[INFO] [stdout]    5:     0x612f4d7568e0 - test[9d35eded1c95d3be]::test_main_inner::<test[9d35eded1c95d3be]::test_main_static::{closure#0}>::{closure#0}
[INFO] [stdout]    6:     0x612f4d926ad2 - std[70759c8f55707aa4]::panicking::panic_with_hook
[INFO] [stdout]    7:     0x612f4d9098a2 - std[70759c8f55707aa4]::panicking::panic_handler::{closure#0}
[INFO] [stdout]    8:     0x612f4d901e59 - std[70759c8f55707aa4]::sys::backtrace::__rust_end_short_backtrace::<std[70759c8f55707aa4]::panicking::panic_handler::{closure#0}, !>
[INFO] [stdout]    9:     0x612f4d90a79d - __rustc[8fa7c3cbc660c2b3]::rust_begin_unwind
[INFO] [stdout]   10:     0x612f4d946c2c - core[df12db4294e9bfd3]::panicking::panic_fmt
[INFO] [stdout]   11:     0x612f4d946a02 - core[df12db4294e9bfd3]::result::unwrap_failed
[INFO] [stdout]   12:     0x612f4d6f199f - tiny_orm_core[fd593a2fe958460]::model::test::test_db_query::{closure#0}
[INFO] [stdout]   13:     0x612f4d6e468e - <tokio[7abe90bc580b99a8]::runtime::scheduler::current_thread::Context>::enter::<core[df12db4294e9bfd3]::task::poll::Poll<()>, <tokio[7abe90bc580b99a8]::runtime::scheduler::current_thread::CoreGuard>::block_on<core[df12db4294e9bfd3]::pin::Pin<&mut tiny_orm_core[fd593a2fe958460]::model::test::test_db_query::{closure#0}>>::{closure#0}::{closure#0}>
[INFO] [stdout]   14:     0x612f4d73987c - <tokio[7abe90bc580b99a8]::runtime::context::scoped::Scoped<tokio[7abe90bc580b99a8]::runtime::scheduler::Context>>::set::<<tokio[7abe90bc580b99a8]::runtime::scheduler::current_thread::CoreGuard>::enter<<tokio[7abe90bc580b99a8]::runtime::scheduler::current_thread::CoreGuard>::block_on<core[df12db4294e9bfd3]::pin::Pin<&mut tiny_orm_core[fd593a2fe958460]::model::test::test_db_query::{closure#0}>>::{closure#0}, core[df12db4294e9bfd3]::option::Option<()>>::{closure#0}, (alloc[2182bb758b4b3781]::boxed::Box<tokio[7abe90bc580b99a8]::runtime::scheduler::current_thread::Core>, core[df12db4294e9bfd3]::option::Option<()>)>
[INFO] [stdout]   15:     0x612f4d6e6297 - <tokio[7abe90bc580b99a8]::runtime::scheduler::current_thread::CoreGuard>::block_on::<core[df12db4294e9bfd3]::pin::Pin<&mut tiny_orm_core[fd593a2fe958460]::model::test::test_db_query::{closure#0}>>
[INFO] [stdout]   16:     0x612f4d710d06 - tokio[7abe90bc580b99a8]::runtime::context::runtime::enter_runtime::<<tokio[7abe90bc580b99a8]::runtime::scheduler::current_thread::CurrentThread>::block_on<tiny_orm_core[fd593a2fe958460]::model::test::test_db_query::{closure#0}>::{closure#0}, ()>
[INFO] [stdout]   17:     0x612f4d728c0e - <tokio[7abe90bc580b99a8]::runtime::runtime::Runtime>::block_on::<tiny_orm_core[fd593a2fe958460]::model::test::test_db_query::{closure#0}>
[INFO] [stdout]   18:     0x612f4d74729a - tiny_orm_core[fd593a2fe958460]::model::test::test_db_query
[INFO] [stdout]   19:     0x612f4d728889 - <tiny_orm_core[fd593a2fe958460]::model::test::test_db_query::{closure#0} as core[df12db4294e9bfd3]::ops::function::FnOnce<()>>::call_once
[INFO] [stdout]   20:     0x612f4d749bcb - test[9d35eded1c95d3be]::__rust_begin_short_backtrace::<core[df12db4294e9bfd3]::result::Result<(), alloc[2182bb758b4b3781]::string::String>, fn() -> core[df12db4294e9bfd3]::result::Result<(), alloc[2182bb758b4b3781]::string::String>>
[INFO] [stdout]   21:     0x612f4d757235 - test[9d35eded1c95d3be]::run_test::{closure#0}
[INFO] [stdout]   22:     0x612f4d750af4 - std[70759c8f55707aa4]::sys::backtrace::__rust_begin_short_backtrace::<test[9d35eded1c95d3be]::run_test::{closure#1}, ()>
[INFO] [stdout]   23:     0x612f4d75a392 - <std[70759c8f55707aa4]::thread::lifecycle::spawn_unchecked<test[9d35eded1c95d3be]::run_test::{closure#1}, ()>::{closure#1} as core[df12db4294e9bfd3]::ops::function::FnOnce<()>>::call_once::{shim:vtable#0}
[INFO] [stdout]   24:     0x612f4d92ddc9 - <std[70759c8f55707aa4]::sys::thread::unix::Thread>::new::thread_start
[INFO] [stdout]   25:     0x75b330658dfa - <unknown>
[INFO] [stdout]   26:     0x75b3306ec3d4 - clone
[INFO] [stdout]   27:                0x0 - <unknown>
[INFO] [stdout] 
[INFO] [stdout] ---- model::test::test_orm_exist_with_name stdout ----
[INFO] [stdout] 
[INFO] [stdout] thread 'model::test::test_orm_exist_with_name' (3078) panicked at src/model/test.rs:393:41:
[INFO] [stdout] called `Result::unwrap()` on an `Err` value: pool timed out while waiting for an open connection
[INFO] [stdout] 
[INFO] [stdout] Stack backtrace:
[INFO] [stdout]    0: <anyhow::Error as core::convert::From<sqlx_core::error::Error>>::from
[INFO] [stdout]    1: tiny_orm_core::model::test::get_pool::{closure#0}
[INFO] [stdout]    2: tiny_orm_core::model::test::test_orm_exist_with_name::{closure#0}
[INFO] [stdout]    3: <tokio::runtime::scheduler::current_thread::Context>::enter::<core::task::poll::Poll<()>, <tokio::runtime::scheduler::current_thread::CoreGuard>::block_on<core::pin::Pin<&mut tiny_orm_core::model::test::test_orm_exist_with_name::{closure#0}>>::{closure#0}::{closure#0}>
[INFO] [stdout]    4: <tokio::runtime::context::scoped::Scoped<tokio::runtime::scheduler::Context>>::set::<<tokio::runtime::scheduler::current_thread::CoreGuard>::enter<<tokio::runtime::scheduler::current_thread::CoreGuard>::block_on<core::pin::Pin<&mut tiny_orm_core::model::test::test_orm_exist_with_name::{closure#0}>>::{closure#0}, core::option::Option<()>>::{closure#0}, (alloc::boxed::Box<tokio::runtime::scheduler::current_thread::Core>, core::option::Option<()>)>
[INFO] [stdout]    5: <tokio::runtime::scheduler::current_thread::CoreGuard>::block_on::<core::pin::Pin<&mut tiny_orm_core::model::test::test_orm_exist_with_name::{closure#0}>>
[INFO] [stdout]    6: tokio::runtime::context::runtime::enter_runtime::<<tokio::runtime::scheduler::current_thread::CurrentThread>::block_on<tiny_orm_core::model::test::test_orm_exist_with_name::{closure#0}>::{closure#0}, ()>
[INFO] [stdout]    7: <tokio::runtime::runtime::Runtime>::block_on::<tiny_orm_core::model::test::test_orm_exist_with_name::{closure#0}>
[INFO] [stdout]    8: tiny_orm_core::model::test::test_orm_exist_with_name
[INFO] [stdout]    9: <tiny_orm_core::model::test::test_orm_exist_with_name::{closure#0} as core::ops::function::FnOnce<()>>::call_once
[INFO] [stdout]   10: test::__rust_begin_short_backtrace::<core::result::Result<(), alloc::string::String>, fn() -> core::result::Result<(), alloc::string::String>>
[INFO] [stdout]   11: test::run_test::{closure#0}
[INFO] [stdout]   12: std::sys::backtrace::__rust_begin_short_backtrace::<test::run_test::{closure#1}, ()>
[INFO] [stdout]   13: <std::thread::lifecycle::spawn_unchecked<test::run_test::{closure#1}, ()>::{closure#1} as core::ops::function::FnOnce<()>>::call_once::{shim:vtable#0}
[INFO] [stdout]   14: <std::sys::thread::unix::Thread>::new::thread_start
[INFO] [stdout]   15: <unknown>
[INFO] [stdout]   16: clone
[INFO] [stdout] stack backtrace:
[INFO] [stdout]    0:     0x612f4d92ebc1 - <<std[70759c8f55707aa4]::sys::backtrace::BacktraceLock>::print::DisplayBacktrace as core[df12db4294e9bfd3]::fmt::Display>::fmt
[INFO] [stdout]    1:     0x612f4d9464ca - core[df12db4294e9bfd3]::fmt::write
[INFO] [stdout]    2:     0x612f4d933a3c - <alloc[2182bb758b4b3781]::vec::Vec<u8> as core[df12db4294e9bfd3]::io::write::Write>::write_fmt
[INFO] [stdout]    3:     0x612f4d9097f6 - std[70759c8f55707aa4]::panicking::default_hook::{closure#0}
[INFO] [stdout]    4:     0x612f4d9267a9 - std[70759c8f55707aa4]::panicking::default_hook
[INFO] [stdout]    5:     0x612f4d7568e0 - test[9d35eded1c95d3be]::test_main_inner::<test[9d35eded1c95d3be]::test_main_static::{closure#0}>::{closure#0}
[INFO] [stdout]    6:     0x612f4d926ad2 - std[70759c8f55707aa4]::panicking::panic_with_hook
[INFO] [stdout]    7:     0x612f4d9098a2 - std[70759c8f55707aa4]::panicking::panic_handler::{closure#0}
[INFO] [stdout]    8:     0x612f4d901e59 - std[70759c8f55707aa4]::sys::backtrace::__rust_end_short_backtrace::<std[70759c8f55707aa4]::panicking::panic_handler::{closure#0}, !>
[INFO] [stdout]    9:     0x612f4d90a79d - __rustc[8fa7c3cbc660c2b3]::rust_begin_unwind
[INFO] [stdout]   10:     0x612f4d946c2c - core[df12db4294e9bfd3]::panicking::panic_fmt
[INFO] [stdout]   11:     0x612f4d946a02 - core[df12db4294e9bfd3]::result::unwrap_failed
[INFO] [stdout]   12:     0x612f4d6f4dfb - tiny_orm_core[fd593a2fe958460]::model::test::test_orm_exist_with_name::{closure#0}
[INFO] [stdout]   13:     0x612f4d6e517e - <tokio[7abe90bc580b99a8]::runtime::scheduler::current_thread::Context>::enter::<core[df12db4294e9bfd3]::task::poll::Poll<()>, <tokio[7abe90bc580b99a8]::runtime::scheduler::current_thread::CoreGuard>::block_on<core[df12db4294e9bfd3]::pin::Pin<&mut tiny_orm_core[fd593a2fe958460]::model::test::test_orm_exist_with_name::{closure#0}>>::{closure#0}::{closure#0}>
[INFO] [stdout]   14:     0x612f4d73a59c - <tokio[7abe90bc580b99a8]::runtime::context::scoped::Scoped<tokio[7abe90bc580b99a8]::runtime::scheduler::Context>>::set::<<tokio[7abe90bc580b99a8]::runtime::scheduler::current_thread::CoreGuard>::enter<<tokio[7abe90bc580b99a8]::runtime::scheduler::current_thread::CoreGuard>::block_on<core[df12db4294e9bfd3]::pin::Pin<&mut tiny_orm_core[fd593a2fe958460]::model::test::test_orm_exist_with_name::{closure#0}>>::{closure#0}, core[df12db4294e9bfd3]::option::Option<()>>::{closure#0}, (alloc[2182bb758b4b3781]::boxed::Box<tokio[7abe90bc580b99a8]::runtime::scheduler::current_thread::Core>, core[df12db4294e9bfd3]::option::Option<()>)>
[INFO] [stdout]   15:     0x612f4d6e7027 - <tokio[7abe90bc580b99a8]::runtime::scheduler::current_thread::CoreGuard>::block_on::<core[df12db4294e9bfd3]::pin::Pin<&mut tiny_orm_core[fd593a2fe958460]::model::test::test_orm_exist_with_name::{closure#0}>>
[INFO] [stdout]   16:     0x612f4d712ba6 - tokio[7abe90bc580b99a8]::runtime::context::runtime::enter_runtime::<<tokio[7abe90bc580b99a8]::runtime::scheduler::current_thread::CurrentThread>::block_on<tiny_orm_core[fd593a2fe958460]::model::test::test_orm_exist_with_name::{closure#0}>::{closure#0}, ()>
[INFO] [stdout]   17:     0x612f4d7295de - <tokio[7abe90bc580b99a8]::runtime::runtime::Runtime>::block_on::<tiny_orm_core[fd593a2fe958460]::model::test::test_orm_exist_with_name::{closure#0}>
[INFO] [stdout]   18:     0x612f4d747aea - tiny_orm_core[fd593a2fe958460]::model::test::test_orm_exist_with_name
[INFO] [stdout]   19:     0x612f4d728969 - <tiny_orm_core[fd593a2fe958460]::model::test::test_orm_exist_with_name::{closure#0} as core[df12db4294e9bfd3]::ops::function::FnOnce<()>>::call_once
[INFO] [stdout]   20:     0x612f4d749bcb - test[9d35eded1c95d3be]::__rust_begin_short_backtrace::<core[df12db4294e9bfd3]::result::Result<(), alloc[2182bb758b4b3781]::string::String>, fn() -> core[df12db4294e9bfd3]::result::Result<(), alloc[2182bb758b4b3781]::string::String>>
[INFO] [stdout]   21:     0x612f4d757235 - test[9d35eded1c95d3be]::run_test::{closure#0}
[INFO] [stdout]   22:     0x612f4d750af4 - std[70759c8f55707aa4]::sys::backtrace::__rust_begin_short_backtrace::<test[9d35eded1c95d3be]::run_test::{closure#1}, ()>
[INFO] [stdout]   23:     0x612f4d75a392 - <std[70759c8f55707aa4]::thread::lifecycle::spawn_unchecked<test[9d35eded1c95d3be]::run_test::{closure#1}, ()>::{closure#1} as core[df12db4294e9bfd3]::ops::function::FnOnce<()>>::call_once::{shim:vtable#0}
[INFO] [stdout]   24:     0x612f4d92ddc9 - <std[70759c8f55707aa4]::sys::thread::unix::Thread>::new::thread_start
[INFO] [stdout]   25:     0x75b330658dfa - <unknown>
[INFO] [stdout]   26:     0x75b3306ec3d4 - clone
[INFO] [stdout]   27:                0x0 - <unknown>
[INFO] [stdout] 
[INFO] [stdout] ---- model::test::test_orm_delete_with_name_and_tel stdout ----
[INFO] [stdout] 
[INFO] [stdout] thread 'model::test::test_orm_delete_with_name_and_tel' (3077) panicked at src/model/test.rs:350:41:
[INFO] [stdout] called `Result::unwrap()` on an `Err` value: pool timed out while waiting for an open connection
[INFO] [stdout] 
[INFO] [stdout] Stack backtrace:
[INFO] [stdout]    0: <anyhow::Error as core::convert::From<sqlx_core::error::Error>>::from
[INFO] [stdout]    1: tiny_orm_core::model::test::get_pool::{closure#0}
[INFO] [stdout]    2: tiny_orm_core::model::test::test_orm_delete_with_name_and_tel::{closure#0}
[INFO] [stdout]    3: <tokio::runtime::scheduler::current_thread::Context>::enter::<core::task::poll::Poll<()>, <tokio::runtime::scheduler::current_thread::CoreGuard>::block_on<core::pin::Pin<&mut tiny_orm_core::model::test::test_orm_delete_with_name_and_tel::{closure#0}>>::{closure#0}::{closure#0}>
[INFO] [stdout]    4: <tokio::runtime::context::scoped::Scoped<tokio::runtime::scheduler::Context>>::set::<<tokio::runtime::scheduler::current_thread::CoreGuard>::enter<<tokio::runtime::scheduler::current_thread::CoreGuard>::block_on<core::pin::Pin<&mut tiny_orm_core::model::test::test_orm_delete_with_name_and_tel::{closure#0}>>::{closure#0}, core::option::Option<()>>::{closure#0}, (alloc::boxed::Box<tokio::runtime::scheduler::current_thread::Core>, core::option::Option<()>)>
[INFO] [stdout]    5: <tokio::runtime::scheduler::current_thread::CoreGuard>::block_on::<core::pin::Pin<&mut tiny_orm_core::model::test::test_orm_delete_with_name_and_tel::{closure#0}>>
[INFO] [stdout]    6: tokio::runtime::context::runtime::enter_runtime::<<tokio::runtime::scheduler::current_thread::CurrentThread>::block_on<tiny_orm_core::model::test::test_orm_delete_with_name_and_tel::{closure#0}>::{closure#0}, ()>
[INFO] [stdout]    7: <tokio::runtime::runtime::Runtime>::block_on::<tiny_orm_core::model::test::test_orm_delete_with_name_and_tel::{closure#0}>
[INFO] [stdout]    8: tiny_orm_core::model::test::test_orm_delete_with_name_and_tel
[INFO] [stdout]    9: <tiny_orm_core::model::test::test_orm_delete_with_name_and_tel::{closure#0} as core::ops::function::FnOnce<()>>::call_once
[INFO] [stdout]   10: test::__rust_begin_short_backtrace::<core::result::Result<(), alloc::string::String>, fn() -> core::result::Result<(), alloc::string::String>>
[INFO] [stdout]   11: test::run_test::{closure#0}
[INFO] [stdout]   12: std::sys::backtrace::__rust_begin_short_backtrace::<test::run_test::{closure#1}, ()>
[INFO] [stdout]   13: <std::thread::lifecycle::spawn_unchecked<test::run_test::{closure#1}, ()>::{closure#1} as core::ops::function::FnOnce<()>>::call_once::{shim:vtable#0}
[INFO] [stdout]   14: <std::sys::thread::unix::Thread>::new::thread_start
[INFO] [stdout]   15: <unknown>
[INFO] [stdout]   16: clone
[INFO] [stdout] stack backtrace:
[INFO] [stdout]    0:     0x612f4d92ebc1 - <<std[70759c8f55707aa4]::sys::backtrace::BacktraceLock>::print::DisplayBacktrace as core[df12db4294e9bfd3]::fmt::Display>::fmt
[INFO] [stdout]    1:     0x612f4d9464ca - core[df12db4294e9bfd3]::fmt::write
[INFO] [stdout]    2:     0x612f4d933a3c - <alloc[2182bb758b4b3781]::vec::Vec<u8> as core[df12db4294e9bfd3]::io::write::Write>::write_fmt
[INFO] [stdout]    3:     0x612f4d9097f6 - std[70759c8f55707aa4]::panicking::default_hook::{closure#0}
[INFO] [stdout]    4:     0x612f4d9267a9 - std[70759c8f55707aa4]::panicking::default_hook
[INFO] [stdout]    5:     0x612f4d7568e0 - test[9d35eded1c95d3be]::test_main_inner::<test[9d35eded1c95d3be]::test_main_static::{closure#0}>::{closure#0}
[INFO] [stdout]    6:     0x612f4d926ad2 - std[70759c8f55707aa4]::panicking::panic_with_hook
[INFO] [stdout]    7:     0x612f4d9098a2 - std[70759c8f55707aa4]::panicking::panic_handler::{closure#0}
[INFO] [stdout]    8:     0x612f4d901e59 - std[70759c8f55707aa4]::sys::backtrace::__rust_end_short_backtrace::<std[70759c8f55707aa4]::panicking::panic_handler::{closure#0}, !>
[INFO] [stdout]    9:     0x612f4d90a79d - __rustc[8fa7c3cbc660c2b3]::rust_begin_unwind
[INFO] [stdout]   10:     0x612f4d946c2c - core[df12db4294e9bfd3]::panicking::panic_fmt
[INFO] [stdout]   11:     0x612f4d946a02 - core[df12db4294e9bfd3]::result::unwrap_failed
[INFO] [stdout]   12:     0x612f4d6f6a99 - tiny_orm_core[fd593a2fe958460]::model::test::test_orm_delete_with_name_and_tel::{closure#0}
[INFO] [stdout]   13:     0x612f4d6e57be - <tokio[7abe90bc580b99a8]::runtime::scheduler::current_thread::Context>::enter::<core[df12db4294e9bfd3]::task::poll::Poll<()>, <tokio[7abe90bc580b99a8]::runtime::scheduler::current_thread::CoreGuard>::block_on<core[df12db4294e9bfd3]::pin::Pin<&mut tiny_orm_core[fd593a2fe958460]::model::test::test_orm_delete_with_name_and_tel::{closure#0}>>::{closure#0}::{closure#0}>
[INFO] [stdout]   14:     0x612f4d73ad1c - <tokio[7abe90bc580b99a8]::runtime::context::scoped::Scoped<tokio[7abe90bc580b99a8]::runtime::scheduler::Context>>::set::<<tokio[7abe90bc580b99a8]::runtime::scheduler::current_thread::CoreGuard>::enter<<tokio[7abe90bc580b99a8]::runtime::scheduler::current_thread::CoreGuard>::block_on<core[df12db4294e9bfd3]::pin::Pin<&mut tiny_orm_core[fd593a2fe958460]::model::test::test_orm_delete_with_name_and_tel::{closure#0}>>::{closure#0}, core[df12db4294e9bfd3]::option::Option<()>>::{closure#0}, (alloc[2182bb758b4b3781]::boxed::Box<tokio[7abe90bc580b99a8]::runtime::scheduler::current_thread::Core>, core[df12db4294e9bfd3]::option::Option<()>)>
[INFO] [stdout]   15:     0x612f4d6e77e7 - <tokio[7abe90bc580b99a8]::runtime::scheduler::current_thread::CoreGuard>::block_on::<core[df12db4294e9bfd3]::pin::Pin<&mut tiny_orm_core[fd593a2fe958460]::model::test::test_orm_delete_with_name_and_tel::{closure#0}>>
[INFO] [stdout]   16:     0x612f4d713d26 - tokio[7abe90bc580b99a8]::runtime::context::runtime::enter_runtime::<<tokio[7abe90bc580b99a8]::runtime::scheduler::current_thread::CurrentThread>::block_on<tiny_orm_core[fd593a2fe958460]::model::test::test_orm_delete_with_name_and_tel::{closure#0}>::{closure#0}, ()>
[INFO] [stdout]   17:     0x612f4d729b5e - <tokio[7abe90bc580b99a8]::runtime::runtime::Runtime>::block_on::<tiny_orm_core[fd593a2fe958460]::model::test::test_orm_delete_with_name_and_tel::{closure#0}>
[INFO] [stdout]   18:     0x612f4d747faa - tiny_orm_core[fd593a2fe958460]::model::test::test_orm_delete_with_name_and_tel
[INFO] [stdout]   19:     0x612f4d7289e9 - <tiny_orm_core[fd593a2fe958460]::model::test::test_orm_delete_with_name_and_tel::{closure#0} as core[df12db4294e9bfd3]::ops::function::FnOnce<()>>::call_once
[INFO] [stdout]   20:     0x612f4d749bcb - test[9d35eded1c95d3be]::__rust_begin_short_backtrace::<core[df12db4294e9bfd3]::result::Result<(), alloc[2182bb758b4b3781]::string::String>, fn() -> core[df12db4294e9bfd3]::result::Result<(), alloc[2182bb758b4b3781]::string::String>>
[INFO] [stdout]   21:     0x612f4d757235 - test[9d35eded1c95d3be]::run_test::{closure#0}
[INFO] [stdout]   22:     0x612f4d750af4 - std[70759c8f55707aa4]::sys::backtrace::__rust_begin_short_backtrace::<test[9d35eded1c95d3be]::run_test::{closure#1}, ()>
[INFO] [stdout]   23:     0x612f4d75a392 - <std[70759c8f55707aa4]::thread::lifecycle::spawn_unchecked<test[9d35eded1c95d3be]::run_test::{closure#1}, ()>::{closure#1} as core[df12db4294e9bfd3]::ops::function::FnOnce<()>>::call_once::{shim:vtable#0}
[INFO] [stdout]   24:     0x612f4d92ddc9 - <std[70759c8f55707aa4]::sys::thread::unix::Thread>::new::thread_start
[INFO] [stdout]   25:     0x75b330658dfa - <unknown>
[INFO] [stdout]   26:     0x75b3306ec3d4 - clone
[INFO] [stdout]   27:                0x0 - <unknown>
[INFO] [stdout] 
[INFO] [stdout] ---- model::test::test_orm_exist_with_pk stdout ----
[INFO] [stdout] 
[INFO] [stdout] thread 'model::test::test_orm_exist_with_pk' (3079) panicked at src/model/test.rs:377:41:
[INFO] [stdout] called `Result::unwrap()` on an `Err` value: pool timed out while waiting for an open connection
[INFO] [stdout] 
[INFO] [stdout] Stack backtrace:
[INFO] [stdout]    0: <anyhow::Error as core::convert::From<sqlx_core::error::Error>>::from
[INFO] [stdout]    1: tiny_orm_core::model::test::get_pool::{closure#0}
[INFO] [stdout]    2: tiny_orm_core::model::test::test_orm_exist_with_pk::{closure#0}
[INFO] [stdout]    3: <tokio::runtime::scheduler::current_thread::Context>::enter::<core::task::poll::Poll<()>, <tokio::runtime::scheduler::current_thread::CoreGuard>::block_on<core::pin::Pin<&mut tiny_orm_core::model::test::test_orm_exist_with_pk::{closure#0}>>::{closure#0}::{closure#0}>
[INFO] [stdout]    4: <tokio::runtime::context::scoped::Scoped<tokio::runtime::scheduler::Context>>::set::<<tokio::runtime::scheduler::current_thread::CoreGuard>::enter<<tokio::runtime::scheduler::current_thread::CoreGuard>::block_on<core::pin::Pin<&mut tiny_orm_core::model::test::test_orm_exist_with_pk::{closure#0}>>::{closure#0}, core::option::Option<()>>::{closure#0}, (alloc::boxed::Box<tokio::runtime::scheduler::current_thread::Core>, core::option::Option<()>)>
[INFO] [stdout]    5: <tokio::runtime::scheduler::current_thread::CoreGuard>::block_on::<core::pin::Pin<&mut tiny_orm_core::model::test::test_orm_exist_with_pk::{closure#0}>>
[INFO] [stdout]    6: tokio::runtime::context::runtime::enter_runtime::<<tokio::runtime::scheduler::current_thread::CurrentThread>::block_on<tiny_orm_core::model::test::test_orm_exist_with_pk::{closure#0}>::{closure#0}, ()>
[INFO] [stdout]    7: <tokio::runtime::runtime::Runtime>::block_on::<tiny_orm_core::model::test::test_orm_exist_with_pk::{closure#0}>
[INFO] [stdout]    8: tiny_orm_core::model::test::test_orm_exist_with_pk
[INFO] [stdout]    9: <tiny_orm_core::model::test::test_orm_exist_with_pk::{closure#0} as core::ops::function::FnOnce<()>>::call_once
[INFO] [stdout]   10: test::__rust_begin_short_backtrace::<core::result::Result<(), alloc::string::String>, fn() -> core::result::Result<(), alloc::string::String>>
[INFO] [stdout]   11: test::run_test::{closure#0}
[INFO] [stdout]   12: std::sys::backtrace::__rust_begin_short_backtrace::<test::run_test::{closure#1}, ()>
[INFO] [stdout]   13: <std::thread::lifecycle::spawn_unchecked<test::run_test::{closure#1}, ()>::{closure#1} as core::ops::function::FnOnce<()>>::call_once::{shim:vtable#0}
[INFO] [stdout]   14: <std::sys::thread::unix::Thread>::new::thread_start
[INFO] [stdout]   15: <unknown>
[INFO] [stdout]   16: clone
[INFO] [stdout] stack backtrace:
[INFO] [stdout]    0:     0x612f4d92ebc1 - <<std[70759c8f55707aa4]::sys::backtrace::BacktraceLock>::print::DisplayBacktrace as core[df12db4294e9bfd3]::fmt::Display>::fmt
[INFO] [stdout]    1:     0x612f4d9464ca - core[df12db4294e9bfd3]::fmt::write
[INFO] [stdout]    2:     0x612f4d933a3c - <alloc[2182bb758b4b3781]::vec::Vec<u8> as core[df12db4294e9bfd3]::io::write::Write>::write_fmt
[INFO] [stdout]    3:     0x612f4d9097f6 - std[70759c8f55707aa4]::panicking::default_hook::{closure#0}
[INFO] [stdout]    4:     0x612f4d9267a9 - std[70759c8f55707aa4]::panicking::default_hook
[INFO] [stdout]    5:     0x612f4d7568e0 - test[9d35eded1c95d3be]::test_main_inner::<test[9d35eded1c95d3be]::test_main_static::{closure#0}>::{closure#0}
[INFO] [stdout]    6:     0x612f4d926ad2 - std[70759c8f55707aa4]::panicking::panic_with_hook
[INFO] [stdout]    7:     0x612f4d9098a2 - std[70759c8f55707aa4]::panicking::panic_handler::{closure#0}
[INFO] [stdout]    8:     0x612f4d901e59 - std[70759c8f55707aa4]::sys::backtrace::__rust_end_short_backtrace::<std[70759c8f55707aa4]::panicking::panic_handler::{closure#0}, !>
[INFO] [stdout]    9:     0x612f4d90a79d - __rustc[8fa7c3cbc660c2b3]::rust_begin_unwind
[INFO] [stdout]   10:     0x612f4d946c2c - core[df12db4294e9bfd3]::panicking::panic_fmt
[INFO] [stdout]   11:     0x612f4d946a02 - core[df12db4294e9bfd3]::result::unwrap_failed
[INFO] [stdout]   12:     0x612f4d6f485d - tiny_orm_core[fd593a2fe958460]::model::test::test_orm_exist_with_pk::{closure#0}
[INFO] [stdout]   13:     0x612f4d6e4fee - <tokio[7abe90bc580b99a8]::runtime::scheduler::current_thread::Context>::enter::<core[df12db4294e9bfd3]::task::poll::Poll<()>, <tokio[7abe90bc580b99a8]::runtime::scheduler::current_thread::CoreGuard>::block_on<core[df12db4294e9bfd3]::pin::Pin<&mut tiny_orm_core[fd593a2fe958460]::model::test::test_orm_exist_with_pk::{closure#0}>>::{closure#0}::{closure#0}>
[INFO] [stdout]   14:     0x612f4d73a3bc - <tokio[7abe90bc580b99a8]::runtime::context::scoped::Scoped<tokio[7abe90bc580b99a8]::runtime::scheduler::Context>>::set::<<tokio[7abe90bc580b99a8]::runtime::scheduler::current_thread::CoreGuard>::enter<<tokio[7abe90bc580b99a8]::runtime::scheduler::current_thread::CoreGuard>::block_on<core[df12db4294e9bfd3]::pin::Pin<&mut tiny_orm_core[fd593a2fe958460]::model::test::test_orm_exist_with_pk::{closure#0}>>::{closure#0}, core[df12db4294e9bfd3]::option::Option<()>>::{closure#0}, (alloc[2182bb758b4b3781]::boxed::Box<tokio[7abe90bc580b99a8]::runtime::scheduler::current_thread::Core>, core[df12db4294e9bfd3]::option::Option<()>)>
[INFO] [stdout]   15:     0x612f4d6e6e37 - <tokio[7abe90bc580b99a8]::runtime::scheduler::current_thread::CoreGuard>::block_on::<core[df12db4294e9bfd3]::pin::Pin<&mut tiny_orm_core[fd593a2fe958460]::model::test::test_orm_exist_with_pk::{closure#0}>>
[INFO] [stdout]   16:     0x612f4d712746 - tokio[7abe90bc580b99a8]::runtime::context::runtime::enter_runtime::<<tokio[7abe90bc580b99a8]::runtime::scheduler::current_thread::CurrentThread>::block_on<tiny_orm_core[fd593a2fe958460]::model::test::test_orm_exist_with_pk::{closure#0}>::{closure#0}, ()>
[INFO] [stdout]   17:     0x612f4d72946e - <tokio[7abe90bc580b99a8]::runtime::runtime::Runtime>::block_on::<tiny_orm_core[fd593a2fe958460]::model::test::test_orm_exist_with_pk::{closure#0}>
[INFO] [stdout]   18:     0x612f4d7479ba - tiny_orm_core[fd593a2fe958460]::model::test::test_orm_exist_with_pk
[INFO] [stdout]   19:     0x612f4d728949 - <tiny_orm_core[fd593a2fe958460]::model::test::test_orm_exist_with_pk::{closure#0} as core[df12db4294e9bfd3]::ops::function::FnOnce<()>>::call_once
[INFO] [stdout]   20:     0x612f4d749bcb - test[9d35eded1c95d3be]::__rust_begin_short_backtrace::<core[df12db4294e9bfd3]::result::Result<(), alloc[2182bb758b4b3781]::string::String>, fn() -> core[df12db4294e9bfd3]::result::Result<(), alloc[2182bb758b4b3781]::string::String>>
[INFO] [stdout]   21:     0x612f4d757235 - test[9d35eded1c95d3be]::run_test::{closure#0}
[INFO] [stdout]   22:     0x612f4d750af4 - std[70759c8f55707aa4]::sys::backtrace::__rust_begin_short_backtrace::<test[9d35eded1c95d3be]::run_test::{closure#1}, ()>
[INFO] [stdout]   23:     0x612f4d75a392 - <std[70759c8f55707aa4]::thread::lifecycle::spawn_unchecked<test[9d35eded1c95d3be]::run_test::{closure#1}, ()>::{closure#1} as core[df12db4294e9bfd3]::ops::function::FnOnce<()>>::call_once::{shim:vtable#0}
[INFO] [stdout]   24:     0x612f4d92ddc9 - <std[70759c8f55707aa4]::sys::thread::unix::Thread>::new::thread_start
[INFO] [stdout]   25:     0x75b330658dfa - <unknown>
[INFO] [stdout]   26:     0x75b3306ec3d4 - clone
[INFO] [stdout]   27:                0x0 - <unknown>
[INFO] [stdout] 
[INFO] [stdout] ---- model::test::test_orm_delete_join_with_user_type stdout ----
[INFO] [stdout] 
[INFO] [stdout] thread 'model::test::test_orm_delete_join_with_user_type' (3076) panicked at src/model/test.rs:478:41:
[INFO] [stdout] called `Result::unwrap()` on an `Err` value: pool timed out while waiting for an open connection
[INFO] [stdout] 
[INFO] [stdout] Stack backtrace:
[INFO] [stdout]    0: <anyhow::Error as core::convert::From<sqlx_core::error::Error>>::from
[INFO] [stdout]    1: tiny_orm_core::model::test::get_pool::{closure#0}
[INFO] [stdout]    2: tiny_orm_core::model::test::test_orm_delete_join_with_user_type::{closure#0}
[INFO] [stdout]    3: <tokio::runtime::scheduler::current_thread::Context>::enter::<core::task::poll::Poll<()>, <tokio::runtime::scheduler::current_thread::CoreGuard>::block_on<core::pin::Pin<&mut tiny_orm_core::model::test::test_orm_delete_join_with_user_type::{closure#0}>>::{closure#0}::{closure#0}>
[INFO] [stdout]    4: <tokio::runtime::context::scoped::Scoped<tokio::runtime::scheduler::Context>>::set::<<tokio::runtime::scheduler::current_thread::CoreGuard>::enter<<tokio::runtime::scheduler::current_thread::CoreGuard>::block_on<core::pin::Pin<&mut tiny_orm_core::model::test::test_orm_delete_join_with_user_type::{closure#0}>>::{closure#0}, core::option::Option<()>>::{closure#0}, (alloc::boxed::Box<tokio::runtime::scheduler::current_thread::Core>, core::option::Option<()>)>
[INFO] [stdout]    5: <tokio::runtime::scheduler::current_thread::CoreGuard>::block_on::<core::pin::Pin<&mut tiny_orm_core::model::test::test_orm_delete_join_with_user_type::{closure#0}>>
[INFO] [stdout]    6: tokio::runtime::context::runtime::enter_runtime::<<tokio::runtime::scheduler::current_thread::CurrentThread>::block_on<tiny_orm_core::model::test::test_orm_delete_join_with_user_type::{closure#0}>::{closure#0}, ()>
[INFO] [stdout]    7: <tokio::runtime::runtime::Runtime>::block_on::<tiny_orm_core::model::test::test_orm_delete_join_with_user_type::{closure#0}>
[INFO] [stdout]    8: tiny_orm_core::model::test::test_orm_delete_join_with_user_type
[INFO] [stdout]    9: <tiny_orm_core::model::test::test_orm_delete_join_with_user_type::{closure#0} as core::ops::function::FnOnce<()>>::call_once
[INFO] [stdout]   10: test::__rust_begin_short_backtrace::<core::result::Result<(), alloc::string::String>, fn() -> core::result::Result<(), alloc::string::String>>
[INFO] [stdout]   11: test::run_test::{closure#0}
[INFO] [stdout]   12: std::sys::backtrace::__rust_begin_short_backtrace::<test::run_test::{closure#1}, ()>
[INFO] [stdout]   13: <std::thread::lifecycle::spawn_unchecked<test::run_test::{closure#1}, ()>::{closure#1} as core::ops::function::FnOnce<()>>::call_once::{shim:vtable#0}
[INFO] [stdout]   14: <std::sys::thread::unix::Thread>::new::thread_start
[INFO] [stdout]   15: <unknown>
[INFO] [stdout]   16: clone
[INFO] [stdout] stack backtrace:
[INFO] [stdout]    0:     0x612f4d92ebc1 - <<std[70759c8f55707aa4]::sys::backtrace::BacktraceLock>::print::DisplayBacktrace as core[df12db4294e9bfd3]::fmt::Display>::fmt
[INFO] [stdout]    1:     0x612f4d9464ca - core[df12db4294e9bfd3]::fmt::write
[INFO] [stdout]    2:     0x612f4d933a3c - <alloc[2182bb758b4b3781]::vec::Vec<u8> as core[df12db4294e9bfd3]::io::write::Write>::write_fmt
[INFO] [stdout]    3:     0x612f4d9097f6 - std[70759c8f55707aa4]::panicking::default_hook::{closure#0}
[INFO] [stdout]    4:     0x612f4d9267a9 - std[70759c8f55707aa4]::panicking::default_hook
[INFO] [stdout]    5:     0x612f4d7568e0 - test[9d35eded1c95d3be]::test_main_inner::<test[9d35eded1c95d3be]::test_main_static::{closure#0}>::{closure#0}
[INFO] [stdout]    6:     0x612f4d926ad2 - std[70759c8f55707aa4]::panicking::panic_with_hook
[INFO] [stdout]    7:     0x612f4d9098a2 - std[70759c8f55707aa4]::panicking::panic_handler::{closure#0}
[INFO] [stdout]    8:     0x612f4d901e59 - std[70759c8f55707aa4]::sys::backtrace::__rust_end_short_backtrace::<std[70759c8f55707aa4]::panicking::panic_handler::{closure#0}, !>
[INFO] [stdout]    9:     0x612f4d90a79d - __rustc[8fa7c3cbc660c2b3]::rust_begin_unwind
[INFO] [stdout]   10:     0x612f4d946c2c - core[df12db4294e9bfd3]::panicking::panic_fmt
[INFO] [stdout]   11:     0x612f4d946a02 - core[df12db4294e9bfd3]::result::unwrap_failed
[INFO] [stdout]   12:     0x612f4d6f88c2 - tiny_orm_core[fd593a2fe958460]::model::test::test_orm_delete_join_with_user_type::{closure#0}
[INFO] [stdout]   13:     0x612f4d6e5c6e - <tokio[7abe90bc580b99a8]::runtime::scheduler::current_thread::Context>::enter::<core[df12db4294e9bfd3]::task::poll::Poll<()>, <tokio[7abe90bc580b99a8]::runtime::scheduler::current_thread::CoreGuard>::block_on<core[df12db4294e9bfd3]::pin::Pin<&mut tiny_orm_core[fd593a2fe958460]::model::test::test_orm_delete_join_with_user_type::{closure#0}>>::{closure#0}::{closure#0}>
[INFO] [stdout]   14:     0x612f4d73b2bc - <tokio[7abe90bc580b99a8]::runtime::context::scoped::Scoped<tokio[7abe90bc580b99a8]::runtime::scheduler::Context>>::set::<<tokio[7abe90bc580b99a8]::runtime::scheduler::current_thread::CoreGuard>::enter<<tokio[7abe90bc580b99a8]::runtime::scheduler::current_thread::CoreGuard>::block_on<core[df12db4294e9bfd3]::pin::Pin<&mut tiny_orm_core[fd593a2fe958460]::model::test::test_orm_delete_join_with_user_type::{closure#0}>>::{closure#0}, core[df12db4294e9bfd3]::option::Option<()>>::{closure#0}, (alloc[2182bb758b4b3781]::boxed::Box<tokio[7abe90bc580b99a8]::runtime::scheduler::current_thread::Core>, core[df12db4294e9bfd3]::option::Option<()>)>
[INFO] [stdout]   15:     0x612f4d6e7db7 - <tokio[7abe90bc580b99a8]::runtime::scheduler::current_thread::CoreGuard>::block_on::<core[df12db4294e9bfd3]::pin::Pin<&mut tiny_orm_core[fd593a2fe958460]::model::test::test_orm_delete_join_with_user_type::{closure#0}>>
[INFO] [stdout]   16:     0x612f4d714a46 - tokio[7abe90bc580b99a8]::runtime::context::runtime::enter_runtime::<<tokio[7abe90bc580b99a8]::runtime::scheduler::current_thread::CurrentThread>::block_on<tiny_orm_core[fd593a2fe958460]::model::test::test_orm_delete_join_with_user_type::{closure#0}>::{closure#0}, ()>
[INFO] [stdout]   17:     0x612f4d729fae - <tokio[7abe90bc580b99a8]::runtime::runtime::Runtime>::block_on::<tiny_orm_core[fd593a2fe958460]::model::test::test_orm_delete_join_with_user_type::{closure#0}>
[INFO] [stdout]   18:     0x612f4d74833a - tiny_orm_core[fd593a2fe958460]::model::test::test_orm_delete_join_with_user_type
[INFO] [stdout]   19:     0x612f4d728a49 - <tiny_orm_core[fd593a2fe958460]::model::test::test_orm_delete_join_with_user_type::{closure#0} as core[df12db4294e9bfd3]::ops::function::FnOnce<()>>::call_once
[INFO] [stdout]   20:     0x612f4d749bcb - test[9d35eded1c95d3be]::__rust_begin_short_backtrace::<core[df12db4294e9bfd3]::result::Result<(), alloc[2182bb758b4b3781]::string::String>, fn() -> core[df12db4294e9bfd3]::result::Result<(), alloc[2182bb758b4b3781]::string::String>>
[INFO] [stdout]   21:     0x612f4d757235 - test[9d35eded1c95d3be]::run_test::{closure#0}
[INFO] [stdout]   22:     0x612f4d750af4 - std[70759c8f55707aa4]::sys::backtrace::__rust_begin_short_backtrace::<test[9d35eded1c95d3be]::run_test::{closure#1}, ()>
[INFO] [stdout]   23:     0x612f4d75a392 - <std[70759c8f55707aa4]::thread::lifecycle::spawn_unchecked<test[9d35eded1c95d3be]::run_test::{closure#1}, ()>::{closure#1} as core[df12db4294e9bfd3]::ops::function::FnOnce<()>>::call_once::{shim:vtable#0}
[INFO] [stdout]   24:     0x612f4d92ddc9 - <std[70759c8f55707aa4]::sys::thread::unix::Thread>::new::thread_start
[INFO] [stdout]   25:     0x75b330658dfa - <unknown>
[INFO] [stdout]   26:     0x75b3306ec3d4 - clone
[INFO] [stdout]   27:                0x0 - <unknown>
[INFO] [stdout] 
[INFO] [stdout] ---- model::test::test_orm_insert stdout ----
[INFO] [stdout] 
[INFO] [stdout] thread 'model::test::test_orm_insert' (3089) panicked at src/model/test.rs:513:41:
[INFO] [stdout] called `Result::unwrap()` on an `Err` value: pool timed out while waiting for an open connection
[INFO] [stdout] 
[INFO] [stdout] Stack backtrace:
[INFO] [stdout]    0: <anyhow::Error as core::convert::From<sqlx_core::error::Error>>::from
[INFO] [stdout]    1: tiny_orm_core::model::test::get_pool::{closure#0}
[INFO] [stdout]    2: tiny_orm_core::model::test::test_orm_insert::{closure#0}
[INFO] [stdout]    3: <tokio::runtime::scheduler::current_thread::Context>::enter::<core::task::poll::Poll<()>, <tokio::runtime::scheduler::current_thread::CoreGuard>::block_on<core::pin::Pin<&mut tiny_orm_core::model::test::test_orm_insert::{closure#0}>>::{closure#0}::{closure#0}>
[INFO] [stdout]    4: <tokio::runtime::context::scoped::Scoped<tokio::runtime::scheduler::Context>>::set::<<tokio::runtime::scheduler::current_thread::CoreGuard>::enter<<tokio::runtime::scheduler::current_thread::CoreGuard>::block_on<core::pin::Pin<&mut tiny_orm_core::model::test::test_orm_insert::{closure#0}>>::{closure#0}, core::option::Option<()>>::{closure#0}, (alloc::boxed::Box<tokio::runtime::scheduler::current_thread::Core>, core::option::Option<()>)>
[INFO] [stdout]    5: <tokio::runtime::scheduler::current_thread::CoreGuard>::block_on::<core::pin::Pin<&mut tiny_orm_core::model::test::test_orm_insert::{closure#0}>>
[INFO] [stdout]    6: tokio::runtime::context::runtime::enter_runtime::<<tokio::runtime::scheduler::current_thread::CurrentThread>::block_on<tiny_orm_core::model::test::test_orm_insert::{closure#0}>::{closure#0}, ()>
[INFO] [stdout]    7: <tokio::runtime::runtime::Runtime>::block_on::<tiny_orm_core::model::test::test_orm_insert::{closure#0}>
[INFO] [stdout]    8: tiny_orm_core::model::test::test_orm_insert
[INFO] [stdout]    9: <tiny_orm_core::model::test::test_orm_insert::{closure#0} as core::ops::function::FnOnce<()>>::call_once
[INFO] [stdout]   10: test::__rust_begin_short_backtrace::<core::result::Result<(), alloc::string::String>, fn() -> core::result::Result<(), alloc::string::String>>
[INFO] [stdout]   11: test::run_test::{closure#0}
[INFO] [stdout]   12: std::sys::backtrace::__rust_begin_short_backtrace::<test::run_test::{closure#1}, ()>
[INFO] [stdout]   13: <std::thread::lifecycle::spawn_unchecked<test::run_test::{closure#1}, ()>::{closure#1} as core::ops::function::FnOnce<()>>::call_once::{shim:vtable#0}
[INFO] [stdout]   14: <std::sys::thread::unix::Thread>::new::thread_start
[INFO] [stdout]   15: <unknown>
[INFO] [stdout]   16: clone
[INFO] [stdout] stack backtrace:
[INFO] [stdout]    0:     0x612f4d92ebc1 - <<std[70759c8f55707aa4]::sys::backtrace::BacktraceLock>::print::DisplayBacktrace as core[df12db4294e9bfd3]::fmt::Display>::fmt
[INFO] [stdout]    1:     0x612f4d9464ca - core[df12db4294e9bfd3]::fmt::write
[INFO] [stdout]    2:     0x612f4d933a3c - <alloc[2182bb758b4b3781]::vec::Vec<u8> as core[df12db4294e9bfd3]::io::write::Write>::write_fmt
[INFO] [stdout]    3:     0x612f4d9097f6 - std[70759c8f55707aa4]::panicking::default_hook::{closure#0}
[INFO] [stdout]    4:     0x612f4d9267a9 - std[70759c8f55707aa4]::panicking::default_hook
[INFO] [stdout]    5:     0x612f4d7568e0 - test[9d35eded1c95d3be]::test_main_inner::<test[9d35eded1c95d3be]::test_main_static::{closure#0}>::{closure#0}
[INFO] [stdout]    6:     0x612f4d926ad2 - std[70759c8f55707aa4]::panicking::panic_with_hook
[INFO] [stdout]    7:     0x612f4d9098a2 - std[70759c8f55707aa4]::panicking::panic_handler::{closure#0}
[INFO] [stdout]    8:     0x612f4d901e59 - std[70759c8f55707aa4]::sys::backtrace::__rust_end_short_backtrace::<std[70759c8f55707aa4]::panicking::panic_handler::{closure#0}, !>
[INFO] [stdout]    9:     0x612f4d90a79d - __rustc[8fa7c3cbc660c2b3]::rust_begin_unwind
[INFO] [stdout]   10:     0x612f4d946c2c - core[df12db4294e9bfd3]::panicking::panic_fmt
[INFO] [stdout]   11:     0x612f4d946a02 - core[df12db4294e9bfd3]::result::unwrap_failed
[INFO] [stdout]   12:     0x612f4d6f3125 - tiny_orm_core[fd593a2fe958460]::model::test::test_orm_insert::{closure#0}
[INFO] [stdout]   13:     0x612f4d6e4b3e - <tokio[7abe90bc580b99a8]::runtime::scheduler::current_thread::Context>::enter::<core[df12db4294e9bfd3]::task::poll::Poll<()>, <tokio[7abe90bc580b99a8]::runtime::scheduler::current_thread::CoreGuard>::block_on<core[df12db4294e9bfd3]::pin::Pin<&mut tiny_orm_core[fd593a2fe958460]::model::test::test_orm_insert::{closure#0}>>::{closure#0}::{closure#0}>
[INFO] [stdout]   14:     0x612f4d739e1c - <tokio[7abe90bc580b99a8]::runtime::context::scoped::Scoped<tokio[7abe90bc580b99a8]::runtime::scheduler::Context>>::set::<<tokio[7abe90bc580b99a8]::runtime::scheduler::current_thread::CoreGuard>::enter<<tokio[7abe90bc580b99a8]::runtime::scheduler::current_thread::CoreGuard>::block_on<core[df12db4294e9bfd3]::pin::Pin<&mut tiny_orm_core[fd593a2fe958460]::model::test::test_orm_insert::{closure#0}>>::{closure#0}, core[df12db4294e9bfd3]::option::Option<()>>::{closure#0}, (alloc[2182bb758b4b3781]::boxed::Box<tokio[7abe90bc580b99a8]::runtime::scheduler::current_thread::Core>, core[df12db4294e9bfd3]::option::Option<()>)>
[INFO] [stdout]   15:     0x612f4d6e6867 - <tokio[7abe90bc580b99a8]::runtime::scheduler::current_thread::CoreGuard>::block_on::<core[df12db4294e9bfd3]::pin::Pin<&mut tiny_orm_core[fd593a2fe958460]::model::test::test_orm_insert::{closure#0}>>
[INFO] [stdout]   16:     0x612f4d711a26 - tokio[7abe90bc580b99a8]::runtime::context::runtime::enter_runtime::<<tokio[7abe90bc580b99a8]::runtime::scheduler::current_thread::CurrentThread>::block_on<tiny_orm_core[fd593a2fe958460]::model::test::test_orm_insert::{closure#0}>::{closure#0}, ()>
[INFO] [stdout]   17:     0x612f4d72905e - <tokio[7abe90bc580b99a8]::runtime::runtime::Runtime>::block_on::<tiny_orm_core[fd593a2fe958460]::model::test::test_orm_insert::{closure#0}>
[INFO] [stdout]   18:     0x612f4d74762a - tiny_orm_core[fd593a2fe958460]::model::test::test_orm_insert
[INFO] [stdout]   19:     0x612f4d7288e9 - <tiny_orm_core[fd593a2fe958460]::model::test::test_orm_insert::{closure#0} as core[df12db4294e9bfd3]::ops::function::FnOnce<()>>::call_once
[INFO] [stdout]   20:     0x612f4d749bcb - test[9d35eded1c95d3be]::__rust_begin_short_backtrace::<core[df12db4294e9bfd3]::result::Result<(), alloc[2182bb758b4b3781]::string::String>, fn() -> core[df12db4294e9bfd3]::result::Result<(), alloc[2182bb758b4b3781]::string::String>>
[INFO] [stdout]   21:     0x612f4d757235 - test[9d35eded1c95d3be]::run_test::{closure#0}
[INFO] [stdout]   22:     0x612f4d750af4 - std[70759c8f55707aa4]::sys::backtrace::__rust_begin_short_backtrace::<test[9d35eded1c95d3be]::run_test::{closure#1}, ()>
[INFO] [stdout]   23:     0x612f4d75a392 - <std[70759c8f55707aa4]::thread::lifecycle::spawn_unchecked<test[9d35eded1c95d3be]::run_test::{closure#1}, ()>::{closure#1} as core[df12db4294e9bfd3]::ops::function::FnOnce<()>>::call_once::{shim:vtable#0}
[INFO] [stdout]   24:     0x612f4d92ddc9 - <std[70759c8f55707aa4]::sys::thread::unix::Thread>::new::thread_start
[INFO] [stdout]   25:     0x75b330658dfa - <unknown>
[INFO] [stdout]   26:     0x75b3306ec3d4 - clone
[INFO] [stdout]   27:                0x0 - <unknown>
[INFO] [stdout] 
[INFO] [stdout] ---- model::test::test_orm_query_join_with_user_type stdout ----
[INFO] [stdout] 
[INFO] [stdout] thread 'model::test::test_orm_query_join_with_user_type' (3092) panicked at src/model/test.rs:442:41:
[INFO] [stdout] called `Result::unwrap()` on an `Err` value: pool timed out while waiting for an open connection
[INFO] [stdout] 
[INFO] [stdout] Stack backtrace:
[INFO] [stdout]    0: <anyhow::Error as core::convert::From<sqlx_core::error::Error>>::from
[INFO] [stdout]    1: tiny_orm_core::model::test::get_pool::{closure#0}
[INFO] [stdout]    2: tiny_orm_core::model::test::test_orm_query_join_with_user_type::{closure#0}
[INFO] [stdout]    3: <tokio::runtime::scheduler::current_thread::Context>::enter::<core::task::poll::Poll<()>, <tokio::runtime::scheduler::current_thread::CoreGuard>::block_on<core::pin::Pin<&mut tiny_orm_core::model::test::test_orm_query_join_with_user_type::{closure#0}>>::{closure#0}::{closure#0}>
[INFO] [stdout]    4: <tokio::runtime::context::scoped::Scoped<tokio::runtime::scheduler::Context>>::set::<<tokio::runtime::scheduler::current_thread::CoreGuard>::enter<<tokio::runtime::scheduler::current_thread::CoreGuard>::block_on<core::pin::Pin<&mut tiny_orm_core::model::test::test_orm_query_join_with_user_type::{closure#0}>>::{closure#0}, core::option::Option<()>>::{closure#0}, (alloc::boxed::Box<tokio::runtime::scheduler::current_thread::Core>, core::option::Option<()>)>
[INFO] [stdout]    5: <tokio::runtime::scheduler::current_thread::CoreGuard>::block_on::<core::pin::Pin<&mut tiny_orm_core::model::test::test_orm_query_join_with_user_type::{closure#0}>>
[INFO] [stdout]    6: tokio::runtime::context::runtime::enter_runtime::<<tokio::runtime::scheduler::current_thread::CurrentThread>::block_on<tiny_orm_core::model::test::test_orm_query_join_with_user_type::{closure#0}>::{closure#0}, ()>
[INFO] [stdout]    7: <tokio::runtime::runtime::Runtime>::block_on::<tiny_orm_core::model::test::test_orm_query_join_with_user_type::{closure#0}>
[INFO] [stdout]    8: tiny_orm_core::model::test::test_orm_query_join_with_user_type
[INFO] [stdout]    9: <tiny_orm_core::model::test::test_orm_query_join_with_user_type::{closure#0} as core::ops::function::FnOnce<()>>::call_once
[INFO] [stdout]   10: test::__rust_begin_short_backtrace::<core::result::Result<(), alloc::string::String>, fn() -> core::result::Result<(), alloc::string::String>>
[INFO] [stdout]   11: test::run_test::{closure#0}
[INFO] [stdout]   12: std::sys::backtrace::__rust_begin_short_backtrace::<test::run_test::{closure#1}, ()>
[INFO] [stdout]   13: <std::thread::lifecycle::spawn_unchecked<test::run_test::{closure#1}, ()>::{closure#1} as core::ops::function::FnOnce<()>>::call_once::{shim:vtable#0}
[INFO] [stdout]   14: <std::sys::thread::unix::Thread>::new::thread_start
[INFO] [stdout]   15: <unknown>
[INFO] [stdout]   16: clone
[INFO] [stdout] stack backtrace:
[INFO] [stdout]    0:     0x612f4d92ebc1 - <<std[70759c8f55707aa4]::sys::backtrace::BacktraceLock>::print::DisplayBacktrace as core[df12db4294e9bfd3]::fmt::Display>::fmt
[INFO] [stdout]    1:     0x612f4d9464ca - core[df12db4294e9bfd3]::fmt::write
[INFO] [stdout]    2:     0x612f4d933a3c - <alloc[2182bb758b4b3781]::vec::Vec<u8> as core[df12db4294e9bfd3]::io::write::Write>::write_fmt
[INFO] [stdout]    3:     0x612f4d9097f6 - std[70759c8f55707aa4]::panicking::default_hook::{closure#0}
[INFO] [stdout]    4:     0x612f4d9267a9 - std[70759c8f55707aa4]::panicking::default_hook
[INFO] [stdout]    5:     0x612f4d7568e0 - test[9d35eded1c95d3be]::test_main_inner::<test[9d35eded1c95d3be]::test_main_static::{closure#0}>::{closure#0}
[INFO] [stdout]    6:     0x612f4d926ad2 - std[70759c8f55707aa4]::panicking::panic_with_hook
[INFO] [stdout]    7:     0x612f4d9098a2 - std[70759c8f55707aa4]::panicking::panic_handler::{closure#0}
[INFO] [stdout]    8:     0x612f4d901e59 - std[70759c8f55707aa4]::sys::backtrace::__rust_end_short_backtrace::<std[70759c8f55707aa4]::panicking::panic_handler::{closure#0}, !>
[INFO] [stdout]    9:     0x612f4d90a79d - __rustc[8fa7c3cbc660c2b3]::rust_begin_unwind
[INFO] [stdout]   10:     0x612f4d946c2c - core[df12db4294e9bfd3]::panicking::panic_fmt
[INFO] [stdout]   11:     0x612f4d946a02 - core[df12db4294e9bfd3]::result::unwrap_failed
[INFO] [stdout]   12:     0x612f4d6f7f46 - tiny_orm_core[fd593a2fe958460]::model::test::test_orm_query_join_with_user_type::{closure#0}
[INFO] [stdout]   13:     0x612f4d6e5ade - <tokio[7abe90bc580b99a8]::runtime::scheduler::current_thread::Context>::enter::<core[df12db4294e9bfd3]::task::poll::Poll<()>, <tokio[7abe90bc580b99a8]::runtime::scheduler::current_thread::CoreGuard>::block_on<core[df12db4294e9bfd3]::pin::Pin<&mut tiny_orm_core[fd593a2fe958460]::model::test::test_orm_query_join_with_user_type::{closure#0}>>::{closure#0}::{closure#0}>
[INFO] [stdout]   14:     0x612f4d73b0dc - <tokio[7abe90bc580b99a8]::runtime::context::scoped::Scoped<tokio[7abe90bc580b99a8]::runtime::scheduler::Context>>::set::<<tokio[7abe90bc580b99a8]::runtime::scheduler::current_thread::CoreGuard>::enter<<tokio[7abe90bc580b99a8]::runtime::scheduler::current_thread::CoreGuard>::block_on<core[df12db4294e9bfd3]::pin::Pin<&mut tiny_orm_core[fd593a2fe958460]::model::test::test_orm_query_join_with_user_type::{closure#0}>>::{closure#0}, core[df12db4294e9bfd3]::option::Option<()>>::{closure#0}, (alloc[2182bb758b4b3781]::boxed::Box<tokio[7abe90bc580b99a8]::runtime::scheduler::current_thread::Core>, core[df12db4294e9bfd3]::option::Option<()>)>
[INFO] [stdout]   15:     0x612f4d6e7bc7 - <tokio[7abe90bc580b99a8]::runtime::scheduler::current_thread::CoreGuard>::block_on::<core[df12db4294e9bfd3]::pin::Pin<&mut tiny_orm_core[fd593a2fe958460]::model::test::test_orm_query_join_with_user_type::{closure#0}>>
[INFO] [stdout]   16:     0x612f4d7145e6 - tokio[7abe90bc580b99a8]::runtime::context::runtime::enter_runtime::<<tokio[7abe90bc580b99a8]::runtime::scheduler::current_thread::CurrentThread>::block_on<tiny_orm_core[fd593a2fe958460]::model::test::test_orm_query_join_with_user_type::{closure#0}>::{closure#0}, ()>
[INFO] [stdout]   17:     0x612f4d729e3e - <tokio[7abe90bc580b99a8]::runtime::runtime::Runtime>::block_on::<tiny_orm_core[fd593a2fe958460]::model::test::test_orm_query_join_with_user_type::{closure#0}>
[INFO] [stdout]   18:     0x612f4d74820a - tiny_orm_core[fd593a2fe958460]::model::test::test_orm_query_join_with_user_type
[INFO] [stdout]   19:     0x612f4d728a29 - <tiny_orm_core[fd593a2fe958460]::model::test::test_orm_query_join_with_user_type::{closure#0} as core[df12db4294e9bfd3]::ops::function::FnOnce<()>>::call_once
[INFO] [stdout]   20:     0x612f4d749bcb - test[9d35eded1c95d3be]::__rust_begin_short_backtrace::<core[df12db4294e9bfd3]::result::Result<(), alloc[2182bb758b4b3781]::string::String>, fn() -> core[df12db4294e9bfd3]::result::Result<(), alloc[2182bb758b4b3781]::string::String>>
[INFO] [stdout]   21:     0x612f4d757235 - test[9d35eded1c95d3be]::run_test::{closure#0}
[INFO] [stdout]   22:     0x612f4d750af4 - std[70759c8f55707aa4]::sys::backtrace::__rust_begin_short_backtrace::<test[9d35eded1c95d3be]::run_test::{closure#1}, ()>
[INFO] [stdout]   23:     0x612f4d75a392 - <std[70759c8f55707aa4]::thread::lifecycle::spawn_unchecked<test[9d35eded1c95d3be]::run_test::{closure#1}, ()>::{closure#1} as core[df12db4294e9bfd3]::ops::function::FnOnce<()>>::call_once::{shim:vtable#0}
[INFO] [stdout]   24:     0x612f4d92ddc9 - <std[70759c8f55707aa4]::sys::thread::unix::Thread>::new::thread_start
[INFO] [stdout]   25:     0x75b330658dfa - <unknown>
[INFO] [stdout]   26:     0x75b3306ec3d4 - clone
[INFO] [stdout]   27:                0x0 - <unknown>
[INFO] [stdout] 
[INFO] [stdout] ---- model::test::test_orm_query_join_with_org_id stdout ----
[INFO] [stdout] 
[INFO] [stdout] thread 'model::test::test_orm_query_join_with_org_id' (3091) panicked at src/model/test.rs:463:41:
[INFO] [stdout] called `Result::unwrap()` on an `Err` value: pool timed out while waiting for an open connection
[INFO] [stdout] 
[INFO] [stdout] Stack backtrace:
[INFO] [stdout]    0: <anyhow::Error as core::convert::From<sqlx_core::error::Error>>::from
[INFO] [stdout]    1: tiny_orm_core::model::test::get_pool::{closure#0}
[INFO] [stdout]    2: tiny_orm_core::model::test::test_orm_query_join_with_org_id::{closure#0}
[INFO] [stdout]    3: <tokio::runtime::scheduler::current_thread::Context>::enter::<core::task::poll::Poll<()>, <tokio::runtime::scheduler::current_thread::CoreGuard>::block_on<core::pin::Pin<&mut tiny_orm_core::model::test::test_orm_query_join_with_org_id::{closure#0}>>::{closure#0}::{closure#0}>
[INFO] [stdout]    4: <tokio::runtime::context::scoped::Scoped<tokio::runtime::scheduler::Context>>::set::<<tokio::runtime::scheduler::current_thread::CoreGuard>::enter<<tokio::runtime::scheduler::current_thread::CoreGuard>::block_on<core::pin::Pin<&mut tiny_orm_core::model::test::test_orm_query_join_with_org_id::{closure#0}>>::{closure#0}, core::option::Option<()>>::{closure#0}, (alloc::boxed::Box<tokio::runtime::scheduler::current_thread::Core>, core::option::Option<()>)>
[INFO] [stdout]    5: <tokio::runtime::scheduler::current_thread::CoreGuard>::block_on::<core::pin::Pin<&mut tiny_orm_core::model::test::test_orm_query_join_with_org_id::{closure#0}>>
[INFO] [stdout]    6: tokio::runtime::context::runtime::enter_runtime::<<tokio::runtime::scheduler::current_thread::CurrentThread>::block_on<tiny_orm_core::model::test::test_orm_query_join_with_org_id::{closure#0}>::{closure#0}, ()>
[INFO] [stdout]    7: <tokio::runtime::runtime::Runtime>::block_on::<tiny_orm_core::model::test::test_orm_query_join_with_org_id::{closure#0}>
[INFO] [stdout]    8: tiny_orm_core::model::test::test_orm_query_join_with_org_id
[INFO] [stdout]    9: <tiny_orm_core::model::test::test_orm_query_join_with_org_id::{closure#0} as core::ops::function::FnOnce<()>>::call_once
[INFO] [stdout]   10: test::__rust_begin_short_backtrace::<core::result::Result<(), alloc::string::String>, fn() -> core::result::Result<(), alloc::string::String>>
[INFO] [stdout]   11: test::run_test::{closure#0}
[INFO] [stdout]   12: std::sys::backtrace::__rust_begin_short_backtrace::<test::run_test::{closure#1}, ()>
[INFO] [stdout]   13: <std::thread::lifecycle::spawn_unchecked<test::run_test::{closure#1}, ()>::{closure#1} as core::ops::function::FnOnce<()>>::call_once::{shim:vtable#0}
[INFO] [stdout]   14: <std::sys::thread::unix::Thread>::new::thread_start
[INFO] [stdout]   15: <unknown>
[INFO] [stdout]   16: clone
[INFO] [stdout] stack backtrace:
[INFO] [stdout]    0:     0x612f4d92ebc1 - <<std[70759c8f55707aa4]::sys::backtrace::BacktraceLock>::print::DisplayBacktrace as core[df12db4294e9bfd3]::fmt::Display>::fmt
[INFO] [stdout]    1:     0x612f4d9464ca - core[df12db4294e9bfd3]::fmt::write
[INFO] [stdout]    2:     0x612f4d933a3c - <alloc[2182bb758b4b3781]::vec::Vec<u8> as core[df12db4294e9bfd3]::io::write::Write>::write_fmt
[INFO] [stdout]    3:     0x612f4d9097f6 - std[70759c8f55707aa4]::panicking::default_hook::{closure#0}
[INFO] [stdout]    4:     0x612f4d9267a9 - std[70759c8f55707aa4]::panicking::default_hook
[INFO] [stdout]    5:     0x612f4d7568e0 - test[9d35eded1c95d3be]::test_main_inner::<test[9d35eded1c95d3be]::test_main_static::{closure#0}>::{closure#0}
[INFO] [stdout]    6:     0x612f4d926ad2 - std[70759c8f55707aa4]::panicking::panic_with_hook
[INFO] [stdout]    7:     0x612f4d9098a2 - std[70759c8f55707aa4]::panicking::panic_handler::{closure#0}
[INFO] [stdout]    8:     0x612f4d901e59 - std[70759c8f55707aa4]::sys::backtrace::__rust_end_short_backtrace::<std[70759c8f55707aa4]::panicking::panic_handler::{closure#0}, !>
[INFO] [stdout]    9:     0x612f4d90a79d - __rustc[8fa7c3cbc660c2b3]::rust_begin_unwind
[INFO] [stdout]   10:     0x612f4d946c2c - core[df12db4294e9bfd3]::panicking::panic_fmt
[INFO] [stdout]   11:     0x612f4d946a02 - core[df12db4294e9bfd3]::result::unwrap_failed
[INFO] [stdout]   12:     0x612f4d6f63ad - tiny_orm_core[fd593a2fe958460]::model::test::test_orm_query_join_with_org_id::{closure#0}
[INFO] [stdout]   13:     0x612f4d6e562e - <tokio[7abe90bc580b99a8]::runtime::scheduler::current_thread::Context>::enter::<core[df12db4294e9bfd3]::task::poll::Poll<()>, <tokio[7abe90bc580b99a8]::runtime::scheduler::current_thread::CoreGuard>::block_on<core[df12db4294e9bfd3]::pin::Pin<&mut tiny_orm_core[fd593a2fe958460]::model::test::test_orm_query_join_with_org_id::{closure#0}>>::{closure#0}::{closure#0}>
[INFO] [stdout]   14:     0x612f4d73ab3c - <tokio[7abe90bc580b99a8]::runtime::context::scoped::Scoped<tokio[7abe90bc580b99a8]::runtime::scheduler::Context>>::set::<<tokio[7abe90bc580b99a8]::runtime::scheduler::current_thread::CoreGuard>::enter<<tokio[7abe90bc580b99a8]::runtime::scheduler::current_thread::CoreGuard>::block_on<core[df12db4294e9bfd3]::pin::Pin<&mut tiny_orm_core[fd593a2fe958460]::model::test::test_orm_query_join_with_org_id::{closure#0}>>::{closure#0}, core[df12db4294e9bfd3]::option::Option<()>>::{closure#0}, (alloc[2182bb758b4b3781]::boxed::Box<tokio[7abe90bc580b99a8]::runtime::scheduler::current_thread::Core>, core[df12db4294e9bfd3]::option::Option<()>)>
[INFO] [stdout]   15:     0x612f4d6e75f7 - <tokio[7abe90bc580b99a8]::runtime::scheduler::current_thread::CoreGuard>::block_on::<core[df12db4294e9bfd3]::pin::Pin<&mut tiny_orm_core[fd593a2fe958460]::model::test::test_orm_query_join_with_org_id::{closure#0}>>
[INFO] [stdout]   16:     0x612f4d7138c6 - tokio[7abe90bc580b99a8]::runtime::context::runtime::enter_runtime::<<tokio[7abe90bc580b99a8]::runtime::scheduler::current_thread::CurrentThread>::block_on<tiny_orm_core[fd593a2fe958460]::model::test::test_orm_query_join_with_org_id::{closure#0}>::{closure#0}, ()>
[INFO] [stdout]   17:     0x612f4d7299ee - <tokio[7abe90bc580b99a8]::runtime::runtime::Runtime>::block_on::<tiny_orm_core[fd593a2fe958460]::model::test::test_orm_query_join_with_org_id::{closure#0}>
[INFO] [stdout]   18:     0x612f4d747e7a - tiny_orm_core[fd593a2fe958460]::model::test::test_orm_query_join_with_org_id
[INFO] [stdout]   19:     0x612f4d7289c9 - <tiny_orm_core[fd593a2fe958460]::model::test::test_orm_query_join_with_org_id::{closure#0} as core[df12db4294e9bfd3]::ops::function::FnOnce<()>>::call_once
[INFO] [stdout]   20:     0x612f4d749bcb - test[9d35eded1c95d3be]::__rust_begin_short_backtrace::<core[df12db4294e9bfd3]::result::Result<(), alloc[2182bb758b4b3781]::string::String>, fn() -> core[df12db4294e9bfd3]::result::Result<(), alloc[2182bb758b4b3781]::string::String>>
[INFO] [stdout]   21:     0x612f4d757235 - test[9d35eded1c95d3be]::run_test::{closure#0}
[INFO] [stdout]   22:     0x612f4d750af4 - std[70759c8f55707aa4]::sys::backtrace::__rust_begin_short_backtrace::<test[9d35eded1c95d3be]::run_test::{closure#1}, ()>
[INFO] [stdout]   23:     0x612f4d75a392 - <std[70759c8f55707aa4]::thread::lifecycle::spawn_unchecked<test[9d35eded1c95d3be]::run_test::{closure#1}, ()>::{closure#1} as core[df12db4294e9bfd3]::ops::function::FnOnce<()>>::call_once::{shim:vtable#0}
[INFO] [stdout]   24:     0x612f4d92ddc9 - <std[70759c8f55707aa4]::sys::thread::unix::Thread>::new::thread_start
[INFO] [stdout]   25:     0x75b330658dfa - <unknown>
[INFO] [stdout]   26:     0x75b3306ec3d4 - clone
[INFO] [stdout]   27:                0x0 - <unknown>
[INFO] [stdout] 
[INFO] [stdout] ---- model::test::test_orm_update_all stdout ----
[INFO] [stdout] 
[INFO] [stdout] thread 'model::test::test_orm_update_all' (3095) panicked at src/model/test.rs:493:41:
[INFO] [stdout] called `Result::unwrap()` on an `Err` value: pool timed out while waiting for an open connection
[INFO] [stdout] 
[INFO] [stdout] Stack backtrace:
[INFO] [stdout]    0: <anyhow::Error as core::convert::From<sqlx_core::error::Error>>::from
[INFO] [stdout]    1: tiny_orm_core::model::test::get_pool::{closure#0}
[INFO] [stdout]    2: tiny_orm_core::model::test::test_orm_update_all::{closure#0}
[INFO] [stdout]    3: <tokio::runtime::scheduler::current_thread::Context>::enter::<core::task::poll::Poll<()>, <tokio::runtime::scheduler::current_thread::CoreGuard>::block_on<core::pin::Pin<&mut tiny_orm_core::model::test::test_orm_update_all::{closure#0}>>::{closure#0}::{closure#0}>
[INFO] [stdout]    4: <tokio::runtime::context::scoped::Scoped<tokio::runtime::scheduler::Context>>::set::<<tokio::runtime::scheduler::current_thread::CoreGuard>::enter<<tokio::runtime::scheduler::current_thread::CoreGuard>::block_on<core::pin::Pin<&mut tiny_orm_core::model::test::test_orm_update_all::{closure#0}>>::{closure#0}, core::option::Option<()>>::{closure#0}, (alloc::boxed::Box<tokio::runtime::scheduler::current_thread::Core>, core::option::Option<()>)>
[INFO] [stdout]    5: <tokio::runtime::scheduler::current_thread::CoreGuard>::block_on::<core::pin::Pin<&mut tiny_orm_core::model::test::test_orm_update_all::{closure#0}>>
[INFO] [stdout]    6: tokio::runtime::context::runtime::enter_runtime::<<tokio::runtime::scheduler::current_thread::CurrentThread>::block_on<tiny_orm_core::model::test::test_orm_update_all::{closure#0}>::{closure#0}, ()>
[INFO] [stdout]    7: <tokio::runtime::runtime::Runtime>::block_on::<tiny_orm_core::model::test::test_orm_update_all::{closure#0}>
[INFO] [stdout]    8: tiny_orm_core::model::test::test_orm_update_all
[INFO] [stdout]    9: <tiny_orm_core::model::test::test_orm_update_all::{closure#0} as core::ops::function::FnOnce<()>>::call_once
[INFO] [stdout]   10: test::__rust_begin_short_backtrace::<core::result::Result<(), alloc::string::String>, fn() -> core::result::Result<(), alloc::string::String>>
[INFO] [stdout]   11: test::run_test::{closure#0}
[INFO] [stdout]   12: std::sys::backtrace::__rust_begin_short_backtrace::<test::run_test::{closure#1}, ()>
[INFO] [stdout]   13: <std::thread::lifecycle::spawn_unchecked<test::run_test::{closure#1}, ()>::{closure#1} as core::ops::function::FnOnce<()>>::call_once::{shim:vtable#0}
[INFO] [stdout]   14: <std::sys::thread::unix::Thread>::new::thread_start
[INFO] [stdout]   15: <unknown>
[INFO] [stdout]   16: clone
[INFO] [stdout] stack backtrace:
[INFO] [stdout]    0:     0x612f4d92ebc1 - <<std[70759c8f55707aa4]::sys::backtrace::BacktraceLock>::print::DisplayBacktrace as core[df12db4294e9bfd3]::fmt::Display>::fmt
[INFO] [stdout]    1:     0x612f4d9464ca - core[df12db4294e9bfd3]::fmt::write
[INFO] [stdout]    2:     0x612f4d933a3c - <alloc[2182bb758b4b3781]::vec::Vec<u8> as core[df12db4294e9bfd3]::io::write::Write>::write_fmt
[INFO] [stdout]    3:     0x612f4d9097f6 - std[70759c8f55707aa4]::panicking::default_hook::{closure#0}
[INFO] [stdout]    4:     0x612f4d9267a9 - std[70759c8f55707aa4]::panicking::default_hook
[INFO] [stdout]    5:     0x612f4d7568e0 - test[9d35eded1c95d3be]::test_main_inner::<test[9d35eded1c95d3be]::test_main_static::{closure#0}>::{closure#0}
[INFO] [stdout]    6:     0x612f4d926ad2 - std[70759c8f55707aa4]::panicking::panic_with_hook
[INFO] [stdout]    7:     0x612f4d9098a2 - std[70759c8f55707aa4]::panicking::panic_handler::{closure#0}
[INFO] [stdout]    8:     0x612f4d901e59 - std[70759c8f55707aa4]::sys::backtrace::__rust_end_short_backtrace::<std[70759c8f55707aa4]::panicking::panic_handler::{closure#0}, !>
[INFO] [stdout]    9:     0x612f4d90a79d - __rustc[8fa7c3cbc660c2b3]::rust_begin_unwind
[INFO] [stdout]   10:     0x612f4d946c2c - core[df12db4294e9bfd3]::panicking::panic_fmt
[INFO] [stdout]   11:     0x612f4d946a02 - core[df12db4294e9bfd3]::result::unwrap_failed
[INFO] [stdout]   12:     0x612f4d6f3c4f - tiny_orm_core[fd593a2fe958460]::model::test::test_orm_update_all::{closure#0}
[INFO] [stdout]   13:     0x612f4d6e4cce - <tokio[7abe90bc580b99a8]::runtime::scheduler::current_thread::Context>::enter::<core[df12db4294e9bfd3]::task::poll::Poll<()>, <tokio[7abe90bc580b99a8]::runtime::scheduler::current_thread::CoreGuard>::block_on<core[df12db4294e9bfd3]::pin::Pin<&mut tiny_orm_core[fd593a2fe958460]::model::test::test_orm_update_all::{closure#0}>>::{closure#0}::{closure#0}>
[INFO] [stdout]   14:     0x612f4d739ffc - <tokio[7abe90bc580b99a8]::runtime::context::scoped::Scoped<tokio[7abe90bc580b99a8]::runtime::scheduler::Context>>::set::<<tokio[7abe90bc580b99a8]::runtime::scheduler::current_thread::CoreGuard>::enter<<tokio[7abe90bc580b99a8]::runtime::scheduler::current_thread::CoreGuard>::block_on<core[df12db4294e9bfd3]::pin::Pin<&mut tiny_orm_core[fd593a2fe958460]::model::test::test_orm_update_all::{closure#0}>>::{closure#0}, core[df12db4294e9bfd3]::option::Option<()>>::{closure#0}, (alloc[2182bb758b4b3781]::boxed::Box<tokio[7abe90bc580b99a8]::runtime::scheduler::current_thread::Core>, core[df12db4294e9bfd3]::option::Option<()>)>
[INFO] [stdout]   15:     0x612f4d6e6a57 - <tokio[7abe90bc580b99a8]::runtime::scheduler::current_thread::CoreGuard>::block_on::<core[df12db4294e9bfd3]::pin::Pin<&mut tiny_orm_core[fd593a2fe958460]::model::test::test_orm_update_all::{closure#0}>>
[INFO] [stdout]   16:     0x612f4d711e86 - tokio[7abe90bc580b99a8]::runtime::context::runtime::enter_runtime::<<tokio[7abe90bc580b99a8]::runtime::scheduler::current_thread::CurrentThread>::block_on<tiny_orm_core[fd593a2fe958460]::model::test::test_orm_update_all::{closure#0}>::{closure#0}, ()>
[INFO] [stdout]   17:     0x612f4d7291ce - <tokio[7abe90bc580b99a8]::runtime::runtime::Runtime>::block_on::<tiny_orm_core[fd593a2fe958460]::model::test::test_orm_update_all::{closure#0}>
[INFO] [stdout]   18:     0x612f4d74775a - tiny_orm_core[fd593a2fe958460]::model::test::test_orm_update_all
[INFO] [stdout]   19:     0x612f4d728909 - <tiny_orm_core[fd593a2fe958460]::model::test::test_orm_update_all::{closure#0} as core[df12db4294e9bfd3]::ops::function::FnOnce<()>>::call_once
[INFO] [stdout]   20:     0x612f4d749bcb - test[9d35eded1c95d3be]::__rust_begin_short_backtrace::<core[df12db4294e9bfd3]::result::Result<(), alloc[2182bb758b4b3781]::string::String>, fn() -> core[df12db4294e9bfd3]::result::Result<(), alloc[2182bb758b4b3781]::string::String>>
[INFO] [stdout]   21:     0x612f4d757235 - test[9d35eded1c95d3be]::run_test::{closure#0}
[INFO] [stdout]   22:     0x612f4d750af4 - std[70759c8f55707aa4]::sys::backtrace::__rust_begin_short_backtrace::<test[9d35eded1c95d3be]::run_test::{closure#1}, ()>
[INFO] [stdout]   23:     0x612f4d75a392 - <std[70759c8f55707aa4]::thread::lifecycle::spawn_unchecked<test[9d35eded1c95d3be]::run_test::{closure#1}, ()>::{closure#1} as core[df12db4294e9bfd3]::ops::function::FnOnce<()>>::call_once::{shim:vtable#0}
[INFO] [stdout]   24:     0x612f4d92ddc9 - <std[70759c8f55707aa4]::sys::thread::unix::Thread>::new::thread_start
[INFO] [stdout]   25:     0x75b330658dfa - <unknown>
[INFO] [stdout]   26:     0x75b3306ec3d4 - clone
[INFO] [stdout]   27:                0x0 - <unknown>
[INFO] [stdout] 
[INFO] [stdout] ---- model::test::test_orm_query_with_name_and_mobile stdout ----
[INFO] [stdout] 
[INFO] [stdout] thread 'model::test::test_orm_query_with_name_and_mobile' (3094) panicked at src/model/test.rs:302:41:
[INFO] [stdout] called `Result::unwrap()` on an `Err` value: pool timed out while waiting for an open connection
[INFO] [stdout] 
[INFO] [stdout] Stack backtrace:
[INFO] [stdout]    0: <anyhow::Error as core::convert::From<sqlx_core::error::Error>>::from
[INFO] [stdout]    1: tiny_orm_core::model::test::get_pool::{closure#0}
[INFO] [stdout]    2: tiny_orm_core::model::test::test_orm_query_with_name_and_mobile::{closure#0}
[INFO] [stdout]    3: <tokio::runtime::scheduler::current_thread::Context>::enter::<core::task::poll::Poll<()>, <tokio::runtime::scheduler::current_thread::CoreGuard>::block_on<core::pin::Pin<&mut tiny_orm_core::model::test::test_orm_query_with_name_and_mobile::{closure#0}>>::{closure#0}::{closure#0}>
[INFO] [stdout]    4: <tokio::runtime::context::scoped::Scoped<tokio::runtime::scheduler::Context>>::set::<<tokio::runtime::scheduler::current_thread::CoreGuard>::enter<<tokio::runtime::scheduler::current_thread::CoreGuard>::block_on<core::pin::Pin<&mut tiny_orm_core::model::test::test_orm_query_with_name_and_mobile::{closure#0}>>::{closure#0}, core::option::Option<()>>::{closure#0}, (alloc::boxed::Box<tokio::runtime::scheduler::current_thread::Core>, core::option::Option<()>)>
[INFO] [stdout]    5: <tokio::runtime::scheduler::current_thread::CoreGuard>::block_on::<core::pin::Pin<&mut tiny_orm_core::model::test::test_orm_query_with_name_and_mobile::{closure#0}>>
[INFO] [stdout]    6: tokio::runtime::context::runtime::enter_runtime::<<tokio::runtime::scheduler::current_thread::CurrentThread>::block_on<tiny_orm_core::model::test::test_orm_query_with_name_and_mobile::{closure#0}>::{closure#0}, ()>
[INFO] [stdout]    7: <tokio::runtime::runtime::Runtime>::block_on::<tiny_orm_core::model::test::test_orm_query_with_name_and_mobile::{closure#0}>
[INFO] [stdout]    8: tiny_orm_core::model::test::test_orm_query_with_name_and_mobile
[INFO] [stdout]    9: <tiny_orm_core::model::test::test_orm_query_with_name_and_mobile::{closure#0} as core::ops::function::FnOnce<()>>::call_once
[INFO] [stdout]   10: test::__rust_begin_short_backtrace::<core::result::Result<(), alloc::string::String>, fn() -> core::result::Result<(), alloc::string::String>>
[INFO] [stdout]   11: test::run_test::{closure#0}
[INFO] [stdout]   12: std::sys::backtrace::__rust_begin_short_backtrace::<test::run_test::{closure#1}, ()>
[INFO] [stdout]   13: <std::thread::lifecycle::spawn_unchecked<test::run_test::{closure#1}, ()>::{closure#1} as core::ops::function::FnOnce<()>>::call_once::{shim:vtable#0}
[INFO] [stdout]   14: <std::sys::thread::unix::Thread>::new::thread_start
[INFO] [stdout]   15: <unknown>
[INFO] [stdout]   16: clone
[INFO] [stdout] stack backtrace:
[INFO] [stdout]    0:     0x612f4d92ebc1 - <<std[70759c8f55707aa4]::sys::backtrace::BacktraceLock>::print::DisplayBacktrace as core[df12db4294e9bfd3]::fmt::Display>::fmt
[INFO] [stdout]    1:     0x612f4d9464ca - core[df12db4294e9bfd3]::fmt::write
[INFO] [stdout]    2:     0x612f4d933a3c - <alloc[2182bb758b4b3781]::vec::Vec<u8> as core[df12db4294e9bfd3]::io::write::Write>::write_fmt
[INFO] [stdout]    3:     0x612f4d9097f6 - std[70759c8f55707aa4]::panicking::default_hook::{closure#0}
[INFO] [stdout]    4:     0x612f4d9267a9 - std[70759c8f55707aa4]::panicking::default_hook
[INFO] [stdout]    5:     0x612f4d7568e0 - test[9d35eded1c95d3be]::test_main_inner::<test[9d35eded1c95d3be]::test_main_static::{closure#0}>::{closure#0}
[INFO] [stdout]    6:     0x612f4d926ad2 - std[70759c8f55707aa4]::panicking::panic_with_hook
[INFO] [stdout]    7:     0x612f4d9098a2 - std[70759c8f55707aa4]::panicking::panic_handler::{closure#0}
[INFO] [stdout]    8:     0x612f4d901e59 - std[70759c8f55707aa4]::sys::backtrace::__rust_end_short_backtrace::<std[70759c8f55707aa4]::panicking::panic_handler::{closure#0}, !>
[INFO] [stdout]    9:     0x612f4d90a79d - __rustc[8fa7c3cbc660c2b3]::rust_begin_unwind
[INFO] [stdout]   10:     0x612f4d946c2c - core[df12db4294e9bfd3]::panicking::panic_fmt
[INFO] [stdout]   11:     0x612f4d946a02 - core[df12db4294e9bfd3]::result::unwrap_failed
[INFO] [stdout]   12:     0x612f4d6f902d - tiny_orm_core[fd593a2fe958460]::model::test::test_orm_query_with_name_and_mobile::{closure#0}
[INFO] [stdout]   13:     0x612f4d6e5dfe - <tokio[7abe90bc580b99a8]::runtime::scheduler::current_thread::Context>::enter::<core[df12db4294e9bfd3]::task::poll::Poll<()>, <tokio[7abe90bc580b99a8]::runtime::scheduler::current_thread::CoreGuard>::block_on<core[df12db4294e9bfd3]::pin::Pin<&mut tiny_orm_core[fd593a2fe958460]::model::test::test_orm_query_with_name_and_mobile::{closure#0}>>::{closure#0}::{closure#0}>
[INFO] [stdout]   14:     0x612f4d73b49c - <tokio[7abe90bc580b99a8]::runtime::context::scoped::Scoped<tokio[7abe90bc580b99a8]::runtime::scheduler::Context>>::set::<<tokio[7abe90bc580b99a8]::runtime::scheduler::current_thread::CoreGuard>::enter<<tokio[7abe90bc580b99a8]::runtime::scheduler::current_thread::CoreGuard>::block_on<core[df12db4294e9bfd3]::pin::Pin<&mut tiny_orm_core[fd593a2fe958460]::model::test::test_orm_query_with_name_and_mobile::{closure#0}>>::{closure#0}, core[df12db4294e9bfd3]::option::Option<()>>::{closure#0}, (alloc[2182bb758b4b3781]::boxed::Box<tokio[7abe90bc580b99a8]::runtime::scheduler::current_thread::Core>, core[df12db4294e9bfd3]::option::Option<()>)>
[INFO] [stdout]   15:     0x612f4d6e7fa7 - <tokio[7abe90bc580b99a8]::runtime::scheduler::current_thread::CoreGuard>::block_on::<core[df12db4294e9bfd3]::pin::Pin<&mut tiny_orm_core[fd593a2fe958460]::model::test::test_orm_query_with_name_and_mobile::{closure#0}>>
[INFO] [stdout]   16:     0x612f4d714ea6 - tokio[7abe90bc580b99a8]::runtime::context::runtime::enter_runtime::<<tokio[7abe90bc580b99a8]::runtime::scheduler::current_thread::CurrentThread>::block_on<tiny_orm_core[fd593a2fe958460]::model::test::test_orm_query_with_name_and_mobile::{closure#0}>::{closure#0}, ()>
[INFO] [stdout]   17:     0x612f4d72a11e - <tokio[7abe90bc580b99a8]::runtime::runtime::Runtime>::block_on::<tiny_orm_core[fd593a2fe958460]::model::test::test_orm_query_with_name_and_mobile::{closure#0}>
[INFO] [stdout]   18:     0x612f4d74846a - tiny_orm_core[fd593a2fe958460]::model::test::test_orm_query_with_name_and_mobile
[INFO] [stdout]   19:     0x612f4d728a69 - <tiny_orm_core[fd593a2fe958460]::model::test::test_orm_query_with_name_and_mobile::{closure#0} as core[df12db4294e9bfd3]::ops::function::FnOnce<()>>::call_once
[INFO] [stdout]   20:     0x612f4d749bcb - test[9d35eded1c95d3be]::__rust_begin_short_backtrace::<core[df12db4294e9bfd3]::result::Result<(), alloc[2182bb758b4b3781]::string::String>, fn() -> core[df12db4294e9bfd3]::result::Result<(), alloc[2182bb758b4b3781]::string::String>>
[INFO] [stdout]   21:     0x612f4d757235 - test[9d35eded1c95d3be]::run_test::{closure#0}
[INFO] [stdout]   22:     0x612f4d750af4 - std[70759c8f55707aa4]::sys::backtrace::__rust_begin_short_backtrace::<test[9d35eded1c95d3be]::run_test::{closure#1}, ()>
[INFO] [stdout]   23:     0x612f4d75a392 - <std[70759c8f55707aa4]::thread::lifecycle::spawn_unchecked<test[9d35eded1c95d3be]::run_test::{closure#1}, ()>::{closure#1} as core[df12db4294e9bfd3]::ops::function::FnOnce<()>>::call_once::{shim:vtable#0}
[INFO] [stdout]   24:     0x612f4d92ddc9 - <std[70759c8f55707aa4]::sys::thread::unix::Thread>::new::thread_start
[INFO] [stdout]   25:     0x75b330658dfa - <unknown>
[INFO] [stdout]   26:     0x75b3306ec3d4 - clone
[INFO] [stdout]   27:                0x0 - <unknown>
[INFO] [stdout] 
[INFO] [stdout] ---- model::test::test_orm_query_with_name stdout ----
[INFO] [stdout] 
[INFO] [stdout] thread 'model::test::test_orm_query_with_name' (3093) panicked at src/model/test.rs:364:41:
[INFO] [stdout] called `Result::unwrap()` on an `Err` value: pool timed out while waiting for an open connection
[INFO] [stdout] 
[INFO] [stdout] Stack backtrace:
[INFO] [stdout]    0: <anyhow::Error as core::convert::From<sqlx_core::error::Error>>::from
[INFO] [stdout]    1: tiny_orm_core::model::test::get_pool::{closure#0}
[INFO] [stdout]    2: tiny_orm_core::model::test::test_orm_query_with_name::{closure#0}
[INFO] [stdout]    3: <tokio::runtime::scheduler::current_thread::Context>::enter::<core::task::poll::Poll<()>, <tokio::runtime::scheduler::current_thread::CoreGuard>::block_on<core::pin::Pin<&mut tiny_orm_core::model::test::test_orm_query_with_name::{closure#0}>>::{closure#0}::{closure#0}>
[INFO] [stdout]    4: <tokio::runtime::context::scoped::Scoped<tokio::runtime::scheduler::Context>>::set::<<tokio::runtime::scheduler::current_thread::CoreGuard>::enter<<tokio::runtime::scheduler::current_thread::CoreGuard>::block_on<core::pin::Pin<&mut tiny_orm_core::model::test::test_orm_query_with_name::{closure#0}>>::{closure#0}, core::option::Option<()>>::{closure#0}, (alloc::boxed::Box<tokio::runtime::scheduler::current_thread::Core>, core::option::Option<()>)>
[INFO] [stdout]    5: <tokio::runtime::scheduler::current_thread::CoreGuard>::block_on::<core::pin::Pin<&mut tiny_orm_core::model::test::test_orm_query_with_name::{closure#0}>>
[INFO] [stdout]    6: tokio::runtime::context::runtime::enter_runtime::<<tokio::runtime::scheduler::current_thread::CurrentThread>::block_on<tiny_orm_core::model::test::test_orm_query_with_name::{closure#0}>::{closure#0}, ()>
[INFO] [stdout]    7: <tokio::runtime::scheduler::current_thread::CurrentThread>::block_on::<tiny_orm_core::model::test::test_orm_query_with_name::{closure#0}>
[INFO] [stdout]    8: <tokio::runtime::runtime::Runtime>::block_on::<tiny_orm_core::model::test::test_orm_query_with_name::{closure#0}>
[INFO] [stdout]    9: tiny_orm_core::model::test::test_orm_query_with_name
[INFO] [stdout]   10: <tiny_orm_core::model::test::test_orm_query_with_name::{closure#0} as core::ops::function::FnOnce<()>>::call_once
[INFO] [stdout]   11: test::__rust_begin_short_backtrace::<core::result::Result<(), alloc::string::String>, fn() -> core::result::Result<(), alloc::string::String>>
[INFO] [stdout]   12: test::run_test::{closure#0}
[INFO] [stdout]   13: std::sys::backtrace::__rust_begin_short_backtrace::<test::run_test::{closure#1}, ()>
[INFO] [stdout]   14: <std::thread::lifecycle::spawn_unchecked<test::run_test::{closure#1}, ()>::{closure#1} as core::ops::function::FnOnce<()>>::call_once::{shim:vtable#0}
[INFO] [stdout]   15: <std::sys::thread::unix::Thread>::new::thread_start
[INFO] [stdout]   16: <unknown>
[INFO] [stdout]   17: clone
[INFO] [stdout] stack backtrace:
[INFO] [stdout]    0:     0x612f4d92ebc1 - <<std[70759c8f55707aa4]::sys::backtrace::BacktraceLock>::print::DisplayBacktrace as core[df12db4294e9bfd3]::fmt::Display>::fmt
[INFO] [stdout]    1:     0x612f4d9464ca - core[df12db4294e9bfd3]::fmt::write
[INFO] [stdout]    2:     0x612f4d933a3c - <alloc[2182bb758b4b3781]::vec::Vec<u8> as core[df12db4294e9bfd3]::io::write::Write>::write_fmt
[INFO] [stdout]    3:     0x612f4d9097f6 - std[70759c8f55707aa4]::panicking::default_hook::{closure#0}
[INFO] [stdout]    4:     0x612f4d9267a9 - std[70759c8f55707aa4]::panicking::default_hook
[INFO] [stdout]    5:     0x612f4d7568e0 - test[9d35eded1c95d3be]::test_main_inner::<test[9d35eded1c95d3be]::test_main_static::{closure#0}>::{closure#0}
[INFO] [stdout]    6:     0x612f4d926ad2 - std[70759c8f55707aa4]::panicking::panic_with_hook
[INFO] [stdout]    7:     0x612f4d9098a2 - std[70759c8f55707aa4]::panicking::panic_handler::{closure#0}
[INFO] [stdout]    8:     0x612f4d901e59 - std[70759c8f55707aa4]::sys::backtrace::__rust_end_short_backtrace::<std[70759c8f55707aa4]::panicking::panic_handler::{closure#0}, !>
[INFO] [stdout]    9:     0x612f4d90a79d - __rustc[8fa7c3cbc660c2b3]::rust_begin_unwind
[INFO] [stdout]   10:     0x612f4d946c2c - core[df12db4294e9bfd3]::panicking::panic_fmt
[INFO] [stdout]   11:     0x612f4d946a02 - core[df12db4294e9bfd3]::result::unwrap_failed
[INFO] [stdout]   12:     0x612f4d6f51ef - tiny_orm_core[fd593a2fe958460]::model::test::test_orm_query_with_name::{closure#0}
[INFO] [stdout]   13:     0x612f4d6e530e - <tokio[7abe90bc580b99a8]::runtime::scheduler::current_thread::Context>::enter::<core[df12db4294e9bfd3]::task::poll::Poll<()>, <tokio[7abe90bc580b99a8]::runtime::scheduler::current_thread::CoreGuard>::block_on<core[df12db4294e9bfd3]::pin::Pin<&mut tiny_orm_core[fd593a2fe958460]::model::test::test_orm_query_with_name::{closure#0}>>::{closure#0}::{closure#0}>
[INFO] [stdout]   14:     0x612f4d73a77c - <tokio[7abe90bc580b99a8]::runtime::context::scoped::Scoped<tokio[7abe90bc580b99a8]::runtime::scheduler::Context>>::set::<<tokio[7abe90bc580b99a8]::runtime::scheduler::current_thread::CoreGuard>::enter<<tokio[7abe90bc580b99a8]::runtime::scheduler::current_thread::CoreGuard>::block_on<core[df12db4294e9bfd3]::pin::Pin<&mut tiny_orm_core[fd593a2fe958460]::model::test::test_orm_query_with_name::{closure#0}>>::{closure#0}, core[df12db4294e9bfd3]::option::Option<()>>::{closure#0}, (alloc[2182bb758b4b3781]::boxed::Box<tokio[7abe90bc580b99a8]::runtime::scheduler::current_thread::Core>, core[df12db4294e9bfd3]::option::Option<()>)>
[INFO] [stdout]   15:     0x612f4d6e7217 - <tokio[7abe90bc580b99a8]::runtime::scheduler::current_thread::CoreGuard>::block_on::<core[df12db4294e9bfd3]::pin::Pin<&mut tiny_orm_core[fd593a2fe958460]::model::test::test_orm_query_with_name::{closure#0}>>
[INFO] [stdout]   16:     0x612f4d713006 - tokio[7abe90bc580b99a8]::runtime::context::runtime::enter_runtime::<<tokio[7abe90bc580b99a8]::runtime::scheduler::current_thread::CurrentThread>::block_on<tiny_orm_core[fd593a2fe958460]::model::test::test_orm_query_with_name::{closure#0}>::{closure#0}, ()>
[INFO] [stdout]   17:     0x612f4d6e4571 - <tokio[7abe90bc580b99a8]::runtime::scheduler::current_thread::CurrentThread>::block_on::<tiny_orm_core[fd593a2fe958460]::model::test::test_orm_query_with_name::{closure#0}>
[INFO] [stdout]   18:     0x612f4d729723 - <tokio[7abe90bc580b99a8]::runtime::runtime::Runtime>::block_on::<tiny_orm_core[fd593a2fe958460]::model::test::test_orm_query_with_name::{closure#0}>
[INFO] [stdout]   19:     0x612f4d747c1a - tiny_orm_core[fd593a2fe958460]::model::test::test_orm_query_with_name
[INFO] [stdout]   20:     0x612f4d728989 - <tiny_orm_core[fd593a2fe958460]::model::test::test_orm_query_with_name::{closure#0} as core[df12db4294e9bfd3]::ops::function::FnOnce<()>>::call_once
[INFO] [stdout]   21:     0x612f4d749bcb - test[9d35eded1c95d3be]::__rust_begin_short_backtrace::<core[df12db4294e9bfd3]::result::Result<(), alloc[2182bb758b4b3781]::string::String>, fn() -> core[df12db4294e9bfd3]::result::Result<(), alloc[2182bb758b4b3781]::string::String>>
[INFO] [stdout]   22:     0x612f4d757235 - test[9d35eded1c95d3be]::run_test::{closure#0}
[INFO] [stdout]   23:     0x612f4d750af4 - std[70759c8f55707aa4]::sys::backtrace::__rust_begin_short_backtrace::<test[9d35eded1c95d3be]::run_test::{closure#1}, ()>
[INFO] [stdout]   24:     0x612f4d75a392 - <std[70759c8f55707aa4]::thread::lifecycle::spawn_unchecked<test[9d35eded1c95d3be]::run_test::{closure#1}, ()>::{closure#1} as core[df12db4294e9bfd3]::ops::function::FnOnce<()>>::call_once::{shim:vtable#0}
[INFO] [stdout]   25:     0x612f4d92ddc9 - <std[70759c8f55707aa4]::sys::thread::unix::Thread>::new::thread_start
[INFO] [stdout]   26:     0x75b330658dfa - <unknown>
[INFO] [stdout]   27:     0x75b3306ec3d4 - clone
[INFO] [stdout]   28:                0x0 - <unknown>
[INFO] [stdout] 
[INFO] [stdout] ---- model::test::test_orm_update_with_name_and_tel stdout ----
[INFO] [stdout] 
[INFO] [stdout] thread 'model::test::test_orm_update_with_name_and_tel' (3099) panicked at src/model/test.rs:408:41:
[INFO] [stdout] called `Result::unwrap()` on an `Err` value: pool timed out while waiting for an open connection
[INFO] [stdout] 
[INFO] [stdout] Stack backtrace:
[INFO] [stdout]    0: <anyhow::Error as core::convert::From<sqlx_core::error::Error>>::from
[INFO] [stdout]    1: tiny_orm_core::model::test::get_pool::{closure#0}
[INFO] [stdout]    2: tiny_orm_core::model::test::test_orm_update_with_name_and_tel::{closure#0}
[INFO] [stdout]    3: <tokio::runtime::scheduler::current_thread::Context>::enter::<core::task::poll::Poll<()>, <tokio::runtime::scheduler::current_thread::CoreGuard>::block_on<core::pin::Pin<&mut tiny_orm_core::model::test::test_orm_update_with_name_and_tel::{closure#0}>>::{closure#0}::{closure#0}>
[INFO] [stdout]    4: <tokio::runtime::context::scoped::Scoped<tokio::runtime::scheduler::Context>>::set::<<tokio::runtime::scheduler::current_thread::CoreGuard>::enter<<tokio::runtime::scheduler::current_thread::CoreGuard>::block_on<core::pin::Pin<&mut tiny_orm_core::model::test::test_orm_update_with_name_and_tel::{closure#0}>>::{closure#0}, core::option::Option<()>>::{closure#0}, (alloc::boxed::Box<tokio::runtime::scheduler::current_thread::Core>, core::option::Option<()>)>
[INFO] [stdout]    5: <tokio::runtime::scheduler::current_thread::CoreGuard>::block_on::<core::pin::Pin<&mut tiny_orm_core::model::test::test_orm_update_with_name_and_tel::{closure#0}>>
[INFO] [stdout]    6: tokio::runtime::context::runtime::enter_runtime::<<tokio::runtime::scheduler::current_thread::CurrentThread>::block_on<tiny_orm_core::model::test::test_orm_update_with_name_and_tel::{closure#0}>::{closure#0}, ()>
[INFO] [stdout]    7: <tokio::runtime::runtime::Runtime>::block_on::<tiny_orm_core::model::test::test_orm_update_with_name_and_tel::{closure#0}>
[INFO] [stdout]    8: tiny_orm_core::model::test::test_orm_update_with_name_and_tel
[INFO] [stdout]    9: <tiny_orm_core::model::test::test_orm_update_with_name_and_tel::{closure#0} as core::ops::function::FnOnce<()>>::call_once
[INFO] [stdout]   10: test::__rust_begin_short_backtrace::<core::result::Result<(), alloc::string::String>, fn() -> core::result::Result<(), alloc::string::String>>
[INFO] [stdout]   11: test::run_test::{closure#0}
[INFO] [stdout]   12: std::sys::backtrace::__rust_begin_short_backtrace::<test::run_test::{closure#1}, ()>
[INFO] [stdout]   13: <std::thread::lifecycle::spawn_unchecked<test::run_test::{closure#1}, ()>::{closure#1} as core::ops::function::FnOnce<()>>::call_once::{shim:vtable#0}
[INFO] [stdout]   14: <std::sys::thread::unix::Thread>::new::thread_start
[INFO] [stdout]   15: <unknown>
[INFO] [stdout]   16: clone
[INFO] [stdout] stack backtrace:
[INFO] [stdout]    0:     0x612f4d92ebc1 - <<std[70759c8f55707aa4]::sys::backtrace::BacktraceLock>::print::DisplayBacktrace as core[df12db4294e9bfd3]::fmt::Display>::fmt
[INFO] [stdout]    1:     0x612f4d9464ca - core[df12db4294e9bfd3]::fmt::write
[INFO] [stdout]    2:     0x612f4d933a3c - <alloc[2182bb758b4b3781]::vec::Vec<u8> as core[df12db4294e9bfd3]::io::write::Write>::write_fmt
[INFO] [stdout]    3:     0x612f4d9097f6 - std[70759c8f55707aa4]::panicking::default_hook::{closure#0}
[INFO] [stdout]    4:     0x612f4d9267a9 - std[70759c8f55707aa4]::panicking::default_hook
[INFO] [stdout]    5:     0x612f4d7568e0 - test[9d35eded1c95d3be]::test_main_inner::<test[9d35eded1c95d3be]::test_main_static::{closure#0}>::{closure#0}
[INFO] [stdout]    6:     0x612f4d926ad2 - std[70759c8f55707aa4]::panicking::panic_with_hook
[INFO] [stdout]    7:     0x612f4d9098a2 - std[70759c8f55707aa4]::panicking::panic_handler::{closure#0}
[INFO] [stdout]    8:     0x612f4d901e59 - std[70759c8f55707aa4]::sys::backtrace::__rust_end_short_backtrace::<std[70759c8f55707aa4]::panicking::panic_handler::{closure#0}, !>
[INFO] [stdout]    9:     0x612f4d90a79d - __rustc[8fa7c3cbc660c2b3]::rust_begin_unwind
[INFO] [stdout]   10:     0x612f4d946c2c - core[df12db4294e9bfd3]::panicking::panic_fmt
[INFO] [stdout]   11:     0x612f4d946a02 - core[df12db4294e9bfd3]::result::unwrap_failed
[INFO] [stdout]   12:     0x612f4d6f724f - tiny_orm_core[fd593a2fe958460]::model::test::test_orm_update_with_name_and_tel::{closure#0}
[INFO] [stdout]   13:     0x612f4d6e594e - <tokio[7abe90bc580b99a8]::runtime::scheduler::current_thread::Context>::enter::<core[df12db4294e9bfd3]::task::poll::Poll<()>, <tokio[7abe90bc580b99a8]::runtime::scheduler::current_thread::CoreGuard>::block_on<core[df12db4294e9bfd3]::pin::Pin<&mut tiny_orm_core[fd593a2fe958460]::model::test::test_orm_update_with_name_and_tel::{closure#0}>>::{closure#0}::{closure#0}>
[INFO] [stdout]   14:     0x612f4d73aefc - <tokio[7abe90bc580b99a8]::runtime::context::scoped::Scoped<tokio[7abe90bc580b99a8]::runtime::scheduler::Context>>::set::<<tokio[7abe90bc580b99a8]::runtime::scheduler::current_thread::CoreGuard>::enter<<tokio[7abe90bc580b99a8]::runtime::scheduler::current_thread::CoreGuard>::block_on<core[df12db4294e9bfd3]::pin::Pin<&mut tiny_orm_core[fd593a2fe958460]::model::test::test_orm_update_with_name_and_tel::{closure#0}>>::{closure#0}, core[df12db4294e9bfd3]::option::Option<()>>::{closure#0}, (alloc[2182bb758b4b3781]::boxed::Box<tokio[7abe90bc580b99a8]::runtime::scheduler::current_thread::Core>, core[df12db4294e9bfd3]::option::Option<()>)>
[INFO] [stdout]   15:     0x612f4d6e79d7 - <tokio[7abe90bc580b99a8]::runtime::scheduler::current_thread::CoreGuard>::block_on::<core[df12db4294e9bfd3]::pin::Pin<&mut tiny_orm_core[fd593a2fe958460]::model::test::test_orm_update_with_name_and_tel::{closure#0}>>
[INFO] [stdout]   16:     0x612f4d714186 - tokio[7abe90bc580b99a8]::runtime::context::runtime::enter_runtime::<<tokio[7abe90bc580b99a8]::runtime::scheduler::current_thread::CurrentThread>::block_on<tiny_orm_core[fd593a2fe958460]::model::test::test_orm_update_with_name_and_tel::{closure#0}>::{closure#0}, ()>
[INFO] [stdout]   17:     0x612f4d729cce - <tokio[7abe90bc580b99a8]::runtime::runtime::Runtime>::block_on::<tiny_orm_core[fd593a2fe958460]::model::test::test_orm_update_with_name_and_tel::{closure#0}>
[INFO] [stdout]   18:     0x612f4d7480da - tiny_orm_core[fd593a2fe958460]::model::test::test_orm_update_with_name_and_tel
[INFO] [stdout]   19:     0x612f4d728a09 - <tiny_orm_core[fd593a2fe958460]::model::test::test_orm_update_with_name_and_tel::{closure#0} as core[df12db4294e9bfd3]::ops::function::FnOnce<()>>::call_once
[INFO] [stdout]   20:     0x612f4d749bcb - test[9d35eded1c95d3be]::__rust_begin_short_backtrace::<core[df12db4294e9bfd3]::result::Result<(), alloc[2182bb758b4b3781]::string::String>, fn() -> core[df12db4294e9bfd3]::result::Result<(), alloc[2182bb758b4b3781]::string::String>>
[INFO] [stdout]   21:     0x612f4d757235 - test[9d35eded1c95d3be]::run_test::{closure#0}
[INFO] [stdout]   22:     0x612f4d750af4 - std[70759c8f55707aa4]::sys::backtrace::__rust_begin_short_backtrace::<test[9d35eded1c95d3be]::run_test::{closure#1}, ()>
[INFO] [stdout]   23:     0x612f4d75a392 - <std[70759c8f55707aa4]::thread::lifecycle::spawn_unchecked<test[9d35eded1c95d3be]::run_test::{closure#1}, ()>::{closure#1} as core[df12db4294e9bfd3]::ops::function::FnOnce<()>>::call_once::{shim:vtable#0}
[INFO] [stdout]   24:     0x612f4d92ddc9 - <std[70759c8f55707aa4]::sys::thread::unix::Thread>::new::thread_start
[INFO] [stdout]   25:     0x75b330658dfa - <unknown>
[INFO] [stdout]   26:     0x75b3306ec3d4 - clone
[INFO] [stdout]   27:                0x0 - <unknown>
[INFO] [stdout] 
[INFO] [stdout] ---- model::test::test_orm_update_password stdout ----
[INFO] [stdout] 
[INFO] [stdout] thread 'model::test::test_orm_update_password' (3096) panicked at src/model/test.rs:532:41:
[INFO] [stdout] called `Result::unwrap()` on an `Err` value: pool timed out while waiting for an open connection
[INFO] [stdout] 
[INFO] [stdout] Stack backtrace:
[INFO] [stdout]    0: <anyhow::Error as core::convert::From<sqlx_core::error::Error>>::from
[INFO] [stdout]    1: tiny_orm_core::model::test::get_pool::{closure#0}
[INFO] [stdout]    2: tiny_orm_core::model::test::test_orm_update_password::{closure#0}
[INFO] [stdout]    3: <tokio::runtime::scheduler::current_thread::Context>::enter::<core::task::poll::Poll<()>, <tokio::runtime::scheduler::current_thread::CoreGuard>::block_on<core::pin::Pin<&mut tiny_orm_core::model::test::test_orm_update_password::{closure#0}>>::{closure#0}::{closure#0}>
[INFO] [stdout]    4: <tokio::runtime::context::scoped::Scoped<tokio::runtime::scheduler::Context>>::set::<<tokio::runtime::scheduler::current_thread::CoreGuard>::enter<<tokio::runtime::scheduler::current_thread::CoreGuard>::block_on<core::pin::Pin<&mut tiny_orm_core::model::test::test_orm_update_password::{closure#0}>>::{closure#0}, core::option::Option<()>>::{closure#0}, (alloc::boxed::Box<tokio::runtime::scheduler::current_thread::Core>, core::option::Option<()>)>
[INFO] [stdout]    5: <tokio::runtime::scheduler::current_thread::CoreGuard>::block_on::<core::pin::Pin<&mut tiny_orm_core::model::test::test_orm_update_password::{closure#0}>>
[INFO] [stdout]    6: tokio::runtime::context::runtime::enter_runtime::<<tokio::runtime::scheduler::current_thread::CurrentThread>::block_on<tiny_orm_core::model::test::test_orm_update_password::{closure#0}>::{closure#0}, ()>
[INFO] [stdout]    7: <tokio::runtime::runtime::Runtime>::block_on::<tiny_orm_core::model::test::test_orm_update_password::{closure#0}>
[INFO] [stdout]    8: tiny_orm_core::model::test::test_orm_update_password
[INFO] [stdout]    9: <tiny_orm_core::model::test::test_orm_update_password::{closure#0} as core::ops::function::FnOnce<()>>::call_once
[INFO] [stdout]   10: test::__rust_begin_short_backtrace::<core::result::Result<(), alloc::string::String>, fn() -> core::result::Result<(), alloc::string::String>>
[INFO] [stdout]   11: test::run_test::{closure#0}
[INFO] [stdout]   12: std::sys::backtrace::__rust_begin_short_backtrace::<test::run_test::{closure#1}, ()>
[INFO] [stdout]   13: <std::thread::lifecycle::spawn_unchecked<test::run_test::{closure#1}, ()>::{closure#1} as core::ops::function::FnOnce<()>>::call_once::{shim:vtable#0}
[INFO] [stdout]   14: <std::sys::thread::unix::Thread>::new::thread_start
[INFO] [stdout]   15: <unknown>
[INFO] [stdout]   16: clone
[INFO] [stdout] stack backtrace:
[INFO] [stdout]    0:     0x612f4d92ebc1 - <<std[70759c8f55707aa4]::sys::backtrace::BacktraceLock>::print::DisplayBacktrace as core[df12db4294e9bfd3]::fmt::Display>::fmt
[INFO] [stdout]    1:     0x612f4d9464ca - core[df12db4294e9bfd3]::fmt::write
[INFO] [stdout]    2:     0x612f4d933a3c - <alloc[2182bb758b4b3781]::vec::Vec<u8> as core[df12db4294e9bfd3]::io::write::Write>::write_fmt
[INFO] [stdout]    3:     0x612f4d9097f6 - std[70759c8f55707aa4]::panicking::default_hook::{closure#0}
[INFO] [stdout]    4:     0x612f4d9267a9 - std[70759c8f55707aa4]::panicking::default_hook
[INFO] [stdout]    5:     0x612f4d7568e0 - test[9d35eded1c95d3be]::test_main_inner::<test[9d35eded1c95d3be]::test_main_static::{closure#0}>::{closure#0}
[INFO] [stdout]    6:     0x612f4d926ad2 - std[70759c8f55707aa4]::panicking::panic_with_hook
[INFO] [stdout]    7:     0x612f4d9098a2 - std[70759c8f55707aa4]::panicking::panic_handler::{closure#0}
[INFO] [stdout]    8:     0x612f4d901e59 - std[70759c8f55707aa4]::sys::backtrace::__rust_end_short_backtrace::<std[70759c8f55707aa4]::panicking::panic_handler::{closure#0}, !>
[INFO] [stdout]    9:     0x612f4d90a79d - __rustc[8fa7c3cbc660c2b3]::rust_begin_unwind
[INFO] [stdout]   10:     0x612f4d946c2c - core[df12db4294e9bfd3]::panicking::panic_fmt
[INFO] [stdout]   11:     0x612f4d946a02 - core[df12db4294e9bfd3]::result::unwrap_failed
[INFO] [stdout]   12:     0x612f4d6f5b32 - tiny_orm_core[fd593a2fe958460]::model::test::test_orm_update_password::{closure#0}
[INFO] [stdout]   13:     0x612f4d6e549e - <tokio[7abe90bc580b99a8]::runtime::scheduler::current_thread::Context>::enter::<core[df12db4294e9bfd3]::task::poll::Poll<()>, <tokio[7abe90bc580b99a8]::runtime::scheduler::current_thread::CoreGuard>::block_on<core[df12db4294e9bfd3]::pin::Pin<&mut tiny_orm_core[fd593a2fe958460]::model::test::test_orm_update_password::{closure#0}>>::{closure#0}::{closure#0}>
[INFO] [stdout]   14:     0x612f4d73a95c - <tokio[7abe90bc580b99a8]::runtime::context::scoped::Scoped<tokio[7abe90bc580b99a8]::runtime::scheduler::Context>>::set::<<tokio[7abe90bc580b99a8]::runtime::scheduler::current_thread::CoreGuard>::enter<<tokio[7abe90bc580b99a8]::runtime::scheduler::current_thread::CoreGuard>::block_on<core[df12db4294e9bfd3]::pin::Pin<&mut tiny_orm_core[fd593a2fe958460]::model::test::test_orm_update_password::{closure#0}>>::{closure#0}, core[df12db4294e9bfd3]::option::Option<()>>::{closure#0}, (alloc[2182bb758b4b3781]::boxed::Box<tokio[7abe90bc580b99a8]::runtime::scheduler::current_thread::Core>, core[df12db4294e9bfd3]::option::Option<()>)>
[INFO] [stdout]   15:     0x612f4d6e7407 - <tokio[7abe90bc580b99a8]::runtime::scheduler::current_thread::CoreGuard>::block_on::<core[df12db4294e9bfd3]::pin::Pin<&mut tiny_orm_core[fd593a2fe958460]::model::test::test_orm_update_password::{closure#0}>>
[INFO] [stdout]   16:     0x612f4d713466 - tokio[7abe90bc580b99a8]::runtime::context::runtime::enter_runtime::<<tokio[7abe90bc580b99a8]::runtime::scheduler::current_thread::CurrentThread>::block_on<tiny_orm_core[fd593a2fe958460]::model::test::test_orm_update_password::{closure#0}>::{closure#0}, ()>
[INFO] [stdout]   17:     0x612f4d72987e - <tokio[7abe90bc580b99a8]::runtime::runtime::Runtime>::block_on::<tiny_orm_core[fd593a2fe958460]::model::test::test_orm_update_password::{closure#0}>
[INFO] [stdout]   18:     0x612f4d747d4a - tiny_orm_core[fd593a2fe958460]::model::test::test_orm_update_password
[INFO] [stdout]   19:     0x612f4d7289a9 - <tiny_orm_core[fd593a2fe958460]::model::test::test_orm_update_password::{closure#0} as core[df12db4294e9bfd3]::ops::function::FnOnce<()>>::call_once
[INFO] [stdout]   20:     0x612f4d749bcb - test[9d35eded1c95d3be]::__rust_begin_short_backtrace::<core[df12db4294e9bfd3]::result::Result<(), alloc[2182bb758b4b3781]::string::String>, fn() -> core[df12db4294e9bfd3]::result::Result<(), alloc[2182bb758b4b3781]::string::String>>
[INFO] [stdout]   21:     0x612f4d757235 - test[9d35eded1c95d3be]::run_test::{closure#0}
[INFO] [stdout]   22:     0x612f4d750af4 - std[70759c8f55707aa4]::sys::backtrace::__rust_begin_short_backtrace::<test[9d35eded1c95d3be]::run_test::{closure#1}, ()>
[INFO] [stdout]   23:     0x612f4d75a392 - <std[70759c8f55707aa4]::thread::lifecycle::spawn_unchecked<test[9d35eded1c95d3be]::run_test::{closure#1}, ()>::{closure#1} as core[df12db4294e9bfd3]::ops::function::FnOnce<()>>::call_once::{shim:vtable#0}
[INFO] [stdout]   24:     0x612f4d92ddc9 - <std[70759c8f55707aa4]::sys::thread::unix::Thread>::new::thread_start
[INFO] [stdout]   25:     0x75b330658dfa - <unknown>
[INFO] [stdout]   26:     0x75b3306ec3d4 - clone
[INFO] [stdout]   27:                0x0 - <unknown>
[INFO] [stdout] 
[INFO] [stdout] 
[INFO] [stdout] failures:
[INFO] [stdout]     model::test::test_db_filter
[INFO] [stdout]     model::test::test_db_query
[INFO] [stdout]     model::test::test_orm_delete
[INFO] [stdout]     model::test::test_orm_delete_join_with_user_type
[INFO] [stdout]     model::test::test_orm_delete_with_name_and_tel
[INFO] [stdout]     model::test::test_orm_exist_with_name
[INFO] [stdout]     model::test::test_orm_exist_with_pk
[INFO] [stdout]     model::test::test_orm_get_with_pk
[INFO] [stdout]     model::test::test_orm_insert
[INFO] [stdout]     model::test::test_orm_query_join_with_org_id
[INFO] [stdout]     model::test::test_orm_query_join_with_user_type
[INFO] [stdout]     model::test::test_orm_query_with_name
[INFO] [stdout]     model::test::test_orm_query_with_name_and_mobile
[INFO] [stdout]     model::test::test_orm_update_all
[INFO] [stdout]     model::test::test_orm_update_password
[INFO] [stdout]     model::test::test_orm_update_with_name_and_tel
[INFO] [stdout] 
[INFO] [stdout] test result: FAILED. 1 passed; 16 failed; 0 ignored; 0 measured; 0 filtered out; finished in 60.01s
[INFO] [stdout] 
[INFO] [stderr] error: test failed, to rerun pass `--lib`
[INFO] running `Command { std: "docker" "inspect" "5c298a9976184da92285dceea037e76a2dca085cb894c6b1ea2dfebea7f5f621", kill_on_drop: false }`
[INFO] running `Command { std: "docker" "rm" "-f" "5c298a9976184da92285dceea037e76a2dca085cb894c6b1ea2dfebea7f5f621", kill_on_drop: false }`
[INFO] [stdout] 5c298a9976184da92285dceea037e76a2dca085cb894c6b1ea2dfebea7f5f621
