[INFO] fetching crate tiny-xlib 0.2.5...
[INFO] testing tiny-xlib-0.2.5 against 1.100.0-beta.1+cargoflags=--release for beta-release-1.100-2
[INFO] extracting crate tiny-xlib 0.2.5 into /workspace/builds/worker-2-tc2/source
[INFO] started tweaking crates.io crate tiny-xlib 0.2.5
[INFO] removed 0 missing tests
[INFO] finished tweaking crates.io crate tiny-xlib 0.2.5
[INFO] tweaked toml for crates.io crate tiny-xlib 0.2.5 written to /workspace/builds/worker-2-tc2/source/Cargo.toml
[INFO] validating manifest of crates.io crate tiny-xlib 0.2.5 on toolchain 1.100.0-beta.1
[INFO] running `Command { std: CARGO_HOME="/workspace/cargo-home" RUSTUP_HOME="/workspace/rustup-home" "/workspace/cargo-home/bin/cargo" "+1.100.0-beta.1" "metadata" "--manifest-path" "Cargo.toml" "--no-deps", kill_on_drop: false }`
[INFO] crate crates.io crate tiny-xlib 0.2.5 already has a lockfile, it will not be regenerated
[INFO] running `Command { std: CARGO_HOME="/workspace/cargo-home" RUSTUP_HOME="/workspace/rustup-home" "/workspace/cargo-home/bin/cargo" "+1.100.0-beta.1" "fetch" "--manifest-path" "Cargo.toml", kill_on_drop: false }`
[INFO] running `Command { std: "docker" "create" "-v" "/var/lib/crater-agent-workspace/builds/worker-2-tc2/source:/opt/rustwide/workdir:ro,Z" "-v" "/var/lib/crater-agent-workspace/builds/worker-2-tc2/target:/opt/rustwide/target:rw,Z" "-v" "/var/lib/crater-agent-workspace/cargo-home:/opt/rustwide/cargo-home:ro,Z" "-v" "/var/lib/crater-agent-workspace/rustup-home:/opt/rustwide/rustup-home:ro,Z" "-m" "1610612736" "--network" "none" "ghcr.io/rust-lang/crates-build-env/linux@sha256:77db811e55d90add9212f6832c23229e3de5f1c1f9905e8cb07319ea15df73ac" "sleep" "infinity", kill_on_drop: false }`
[INFO] [stdout] 3054f6f91120b082e4cb15dd7847d25455c7b7085adbbdb282fb03fc1509d032
[INFO] running `Command { std: "docker" "start" "3054f6f91120b082e4cb15dd7847d25455c7b7085adbbdb282fb03fc1509d032", kill_on_drop: false }`
[INFO] running `Command { std: "docker" "inspect" "3054f6f91120b082e4cb15dd7847d25455c7b7085adbbdb282fb03fc1509d032", kill_on_drop: false }`
[INFO] running `Command { std: "docker" "exec" "-e" "SOURCE_DIR=/opt/rustwide/workdir" "-e" "CARGO_HOME=/opt/rustwide/cargo-home" "-e" "RUSTUP_HOME=/opt/rustwide/rustup-home" "-e" "CARGO_TARGET_DIR=/opt/rustwide/target" "-w" "/opt/rustwide/workdir" "--user" "0:0" "3054f6f91120b082e4cb15dd7847d25455c7b7085adbbdb282fb03fc1509d032" "/opt/rustwide/cargo-home/bin/cargo" "+1.100.0-beta.1" "metadata" "--no-deps" "--format-version=1", kill_on_drop: false }`
[INFO] running `Command { std: "docker" "inspect" "3054f6f91120b082e4cb15dd7847d25455c7b7085adbbdb282fb03fc1509d032", kill_on_drop: false }`
[INFO] running `Command { std: "docker" "exec" "-e" "SOURCE_DIR=/opt/rustwide/workdir" "-e" "CARGO_HOME=/opt/rustwide/cargo-home" "-e" "RUSTUP_HOME=/opt/rustwide/rustup-home" "-e" "CARGO_TARGET_DIR=/opt/rustwide/target" "-e" "CARGO_INCREMENTAL=0" "-e" "RUST_BACKTRACE=full" "-e" "RUSTFLAGS=--cap-lints=warn" "-e" "RUSTDOCFLAGS=--cap-lints=warn" "-w" "/opt/rustwide/workdir" "--user" "0:0" "3054f6f91120b082e4cb15dd7847d25455c7b7085adbbdb282fb03fc1509d032" "/opt/rustwide/cargo-home/bin/cargo" "+1.100.0-beta.1" "build" "--frozen" "--message-format=json" "--release", kill_on_drop: false }`
[INFO] [stderr]    Compiling pkg-config v0.3.27
[INFO] [stderr]    Compiling tracing-core v0.1.30
[INFO] [stderr]    Compiling as-raw-xcb-connection v1.0.0
[INFO] [stderr]    Compiling ctor v0.10.0
[INFO] [stderr]    Compiling tiny-xlib v0.2.5 (/opt/rustwide/workdir)
[INFO] [stderr]    Compiling tracing v0.1.37
[INFO] [stderr]     Finished `release` profile [optimized] target(s) in 1.77s
[INFO] running `Command { std: "docker" "inspect" "3054f6f91120b082e4cb15dd7847d25455c7b7085adbbdb282fb03fc1509d032", kill_on_drop: false }`
[INFO] running `Command { std: "docker" "exec" "-e" "SOURCE_DIR=/opt/rustwide/workdir" "-e" "CARGO_HOME=/opt/rustwide/cargo-home" "-e" "RUSTUP_HOME=/opt/rustwide/rustup-home" "-e" "CARGO_TARGET_DIR=/opt/rustwide/target" "-e" "CARGO_INCREMENTAL=0" "-e" "RUST_BACKTRACE=full" "-e" "RUSTFLAGS=--cap-lints=warn" "-e" "RUSTDOCFLAGS=--cap-lints=warn" "-w" "/opt/rustwide/workdir" "--user" "0:0" "3054f6f91120b082e4cb15dd7847d25455c7b7085adbbdb282fb03fc1509d032" "/opt/rustwide/cargo-home/bin/cargo" "+1.100.0-beta.1" "test" "--frozen" "--no-run" "--message-format=json" "--release", kill_on_drop: false }`
[INFO] [stderr]    Compiling once_cell v1.17.0
[INFO] [stderr]    Compiling proc-macro2 v1.0.39
[INFO] [stderr]    Compiling unicode-ident v1.0.0
[INFO] [stderr]    Compiling syn v1.0.98
[INFO] [stderr]    Compiling libc v0.2.146
[INFO] [stderr]    Compiling cfg-if v0.1.2
[INFO] [stderr]    Compiling lazy_static v1.3.0
[INFO] [stderr]    Compiling rustix v0.38.0
[INFO] [stderr]    Compiling bitflags v2.3.3
[INFO] [stderr]    Compiling overload v0.1.1
[INFO] [stderr]    Compiling linux-raw-sys v0.4.3
[INFO] [stderr]    Compiling x11rb-protocol v0.13.0
[INFO] [stderr]    Compiling x11-dl v2.21.0
[INFO] [stderr]    Compiling smallvec v1.9.0
[INFO] [stderr]    Compiling log v0.4.0
[INFO] [stderr]    Compiling nu-ansi-term v0.46.0
[INFO] [stderr]    Compiling sharded-slab v0.1.4
[INFO] [stderr]    Compiling tracing-core v0.1.30
[INFO] [stderr]    Compiling thread_local v1.1.4
[INFO] [stderr]    Compiling quote v1.0.0
[INFO] [stderr]    Compiling tracing-log v0.1.3
[INFO] [stderr]    Compiling tracing-subscriber v0.3.17
[INFO] [stderr]    Compiling tracing-attributes v0.1.23
[INFO] [stderr]    Compiling x11rb v0.13.0
[INFO] [stderr]    Compiling tracing v0.1.37
[INFO] [stderr]    Compiling tiny-xlib v0.2.5 (/opt/rustwide/workdir)
[INFO] [stderr]     Finished `release` profile [optimized] target(s) in 26.21s
[INFO] running `Command { std: "docker" "inspect" "3054f6f91120b082e4cb15dd7847d25455c7b7085adbbdb282fb03fc1509d032", kill_on_drop: false }`
[INFO] running `Command { std: "docker" "exec" "-e" "SOURCE_DIR=/opt/rustwide/workdir" "-e" "CARGO_HOME=/opt/rustwide/cargo-home" "-e" "RUSTUP_HOME=/opt/rustwide/rustup-home" "-e" "CARGO_TARGET_DIR=/opt/rustwide/target" "-e" "CARGO_INCREMENTAL=0" "-e" "RUST_BACKTRACE=full" "-e" "RUSTFLAGS=--cap-lints=warn" "-e" "RUSTDOCFLAGS=--cap-lints=warn" "-w" "/opt/rustwide/workdir" "--user" "0:0" "3054f6f91120b082e4cb15dd7847d25455c7b7085adbbdb282fb03fc1509d032" "/opt/rustwide/cargo-home/bin/cargo" "+1.100.0-beta.1" "test" "--frozen" "--release", kill_on_drop: false }`
[INFO] [stderr]     Finished `release` profile [optimized] target(s) in 0.06s
[INFO] [stderr]      Running unittests src/lib.rs (/opt/rustwide/target/release/build/tiny-xlib/66b47e5414791045/out/tiny_xlib-66b47e5414791045)
[INFO] [stderr]      Running tests/display.rs (/opt/rustwide/target/release/build/tiny-xlib/7b1977fe0f1535eb/out/display-7b1977fe0f1535eb)
[INFO] [stdout] 
[INFO] [stdout] running 0 tests
[INFO] [stdout] 
[INFO] [stdout] test result: ok. 0 passed; 0 failed; 0 ignored; 0 measured; 0 filtered out; finished in 0.00s
[INFO] [stdout] 
[INFO] [stdout] 
[INFO] [stdout] running 4 tests
[INFO] [stdout] test remove_and_re_insert ... FAILED
[INFO] [stdout] test display_should_be_able_to_fail_creating ... ok
[INFO] [stdout] test error_handling ... FAILED
[INFO] [stdout] test smoke ... FAILED
[INFO] [stdout] 
[INFO] [stdout] failures:
[INFO] [stdout] 
[INFO] [stdout] ---- remove_and_re_insert stdout ----
[INFO] [stdout] 
[INFO] [stdout] thread 'remove_and_re_insert' (792) panicked at tests/display.rs:96:38:
[INFO] [stdout] called `Result::unwrap()` on an `Err` value: Custom { kind: Other, error: "failed to open display" }
[INFO] [stdout] stack backtrace:
[INFO] [stdout]    0:     0x60bf93b873b1 - <<std[617be2ca0a6fd877]::sys::backtrace::BacktraceLock>::print::DisplayBacktrace as core[a373ad73a504971]::fmt::Display>::fmt
[INFO] [stdout]    1:     0x60bf93b9c28a - core[a373ad73a504971]::fmt::write
[INFO] [stdout]    2:     0x60bf93b8b70c - <alloc[2e1b2a31b91974c5]::vec::Vec<u8> as core[a373ad73a504971]::io::write::Write>::write_fmt
[INFO] [stdout]    3:     0x60bf93b634b6 - std[617be2ca0a6fd877]::panicking::default_hook::{closure#0}
[INFO] [stdout]    4:     0x60bf93b7f8b9 - std[617be2ca0a6fd877]::panicking::default_hook
[INFO] [stdout]    5:     0x60bf93b16660 - test[aada8e7e76ba119b]::test_main_inner::{closure#0}
[INFO] [stdout]    6:     0x60bf93b7fa72 - std[617be2ca0a6fd877]::panicking::panic_with_hook
[INFO] [stdout]    7:     0x60bf93b63562 - std[617be2ca0a6fd877]::panicking::panic_handler::{closure#0}
[INFO] [stdout]    8:     0x60bf93b5c249 - std[617be2ca0a6fd877]::sys::backtrace::__rust_end_short_backtrace::<std[617be2ca0a6fd877]::panicking::panic_handler::{closure#0}, !>
[INFO] [stdout]    9:     0x60bf93b6416d - __rustc[ea4f61d10b84890b]::rust_begin_unwind
[INFO] [stdout]   10:     0x60bf93b9c9ec - core[a373ad73a504971]::panicking::panic_fmt
[INFO] [stdout]   11:     0x60bf93b9c7c2 - core[a373ad73a504971]::result::unwrap_failed
[INFO] [stdout]   12:     0x60bf93adedf8 - <display[6c79122796bfd018]::remove_and_re_insert::{closure#0} as core[a373ad73a504971]::ops::function::FnOnce<()>>::call_once
[INFO] [stdout]   13:     0x60bf93b09aab - test[aada8e7e76ba119b]::__rust_begin_short_backtrace::<core[a373ad73a504971]::result::Result<(), alloc[2e1b2a31b91974c5]::string::String>, fn() -> core[a373ad73a504971]::result::Result<(), alloc[2e1b2a31b91974c5]::string::String>>
[INFO] [stdout]   14:     0x60bf93b16c85 - test[aada8e7e76ba119b]::run_test::{closure#0}
[INFO] [stdout]   15:     0x60bf93b10574 - std[617be2ca0a6fd877]::sys::backtrace::__rust_begin_short_backtrace::<test[aada8e7e76ba119b]::run_test::{closure#1}, ()>
[INFO] [stderr] error: test failed, to rerun pass `--test display`
[INFO] [stdout]   16:     0x60bf93b19d12 - <std[617be2ca0a6fd877]::thread::lifecycle::spawn_unchecked<test[aada8e7e76ba119b]::run_test::{closure#1}, ()>::{closure#1} as core[a373ad73a504971]::ops::function::FnOnce<()>>::call_once::{shim:vtable#0}
[INFO] [stdout]   17:     0x60bf93b86bdf - <std[617be2ca0a6fd877]::sys::thread::unix::Thread>::new::thread_start
[INFO] [stdout]   18:     0x783dbacd6dfa - <unknown>
[INFO] [stdout]   19:     0x783dbad6a3d4 - clone
[INFO] [stdout]   20:                0x0 - <unknown>
[INFO] [stdout] 
[INFO] [stdout] ---- error_handling stdout ----
[INFO] [stdout] 
[INFO] [stdout] thread 'error_handling' (791) panicked at tests/display.rs:42:38:
[INFO] [stdout] called `Result::unwrap()` on an `Err` value: Custom { kind: Other, error: "failed to open display" }
[INFO] [stdout] stack backtrace:
[INFO] [stdout]    0:     0x60bf93b873b1 - <<std[617be2ca0a6fd877]::sys::backtrace::BacktraceLock>::print::DisplayBacktrace as core[a373ad73a504971]::fmt::Display>::fmt
[INFO] [stdout]    1:     0x60bf93b9c28a - core[a373ad73a504971]::fmt::write
[INFO] [stdout]    2:     0x60bf93b8b70c - <alloc[2e1b2a31b91974c5]::vec::Vec<u8> as core[a373ad73a504971]::io::write::Write>::write_fmt
[INFO] [stdout]    3:     0x60bf93b634b6 - std[617be2ca0a6fd877]::panicking::default_hook::{closure#0}
[INFO] [stdout]    4:     0x60bf93b7f8b9 - std[617be2ca0a6fd877]::panicking::default_hook
[INFO] [stdout]    5:     0x60bf93b16660 - test[aada8e7e76ba119b]::test_main_inner::{closure#0}
[INFO] [stdout]    6:     0x60bf93b7fa72 - std[617be2ca0a6fd877]::panicking::panic_with_hook
[INFO] [stdout]    7:     0x60bf93b63562 - std[617be2ca0a6fd877]::panicking::panic_handler::{closure#0}
[INFO] [stdout]    8:     0x60bf93b5c249 - std[617be2ca0a6fd877]::sys::backtrace::__rust_end_short_backtrace::<std[617be2ca0a6fd877]::panicking::panic_handler::{closure#0}, !>
[INFO] [stdout]    9:     0x60bf93b6416d - __rustc[ea4f61d10b84890b]::rust_begin_unwind
[INFO] [stdout]   10:     0x60bf93b9c9ec - core[a373ad73a504971]::panicking::panic_fmt
[INFO] [stdout]   11:     0x60bf93b9c7c2 - core[a373ad73a504971]::result::unwrap_failed
[INFO] [stdout]   12:     0x60bf93ade89d - <display[6c79122796bfd018]::error_handling::{closure#0} as core[a373ad73a504971]::ops::function::FnOnce<()>>::call_once
[INFO] [stdout]   13:     0x60bf93b09aab - test[aada8e7e76ba119b]::__rust_begin_short_backtrace::<core[a373ad73a504971]::result::Result<(), alloc[2e1b2a31b91974c5]::string::String>, fn() -> core[a373ad73a504971]::result::Result<(), alloc[2e1b2a31b91974c5]::string::String>>
[INFO] [stdout]   14:     0x60bf93b16c85 - test[aada8e7e76ba119b]::run_test::{closure#0}
[INFO] [stdout]   15:     0x60bf93b10574 - std[617be2ca0a6fd877]::sys::backtrace::__rust_begin_short_backtrace::<test[aada8e7e76ba119b]::run_test::{closure#1}, ()>
[INFO] [stdout]   16:     0x60bf93b19d12 - <std[617be2ca0a6fd877]::thread::lifecycle::spawn_unchecked<test[aada8e7e76ba119b]::run_test::{closure#1}, ()>::{closure#1} as core[a373ad73a504971]::ops::function::FnOnce<()>>::call_once::{shim:vtable#0}
[INFO] [stdout]   17:     0x60bf93b86bdf - <std[617be2ca0a6fd877]::sys::thread::unix::Thread>::new::thread_start
[INFO] [stdout]   18:     0x783dbacd6dfa - <unknown>
[INFO] [stdout]   19:     0x783dbad6a3d4 - clone
[INFO] [stdout]   20:                0x0 - <unknown>
[INFO] [stdout] 
[INFO] [stdout] ---- smoke stdout ----
[INFO] [stdout] 
[INFO] [stdout] thread 'smoke' (793) panicked at tests/display.rs:29:38:
[INFO] [stdout] called `Result::unwrap()` on an `Err` value: Custom { kind: Other, error: "failed to open display" }
[INFO] [stdout] stack backtrace:
[INFO] [stdout]    0:     0x60bf93b873b1 - <<std[617be2ca0a6fd877]::sys::backtrace::BacktraceLock>::print::DisplayBacktrace as core[a373ad73a504971]::fmt::Display>::fmt
[INFO] [stdout]    1:     0x60bf93b9c28a - core[a373ad73a504971]::fmt::write
[INFO] [stdout]    2:     0x60bf93b8b70c - <alloc[2e1b2a31b91974c5]::vec::Vec<u8> as core[a373ad73a504971]::io::write::Write>::write_fmt
[INFO] [stdout]    3:     0x60bf93b634b6 - std[617be2ca0a6fd877]::panicking::default_hook::{closure#0}
[INFO] [stdout]    4:     0x60bf93b7f8b9 - std[617be2ca0a6fd877]::panicking::default_hook
[INFO] [stdout]    5:     0x60bf93b16660 - test[aada8e7e76ba119b]::test_main_inner::{closure#0}
[INFO] [stdout]    6:     0x60bf93b7fa72 - std[617be2ca0a6fd877]::panicking::panic_with_hook
[INFO] [stdout]    7:     0x60bf93b63562 - std[617be2ca0a6fd877]::panicking::panic_handler::{closure#0}
[INFO] [stdout]    8:     0x60bf93b5c249 - std[617be2ca0a6fd877]::sys::backtrace::__rust_end_short_backtrace::<std[617be2ca0a6fd877]::panicking::panic_handler::{closure#0}, !>
[INFO] [stdout]    9:     0x60bf93b6416d - __rustc[ea4f61d10b84890b]::rust_begin_unwind
[INFO] [stdout]   10:     0x60bf93b9c9ec - core[a373ad73a504971]::panicking::panic_fmt
[INFO] [stdout]   11:     0x60bf93b9c7c2 - core[a373ad73a504971]::result::unwrap_failed
[INFO] [stdout]   12:     0x60bf93adf41a - <display[6c79122796bfd018]::smoke::{closure#0} as core[a373ad73a504971]::ops::function::FnOnce<()>>::call_once
[INFO] [stdout]   13:     0x60bf93b09aab - test[aada8e7e76ba119b]::__rust_begin_short_backtrace::<core[a373ad73a504971]::result::Result<(), alloc[2e1b2a31b91974c5]::string::String>, fn() -> core[a373ad73a504971]::result::Result<(), alloc[2e1b2a31b91974c5]::string::String>>
[INFO] [stdout]   14:     0x60bf93b16c85 - test[aada8e7e76ba119b]::run_test::{closure#0}
[INFO] [stdout]   15:     0x60bf93b10574 - std[617be2ca0a6fd877]::sys::backtrace::__rust_begin_short_backtrace::<test[aada8e7e76ba119b]::run_test::{closure#1}, ()>
[INFO] [stdout]   16:     0x60bf93b19d12 - <std[617be2ca0a6fd877]::thread::lifecycle::spawn_unchecked<test[aada8e7e76ba119b]::run_test::{closure#1}, ()>::{closure#1} as core[a373ad73a504971]::ops::function::FnOnce<()>>::call_once::{shim:vtable#0}
[INFO] [stdout]   17:     0x60bf93b86bdf - <std[617be2ca0a6fd877]::sys::thread::unix::Thread>::new::thread_start
[INFO] [stdout]   18:     0x783dbacd6dfa - <unknown>
[INFO] [stdout]   19:     0x783dbad6a3d4 - clone
[INFO] [stdout]   20:                0x0 - <unknown>
[INFO] [stdout] 
[INFO] [stdout] 
[INFO] [stdout] failures:
[INFO] [stdout]     error_handling
[INFO] [stdout]     remove_and_re_insert
[INFO] [stdout]     smoke
[INFO] [stdout] 
[INFO] [stdout] test result: FAILED. 1 passed; 3 failed; 0 ignored; 0 measured; 0 filtered out; finished in 0.01s
[INFO] [stdout] 
[INFO] running `Command { std: "docker" "inspect" "3054f6f91120b082e4cb15dd7847d25455c7b7085adbbdb282fb03fc1509d032", kill_on_drop: false }`
[INFO] running `Command { std: "docker" "rm" "-f" "3054f6f91120b082e4cb15dd7847d25455c7b7085adbbdb282fb03fc1509d032", kill_on_drop: false }`
[INFO] [stdout] 3054f6f91120b082e4cb15dd7847d25455c7b7085adbbdb282fb03fc1509d032
