[INFO] fetching crate tiny-std 0.4.0...
[INFO] testing tiny-std-0.4.0 against 1.100.0-beta.1+cargoflags=--release for beta-release-1.100-2
[INFO] extracting crate tiny-std 0.4.0 into /workspace/builds/worker-2-tc2/source
[INFO] started tweaking crates.io crate tiny-std 0.4.0
[INFO] finished tweaking crates.io crate tiny-std 0.4.0
[INFO] tweaked toml for crates.io crate tiny-std 0.4.0 written to /workspace/builds/worker-2-tc2/source/Cargo.toml
[INFO] validating manifest of crates.io crate tiny-std 0.4.0 on toolchain 1.100.0-beta.1
[INFO] running `Command { std: CARGO_HOME="/workspace/cargo-home" RUSTUP_HOME="/workspace/rustup-home" "/workspace/cargo-home/bin/cargo" "+1.100.0-beta.1" "metadata" "--manifest-path" "Cargo.toml" "--no-deps", kill_on_drop: false }`
[INFO] crate crates.io crate tiny-std 0.4.0 already has a lockfile, it will not be regenerated
[INFO] running `Command { std: CARGO_HOME="/workspace/cargo-home" RUSTUP_HOME="/workspace/rustup-home" "/workspace/cargo-home/bin/cargo" "+1.100.0-beta.1" "fetch" "--manifest-path" "Cargo.toml", kill_on_drop: false }`
[INFO] [stderr] warning: `package.homepage` is redundant with `package.repository`
[INFO] [stderr]   --> Cargo.toml:43:12
[INFO] [stderr]    |
[INFO] [stderr] 43 | homepage = "https://github.com/MarcusGrass/tiny-std"
[INFO] [stderr]    |            ^^^^^^^^^^^^^^^^^^^^^^^^^^^^^^^^^^^^^^^^^
[INFO] [stderr] ...
[INFO] [stderr] 48 | repository = "https://github.com/MarcusGrass/tiny-std"
[INFO] [stderr]    |              -----------------------------------------
[INFO] [stderr]    |
[INFO] [stderr]    = note: `cargo::redundant_homepage` is set to `warn` by default
[INFO] [stderr] help: consider removing `package.homepage`
[INFO] [stderr] warning: `tiny-std` (manifest) generated 1 warning
[INFO] running `Command { std: "docker" "create" "-v" "/var/lib/crater-agent-workspace/builds/worker-2-tc2/source:/opt/rustwide/workdir:ro,Z" "-v" "/var/lib/crater-agent-workspace/builds/worker-2-tc2/target:/opt/rustwide/target:rw,Z" "-v" "/var/lib/crater-agent-workspace/cargo-home:/opt/rustwide/cargo-home:ro,Z" "-v" "/var/lib/crater-agent-workspace/rustup-home:/opt/rustwide/rustup-home:ro,Z" "-m" "1610612736" "--network" "none" "ghcr.io/rust-lang/crates-build-env/linux@sha256:77db811e55d90add9212f6832c23229e3de5f1c1f9905e8cb07319ea15df73ac" "sleep" "infinity", kill_on_drop: false }`
[INFO] [stdout] a9284612bf1a8247a9a20f7567be5c1da8c25967e2fcb1aee9cff31ee62390f2
[INFO] running `Command { std: "docker" "start" "a9284612bf1a8247a9a20f7567be5c1da8c25967e2fcb1aee9cff31ee62390f2", kill_on_drop: false }`
[INFO] running `Command { std: "docker" "inspect" "a9284612bf1a8247a9a20f7567be5c1da8c25967e2fcb1aee9cff31ee62390f2", kill_on_drop: false }`
[INFO] running `Command { std: "docker" "exec" "-e" "SOURCE_DIR=/opt/rustwide/workdir" "-e" "CARGO_HOME=/opt/rustwide/cargo-home" "-e" "RUSTUP_HOME=/opt/rustwide/rustup-home" "-e" "CARGO_TARGET_DIR=/opt/rustwide/target" "-w" "/opt/rustwide/workdir" "--user" "0:0" "a9284612bf1a8247a9a20f7567be5c1da8c25967e2fcb1aee9cff31ee62390f2" "/opt/rustwide/cargo-home/bin/cargo" "+1.100.0-beta.1" "metadata" "--no-deps" "--format-version=1", kill_on_drop: false }`
[INFO] running `Command { std: "docker" "inspect" "a9284612bf1a8247a9a20f7567be5c1da8c25967e2fcb1aee9cff31ee62390f2", kill_on_drop: false }`
[INFO] running `Command { std: "docker" "exec" "-e" "SOURCE_DIR=/opt/rustwide/workdir" "-e" "CARGO_HOME=/opt/rustwide/cargo-home" "-e" "RUSTUP_HOME=/opt/rustwide/rustup-home" "-e" "CARGO_TARGET_DIR=/opt/rustwide/target" "-e" "CARGO_INCREMENTAL=0" "-e" "RUST_BACKTRACE=full" "-e" "RUSTFLAGS=--cap-lints=warn" "-e" "RUSTDOCFLAGS=--cap-lints=warn" "-w" "/opt/rustwide/workdir" "--user" "0:0" "a9284612bf1a8247a9a20f7567be5c1da8c25967e2fcb1aee9cff31ee62390f2" "/opt/rustwide/cargo-home/bin/cargo" "+1.100.0-beta.1" "build" "--frozen" "--message-format=json" "--release", kill_on_drop: false }`
[INFO] [stderr] warning: `package.homepage` is redundant with `package.repository`
[INFO] [stderr]   --> Cargo.toml:43:12
[INFO] [stderr]    |
[INFO] [stderr] 43 | homepage = "https://github.com/MarcusGrass/tiny-std"
[INFO] [stderr]    |            ^^^^^^^^^^^^^^^^^^^^^^^^^^^^^^^^^^^^^^^^^
[INFO] [stderr] ...
[INFO] [stderr] 48 | repository = "https://github.com/MarcusGrass/tiny-std"
[INFO] [stderr]    |              -----------------------------------------
[INFO] [stderr]    |
[INFO] [stderr]    = note: `cargo::redundant_homepage` is set to `warn` by default
[INFO] [stderr] help: consider removing `package.homepage`
[INFO] [stderr] warning: `tiny-std` (manifest) generated 1 warning
[INFO] [stderr]    Compiling sc v0.2.7
[INFO] [stderr]    Compiling linux-rust-bindings v0.1.3
[INFO] [stderr]    Compiling rusl v0.5.1
[INFO] [stderr]    Compiling tiny-std v0.4.0 (/opt/rustwide/workdir)
[INFO] [stdout] warning: use of deprecated method `core::sync::atomic::Atomic::<u32>::fetch_update`: renamed to `try_update` for consistency
[INFO] [stdout]    --> src/sync/rwlock.rs:209:14
[INFO] [stdout]     |
[INFO] [stdout] 209 |             .fetch_update(Acquire, Relaxed, |s| {
[INFO] [stdout]     |              ^^^^^^^^^^^^
[INFO] [stdout]     |
[INFO] [stdout]     = note: `#[warn(deprecated)]` on by default
[INFO] [stdout] help: replace the use of the deprecated method
[INFO] [stdout]     |
[INFO] [stdout] 209 -             .fetch_update(Acquire, Relaxed, |s| {
[INFO] [stdout] 209 +             .try_update(Acquire, Relaxed, |s| {
[INFO] [stdout]     |
[INFO] [stdout] 
[INFO] [stdout] 
[INFO] [stdout] warning: use of deprecated method `core::sync::atomic::Atomic::<u32>::fetch_update`: renamed to `try_update` for consistency
[INFO] [stdout]    --> src/sync/rwlock.rs:289:14
[INFO] [stdout]     |
[INFO] [stdout] 289 |             .fetch_update(Acquire, Relaxed, |s| {
[INFO] [stdout]     |              ^^^^^^^^^^^^
[INFO] [stdout]     |
[INFO] [stdout] help: replace the use of the deprecated method
[INFO] [stdout]     |
[INFO] [stdout] 289 -             .fetch_update(Acquire, Relaxed, |s| {
[INFO] [stdout] 289 +             .try_update(Acquire, Relaxed, |s| {
[INFO] [stdout]     |
[INFO] [stdout] 
[INFO] [stdout] 
[INFO] [stderr]     Finished `release` profile [optimized] target(s) in 2.44s
[INFO] running `Command { std: "docker" "inspect" "a9284612bf1a8247a9a20f7567be5c1da8c25967e2fcb1aee9cff31ee62390f2", kill_on_drop: false }`
[INFO] running `Command { std: "docker" "exec" "-e" "SOURCE_DIR=/opt/rustwide/workdir" "-e" "CARGO_HOME=/opt/rustwide/cargo-home" "-e" "RUSTUP_HOME=/opt/rustwide/rustup-home" "-e" "CARGO_TARGET_DIR=/opt/rustwide/target" "-e" "CARGO_INCREMENTAL=0" "-e" "RUST_BACKTRACE=full" "-e" "RUSTFLAGS=--cap-lints=warn" "-e" "RUSTDOCFLAGS=--cap-lints=warn" "-w" "/opt/rustwide/workdir" "--user" "0:0" "a9284612bf1a8247a9a20f7567be5c1da8c25967e2fcb1aee9cff31ee62390f2" "/opt/rustwide/cargo-home/bin/cargo" "+1.100.0-beta.1" "test" "--frozen" "--no-run" "--message-format=json" "--release", kill_on_drop: false }`
[INFO] [stderr] warning: `package.homepage` is redundant with `package.repository`
[INFO] [stderr]   --> Cargo.toml:43:12
[INFO] [stderr]    |
[INFO] [stderr] 43 | homepage = "https://github.com/MarcusGrass/tiny-std"
[INFO] [stderr]    |            ^^^^^^^^^^^^^^^^^^^^^^^^^^^^^^^^^^^^^^^^^
[INFO] [stderr] ...
[INFO] [stderr] 48 | repository = "https://github.com/MarcusGrass/tiny-std"
[INFO] [stderr]    |              -----------------------------------------
[INFO] [stderr]    |
[INFO] [stderr]    = note: `cargo::redundant_homepage` is set to `warn` by default
[INFO] [stderr] help: consider removing `package.homepage`
[INFO] [stderr] warning: `tiny-std` (manifest) generated 1 warning
[INFO] [stderr]    Compiling tiny-std v0.4.0 (/opt/rustwide/workdir)
[INFO] [stdout] warning: use of deprecated method `core::sync::atomic::Atomic::<u32>::fetch_update`: renamed to `try_update` for consistency
[INFO] [stdout]    --> src/sync/rwlock.rs:209:14
[INFO] [stdout]     |
[INFO] [stdout] 209 |             .fetch_update(Acquire, Relaxed, |s| {
[INFO] [stdout]     |              ^^^^^^^^^^^^
[INFO] [stdout]     |
[INFO] [stdout]     = note: `#[warn(deprecated)]` on by default
[INFO] [stdout] help: replace the use of the deprecated method
[INFO] [stdout]     |
[INFO] [stdout] 209 -             .fetch_update(Acquire, Relaxed, |s| {
[INFO] [stdout] 209 +             .try_update(Acquire, Relaxed, |s| {
[INFO] [stdout]     |
[INFO] [stdout] 
[INFO] [stdout] 
[INFO] [stdout] warning: use of deprecated method `core::sync::atomic::Atomic::<u32>::fetch_update`: renamed to `try_update` for consistency
[INFO] [stdout]    --> src/sync/rwlock.rs:289:14
[INFO] [stdout]     |
[INFO] [stdout] 289 |             .fetch_update(Acquire, Relaxed, |s| {
[INFO] [stdout]     |              ^^^^^^^^^^^^
[INFO] [stdout]     |
[INFO] [stdout] help: replace the use of the deprecated method
[INFO] [stdout]     |
[INFO] [stdout] 289 -             .fetch_update(Acquire, Relaxed, |s| {
[INFO] [stdout] 289 +             .try_update(Acquire, Relaxed, |s| {
[INFO] [stdout]     |
[INFO] [stdout] 
[INFO] [stdout] 
[INFO] [stdout] warning: use of deprecated method `std::sync::atomic::Atomic::<u32>::fetch_update`: renamed to `try_update` for consistency
[INFO] [stdout]    --> src/sync/rwlock.rs:209:14
[INFO] [stdout]     |
[INFO] [stdout] 209 |             .fetch_update(Acquire, Relaxed, |s| {
[INFO] [stdout]     |              ^^^^^^^^^^^^
[INFO] [stdout]     |
[INFO] [stdout]     = note: `#[warn(deprecated)]` on by default
[INFO] [stdout] help: replace the use of the deprecated method
[INFO] [stdout]     |
[INFO] [stdout] 209 -             .fetch_update(Acquire, Relaxed, |s| {
[INFO] [stdout] 209 +             .try_update(Acquire, Relaxed, |s| {
[INFO] [stdout]     |
[INFO] [stdout] 
[INFO] [stdout] 
[INFO] [stdout] warning: use of deprecated method `std::sync::atomic::Atomic::<u32>::fetch_update`: renamed to `try_update` for consistency
[INFO] [stdout]    --> src/sync/rwlock.rs:289:14
[INFO] [stdout]     |
[INFO] [stdout] 289 |             .fetch_update(Acquire, Relaxed, |s| {
[INFO] [stdout]     |              ^^^^^^^^^^^^
[INFO] [stdout]     |
[INFO] [stdout] help: replace the use of the deprecated method
[INFO] [stdout]     |
[INFO] [stdout] 289 -             .fetch_update(Acquire, Relaxed, |s| {
[INFO] [stdout] 289 +             .try_update(Acquire, Relaxed, |s| {
[INFO] [stdout]     |
[INFO] [stdout] 
[INFO] [stdout] 
[INFO] [stderr]     Finished `release` profile [optimized] target(s) in 2.58s
[INFO] running `Command { std: "docker" "inspect" "a9284612bf1a8247a9a20f7567be5c1da8c25967e2fcb1aee9cff31ee62390f2", kill_on_drop: false }`
[INFO] running `Command { std: "docker" "exec" "-e" "SOURCE_DIR=/opt/rustwide/workdir" "-e" "CARGO_HOME=/opt/rustwide/cargo-home" "-e" "RUSTUP_HOME=/opt/rustwide/rustup-home" "-e" "CARGO_TARGET_DIR=/opt/rustwide/target" "-e" "CARGO_INCREMENTAL=0" "-e" "RUST_BACKTRACE=full" "-e" "RUSTFLAGS=--cap-lints=warn" "-e" "RUSTDOCFLAGS=--cap-lints=warn" "-w" "/opt/rustwide/workdir" "--user" "0:0" "a9284612bf1a8247a9a20f7567be5c1da8c25967e2fcb1aee9cff31ee62390f2" "/opt/rustwide/cargo-home/bin/cargo" "+1.100.0-beta.1" "test" "--frozen" "--release", kill_on_drop: false }`
[INFO] [stderr] warning: `package.homepage` is redundant with `package.repository`
[INFO] [stderr]   --> Cargo.toml:43:12
[INFO] [stderr]    |
[INFO] [stderr] 43 | homepage = "https://github.com/MarcusGrass/tiny-std"
[INFO] [stderr]    |            ^^^^^^^^^^^^^^^^^^^^^^^^^^^^^^^^^^^^^^^^^
[INFO] [stderr] ...
[INFO] [stderr] 48 | repository = "https://github.com/MarcusGrass/tiny-std"
[INFO] [stderr]    |              -----------------------------------------
[INFO] [stderr]    |
[INFO] [stderr]    = note: `cargo::redundant_homepage` is set to `warn` by default
[INFO] [stderr] help: consider removing `package.homepage`
[INFO] [stderr] warning: `tiny-std` (manifest) generated 1 warning
[INFO] [stderr] warning: use of deprecated method `core::sync::atomic::Atomic::<u32>::fetch_update`: renamed to `try_update` for consistency
[INFO] [stderr]    --> src/sync/rwlock.rs:209:14
[INFO] [stderr]     |
[INFO] [stderr] 209 |             .fetch_update(Acquire, Relaxed, |s| {
[INFO] [stderr]     |              ^^^^^^^^^^^^
[INFO] [stderr]     |
[INFO] [stderr]     = note: `#[warn(deprecated)]` on by default
[INFO] [stderr] help: replace the use of the deprecated method
[INFO] [stderr]     |
[INFO] [stderr] 209 -             .fetch_update(Acquire, Relaxed, |s| {
[INFO] [stderr] 209 +             .try_update(Acquire, Relaxed, |s| {
[INFO] [stderr]     |
[INFO] [stderr] 
[INFO] [stderr] warning: use of deprecated method `core::sync::atomic::Atomic::<u32>::fetch_update`: renamed to `try_update` for consistency
[INFO] [stderr]    --> src/sync/rwlock.rs:289:14
[INFO] [stderr]     |
[INFO] [stderr] 289 |             .fetch_update(Acquire, Relaxed, |s| {
[INFO] [stderr]     |              ^^^^^^^^^^^^
[INFO] [stderr]     |
[INFO] [stderr] help: replace the use of the deprecated method
[INFO] [stderr]     |
[INFO] [stderr] 289 -             .fetch_update(Acquire, Relaxed, |s| {
[INFO] [stderr] 289 +             .try_update(Acquire, Relaxed, |s| {
[INFO] [stderr]     |
[INFO] [stderr] 
[INFO] [stderr] warning: use of deprecated method `std::sync::atomic::Atomic::<u32>::fetch_update`: renamed to `try_update` for consistency
[INFO] [stderr]    --> src/sync/rwlock.rs:209:14
[INFO] [stderr]     |
[INFO] [stderr] 209 |             .fetch_update(Acquire, Relaxed, |s| {
[INFO] [stderr]     |              ^^^^^^^^^^^^
[INFO] [stderr]     |
[INFO] [stderr]     = note: `#[warn(deprecated)]` on by default
[INFO] [stderr] help: replace the use of the deprecated method
[INFO] [stderr]     |
[INFO] [stderr] 209 -             .fetch_update(Acquire, Relaxed, |s| {
[INFO] [stderr] 209 +             .try_update(Acquire, Relaxed, |s| {
[INFO] [stderr]     |
[INFO] [stderr] 
[INFO] [stderr] warning: use of deprecated method `std::sync::atomic::Atomic::<u32>::fetch_update`: renamed to `try_update` for consistency
[INFO] [stderr]    --> src/sync/rwlock.rs:289:14
[INFO] [stderr]     |
[INFO] [stderr] 289 |             .fetch_update(Acquire, Relaxed, |s| {
[INFO] [stderr]     |              ^^^^^^^^^^^^
[INFO] [stderr]     |
[INFO] [stderr] help: replace the use of the deprecated method
[INFO] [stderr]     |
[INFO] [stderr] 289 -             .fetch_update(Acquire, Relaxed, |s| {
[INFO] [stderr] 289 +             .try_update(Acquire, Relaxed, |s| {
[INFO] [stderr]     |
[INFO] [stderr] 
[INFO] [stderr] warning: `tiny-std` (lib) generated 2 warnings (run `cargo fix --lib -p tiny-std` to apply 2 suggestions)
[INFO] [stderr] warning: `tiny-std` (lib test) generated 2 warnings (run `cargo fix --lib -p tiny-std --tests` to apply 2 suggestions)
[INFO] [stderr]     Finished `release` profile [optimized] target(s) in 0.05s
[INFO] [stderr]      Running unittests src/lib.rs (/opt/rustwide/target/release/build/tiny-std/18ad04267c38430b/out/tiny_std-18ad04267c38430b)
[INFO] [stdout] 
[INFO] [stdout] running 67 tests
[INFO] [stdout] test fs::test::can_create_remove_dir_all ... FAILED
[INFO] [stdout] test fs::test::can_open_and_read_dir ... FAILED
[INFO] [stdout] test fs::test::can_create_remove_dir_all_trailing_slash ... FAILED
[INFO] [stdout] test fs::test::cant_create_empty_dir_all ... ok
[INFO] [stdout] test fs::test::can_stat ... ok
[INFO] [stdout] test fs::test::can_read_null_term_path ... FAILED
[INFO] [stdout] test fs::test::can_create_and_delete_file ... FAILED
[INFO] [stdout] test fs::test::can_read_to_string ... FAILED
[INFO] [stdout] test fs::test::can_create_with_write ... FAILED
[INFO] [stdout] test fs::test::can_replace_with_write ... FAILED
[INFO] [stdout] test fs::test::file_can_be_moved ... FAILED
[INFO] [stdout] test fs::test::can_create_read_and_write_file ... FAILED
[INFO] [stdout] test fs::test::can_read_to_vec ... FAILED
[INFO] [stdout] test fs::test::file_exists_when_exists ... FAILED
[INFO] [stdout] test fs::test::can_create_and_delete_dir ... FAILED
[INFO] [stdout] test fs::test::create_read_and_delete_dir_with_a_lot_of_files ... FAILED
[INFO] [stdout] test net::test::test_tcp_try_connect_then_block ... ok
[INFO] [stdout] test net::test::test_tcp_ping_pong ... ok
[INFO] [stdout] test net::test::test_tcp_try_accept ... ok
[INFO] [stdout] test net::test::test_unix_try_accept ... ok
[INFO] [stdout] test net::test::test_unix_ping_pong ... ok
[INFO] [stdout] test fs::test::read_after_write_needs_reseek ... FAILED
[INFO] [stdout] test net::test::test_unix_try_connect ... ok
[INFO] [stdout] test net::test::test_tcp_try_connect ... ok
[INFO] [stdout] test time::test::system_time_add_sub_cmp ... ok
[INFO] [stdout] test sync::rwlock::tests::can_lock ... ok
[INFO] [stdout] test sync::tests::wait_fast_shortcircuit ... ok
[INFO] [stdout] test time::test::instant_add_sub_cmp ... ok
[INFO] [stdout] test time::test::instant_ever_increasing ... ok
[INFO] [stdout] test time::tests::instant_arithmetic ... ok
[INFO] [stdout] test time::test::monotonic_ever_increasing ... ok
[INFO] [stdout] test time::tests::instant_now ... ok
[INFO] [stdout] test linux::epoll::tests::test_epoll_driver ... ok
[INFO] [stdout] test sync::rwlock::tests::can_try_rw_single_thread_contended ... ok
[INFO] [stdout] test time::tests::nano_underflow_subs ... ok
[INFO] [stdout] test time::tests::system_time_arithmetic ... ok
[INFO] [stdout] test sync::tests::wait_fast_cant_short ... ok
[INFO] [stdout] test unix::misc::openpty::tests::rewrite_single ... ok
[INFO] [stdout] test time::tests::ts_underflow_sub ... ok
[INFO] [stdout] test unix::passwd::getpw_r::tests::last_entry_tiny_buf ... FAILED
[INFO] [stdout] test unix::misc::openpty::tests::rewrite_triple ... ok
[INFO] [stderr] [src/unix/print.rs:157]
[INFO] [stdout] test unix::misc::openpty::tests::rewrite_double ... ok
[INFO] [stderr] [src/unix/print.rs:159] val = 5
[INFO] [stdout] test unix::passwd::getpw_r::tests::parse_num ... ok
[INFO] [stdout] test unix::passwd::getpw_r::tests::pwd_by_uid ... ok
[INFO] [stdout] test time::tests::nano_overflow_adds ... ok
[INFO] [stdout] test unix::passwd::getpw_r::tests::pwd_by_missing ... ok
[INFO] [stdout] test unix::passwd::getpw_r::tests::pwd_line ... ok
[INFO] [stdout] test unix::passwd::getpw_r::tests::line_by_line ... ok
[INFO] [stdout] test unix::print::tests::test_dbgs ... ok
[INFO] [stdout] test unix::passwd::getpw_r::tests::search_pwd_normal_sized_buf ... FAILED
[INFO] [stdout] test unix::misc::openpty::tests::rewrite_name ... ok
[INFO] [stdout] -- FirstMy first two messages were cutoff but it's fine
[INFO] [stdout] -- Second
[INFO] [stdout] Hello there me
[INFO] [stdout] test net::test::test_tcp_accept_timeout ... ok
[INFO] [stderr] -- First
[INFO] [stdout] test net::test::test_unix_accept_timeout ... ok
[INFO] [stderr] My first two messages were cutoff but it's fine
[INFO] [stdout] test unix::passwd::getpw_r::tests::search_pwd_small_buf ... FAILED
[INFO] [stderr] -- Second
[INFO] [stdout] test unix::random::tests::gets_pseudo_random ... ok
[INFO] [stderr] Hello there me
[INFO] [stdout] test unix::print::tests::test_prints ... ok
[INFO] [stdout] test unix::random::tests::gets_random ... ok
[INFO] [stdout] test unix::random::tests::prng_seeded_not_same ... ok
[INFO] [stdout] test time::tests::monotonic_to_instant ... ok
[INFO] [stdout] test unix::host_name::tests::get_host_name ... ok
[INFO] [stdout] test time::tests::ts_underflow_checked ... ok
[INFO] [stdout] test thread::tests::try_sleep ... ok
[INFO] [stdout] test sync::mutex::tests::lock_threaded_mutex ... ok
[INFO] [stdout] test time::tests::system_time_now ... ok
[INFO] [stdout] test unix::print::tests::test_eprints ... ok
[INFO] [stdout] test sync::mutex::tests::try_lock_threaded_mutex ... ok
[INFO] [stdout] test sync::rwlock::tests::can_mutex_contended ... ok
[INFO] [stdout] 
[INFO] [stdout] failures:
[INFO] [stdout] 
[INFO] [stdout] ---- fs::test::can_create_remove_dir_all stdout ----
[INFO] [stdout] 
[INFO] [stdout] thread 'fs::test::can_create_remove_dir_all' (199) panicked at src/fs/test.rs:245:42:
[INFO] [stdout] called `Result::unwrap()` on an `Err` value: OsError { msg: ``MKDIRAT` syscall failed`, code: [30]: EROFS: Read-only file system }
[INFO] [stdout] stack backtrace:
[INFO] [stdout]    0:     0x5a5c3150b051 - <<std[617be2ca0a6fd877]::sys::backtrace::BacktraceLock>::print::DisplayBacktrace as core[a373ad73a504971]::fmt::Display>::fmt
[INFO] [stdout]    1:     0x5a5c3151f04a - core[a373ad73a504971]::fmt::write
[INFO] [stdout]    2:     0x5a5c3150f26c - <alloc[2e1b2a31b91974c5]::vec::Vec<u8> as core[a373ad73a504971]::io::write::Write>::write_fmt
[INFO] [stdout]    3:     0x5a5c314e73f6 - std[617be2ca0a6fd877]::panicking::default_hook::{closure#0}
[INFO] [stdout]    4:     0x5a5c31503629 - std[617be2ca0a6fd877]::panicking::default_hook
[INFO] [stdout]    5:     0x5a5c3149f520 - test[aada8e7e76ba119b]::test_main_inner::{closure#0}
[INFO] [stdout]    6:     0x5a5c315037e2 - std[617be2ca0a6fd877]::panicking::panic_with_hook
[INFO] [stdout]    7:     0x5a5c314e74a2 - std[617be2ca0a6fd877]::panicking::panic_handler::{closure#0}
[INFO] [stdout]    8:     0x5a5c314e01b9 - std[617be2ca0a6fd877]::sys::backtrace::__rust_end_short_backtrace::<std[617be2ca0a6fd877]::panicking::panic_handler::{closure#0}, !>
[INFO] [stdout]    9:     0x5a5c314e80ad - __rustc[ea4f61d10b84890b]::rust_begin_unwind
[INFO] [stdout]   10:     0x5a5c3151f77c - core[a373ad73a504971]::panicking::panic_fmt
[INFO] [stdout]   11:     0x5a5c3151f552 - core[a373ad73a504971]::result::unwrap_failed
[INFO] [stdout]   12:     0x5a5c31480f82 - tiny_std[e7b7d670584a58be]::fs::test::create_remove_dir_all
[INFO] [stdout]   13:     0x5a5c31483b5c - <tiny_std[e7b7d670584a58be]::fs::test::can_create_remove_dir_all::{closure#0} as core[a373ad73a504971]::ops::function::FnOnce<()>>::call_once
[INFO] [stdout]   14:     0x5a5c3149296b - test[aada8e7e76ba119b]::__rust_begin_short_backtrace::<core[a373ad73a504971]::result::Result<(), alloc[2e1b2a31b91974c5]::string::String>, fn() -> core[a373ad73a504971]::result::Result<(), alloc[2e1b2a31b91974c5]::string::String>>
[INFO] [stdout]   15:     0x5a5c3149fb45 - test[aada8e7e76ba119b]::run_test::{closure#0}
[INFO] [stdout]   16:     0x5a5c31499434 - std[617be2ca0a6fd877]::sys::backtrace::__rust_begin_short_backtrace::<test[aada8e7e76ba119b]::run_test::{closure#1}, ()>
[INFO] [stdout]   17:     0x5a5c314a2bd2 - <std[617be2ca0a6fd877]::thread::lifecycle::spawn_unchecked<test[aada8e7e76ba119b]::run_test::{closure#1}, ()>::{closure#1} as core[a373ad73a504971]::ops::function::FnOnce<()>>::call_once::{shim:vtable#0}
[INFO] [stdout]   18:     0x5a5c3150a8af - <std[617be2ca0a6fd877]::sys::thread::unix::Thread>::new::thread_start
[INFO] [stdout]   19:     0x70935405edfa - <unknown>
[INFO] [stdout]   20:     0x7093540f23d4 - clone
[INFO] [stdout]   21:                0x0 - <unknown>
[INFO] [stdout] 
[INFO] [stdout] ---- fs::test::can_open_and_read_dir stdout ----
[INFO] [stdout] 
[INFO] [stdout] thread 'fs::test::can_open_and_read_dir' (202) panicked at src/fs/test.rs:135:47:
[INFO] [stdout] called `Result::unwrap()` on an `Err` value: OsError { msg: ``OPENAT` syscall failed`, code: [2]: ENOENT: No such file or directory }
[INFO] [stdout] stack backtrace:
[INFO] [stdout]    0:     0x5a5c3150b051 - <<std[617be2ca0a6fd877]::sys::backtrace::BacktraceLock>::print::DisplayBacktrace as core[a373ad73a504971]::fmt::Display>::fmt
[INFO] [stdout]    1:     0x5a5c3151f04a - core[a373ad73a504971]::fmt::write
[INFO] [stdout]    2:     0x5a5c3150f26c - <alloc[2e1b2a31b91974c5]::vec::Vec<u8> as core[a373ad73a504971]::io::write::Write>::write_fmt
[INFO] [stdout]    3:     0x5a5c314e73f6 - std[617be2ca0a6fd877]::panicking::default_hook::{closure#0}
[INFO] [stdout]    4:     0x5a5c31503629 - std[617be2ca0a6fd877]::panicking::default_hook
[INFO] [stdout]    5:     0x5a5c3149f520 - test[aada8e7e76ba119b]::test_main_inner::{closure#0}
[INFO] [stdout]    6:     0x5a5c315037e2 - std[617be2ca0a6fd877]::panicking::panic_with_hook
[INFO] [stdout]    7:     0x5a5c314e74a2 - std[617be2ca0a6fd877]::panicking::panic_handler::{closure#0}
[INFO] [stdout]    8:     0x5a5c314e01b9 - std[617be2ca0a6fd877]::sys::backtrace::__rust_end_short_backtrace::<std[617be2ca0a6fd877]::panicking::panic_handler::{closure#0}, !>
[INFO] [stdout]    9:     0x5a5c314e80ad - __rustc[ea4f61d10b84890b]::rust_begin_unwind
[INFO] [stdout]   10:     0x5a5c3151f77c - core[a373ad73a504971]::panicking::panic_fmt
[INFO] [stdout]   11:     0x5a5c3151f552 - core[a373ad73a504971]::result::unwrap_failed
[INFO] [stdout]   12:     0x5a5c31482cb4 - <tiny_std[e7b7d670584a58be]::fs::test::can_open_and_read_dir::{closure#0} as core[a373ad73a504971]::ops::function::FnOnce<()>>::call_once
[INFO] [stdout]   13:     0x5a5c3149296b - test[aada8e7e76ba119b]::__rust_begin_short_backtrace::<core[a373ad73a504971]::result::Result<(), alloc[2e1b2a31b91974c5]::string::String>, fn() -> core[a373ad73a504971]::result::Result<(), alloc[2e1b2a31b91974c5]::string::String>>
[INFO] [stdout]   14:     0x5a5c3149fb45 - test[aada8e7e76ba119b]::run_test::{closure#0}
[INFO] [stdout]   15:     0x5a5c31499434 - std[617be2ca0a6fd877]::sys::backtrace::__rust_begin_short_backtrace::<test[aada8e7e76ba119b]::run_test::{closure#1}, ()>
[INFO] [stdout]   16:     0x5a5c314a2bd2 - <std[617be2ca0a6fd877]::thread::lifecycle::spawn_unchecked<test[aada8e7e76ba119b]::run_test::{closure#1}, ()>::{closure#1} as core[a373ad73a504971]::ops::function::FnOnce<()>>::call_once::{shim:vtable#0}
[INFO] [stdout]   17:     0x5a5c3150a8af - <std[617be2ca0a6fd877]::sys::thread::unix::Thread>::new::thread_start
[INFO] [stdout]   18:     0x70935405edfa - <unknown>
[INFO] [stdout]   19:     0x7093540f23d4 - clone
[INFO] [stdout]   20:                0x0 - <unknown>
[INFO] [stdout] 
[INFO] [stdout] ---- fs::test::can_create_remove_dir_all_trailing_slash stdout ----
[INFO] [stdout] 
[INFO] [stdout] thread 'fs::test::can_create_remove_dir_all_trailing_slash' (200) panicked at src/fs/test.rs:245:42:
[INFO] [stdout] called `Result::unwrap()` on an `Err` value: OsError { msg: ``MKDIRAT` syscall failed`, code: [30]: EROFS: Read-only file system }
[INFO] [stdout] stack backtrace:
[INFO] [stdout]    0:     0x5a5c3150b051 - <<std[617be2ca0a6fd877]::sys::backtrace::BacktraceLock>::print::DisplayBacktrace as core[a373ad73a504971]::fmt::Display>::fmt
[INFO] [stdout]    1:     0x5a5c3151f04a - core[a373ad73a504971]::fmt::write
[INFO] [stdout]    2:     0x5a5c3150f26c - <alloc[2e1b2a31b91974c5]::vec::Vec<u8> as core[a373ad73a504971]::io::write::Write>::write_fmt
[INFO] [stdout]    3:     0x5a5c314e73f6 - std[617be2ca0a6fd877]::panicking::default_hook::{closure#0}
[INFO] [stdout]    4:     0x5a5c31503629 - std[617be2ca0a6fd877]::panicking::default_hook
[INFO] [stdout]    5:     0x5a5c3149f520 - test[aada8e7e76ba119b]::test_main_inner::{closure#0}
[INFO] [stdout]    6:     0x5a5c315037e2 - std[617be2ca0a6fd877]::panicking::panic_with_hook
[INFO] [stdout]    7:     0x5a5c314e74a2 - std[617be2ca0a6fd877]::panicking::panic_handler::{closure#0}
[INFO] [stdout]    8:     0x5a5c314e01b9 - std[617be2ca0a6fd877]::sys::backtrace::__rust_end_short_backtrace::<std[617be2ca0a6fd877]::panicking::panic_handler::{closure#0}, !>
[INFO] [stdout]    9:     0x5a5c314e80ad - __rustc[ea4f61d10b84890b]::rust_begin_unwind
[INFO] [stdout]   10:     0x5a5c3151f77c - core[a373ad73a504971]::panicking::panic_fmt
[INFO] [stdout]   11:     0x5a5c3151f552 - core[a373ad73a504971]::result::unwrap_failed
[INFO] [stdout]   12:     0x5a5c31480f82 - tiny_std[e7b7d670584a58be]::fs::test::create_remove_dir_all
[INFO] [stdout]   13:     0x5a5c3148427c - <tiny_std[e7b7d670584a58be]::fs::test::can_create_remove_dir_all_trailing_slash::{closure#0} as core[a373ad73a504971]::ops::function::FnOnce<()>>::call_once
[INFO] [stdout]   14:     0x5a5c3149296b - test[aada8e7e76ba119b]::__rust_begin_short_backtrace::<core[a373ad73a504971]::result::Result<(), alloc[2e1b2a31b91974c5]::string::String>, fn() -> core[a373ad73a504971]::result::Result<(), alloc[2e1b2a31b91974c5]::string::String>>
[INFO] [stdout]   15:     0x5a5c3149fb45 - test[aada8e7e76ba119b]::run_test::{closure#0}
[INFO] [stdout]   16:     0x5a5c31499434 - std[617be2ca0a6fd877]::sys::backtrace::__rust_begin_short_backtrace::<test[aada8e7e76ba119b]::run_test::{closure#1}, ()>
[INFO] [stdout]   17:     0x5a5c314a2bd2 - <std[617be2ca0a6fd877]::thread::lifecycle::spawn_unchecked<test[aada8e7e76ba119b]::run_test::{closure#1}, ()>::{closure#1} as core[a373ad73a504971]::ops::function::FnOnce<()>>::call_once::{shim:vtable#0}
[INFO] [stdout]   18:     0x5a5c3150a8af - <std[617be2ca0a6fd877]::sys::thread::unix::Thread>::new::thread_start
[INFO] [stderr] error: test failed, to rerun pass `--lib`
[INFO] [stdout]   19:     0x70935405edfa - <unknown>
[INFO] [stdout]   20:     0x7093540f23d4 - clone
[INFO] [stdout]   21:                0x0 - <unknown>
[INFO] [stdout] 
[INFO] [stdout] ---- fs::test::can_read_null_term_path stdout ----
[INFO] [stdout] 
[INFO] [stdout] thread 'fs::test::can_read_null_term_path' (203) panicked at src/fs/test.rs:22:37:
[INFO] [stdout] called `Result::unwrap()` on an `Err` value: OsError { msg: ``OPENAT` syscall failed`, code: [2]: ENOENT: No such file or directory }
[INFO] [stdout] stack backtrace:
[INFO] [stdout]    0:     0x5a5c3150b051 - <<std[617be2ca0a6fd877]::sys::backtrace::BacktraceLock>::print::DisplayBacktrace as core[a373ad73a504971]::fmt::Display>::fmt
[INFO] [stdout]    1:     0x5a5c3151f04a - core[a373ad73a504971]::fmt::write
[INFO] [stdout]    2:     0x5a5c3150f26c - <alloc[2e1b2a31b91974c5]::vec::Vec<u8> as core[a373ad73a504971]::io::write::Write>::write_fmt
[INFO] [stdout]    3:     0x5a5c314e73f6 - std[617be2ca0a6fd877]::panicking::default_hook::{closure#0}
[INFO] [stdout]    4:     0x5a5c31503629 - std[617be2ca0a6fd877]::panicking::default_hook
[INFO] [stdout]    5:     0x5a5c3149f520 - test[aada8e7e76ba119b]::test_main_inner::{closure#0}
[INFO] [stdout]    6:     0x5a5c315037e2 - std[617be2ca0a6fd877]::panicking::panic_with_hook
[INFO] [stdout]    7:     0x5a5c314e74a2 - std[617be2ca0a6fd877]::panicking::panic_handler::{closure#0}
[INFO] [stdout]    8:     0x5a5c314e01b9 - std[617be2ca0a6fd877]::sys::backtrace::__rust_end_short_backtrace::<std[617be2ca0a6fd877]::panicking::panic_handler::{closure#0}, !>
[INFO] [stdout]    9:     0x5a5c314e80ad - __rustc[ea4f61d10b84890b]::rust_begin_unwind
[INFO] [stdout]   10:     0x5a5c3151f77c - core[a373ad73a504971]::panicking::panic_fmt
[INFO] [stdout]   11:     0x5a5c3151f552 - core[a373ad73a504971]::result::unwrap_failed
[INFO] [stdout]   12:     0x5a5c31483416 - <tiny_std[e7b7d670584a58be]::fs::test::can_read_null_term_path::{closure#0} as core[a373ad73a504971]::ops::function::FnOnce<()>>::call_once
[INFO] [stdout]   13:     0x5a5c3149296b - test[aada8e7e76ba119b]::__rust_begin_short_backtrace::<core[a373ad73a504971]::result::Result<(), alloc[2e1b2a31b91974c5]::string::String>, fn() -> core[a373ad73a504971]::result::Result<(), alloc[2e1b2a31b91974c5]::string::String>>
[INFO] [stdout]   14:     0x5a5c3149fb45 - test[aada8e7e76ba119b]::run_test::{closure#0}
[INFO] [stdout]   15:     0x5a5c31499434 - std[617be2ca0a6fd877]::sys::backtrace::__rust_begin_short_backtrace::<test[aada8e7e76ba119b]::run_test::{closure#1}, ()>
[INFO] [stdout]   16:     0x5a5c314a2bd2 - <std[617be2ca0a6fd877]::thread::lifecycle::spawn_unchecked<test[aada8e7e76ba119b]::run_test::{closure#1}, ()>::{closure#1} as core[a373ad73a504971]::ops::function::FnOnce<()>>::call_once::{shim:vtable#0}
[INFO] [stdout]   17:     0x5a5c3150a8af - <std[617be2ca0a6fd877]::sys::thread::unix::Thread>::new::thread_start
[INFO] [stdout]   18:     0x70935405edfa - <unknown>
[INFO] [stdout]   19:     0x7093540f23d4 - clone
[INFO] [stdout]   20:                0x0 - <unknown>
[INFO] [stdout] 
[INFO] [stdout] ---- fs::test::can_create_and_delete_file stdout ----
[INFO] [stdout] 
[INFO] [stdout] thread 'fs::test::can_create_and_delete_file' (197) panicked at src/fs/test.rs:100:10:
[INFO] [stdout] called `Result::unwrap()` on an `Err` value: OsError { msg: ``OPENAT` syscall failed`, code: [2]: ENOENT: No such file or directory }
[INFO] [stdout] stack backtrace:
[INFO] [stdout]    0:     0x5a5c3150b051 - <<std[617be2ca0a6fd877]::sys::backtrace::BacktraceLock>::print::DisplayBacktrace as core[a373ad73a504971]::fmt::Display>::fmt
[INFO] [stdout]    1:     0x5a5c3151f04a - core[a373ad73a504971]::fmt::write
[INFO] [stdout]    2:     0x5a5c3150f26c - <alloc[2e1b2a31b91974c5]::vec::Vec<u8> as core[a373ad73a504971]::io::write::Write>::write_fmt
[INFO] [stdout]    3:     0x5a5c314e73f6 - std[617be2ca0a6fd877]::panicking::default_hook::{closure#0}
[INFO] [stdout]    4:     0x5a5c31503629 - std[617be2ca0a6fd877]::panicking::default_hook
[INFO] [stdout]    5:     0x5a5c3149f520 - test[aada8e7e76ba119b]::test_main_inner::{closure#0}
[INFO] [stdout]    6:     0x5a5c315037e2 - std[617be2ca0a6fd877]::panicking::panic_with_hook
[INFO] [stdout]    7:     0x5a5c314e74a2 - std[617be2ca0a6fd877]::panicking::panic_handler::{closure#0}
[INFO] [stdout]    8:     0x5a5c314e01b9 - std[617be2ca0a6fd877]::sys::backtrace::__rust_end_short_backtrace::<std[617be2ca0a6fd877]::panicking::panic_handler::{closure#0}, !>
[INFO] [stdout]    9:     0x5a5c314e80ad - __rustc[ea4f61d10b84890b]::rust_begin_unwind
[INFO] [stdout]   10:     0x5a5c3151f77c - core[a373ad73a504971]::panicking::panic_fmt
[INFO] [stdout]   11:     0x5a5c3151f552 - core[a373ad73a504971]::result::unwrap_failed
[INFO] [stdout]   12:     0x5a5c31483d0c - <tiny_std[e7b7d670584a58be]::fs::test::can_create_and_delete_file::{closure#0} as core[a373ad73a504971]::ops::function::FnOnce<()>>::call_once
[INFO] [stdout]   13:     0x5a5c3149296b - test[aada8e7e76ba119b]::__rust_begin_short_backtrace::<core[a373ad73a504971]::result::Result<(), alloc[2e1b2a31b91974c5]::string::String>, fn() -> core[a373ad73a504971]::result::Result<(), alloc[2e1b2a31b91974c5]::string::String>>
[INFO] [stdout]   14:     0x5a5c3149fb45 - test[aada8e7e76ba119b]::run_test::{closure#0}
[INFO] [stdout]   15:     0x5a5c31499434 - std[617be2ca0a6fd877]::sys::backtrace::__rust_begin_short_backtrace::<test[aada8e7e76ba119b]::run_test::{closure#1}, ()>
[INFO] [stdout]   16:     0x5a5c314a2bd2 - <std[617be2ca0a6fd877]::thread::lifecycle::spawn_unchecked<test[aada8e7e76ba119b]::run_test::{closure#1}, ()>::{closure#1} as core[a373ad73a504971]::ops::function::FnOnce<()>>::call_once::{shim:vtable#0}
[INFO] [stdout]   17:     0x5a5c3150a8af - <std[617be2ca0a6fd877]::sys::thread::unix::Thread>::new::thread_start
[INFO] [stdout]   18:     0x70935405edfa - <unknown>
[INFO] [stdout]   19:     0x7093540f23d4 - clone
[INFO] [stdout]   20:                0x0 - <unknown>
[INFO] [stdout] 
[INFO] [stdout] ---- fs::test::can_read_to_string stdout ----
[INFO] [stdout] 
[INFO] [stdout] thread 'fs::test::can_read_to_string' (204) panicked at src/fs/test.rs:49:37:
[INFO] [stdout] called `Result::unwrap()` on an `Err` value: OsError { msg: ``OPENAT` syscall failed`, code: [2]: ENOENT: No such file or directory }
[INFO] [stdout] stack backtrace:
[INFO] [stdout]    0:     0x5a5c3150b051 - <<std[617be2ca0a6fd877]::sys::backtrace::BacktraceLock>::print::DisplayBacktrace as core[a373ad73a504971]::fmt::Display>::fmt
[INFO] [stdout]    1:     0x5a5c3151f04a - core[a373ad73a504971]::fmt::write
[INFO] [stdout]    2:     0x5a5c3150f26c - <alloc[2e1b2a31b91974c5]::vec::Vec<u8> as core[a373ad73a504971]::io::write::Write>::write_fmt
[INFO] [stdout]    3:     0x5a5c314e73f6 - std[617be2ca0a6fd877]::panicking::default_hook::{closure#0}
[INFO] [stdout]    4:     0x5a5c31503629 - std[617be2ca0a6fd877]::panicking::default_hook
[INFO] [stdout]    5:     0x5a5c3149f520 - test[aada8e7e76ba119b]::test_main_inner::{closure#0}
[INFO] [stdout]    6:     0x5a5c315037e2 - std[617be2ca0a6fd877]::panicking::panic_with_hook
[INFO] [stdout]    7:     0x5a5c314e74a2 - std[617be2ca0a6fd877]::panicking::panic_handler::{closure#0}
[INFO] [stdout]    8:     0x5a5c314e01b9 - std[617be2ca0a6fd877]::sys::backtrace::__rust_end_short_backtrace::<std[617be2ca0a6fd877]::panicking::panic_handler::{closure#0}, !>
[INFO] [stdout]    9:     0x5a5c314e80ad - __rustc[ea4f61d10b84890b]::rust_begin_unwind
[INFO] [stdout]   10:     0x5a5c3151f77c - core[a373ad73a504971]::panicking::panic_fmt
[INFO] [stdout]   11:     0x5a5c3151f552 - core[a373ad73a504971]::result::unwrap_failed
[INFO] [stdout]   12:     0x5a5c31482012 - <tiny_std[e7b7d670584a58be]::fs::test::can_read_to_string::{closure#0} as core[a373ad73a504971]::ops::function::FnOnce<()>>::call_once
[INFO] [stdout]   13:     0x5a5c3149296b - test[aada8e7e76ba119b]::__rust_begin_short_backtrace::<core[a373ad73a504971]::result::Result<(), alloc[2e1b2a31b91974c5]::string::String>, fn() -> core[a373ad73a504971]::result::Result<(), alloc[2e1b2a31b91974c5]::string::String>>
[INFO] [stdout]   14:     0x5a5c3149fb45 - test[aada8e7e76ba119b]::run_test::{closure#0}
[INFO] [stdout]   15:     0x5a5c31499434 - std[617be2ca0a6fd877]::sys::backtrace::__rust_begin_short_backtrace::<test[aada8e7e76ba119b]::run_test::{closure#1}, ()>
[INFO] [stdout]   16:     0x5a5c314a2bd2 - <std[617be2ca0a6fd877]::thread::lifecycle::spawn_unchecked<test[aada8e7e76ba119b]::run_test::{closure#1}, ()>::{closure#1} as core[a373ad73a504971]::ops::function::FnOnce<()>>::call_once::{shim:vtable#0}
[INFO] [stdout]   17:     0x5a5c3150a8af - <std[617be2ca0a6fd877]::sys::thread::unix::Thread>::new::thread_start
[INFO] [stdout]   18:     0x70935405edfa - <unknown>
[INFO] [stdout]   19:     0x7093540f23d4 - clone
[INFO] [stdout]   20:                0x0 - <unknown>
[INFO] [stdout] 
[INFO] [stdout] ---- fs::test::can_create_with_write stdout ----
[INFO] [stdout] 
[INFO] [stdout] thread 'fs::test::can_create_with_write' (201) panicked at src/fs/test.rs:275:44:
[INFO] [stdout] called `Result::unwrap()` on an `Err` value: OsError { msg: ``OPENAT` syscall failed`, code: [2]: ENOENT: No such file or directory }
[INFO] [stdout] stack backtrace:
[INFO] [stdout]    0:     0x5a5c3150b051 - <<std[617be2ca0a6fd877]::sys::backtrace::BacktraceLock>::print::DisplayBacktrace as core[a373ad73a504971]::fmt::Display>::fmt
[INFO] [stdout]    1:     0x5a5c3151f04a - core[a373ad73a504971]::fmt::write
[INFO] [stdout]    2:     0x5a5c3150f26c - <alloc[2e1b2a31b91974c5]::vec::Vec<u8> as core[a373ad73a504971]::io::write::Write>::write_fmt
[INFO] [stdout]    3:     0x5a5c314e73f6 - std[617be2ca0a6fd877]::panicking::default_hook::{closure#0}
[INFO] [stdout]    4:     0x5a5c31503629 - std[617be2ca0a6fd877]::panicking::default_hook
[INFO] [stdout]    5:     0x5a5c3149f520 - test[aada8e7e76ba119b]::test_main_inner::{closure#0}
[INFO] [stdout]    6:     0x5a5c315037e2 - std[617be2ca0a6fd877]::panicking::panic_with_hook
[INFO] [stdout]    7:     0x5a5c314e74a2 - std[617be2ca0a6fd877]::panicking::panic_handler::{closure#0}
[INFO] [stdout]    8:     0x5a5c314e01b9 - std[617be2ca0a6fd877]::sys::backtrace::__rust_end_short_backtrace::<std[617be2ca0a6fd877]::panicking::panic_handler::{closure#0}, !>
[INFO] [stdout]    9:     0x5a5c314e80ad - __rustc[ea4f61d10b84890b]::rust_begin_unwind
[INFO] [stdout]   10:     0x5a5c3151f77c - core[a373ad73a504971]::panicking::panic_fmt
[INFO] [stdout]   11:     0x5a5c3151f552 - core[a373ad73a504971]::result::unwrap_failed
[INFO] [stdout]   12:     0x5a5c314822fb - <tiny_std[e7b7d670584a58be]::fs::test::can_create_with_write::{closure#0} as core[a373ad73a504971]::ops::function::FnOnce<()>>::call_once
[INFO] [stdout]   13:     0x5a5c3149296b - test[aada8e7e76ba119b]::__rust_begin_short_backtrace::<core[a373ad73a504971]::result::Result<(), alloc[2e1b2a31b91974c5]::string::String>, fn() -> core[a373ad73a504971]::result::Result<(), alloc[2e1b2a31b91974c5]::string::String>>
[INFO] [stdout]   14:     0x5a5c3149fb45 - test[aada8e7e76ba119b]::run_test::{closure#0}
[INFO] [stdout]   15:     0x5a5c31499434 - std[617be2ca0a6fd877]::sys::backtrace::__rust_begin_short_backtrace::<test[aada8e7e76ba119b]::run_test::{closure#1}, ()>
[INFO] [stdout]   16:     0x5a5c314a2bd2 - <std[617be2ca0a6fd877]::thread::lifecycle::spawn_unchecked<test[aada8e7e76ba119b]::run_test::{closure#1}, ()>::{closure#1} as core[a373ad73a504971]::ops::function::FnOnce<()>>::call_once::{shim:vtable#0}
[INFO] [stdout]   17:     0x5a5c3150a8af - <std[617be2ca0a6fd877]::sys::thread::unix::Thread>::new::thread_start
[INFO] [stdout]   18:     0x70935405edfa - <unknown>
[INFO] [stdout]   19:     0x7093540f23d4 - clone
[INFO] [stdout]   20:                0x0 - <unknown>
[INFO] [stdout] 
[INFO] [stdout] ---- fs::test::can_replace_with_write stdout ----
[INFO] [stdout] 
[INFO] [stdout] thread 'fs::test::can_replace_with_write' (206) panicked at src/fs/test.rs:292:10:
[INFO] [stdout] called `Result::unwrap()` on an `Err` value: OsError { msg: ``OPENAT` syscall failed`, code: [2]: ENOENT: No such file or directory }
[INFO] [stdout] stack backtrace:
[INFO] [stdout]    0:     0x5a5c3150b051 - <<std[617be2ca0a6fd877]::sys::backtrace::BacktraceLock>::print::DisplayBacktrace as core[a373ad73a504971]::fmt::Display>::fmt
[INFO] [stdout]    1:     0x5a5c3151f04a - core[a373ad73a504971]::fmt::write
[INFO] [stdout]    2:     0x5a5c3150f26c - <alloc[2e1b2a31b91974c5]::vec::Vec<u8> as core[a373ad73a504971]::io::write::Write>::write_fmt
[INFO] [stdout]    3:     0x5a5c314e73f6 - std[617be2ca0a6fd877]::panicking::default_hook::{closure#0}
[INFO] [stdout]    4:     0x5a5c31503629 - std[617be2ca0a6fd877]::panicking::default_hook
[INFO] [stdout]    5:     0x5a5c3149f520 - test[aada8e7e76ba119b]::test_main_inner::{closure#0}
[INFO] [stdout]    6:     0x5a5c315037e2 - std[617be2ca0a6fd877]::panicking::panic_with_hook
[INFO] [stdout]    7:     0x5a5c314e74a2 - std[617be2ca0a6fd877]::panicking::panic_handler::{closure#0}
[INFO] [stdout]    8:     0x5a5c314e01b9 - std[617be2ca0a6fd877]::sys::backtrace::__rust_end_short_backtrace::<std[617be2ca0a6fd877]::panicking::panic_handler::{closure#0}, !>
[INFO] [stdout]    9:     0x5a5c314e80ad - __rustc[ea4f61d10b84890b]::rust_begin_unwind
[INFO] [stdout]   10:     0x5a5c3151f77c - core[a373ad73a504971]::panicking::panic_fmt
[INFO] [stdout]   11:     0x5a5c3151f552 - core[a373ad73a504971]::result::unwrap_failed
[INFO] [stdout]   12:     0x5a5c31483106 - <tiny_std[e7b7d670584a58be]::fs::test::can_replace_with_write::{closure#0} as core[a373ad73a504971]::ops::function::FnOnce<()>>::call_once
[INFO] [stdout]   13:     0x5a5c3149296b - test[aada8e7e76ba119b]::__rust_begin_short_backtrace::<core[a373ad73a504971]::result::Result<(), alloc[2e1b2a31b91974c5]::string::String>, fn() -> core[a373ad73a504971]::result::Result<(), alloc[2e1b2a31b91974c5]::string::String>>
[INFO] [stdout]   14:     0x5a5c3149fb45 - test[aada8e7e76ba119b]::run_test::{closure#0}
[INFO] [stdout]   15:     0x5a5c31499434 - std[617be2ca0a6fd877]::sys::backtrace::__rust_begin_short_backtrace::<test[aada8e7e76ba119b]::run_test::{closure#1}, ()>
[INFO] [stdout]   16:     0x5a5c314a2bd2 - <std[617be2ca0a6fd877]::thread::lifecycle::spawn_unchecked<test[aada8e7e76ba119b]::run_test::{closure#1}, ()>::{closure#1} as core[a373ad73a504971]::ops::function::FnOnce<()>>::call_once::{shim:vtable#0}
[INFO] [stdout]   17:     0x5a5c3150a8af - <std[617be2ca0a6fd877]::sys::thread::unix::Thread>::new::thread_start
[INFO] [stdout]   18:     0x70935405edfa - <unknown>
[INFO] [stdout]   19:     0x7093540f23d4 - clone
[INFO] [stdout]   20:                0x0 - <unknown>
[INFO] [stdout] 
[INFO] [stdout] ---- fs::test::file_can_be_moved stdout ----
[INFO] [stdout] 
[INFO] [stdout] thread 'fs::test::file_can_be_moved' (210) panicked at src/fs/test.rs:329:21:
[INFO] [stdout] called `Result::unwrap()` on an `Err` value: OsError { msg: ``OPENAT` syscall failed`, code: [2]: ENOENT: No such file or directory }
[INFO] [stdout] stack backtrace:
[INFO] [stdout]    0:     0x5a5c3150b051 - <<std[617be2ca0a6fd877]::sys::backtrace::BacktraceLock>::print::DisplayBacktrace as core[a373ad73a504971]::fmt::Display>::fmt
[INFO] [stdout]    1:     0x5a5c3151f04a - core[a373ad73a504971]::fmt::write
[INFO] [stdout]    2:     0x5a5c3150f26c - <alloc[2e1b2a31b91974c5]::vec::Vec<u8> as core[a373ad73a504971]::io::write::Write>::write_fmt
[INFO] [stdout]    3:     0x5a5c314e73f6 - std[617be2ca0a6fd877]::panicking::default_hook::{closure#0}
[INFO] [stdout]    4:     0x5a5c31503629 - std[617be2ca0a6fd877]::panicking::default_hook
[INFO] [stdout]    5:     0x5a5c3149f520 - test[aada8e7e76ba119b]::test_main_inner::{closure#0}
[INFO] [stdout]    6:     0x5a5c315037e2 - std[617be2ca0a6fd877]::panicking::panic_with_hook
[INFO] [stdout]    7:     0x5a5c314e74a2 - std[617be2ca0a6fd877]::panicking::panic_handler::{closure#0}
[INFO] [stdout]    8:     0x5a5c314e01b9 - std[617be2ca0a6fd877]::sys::backtrace::__rust_end_short_backtrace::<std[617be2ca0a6fd877]::panicking::panic_handler::{closure#0}, !>
[INFO] [stdout]    9:     0x5a5c314e80ad - __rustc[ea4f61d10b84890b]::rust_begin_unwind
[INFO] [stdout]   10:     0x5a5c3151f77c - core[a373ad73a504971]::panicking::panic_fmt
[INFO] [stdout]   11:     0x5a5c3151f552 - core[a373ad73a504971]::result::unwrap_failed
[INFO] [stdout]   12:     0x5a5c31481c21 - <tiny_std[e7b7d670584a58be]::fs::test::file_can_be_moved::{closure#0} as core[a373ad73a504971]::ops::function::FnOnce<()>>::call_once
[INFO] [stdout]   13:     0x5a5c3149296b - test[aada8e7e76ba119b]::__rust_begin_short_backtrace::<core[a373ad73a504971]::result::Result<(), alloc[2e1b2a31b91974c5]::string::String>, fn() -> core[a373ad73a504971]::result::Result<(), alloc[2e1b2a31b91974c5]::string::String>>
[INFO] [stdout]   14:     0x5a5c3149fb45 - test[aada8e7e76ba119b]::run_test::{closure#0}
[INFO] [stdout]   15:     0x5a5c31499434 - std[617be2ca0a6fd877]::sys::backtrace::__rust_begin_short_backtrace::<test[aada8e7e76ba119b]::run_test::{closure#1}, ()>
[INFO] [stdout]   16:     0x5a5c314a2bd2 - <std[617be2ca0a6fd877]::thread::lifecycle::spawn_unchecked<test[aada8e7e76ba119b]::run_test::{closure#1}, ()>::{closure#1} as core[a373ad73a504971]::ops::function::FnOnce<()>>::call_once::{shim:vtable#0}
[INFO] [stdout]   17:     0x5a5c3150a8af - <std[617be2ca0a6fd877]::sys::thread::unix::Thread>::new::thread_start
[INFO] [stdout]   18:     0x70935405edfa - <unknown>
[INFO] [stdout]   19:     0x7093540f23d4 - clone
[INFO] [stdout]   20:                0x0 - <unknown>
[INFO] [stdout] 
[INFO] [stdout] ---- fs::test::can_create_read_and_write_file stdout ----
[INFO] [stdout] 
[INFO] [stdout] thread 'fs::test::can_create_read_and_write_file' (198) panicked at src/fs/test.rs:79:10:
[INFO] [stdout] called `Result::unwrap()` on an `Err` value: OsError { msg: ``OPENAT` syscall failed`, code: [2]: ENOENT: No such file or directory }
[INFO] [stdout] stack backtrace:
[INFO] [stdout]    0:     0x5a5c3150b051 - <<std[617be2ca0a6fd877]::sys::backtrace::BacktraceLock>::print::DisplayBacktrace as core[a373ad73a504971]::fmt::Display>::fmt
[INFO] [stdout]    1:     0x5a5c3151f04a - core[a373ad73a504971]::fmt::write
[INFO] [stdout]    2:     0x5a5c3150f26c - <alloc[2e1b2a31b91974c5]::vec::Vec<u8> as core[a373ad73a504971]::io::write::Write>::write_fmt
[INFO] [stdout]    3:     0x5a5c314e73f6 - std[617be2ca0a6fd877]::panicking::default_hook::{closure#0}
[INFO] [stdout]    4:     0x5a5c31503629 - std[617be2ca0a6fd877]::panicking::default_hook
[INFO] [stdout]    5:     0x5a5c3149f520 - test[aada8e7e76ba119b]::test_main_inner::{closure#0}
[INFO] [stdout]    6:     0x5a5c315037e2 - std[617be2ca0a6fd877]::panicking::panic_with_hook
[INFO] [stdout]    7:     0x5a5c314e74a2 - std[617be2ca0a6fd877]::panicking::panic_handler::{closure#0}
[INFO] [stdout]    8:     0x5a5c314e01b9 - std[617be2ca0a6fd877]::sys::backtrace::__rust_end_short_backtrace::<std[617be2ca0a6fd877]::panicking::panic_handler::{closure#0}, !>
[INFO] [stdout]    9:     0x5a5c314e80ad - __rustc[ea4f61d10b84890b]::rust_begin_unwind
[INFO] [stdout]   10:     0x5a5c3151f77c - core[a373ad73a504971]::panicking::panic_fmt
[INFO] [stdout]   11:     0x5a5c3151f552 - core[a373ad73a504971]::result::unwrap_failed
[INFO] [stdout]   12:     0x5a5c3148414d - <tiny_std[e7b7d670584a58be]::fs::test::can_create_read_and_write_file::{closure#0} as core[a373ad73a504971]::ops::function::FnOnce<()>>::call_once
[INFO] [stdout]   13:     0x5a5c3149296b - test[aada8e7e76ba119b]::__rust_begin_short_backtrace::<core[a373ad73a504971]::result::Result<(), alloc[2e1b2a31b91974c5]::string::String>, fn() -> core[a373ad73a504971]::result::Result<(), alloc[2e1b2a31b91974c5]::string::String>>
[INFO] [stdout]   14:     0x5a5c3149fb45 - test[aada8e7e76ba119b]::run_test::{closure#0}
[INFO] [stdout]   15:     0x5a5c31499434 - std[617be2ca0a6fd877]::sys::backtrace::__rust_begin_short_backtrace::<test[aada8e7e76ba119b]::run_test::{closure#1}, ()>
[INFO] [stdout]   16:     0x5a5c314a2bd2 - <std[617be2ca0a6fd877]::thread::lifecycle::spawn_unchecked<test[aada8e7e76ba119b]::run_test::{closure#1}, ()>::{closure#1} as core[a373ad73a504971]::ops::function::FnOnce<()>>::call_once::{shim:vtable#0}
[INFO] [stdout]   17:     0x5a5c3150a8af - <std[617be2ca0a6fd877]::sys::thread::unix::Thread>::new::thread_start
[INFO] [stdout]   18:     0x70935405edfa - <unknown>
[INFO] [stdout]   19:     0x7093540f23d4 - clone
[INFO] [stdout]   20:                0x0 - <unknown>
[INFO] [stdout] 
[INFO] [stdout] ---- fs::test::can_read_to_vec stdout ----
[INFO] [stdout] 
[INFO] [stdout] thread 'fs::test::can_read_to_vec' (205) panicked at src/fs/test.rs:35:37:
[INFO] [stdout] called `Result::unwrap()` on an `Err` value: OsError { msg: ``OPENAT` syscall failed`, code: [2]: ENOENT: No such file or directory }
[INFO] [stdout] stack backtrace:
[INFO] [stdout]    0:     0x5a5c3150b051 - <<std[617be2ca0a6fd877]::sys::backtrace::BacktraceLock>::print::DisplayBacktrace as core[a373ad73a504971]::fmt::Display>::fmt
[INFO] [stdout]    1:     0x5a5c3151f04a - core[a373ad73a504971]::fmt::write
[INFO] [stdout]    2:     0x5a5c3150f26c - <alloc[2e1b2a31b91974c5]::vec::Vec<u8> as core[a373ad73a504971]::io::write::Write>::write_fmt
[INFO] [stdout]    3:     0x5a5c314e73f6 - std[617be2ca0a6fd877]::panicking::default_hook::{closure#0}
[INFO] [stdout]    4:     0x5a5c31503629 - std[617be2ca0a6fd877]::panicking::default_hook
[INFO] [stdout]    5:     0x5a5c3149f520 - test[aada8e7e76ba119b]::test_main_inner::{closure#0}
[INFO] [stdout]    6:     0x5a5c315037e2 - std[617be2ca0a6fd877]::panicking::panic_with_hook
[INFO] [stdout]    7:     0x5a5c314e74a2 - std[617be2ca0a6fd877]::panicking::panic_handler::{closure#0}
[INFO] [stdout]    8:     0x5a5c314e01b9 - std[617be2ca0a6fd877]::sys::backtrace::__rust_end_short_backtrace::<std[617be2ca0a6fd877]::panicking::panic_handler::{closure#0}, !>
[INFO] [stdout]    9:     0x5a5c314e80ad - __rustc[ea4f61d10b84890b]::rust_begin_unwind
[INFO] [stdout]   10:     0x5a5c3151f77c - core[a373ad73a504971]::panicking::panic_fmt
[INFO] [stdout]   11:     0x5a5c3151f552 - core[a373ad73a504971]::result::unwrap_failed
[INFO] [stdout]   12:     0x5a5c314814ad - <tiny_std[e7b7d670584a58be]::fs::test::can_read_to_vec::{closure#0} as core[a373ad73a504971]::ops::function::FnOnce<()>>::call_once
[INFO] [stdout]   13:     0x5a5c3149296b - test[aada8e7e76ba119b]::__rust_begin_short_backtrace::<core[a373ad73a504971]::result::Result<(), alloc[2e1b2a31b91974c5]::string::String>, fn() -> core[a373ad73a504971]::result::Result<(), alloc[2e1b2a31b91974c5]::string::String>>
[INFO] [stdout]   14:     0x5a5c3149fb45 - test[aada8e7e76ba119b]::run_test::{closure#0}
[INFO] [stdout]   15:     0x5a5c31499434 - std[617be2ca0a6fd877]::sys::backtrace::__rust_begin_short_backtrace::<test[aada8e7e76ba119b]::run_test::{closure#1}, ()>
[INFO] [stdout]   16:     0x5a5c314a2bd2 - <std[617be2ca0a6fd877]::thread::lifecycle::spawn_unchecked<test[aada8e7e76ba119b]::run_test::{closure#1}, ()>::{closure#1} as core[a373ad73a504971]::ops::function::FnOnce<()>>::call_once::{shim:vtable#0}
[INFO] [stdout]   17:     0x5a5c3150a8af - <std[617be2ca0a6fd877]::sys::thread::unix::Thread>::new::thread_start
[INFO] [stdout]   18:     0x70935405edfa - <unknown>
[INFO] [stdout]   19:     0x7093540f23d4 - clone
[INFO] [stdout]   20:                0x0 - <unknown>
[INFO] [stdout] 
[INFO] [stdout] ---- fs::test::file_exists_when_exists stdout ----
[INFO] [stdout] 
[INFO] [stdout] thread 'fs::test::file_exists_when_exists' (211) panicked at src/fs/test.rs:316:37:
[INFO] [stdout] called `Result::unwrap()` on an `Err` value: OsError { msg: ``OPENAT` syscall failed`, code: [2]: ENOENT: No such file or directory }
[INFO] [stdout] stack backtrace:
[INFO] [stdout]    0:     0x5a5c3150b051 - <<std[617be2ca0a6fd877]::sys::backtrace::BacktraceLock>::print::DisplayBacktrace as core[a373ad73a504971]::fmt::Display>::fmt
[INFO] [stdout]    1:     0x5a5c3151f04a - core[a373ad73a504971]::fmt::write
[INFO] [stdout]    2:     0x5a5c3150f26c - <alloc[2e1b2a31b91974c5]::vec::Vec<u8> as core[a373ad73a504971]::io::write::Write>::write_fmt
[INFO] [stdout]    3:     0x5a5c314e73f6 - std[617be2ca0a6fd877]::panicking::default_hook::{closure#0}
[INFO] [stdout]    4:     0x5a5c31503629 - std[617be2ca0a6fd877]::panicking::default_hook
[INFO] [stdout]    5:     0x5a5c3149f520 - test[aada8e7e76ba119b]::test_main_inner::{closure#0}
[INFO] [stdout]    6:     0x5a5c315037e2 - std[617be2ca0a6fd877]::panicking::panic_with_hook
[INFO] [stdout]    7:     0x5a5c314e74a2 - std[617be2ca0a6fd877]::panicking::panic_handler::{closure#0}
[INFO] [stdout]    8:     0x5a5c314e01b9 - std[617be2ca0a6fd877]::sys::backtrace::__rust_end_short_backtrace::<std[617be2ca0a6fd877]::panicking::panic_handler::{closure#0}, !>
[INFO] [stdout]    9:     0x5a5c314e80ad - __rustc[ea4f61d10b84890b]::rust_begin_unwind
[INFO] [stdout]   10:     0x5a5c3151f77c - core[a373ad73a504971]::panicking::panic_fmt
[INFO] [stdout]   11:     0x5a5c3151f552 - core[a373ad73a504971]::result::unwrap_failed
[INFO] [stdout]   12:     0x5a5c314836c0 - <tiny_std[e7b7d670584a58be]::fs::test::file_exists_when_exists::{closure#0} as core[a373ad73a504971]::ops::function::FnOnce<()>>::call_once
[INFO] [stdout]   13:     0x5a5c3149296b - test[aada8e7e76ba119b]::__rust_begin_short_backtrace::<core[a373ad73a504971]::result::Result<(), alloc[2e1b2a31b91974c5]::string::String>, fn() -> core[a373ad73a504971]::result::Result<(), alloc[2e1b2a31b91974c5]::string::String>>
[INFO] [stdout]   14:     0x5a5c3149fb45 - test[aada8e7e76ba119b]::run_test::{closure#0}
[INFO] [stdout]   15:     0x5a5c31499434 - std[617be2ca0a6fd877]::sys::backtrace::__rust_begin_short_backtrace::<test[aada8e7e76ba119b]::run_test::{closure#1}, ()>
[INFO] [stdout]   16:     0x5a5c314a2bd2 - <std[617be2ca0a6fd877]::thread::lifecycle::spawn_unchecked<test[aada8e7e76ba119b]::run_test::{closure#1}, ()>::{closure#1} as core[a373ad73a504971]::ops::function::FnOnce<()>>::call_once::{shim:vtable#0}
[INFO] [stdout]   17:     0x5a5c3150a8af - <std[617be2ca0a6fd877]::sys::thread::unix::Thread>::new::thread_start
[INFO] [stdout]   18:     0x70935405edfa - <unknown>
[INFO] [stdout]   19:     0x7093540f23d4 - clone
[INFO] [stdout]   20:                0x0 - <unknown>
[INFO] [stdout] 
[INFO] [stdout] ---- fs::test::can_create_and_delete_dir stdout ----
[INFO] [stdout] 
[INFO] [stdout] thread 'fs::test::can_create_and_delete_dir' (196) panicked at src/fs/test.rs:119:32:
[INFO] [stdout] called `Result::unwrap()` on an `Err` value: OsError { msg: ``MKDIRAT` syscall failed`, code: [2]: ENOENT: No such file or directory }
[INFO] [stdout] stack backtrace:
[INFO] [stdout]    0:     0x5a5c3150b051 - <<std[617be2ca0a6fd877]::sys::backtrace::BacktraceLock>::print::DisplayBacktrace as core[a373ad73a504971]::fmt::Display>::fmt
[INFO] [stdout]    1:     0x5a5c3151f04a - core[a373ad73a504971]::fmt::write
[INFO] [stdout]    2:     0x5a5c3150f26c - <alloc[2e1b2a31b91974c5]::vec::Vec<u8> as core[a373ad73a504971]::io::write::Write>::write_fmt
[INFO] [stdout]    3:     0x5a5c314e73f6 - std[617be2ca0a6fd877]::panicking::default_hook::{closure#0}
[INFO] [stdout]    4:     0x5a5c31503629 - std[617be2ca0a6fd877]::panicking::default_hook
[INFO] [stdout]    5:     0x5a5c3149f520 - test[aada8e7e76ba119b]::test_main_inner::{closure#0}
[INFO] [stdout]    6:     0x5a5c315037e2 - std[617be2ca0a6fd877]::panicking::panic_with_hook
[INFO] [stdout]    7:     0x5a5c314e74a2 - std[617be2ca0a6fd877]::panicking::panic_handler::{closure#0}
[INFO] [stdout]    8:     0x5a5c314e01b9 - std[617be2ca0a6fd877]::sys::backtrace::__rust_end_short_backtrace::<std[617be2ca0a6fd877]::panicking::panic_handler::{closure#0}, !>
[INFO] [stdout]    9:     0x5a5c314e80ad - __rustc[ea4f61d10b84890b]::rust_begin_unwind
[INFO] [stdout]   10:     0x5a5c3151f77c - core[a373ad73a504971]::panicking::panic_fmt
[INFO] [stdout]   11:     0x5a5c3151f552 - core[a373ad73a504971]::result::unwrap_failed
[INFO] [stdout]   12:     0x5a5c31483a32 - <tiny_std[e7b7d670584a58be]::fs::test::can_create_and_delete_dir::{closure#0} as core[a373ad73a504971]::ops::function::FnOnce<()>>::call_once
[INFO] [stdout]   13:     0x5a5c3149296b - test[aada8e7e76ba119b]::__rust_begin_short_backtrace::<core[a373ad73a504971]::result::Result<(), alloc[2e1b2a31b91974c5]::string::String>, fn() -> core[a373ad73a504971]::result::Result<(), alloc[2e1b2a31b91974c5]::string::String>>
[INFO] [stdout]   14:     0x5a5c3149fb45 - test[aada8e7e76ba119b]::run_test::{closure#0}
[INFO] [stdout]   15:     0x5a5c31499434 - std[617be2ca0a6fd877]::sys::backtrace::__rust_begin_short_backtrace::<test[aada8e7e76ba119b]::run_test::{closure#1}, ()>
[INFO] [stdout]   16:     0x5a5c314a2bd2 - <std[617be2ca0a6fd877]::thread::lifecycle::spawn_unchecked<test[aada8e7e76ba119b]::run_test::{closure#1}, ()>::{closure#1} as core[a373ad73a504971]::ops::function::FnOnce<()>>::call_once::{shim:vtable#0}
[INFO] [stdout]   17:     0x5a5c3150a8af - <std[617be2ca0a6fd877]::sys::thread::unix::Thread>::new::thread_start
[INFO] [stdout]   18:     0x70935405edfa - <unknown>
[INFO] [stdout]   19:     0x7093540f23d4 - clone
[INFO] [stdout]   20:                0x0 - <unknown>
[INFO] [stdout] 
[INFO] [stdout] ---- fs::test::create_read_and_delete_dir_with_a_lot_of_files stdout ----
[INFO] [stdout] 
[INFO] [stdout] thread 'fs::test::create_read_and_delete_dir_with_a_lot_of_files' (209) panicked at src/fs/test.rs:172:36:
[INFO] [stdout] called `Result::unwrap()` on an `Err` value: OsError { msg: ``MKDIRAT` syscall failed`, code: [2]: ENOENT: No such file or directory }
[INFO] [stdout] stack backtrace:
[INFO] [stdout]    0:     0x5a5c3150b051 - <<std[617be2ca0a6fd877]::sys::backtrace::BacktraceLock>::print::DisplayBacktrace as core[a373ad73a504971]::fmt::Display>::fmt
[INFO] [stdout]    1:     0x5a5c3151f04a - core[a373ad73a504971]::fmt::write
[INFO] [stdout]    2:     0x5a5c3150f26c - <alloc[2e1b2a31b91974c5]::vec::Vec<u8> as core[a373ad73a504971]::io::write::Write>::write_fmt
[INFO] [stdout]    3:     0x5a5c314e73f6 - std[617be2ca0a6fd877]::panicking::default_hook::{closure#0}
[INFO] [stdout]    4:     0x5a5c31503629 - std[617be2ca0a6fd877]::panicking::default_hook
[INFO] [stdout]    5:     0x5a5c3149f520 - test[aada8e7e76ba119b]::test_main_inner::{closure#0}
[INFO] [stdout]    6:     0x5a5c315037e2 - std[617be2ca0a6fd877]::panicking::panic_with_hook
[INFO] [stdout]    7:     0x5a5c314e74a2 - std[617be2ca0a6fd877]::panicking::panic_handler::{closure#0}
[INFO] [stdout]    8:     0x5a5c314e01b9 - std[617be2ca0a6fd877]::sys::backtrace::__rust_end_short_backtrace::<std[617be2ca0a6fd877]::panicking::panic_handler::{closure#0}, !>
[INFO] [stdout]    9:     0x5a5c314e80ad - __rustc[ea4f61d10b84890b]::rust_begin_unwind
[INFO] [stdout]   10:     0x5a5c3151f77c - core[a373ad73a504971]::panicking::panic_fmt
[INFO] [stdout]   11:     0x5a5c3151f552 - core[a373ad73a504971]::result::unwrap_failed
[INFO] [stdout]   12:     0x5a5c31484347 - <tiny_std[e7b7d670584a58be]::fs::test::create_read_and_delete_dir_with_a_lot_of_files::{closure#0} as core[a373ad73a504971]::ops::function::FnOnce<()>>::call_once
[INFO] [stdout]   13:     0x5a5c3149296b - test[aada8e7e76ba119b]::__rust_begin_short_backtrace::<core[a373ad73a504971]::result::Result<(), alloc[2e1b2a31b91974c5]::string::String>, fn() -> core[a373ad73a504971]::result::Result<(), alloc[2e1b2a31b91974c5]::string::String>>
[INFO] [stdout]   14:     0x5a5c3149fb45 - test[aada8e7e76ba119b]::run_test::{closure#0}
[INFO] [stdout]   15:     0x5a5c31499434 - std[617be2ca0a6fd877]::sys::backtrace::__rust_begin_short_backtrace::<test[aada8e7e76ba119b]::run_test::{closure#1}, ()>
[INFO] [stdout]   16:     0x5a5c314a2bd2 - <std[617be2ca0a6fd877]::thread::lifecycle::spawn_unchecked<test[aada8e7e76ba119b]::run_test::{closure#1}, ()>::{closure#1} as core[a373ad73a504971]::ops::function::FnOnce<()>>::call_once::{shim:vtable#0}
[INFO] [stdout]   17:     0x5a5c3150a8af - <std[617be2ca0a6fd877]::sys::thread::unix::Thread>::new::thread_start
[INFO] [stdout]   18:     0x70935405edfa - <unknown>
[INFO] [stdout]   19:     0x7093540f23d4 - clone
[INFO] [stdout]   20:                0x0 - <unknown>
[INFO] [stdout] 
[INFO] [stdout] ---- fs::test::read_after_write_needs_reseek stdout ----
[INFO] [stdout] 
[INFO] [stdout] thread 'fs::test::read_after_write_needs_reseek' (212) panicked at src/fs/test.rs:258:10:
[INFO] [stdout] called `Result::unwrap()` on an `Err` value: OsError { msg: ``OPENAT` syscall failed`, code: [2]: ENOENT: No such file or directory }
[INFO] [stdout] stack backtrace:
[INFO] [stdout]    0:     0x5a5c3150b051 - <<std[617be2ca0a6fd877]::sys::backtrace::BacktraceLock>::print::DisplayBacktrace as core[a373ad73a504971]::fmt::Display>::fmt
[INFO] [stdout]    1:     0x5a5c3151f04a - core[a373ad73a504971]::fmt::write
[INFO] [stdout]    2:     0x5a5c3150f26c - <alloc[2e1b2a31b91974c5]::vec::Vec<u8> as core[a373ad73a504971]::io::write::Write>::write_fmt
[INFO] [stdout]    3:     0x5a5c314e73f6 - std[617be2ca0a6fd877]::panicking::default_hook::{closure#0}
[INFO] [stdout]    4:     0x5a5c31503629 - std[617be2ca0a6fd877]::panicking::default_hook
[INFO] [stdout]    5:     0x5a5c3149f520 - test[aada8e7e76ba119b]::test_main_inner::{closure#0}
[INFO] [stdout]    6:     0x5a5c315037e2 - std[617be2ca0a6fd877]::panicking::panic_with_hook
[INFO] [stdout]    7:     0x5a5c314e74a2 - std[617be2ca0a6fd877]::panicking::panic_handler::{closure#0}
[INFO] [stdout]    8:     0x5a5c314e01b9 - std[617be2ca0a6fd877]::sys::backtrace::__rust_end_short_backtrace::<std[617be2ca0a6fd877]::panicking::panic_handler::{closure#0}, !>
[INFO] [stdout]    9:     0x5a5c314e80ad - __rustc[ea4f61d10b84890b]::rust_begin_unwind
[INFO] [stdout]   10:     0x5a5c3151f77c - core[a373ad73a504971]::panicking::panic_fmt
[INFO] [stdout]   11:     0x5a5c3151f552 - core[a373ad73a504971]::result::unwrap_failed
[INFO] [stdout]   12:     0x5a5c31483f04 - <tiny_std[e7b7d670584a58be]::fs::test::read_after_write_needs_reseek::{closure#0} as core[a373ad73a504971]::ops::function::FnOnce<()>>::call_once
[INFO] [stdout]   13:     0x5a5c3149296b - test[aada8e7e76ba119b]::__rust_begin_short_backtrace::<core[a373ad73a504971]::result::Result<(), alloc[2e1b2a31b91974c5]::string::String>, fn() -> core[a373ad73a504971]::result::Result<(), alloc[2e1b2a31b91974c5]::string::String>>
[INFO] [stdout]   14:     0x5a5c3149fb45 - test[aada8e7e76ba119b]::run_test::{closure#0}
[INFO] [stdout]   15:     0x5a5c31499434 - std[617be2ca0a6fd877]::sys::backtrace::__rust_begin_short_backtrace::<test[aada8e7e76ba119b]::run_test::{closure#1}, ()>
[INFO] [stdout]   16:     0x5a5c314a2bd2 - <std[617be2ca0a6fd877]::thread::lifecycle::spawn_unchecked<test[aada8e7e76ba119b]::run_test::{closure#1}, ()>::{closure#1} as core[a373ad73a504971]::ops::function::FnOnce<()>>::call_once::{shim:vtable#0}
[INFO] [stdout]   17:     0x5a5c3150a8af - <std[617be2ca0a6fd877]::sys::thread::unix::Thread>::new::thread_start
[INFO] [stdout]   18:     0x70935405edfa - <unknown>
[INFO] [stdout]   19:     0x7093540f23d4 - clone
[INFO] [stdout]   20:                0x0 - <unknown>
[INFO] [stdout] 
[INFO] [stdout] ---- unix::passwd::getpw_r::tests::last_entry_tiny_buf stdout ----
[INFO] [stdout] 
[INFO] [stdout] thread 'unix::passwd::getpw_r::tests::last_entry_tiny_buf' (301) panicked at src/unix/passwd/getpw_r.rs:304:10:
[INFO] [stdout] called `Result::unwrap()` on an `Err` value: Error { msg: "`OPENAT` syscall failed", code: Some(Errno(2)) }
[INFO] [stdout] stack backtrace:
[INFO] [stdout]    0:     0x5a5c3150b051 - <<std[617be2ca0a6fd877]::sys::backtrace::BacktraceLock>::print::DisplayBacktrace as core[a373ad73a504971]::fmt::Display>::fmt
[INFO] [stdout]    1:     0x5a5c3151f04a - core[a373ad73a504971]::fmt::write
[INFO] [stdout]    2:     0x5a5c3150f26c - <alloc[2e1b2a31b91974c5]::vec::Vec<u8> as core[a373ad73a504971]::io::write::Write>::write_fmt
[INFO] [stdout]    3:     0x5a5c314e73f6 - std[617be2ca0a6fd877]::panicking::default_hook::{closure#0}
[INFO] [stdout]    4:     0x5a5c31503629 - std[617be2ca0a6fd877]::panicking::default_hook
[INFO] [stdout]    5:     0x5a5c3149f520 - test[aada8e7e76ba119b]::test_main_inner::{closure#0}
[INFO] [stdout]    6:     0x5a5c315037e2 - std[617be2ca0a6fd877]::panicking::panic_with_hook
[INFO] [stdout]    7:     0x5a5c314e74a2 - std[617be2ca0a6fd877]::panicking::panic_handler::{closure#0}
[INFO] [stdout]    8:     0x5a5c314e01b9 - std[617be2ca0a6fd877]::sys::backtrace::__rust_end_short_backtrace::<std[617be2ca0a6fd877]::panicking::panic_handler::{closure#0}, !>
[INFO] [stdout]    9:     0x5a5c314e80ad - __rustc[ea4f61d10b84890b]::rust_begin_unwind
[INFO] [stdout]   10:     0x5a5c3151f77c - core[a373ad73a504971]::panicking::panic_fmt
[INFO] [stdout]   11:     0x5a5c3151f552 - core[a373ad73a504971]::result::unwrap_failed
[INFO] [stdout]   12:     0x5a5c314880f5 - <tiny_std[e7b7d670584a58be]::unix::passwd::getpw_r::tests::last_entry_tiny_buf::{closure#0} as core[a373ad73a504971]::ops::function::FnOnce<()>>::call_once
[INFO] [stdout]   13:     0x5a5c3149296b - test[aada8e7e76ba119b]::__rust_begin_short_backtrace::<core[a373ad73a504971]::result::Result<(), alloc[2e1b2a31b91974c5]::string::String>, fn() -> core[a373ad73a504971]::result::Result<(), alloc[2e1b2a31b91974c5]::string::String>>
[INFO] [stdout]   14:     0x5a5c3149fb45 - test[aada8e7e76ba119b]::run_test::{closure#0}
[INFO] [stdout]   15:     0x5a5c31499434 - std[617be2ca0a6fd877]::sys::backtrace::__rust_begin_short_backtrace::<test[aada8e7e76ba119b]::run_test::{closure#1}, ()>
[INFO] [stdout]   16:     0x5a5c314a2bd2 - <std[617be2ca0a6fd877]::thread::lifecycle::spawn_unchecked<test[aada8e7e76ba119b]::run_test::{closure#1}, ()>::{closure#1} as core[a373ad73a504971]::ops::function::FnOnce<()>>::call_once::{shim:vtable#0}
[INFO] [stdout]   17:     0x5a5c3150a8af - <std[617be2ca0a6fd877]::sys::thread::unix::Thread>::new::thread_start
[INFO] [stdout]   18:     0x70935405edfa - <unknown>
[INFO] [stdout]   19:     0x7093540f23d4 - clone
[INFO] [stdout]   20:                0x0 - <unknown>
[INFO] [stdout] 
[INFO] [stdout] ---- unix::passwd::getpw_r::tests::search_pwd_normal_sized_buf stdout ----
[INFO] [stdout] 
[INFO] [stdout] thread 'unix::passwd::getpw_r::tests::search_pwd_normal_sized_buf' (307) panicked at src/unix/passwd/getpw_r.rs:268:10:
[INFO] [stdout] called `Result::unwrap()` on an `Err` value: Error { msg: "`OPENAT` syscall failed", code: Some(Errno(2)) }
[INFO] [stdout] stack backtrace:
[INFO] [stdout]    0:     0x5a5c3150b051 - <<std[617be2ca0a6fd877]::sys::backtrace::BacktraceLock>::print::DisplayBacktrace as core[a373ad73a504971]::fmt::Display>::fmt
[INFO] [stdout]    1:     0x5a5c3151f04a - core[a373ad73a504971]::fmt::write
[INFO] [stdout]    2:     0x5a5c3150f26c - <alloc[2e1b2a31b91974c5]::vec::Vec<u8> as core[a373ad73a504971]::io::write::Write>::write_fmt
[INFO] [stdout]    3:     0x5a5c314e73f6 - std[617be2ca0a6fd877]::panicking::default_hook::{closure#0}
[INFO] [stdout]    4:     0x5a5c31503629 - std[617be2ca0a6fd877]::panicking::default_hook
[INFO] [stdout]    5:     0x5a5c3149f520 - test[aada8e7e76ba119b]::test_main_inner::{closure#0}
[INFO] [stdout]    6:     0x5a5c315037e2 - std[617be2ca0a6fd877]::panicking::panic_with_hook
[INFO] [stdout]    7:     0x5a5c314e74a2 - std[617be2ca0a6fd877]::panicking::panic_handler::{closure#0}
[INFO] [stdout]    8:     0x5a5c314e01b9 - std[617be2ca0a6fd877]::sys::backtrace::__rust_end_short_backtrace::<std[617be2ca0a6fd877]::panicking::panic_handler::{closure#0}, !>
[INFO] [stdout]    9:     0x5a5c314e80ad - __rustc[ea4f61d10b84890b]::rust_begin_unwind
[INFO] [stdout]   10:     0x5a5c3151f77c - core[a373ad73a504971]::panicking::panic_fmt
[INFO] [stdout]   11:     0x5a5c3151f552 - core[a373ad73a504971]::result::unwrap_failed
[INFO] [stdout]   12:     0x5a5c314887d0 - <tiny_std[e7b7d670584a58be]::unix::passwd::getpw_r::tests::search_pwd_normal_sized_buf::{closure#0} as core[a373ad73a504971]::ops::function::FnOnce<()>>::call_once
[INFO] [stdout]   13:     0x5a5c3149296b - test[aada8e7e76ba119b]::__rust_begin_short_backtrace::<core[a373ad73a504971]::result::Result<(), alloc[2e1b2a31b91974c5]::string::String>, fn() -> core[a373ad73a504971]::result::Result<(), alloc[2e1b2a31b91974c5]::string::String>>
[INFO] [stdout]   14:     0x5a5c3149fb45 - test[aada8e7e76ba119b]::run_test::{closure#0}
[INFO] [stdout]   15:     0x5a5c31499434 - std[617be2ca0a6fd877]::sys::backtrace::__rust_begin_short_backtrace::<test[aada8e7e76ba119b]::run_test::{closure#1}, ()>
[INFO] [stdout]   16:     0x5a5c314a2bd2 - <std[617be2ca0a6fd877]::thread::lifecycle::spawn_unchecked<test[aada8e7e76ba119b]::run_test::{closure#1}, ()>::{closure#1} as core[a373ad73a504971]::ops::function::FnOnce<()>>::call_once::{shim:vtable#0}
[INFO] [stdout]   17:     0x5a5c3150a8af - <std[617be2ca0a6fd877]::sys::thread::unix::Thread>::new::thread_start
[INFO] [stdout]   18:     0x70935405edfa - <unknown>
[INFO] [stdout]   19:     0x7093540f23d4 - clone
[INFO] [stdout]   20:                0x0 - <unknown>
[INFO] [stdout] 
[INFO] [stdout] ---- unix::passwd::getpw_r::tests::search_pwd_small_buf stdout ----
[INFO] [stdout] 
[INFO] [stdout] thread 'unix::passwd::getpw_r::tests::search_pwd_small_buf' (308) panicked at src/unix/passwd/getpw_r.rs:286:10:
[INFO] [stdout] called `Result::unwrap()` on an `Err` value: Error { msg: "`OPENAT` syscall failed", code: Some(Errno(2)) }
[INFO] [stdout] stack backtrace:
[INFO] [stdout]    0:     0x5a5c3150b051 - <<std[617be2ca0a6fd877]::sys::backtrace::BacktraceLock>::print::DisplayBacktrace as core[a373ad73a504971]::fmt::Display>::fmt
[INFO] [stdout]    1:     0x5a5c3151f04a - core[a373ad73a504971]::fmt::write
[INFO] [stdout]    2:     0x5a5c3150f26c - <alloc[2e1b2a31b91974c5]::vec::Vec<u8> as core[a373ad73a504971]::io::write::Write>::write_fmt
[INFO] [stdout]    3:     0x5a5c314e73f6 - std[617be2ca0a6fd877]::panicking::default_hook::{closure#0}
[INFO] [stdout]    4:     0x5a5c31503629 - std[617be2ca0a6fd877]::panicking::default_hook
[INFO] [stdout]    5:     0x5a5c3149f520 - test[aada8e7e76ba119b]::test_main_inner::{closure#0}
[INFO] [stdout]    6:     0x5a5c315037e2 - std[617be2ca0a6fd877]::panicking::panic_with_hook
[INFO] [stdout]    7:     0x5a5c314e74a2 - std[617be2ca0a6fd877]::panicking::panic_handler::{closure#0}
[INFO] [stdout]    8:     0x5a5c314e01b9 - std[617be2ca0a6fd877]::sys::backtrace::__rust_end_short_backtrace::<std[617be2ca0a6fd877]::panicking::panic_handler::{closure#0}, !>
[INFO] [stdout]    9:     0x5a5c314e80ad - __rustc[ea4f61d10b84890b]::rust_begin_unwind
[INFO] [stdout]   10:     0x5a5c3151f77c - core[a373ad73a504971]::panicking::panic_fmt
[INFO] [stdout]   11:     0x5a5c3151f552 - core[a373ad73a504971]::result::unwrap_failed
[INFO] [stdout]   12:     0x5a5c31488492 - <tiny_std[e7b7d670584a58be]::unix::passwd::getpw_r::tests::search_pwd_small_buf::{closure#0} as core[a373ad73a504971]::ops::function::FnOnce<()>>::call_once
[INFO] [stdout]   13:     0x5a5c3149296b - test[aada8e7e76ba119b]::__rust_begin_short_backtrace::<core[a373ad73a504971]::result::Result<(), alloc[2e1b2a31b91974c5]::string::String>, fn() -> core[a373ad73a504971]::result::Result<(), alloc[2e1b2a31b91974c5]::string::String>>
[INFO] [stdout]   14:     0x5a5c3149fb45 - test[aada8e7e76ba119b]::run_test::{closure#0}
[INFO] [stdout]   15:     0x5a5c31499434 - std[617be2ca0a6fd877]::sys::backtrace::__rust_begin_short_backtrace::<test[aada8e7e76ba119b]::run_test::{closure#1}, ()>
[INFO] [stdout]   16:     0x5a5c314a2bd2 - <std[617be2ca0a6fd877]::thread::lifecycle::spawn_unchecked<test[aada8e7e76ba119b]::run_test::{closure#1}, ()>::{closure#1} as core[a373ad73a504971]::ops::function::FnOnce<()>>::call_once::{shim:vtable#0}
[INFO] [stdout]   17:     0x5a5c3150a8af - <std[617be2ca0a6fd877]::sys::thread::unix::Thread>::new::thread_start
[INFO] [stdout]   18:     0x70935405edfa - <unknown>
[INFO] [stdout]   19:     0x7093540f23d4 - clone
[INFO] [stdout]   20:                0x0 - <unknown>
[INFO] [stdout] 
[INFO] [stdout] 
[INFO] [stdout] failures:
[INFO] [stdout]     fs::test::can_create_and_delete_dir
[INFO] [stdout]     fs::test::can_create_and_delete_file
[INFO] [stdout]     fs::test::can_create_read_and_write_file
[INFO] [stdout]     fs::test::can_create_remove_dir_all
[INFO] [stdout]     fs::test::can_create_remove_dir_all_trailing_slash
[INFO] [stdout]     fs::test::can_create_with_write
[INFO] [stdout]     fs::test::can_open_and_read_dir
[INFO] [stdout]     fs::test::can_read_null_term_path
[INFO] [stdout]     fs::test::can_read_to_string
[INFO] [stdout]     fs::test::can_read_to_vec
[INFO] [stdout]     fs::test::can_replace_with_write
[INFO] [stdout]     fs::test::create_read_and_delete_dir_with_a_lot_of_files
[INFO] [stdout]     fs::test::file_can_be_moved
[INFO] [stdout]     fs::test::file_exists_when_exists
[INFO] [stdout]     fs::test::read_after_write_needs_reseek
[INFO] [stdout]     unix::passwd::getpw_r::tests::last_entry_tiny_buf
[INFO] [stdout]     unix::passwd::getpw_r::tests::search_pwd_normal_sized_buf
[INFO] [stdout]     unix::passwd::getpw_r::tests::search_pwd_small_buf
[INFO] [stdout] 
[INFO] [stdout] test result: FAILED. 49 passed; 18 failed; 0 ignored; 0 measured; 0 filtered out; finished in 0.20s
[INFO] [stdout] 
[INFO] running `Command { std: "docker" "inspect" "a9284612bf1a8247a9a20f7567be5c1da8c25967e2fcb1aee9cff31ee62390f2", kill_on_drop: false }`
[INFO] running `Command { std: "docker" "rm" "-f" "a9284612bf1a8247a9a20f7567be5c1da8c25967e2fcb1aee9cff31ee62390f2", kill_on_drop: false }`
[INFO] [stdout] a9284612bf1a8247a9a20f7567be5c1da8c25967e2fcb1aee9cff31ee62390f2
