[INFO] fetching crate tiny-i18n-macro 0.1.6...
[INFO] testing tiny-i18n-macro-0.1.6 against 1.100.0-beta.1+cargoflags=--release for beta-release-1.100-2
[INFO] extracting crate tiny-i18n-macro 0.1.6 into /workspace/builds/worker-0-tc2/source
[INFO] started tweaking crates.io crate tiny-i18n-macro 0.1.6
[INFO] finished tweaking crates.io crate tiny-i18n-macro 0.1.6
[INFO] tweaked toml for crates.io crate tiny-i18n-macro 0.1.6 written to /workspace/builds/worker-0-tc2/source/Cargo.toml
[INFO] validating manifest of crates.io crate tiny-i18n-macro 0.1.6 on toolchain 1.100.0-beta.1
[INFO] running `Command { std: CARGO_HOME="/workspace/cargo-home" RUSTUP_HOME="/workspace/rustup-home" "/workspace/cargo-home/bin/cargo" "+1.100.0-beta.1" "metadata" "--manifest-path" "Cargo.toml" "--no-deps", kill_on_drop: false }`
[INFO] running `Command { std: CARGO_HOME="/workspace/cargo-home" RUSTUP_HOME="/workspace/rustup-home" "/workspace/cargo-home/bin/cargo" "+1.100.0-beta.1" "generate-lockfile" "--manifest-path" "Cargo.toml", kill_on_drop: false }`
[INFO] [stderr]     Updating crates.io index
[INFO] [stderr]      Locking 4 packages to highest compatible versions
[INFO] [stderr]       Adding syn v2.0.119 (available: v3.0.9)
[INFO] running `Command { std: CARGO_HOME="/workspace/cargo-home" RUSTUP_HOME="/workspace/rustup-home" "/workspace/cargo-home/bin/cargo" "+1.100.0-beta.1" "fetch" "--manifest-path" "Cargo.toml", kill_on_drop: false }`
[INFO] running `Command { std: "docker" "create" "-v" "/var/lib/crater-agent-workspace/builds/worker-0-tc2/source:/opt/rustwide/workdir:ro,Z" "-v" "/var/lib/crater-agent-workspace/builds/worker-0-tc2/target:/opt/rustwide/target:rw,Z" "-v" "/var/lib/crater-agent-workspace/cargo-home:/opt/rustwide/cargo-home:ro,Z" "-v" "/var/lib/crater-agent-workspace/rustup-home:/opt/rustwide/rustup-home:ro,Z" "-m" "1610612736" "--network" "none" "ghcr.io/rust-lang/crates-build-env/linux@sha256:77db811e55d90add9212f6832c23229e3de5f1c1f9905e8cb07319ea15df73ac" "sleep" "infinity", kill_on_drop: false }`
[INFO] [stdout] d2080a4dce8d05e5ea5673d8d582f9d4edfa21911a48381f5be6ee5179575fdc
[INFO] running `Command { std: "docker" "start" "d2080a4dce8d05e5ea5673d8d582f9d4edfa21911a48381f5be6ee5179575fdc", kill_on_drop: false }`
[INFO] running `Command { std: "docker" "inspect" "d2080a4dce8d05e5ea5673d8d582f9d4edfa21911a48381f5be6ee5179575fdc", kill_on_drop: false }`
[INFO] running `Command { std: "docker" "exec" "-e" "SOURCE_DIR=/opt/rustwide/workdir" "-e" "CARGO_HOME=/opt/rustwide/cargo-home" "-e" "RUSTUP_HOME=/opt/rustwide/rustup-home" "-e" "CARGO_TARGET_DIR=/opt/rustwide/target" "-w" "/opt/rustwide/workdir" "--user" "0:0" "d2080a4dce8d05e5ea5673d8d582f9d4edfa21911a48381f5be6ee5179575fdc" "/opt/rustwide/cargo-home/bin/cargo" "+1.100.0-beta.1" "metadata" "--no-deps" "--format-version=1", kill_on_drop: false }`
[INFO] running `Command { std: "docker" "inspect" "d2080a4dce8d05e5ea5673d8d582f9d4edfa21911a48381f5be6ee5179575fdc", kill_on_drop: false }`
[INFO] running `Command { std: "docker" "exec" "-e" "SOURCE_DIR=/opt/rustwide/workdir" "-e" "CARGO_HOME=/opt/rustwide/cargo-home" "-e" "RUSTUP_HOME=/opt/rustwide/rustup-home" "-e" "CARGO_TARGET_DIR=/opt/rustwide/target" "-e" "CARGO_INCREMENTAL=0" "-e" "RUST_BACKTRACE=full" "-e" "RUSTFLAGS=--cap-lints=warn" "-e" "RUSTDOCFLAGS=--cap-lints=warn" "-w" "/opt/rustwide/workdir" "--user" "0:0" "d2080a4dce8d05e5ea5673d8d582f9d4edfa21911a48381f5be6ee5179575fdc" "/opt/rustwide/cargo-home/bin/cargo" "+1.100.0-beta.1" "build" "--frozen" "--message-format=json" "--release", kill_on_drop: false }`
[INFO] [stderr]    Compiling tiny-i18n-macro v0.1.6 (/opt/rustwide/workdir)
[INFO] [stderr]     Finished `release` profile [optimized] target(s) in 2.61s
[INFO] running `Command { std: "docker" "inspect" "d2080a4dce8d05e5ea5673d8d582f9d4edfa21911a48381f5be6ee5179575fdc", kill_on_drop: false }`
[INFO] running `Command { std: "docker" "exec" "-e" "SOURCE_DIR=/opt/rustwide/workdir" "-e" "CARGO_HOME=/opt/rustwide/cargo-home" "-e" "RUSTUP_HOME=/opt/rustwide/rustup-home" "-e" "CARGO_TARGET_DIR=/opt/rustwide/target" "-e" "CARGO_INCREMENTAL=0" "-e" "RUST_BACKTRACE=full" "-e" "RUSTFLAGS=--cap-lints=warn" "-e" "RUSTDOCFLAGS=--cap-lints=warn" "-w" "/opt/rustwide/workdir" "--user" "0:0" "d2080a4dce8d05e5ea5673d8d582f9d4edfa21911a48381f5be6ee5179575fdc" "/opt/rustwide/cargo-home/bin/cargo" "+1.100.0-beta.1" "test" "--frozen" "--no-run" "--message-format=json" "--release", kill_on_drop: false }`
[INFO] [stderr]    Compiling tiny-i18n-macro v0.1.6 (/opt/rustwide/workdir)
[INFO] [stderr]     Finished `release` profile [optimized] target(s) in 0.62s
[INFO] running `Command { std: "docker" "inspect" "d2080a4dce8d05e5ea5673d8d582f9d4edfa21911a48381f5be6ee5179575fdc", kill_on_drop: false }`
[INFO] running `Command { std: "docker" "exec" "-e" "SOURCE_DIR=/opt/rustwide/workdir" "-e" "CARGO_HOME=/opt/rustwide/cargo-home" "-e" "RUSTUP_HOME=/opt/rustwide/rustup-home" "-e" "CARGO_TARGET_DIR=/opt/rustwide/target" "-e" "CARGO_INCREMENTAL=0" "-e" "RUST_BACKTRACE=full" "-e" "RUSTFLAGS=--cap-lints=warn" "-e" "RUSTDOCFLAGS=--cap-lints=warn" "-w" "/opt/rustwide/workdir" "--user" "0:0" "d2080a4dce8d05e5ea5673d8d582f9d4edfa21911a48381f5be6ee5179575fdc" "/opt/rustwide/cargo-home/bin/cargo" "+1.100.0-beta.1" "test" "--frozen" "--release", kill_on_drop: false }`
[INFO] [stderr]     Finished `release` profile [optimized] target(s) in 0.04s
[INFO] [stderr]      Running unittests src/lib.rs (/opt/rustwide/target/release/build/tiny-i18n-macro/cc31625a5fc383c1/out/tiny_i18n_macro-cc31625a5fc383c1)
[INFO] [stdout] 
[INFO] [stdout] running 0 tests
[INFO] [stdout] 
[INFO] [stdout] test result: ok. 0 passed; 0 failed; 0 ignored; 0 measured; 0 filtered out; finished in 0.00s
[INFO] [stdout] 
[INFO] [stderr]    Doc-tests tiny_i18n_macro
[INFO] [stdout] 
[INFO] [stdout] running 1 test
[INFO] [stdout] test src/lib.rs - i18n (line 13) ... FAILED
[INFO] [stdout] 
[INFO] [stdout] failures:
[INFO] [stdout] 
[INFO] [stdout] ---- src/lib.rs - i18n (line 13) stdout ----
[INFO] [stdout] error[E0433]: cannot find module or crate `tiny_i18n` in this scope
[INFO] [stdout]   --> src/lib.rs:14:3
[INFO] [stdout]    |
[INFO] [stdout] 14 | #[tiny_i18n::i18n("path_of_the_translations_directory")] //defaults to `i18n` if called without argument
[INFO] [stdout]    |   ^^^^^^^^^ use of unresolved module or unlinked crate `tiny_i18n`
[INFO] [stdout] 
[INFO] [stdout] error[E0599]: no associated function or constant named `hello_world` found for struct `I18n` in the current scope
[INFO] [stdout]   --> src/lib.rs:19:26
[INFO] [stdout]    |
[INFO] [stdout] 15 | pub(crate) struct I18n;
[INFO] [stdout]    | ---------------------- associated function or constant `hello_world` not found for this struct
[INFO] [stdout] ...
[INFO] [stdout] 19 |     println!("{}", I18n::hello_world("en-us")); //the first argument is the language, the following are the arguments, if any
[INFO] [stdout]    |                          ^^^^^^^^^^^ associated function or constant not found in `I18n`
[INFO] [stdout] 
[INFO] [stdout] error: aborting due to 2 previous errors
[INFO] [stdout] 
[INFO] [stdout] Some errors have detailed explanations: E0433, E0599.
[INFO] [stdout] For more information about an error, try `rustc --explain E0433`.
[INFO] [stdout] Couldn't compile the test.
[INFO] [stdout] 
[INFO] [stdout] failures:
[INFO] [stdout]     src/lib.rs - i18n (line 13)
[INFO] [stdout] 
[INFO] [stdout] test result: FAILED. 0 passed; 1 failed; 0 ignored; 0 measured; 0 filtered out; finished in 0.11s
[INFO] [stdout] 
[INFO] [stderr] error: doctest failed, to rerun pass `--doc`
[INFO] running `Command { std: "docker" "inspect" "d2080a4dce8d05e5ea5673d8d582f9d4edfa21911a48381f5be6ee5179575fdc", kill_on_drop: false }`
[INFO] running `Command { std: "docker" "rm" "-f" "d2080a4dce8d05e5ea5673d8d582f9d4edfa21911a48381f5be6ee5179575fdc", kill_on_drop: false }`
[INFO] [stdout] d2080a4dce8d05e5ea5673d8d582f9d4edfa21911a48381f5be6ee5179575fdc
