[INFO] fetching crate timelord 3.0.2...
[INFO] testing timelord-3.0.2 against 1.99.0-beta.8+cargoflags=--release for beta-release-1.100-2
[INFO] extracting crate timelord 3.0.2 into /workspace/builds/worker-5-tc1/source
[INFO] started tweaking crates.io crate timelord 3.0.2
[INFO] finished tweaking crates.io crate timelord 3.0.2
[INFO] tweaked toml for crates.io crate timelord 3.0.2 written to /workspace/builds/worker-5-tc1/source/Cargo.toml
[INFO] validating manifest of crates.io crate timelord 3.0.2 on toolchain 1.99.0-beta.8
[INFO] running `Command { std: CARGO_HOME="/workspace/cargo-home" RUSTUP_HOME="/workspace/rustup-home" "/workspace/cargo-home/bin/cargo" "+1.99.0-beta.8" "metadata" "--manifest-path" "Cargo.toml" "--no-deps", kill_on_drop: false }`
[INFO] crate crates.io crate timelord 3.0.2 already has a lockfile, it will not be regenerated
[INFO] running `Command { std: CARGO_HOME="/workspace/cargo-home" RUSTUP_HOME="/workspace/rustup-home" "/workspace/cargo-home/bin/cargo" "+1.99.0-beta.8" "fetch" "--manifest-path" "Cargo.toml", kill_on_drop: false }`
[INFO] [stderr]     Updating crates.io index
[INFO] [stderr]  Downloading crates ...
[INFO] [stderr]   Downloaded jiff-tzdb-platform v0.1.2
[INFO] [stderr]   Downloaded human_bytes v0.4.3
[INFO] [stderr]   Downloaded env_filter v0.1.3
[INFO] [stderr]   Downloaded env_logger v0.11.7
[INFO] [stderr]   Downloaded owo-colors v4.2.0
[INFO] [stderr]   Downloaded jiff-tzdb v0.1.3
[INFO] [stderr]   Downloaded jiff-static v0.2.4
[INFO] [stderr]   Downloaded rustix v1.0.3
[INFO] [stderr]   Downloaded jiff v0.2.4
[INFO] running `Command { std: "docker" "create" "-v" "/var/lib/crater-agent-workspace/builds/worker-5-tc1/source:/opt/rustwide/workdir:ro,Z" "-v" "/var/lib/crater-agent-workspace/builds/worker-5-tc1/target:/opt/rustwide/target:rw,Z" "-v" "/var/lib/crater-agent-workspace/cargo-home:/opt/rustwide/cargo-home:ro,Z" "-v" "/var/lib/crater-agent-workspace/rustup-home:/opt/rustwide/rustup-home:ro,Z" "-m" "1610612736" "--network" "none" "ghcr.io/rust-lang/crates-build-env/linux@sha256:77db811e55d90add9212f6832c23229e3de5f1c1f9905e8cb07319ea15df73ac" "sleep" "infinity", kill_on_drop: false }`
[INFO] [stdout] 3aa8b0448852cba52af774b229c1895e1efaa7ffcef85f386f1710d359df739a
[INFO] running `Command { std: "docker" "start" "3aa8b0448852cba52af774b229c1895e1efaa7ffcef85f386f1710d359df739a", kill_on_drop: false }`
[INFO] running `Command { std: "docker" "inspect" "3aa8b0448852cba52af774b229c1895e1efaa7ffcef85f386f1710d359df739a", kill_on_drop: false }`
[INFO] running `Command { std: "docker" "exec" "-e" "SOURCE_DIR=/opt/rustwide/workdir" "-e" "CARGO_HOME=/opt/rustwide/cargo-home" "-e" "RUSTUP_HOME=/opt/rustwide/rustup-home" "-e" "CARGO_TARGET_DIR=/opt/rustwide/target" "-w" "/opt/rustwide/workdir" "--user" "0:0" "3aa8b0448852cba52af774b229c1895e1efaa7ffcef85f386f1710d359df739a" "/opt/rustwide/cargo-home/bin/cargo" "+1.99.0-beta.8" "metadata" "--no-deps" "--format-version=1", kill_on_drop: false }`
[INFO] running `Command { std: "docker" "inspect" "3aa8b0448852cba52af774b229c1895e1efaa7ffcef85f386f1710d359df739a", kill_on_drop: false }`
[INFO] running `Command { std: "docker" "exec" "-e" "SOURCE_DIR=/opt/rustwide/workdir" "-e" "CARGO_HOME=/opt/rustwide/cargo-home" "-e" "RUSTUP_HOME=/opt/rustwide/rustup-home" "-e" "CARGO_TARGET_DIR=/opt/rustwide/target" "-e" "CARGO_INCREMENTAL=0" "-e" "RUST_BACKTRACE=full" "-e" "RUSTFLAGS=--cap-lints=warn" "-e" "RUSTDOCFLAGS=--cap-lints=warn" "-w" "/opt/rustwide/workdir" "--user" "0:0" "3aa8b0448852cba52af774b229c1895e1efaa7ffcef85f386f1710d359df739a" "/opt/rustwide/cargo-home/bin/cargo" "+1.99.0-beta.8" "build" "--frozen" "--message-format=json" "--release", kill_on_drop: false }`
[INFO] [stderr]    Compiling proc-macro2 v1.0.94
[INFO] [stderr]    Compiling libc v0.2.171
[INFO] [stderr]    Compiling regex-syntax v0.8.5
[INFO] [stderr]    Compiling log v0.4.26
[INFO] [stderr]    Compiling owo-colors v4.2.0
[INFO] [stderr]    Compiling aho-corasick v1.1.3
[INFO] [stderr]    Compiling bstr v1.11.3
[INFO] [stderr]    Compiling camino v1.1.9
[INFO] [stderr]    Compiling humantime v2.2.0
[INFO] [stderr]    Compiling human_bytes v0.4.3
[INFO] [stderr]    Compiling jiff v0.2.4
[INFO] [stderr]    Compiling seahash v4.1.0
[INFO] [stderr]    Compiling rayon-core v1.12.1
[INFO] [stderr]    Compiling quote v1.0.40
[INFO] [stderr]    Compiling rayon v1.10.0
[INFO] [stderr]    Compiling syn v2.0.100
[INFO] [stderr]    Compiling hostname v0.4.0
[INFO] [stderr]    Compiling regex-automata v0.4.9
[INFO] [stderr]    Compiling serde_derive v1.0.219
[INFO] [stderr]    Compiling globset v0.4.16
[INFO] [stderr]    Compiling ignore v0.4.23
[INFO] [stderr]    Compiling serde v1.0.219
[INFO] [stderr]    Compiling bincode v2.0.1
[INFO] [stderr]    Compiling timelord v3.0.2 (/opt/rustwide/workdir)
[INFO] [stderr]     Finished `release` profile [optimized] target(s) in 36.22s
[INFO] running `Command { std: "docker" "inspect" "3aa8b0448852cba52af774b229c1895e1efaa7ffcef85f386f1710d359df739a", kill_on_drop: false }`
[INFO] running `Command { std: "docker" "exec" "-e" "SOURCE_DIR=/opt/rustwide/workdir" "-e" "CARGO_HOME=/opt/rustwide/cargo-home" "-e" "RUSTUP_HOME=/opt/rustwide/rustup-home" "-e" "CARGO_TARGET_DIR=/opt/rustwide/target" "-e" "CARGO_INCREMENTAL=0" "-e" "RUST_BACKTRACE=full" "-e" "RUSTFLAGS=--cap-lints=warn" "-e" "RUSTDOCFLAGS=--cap-lints=warn" "-w" "/opt/rustwide/workdir" "--user" "0:0" "3aa8b0448852cba52af774b229c1895e1efaa7ffcef85f386f1710d359df739a" "/opt/rustwide/cargo-home/bin/cargo" "+1.99.0-beta.8" "test" "--frozen" "--no-run" "--message-format=json" "--release", kill_on_drop: false }`
[INFO] [stderr]    Compiling log v0.4.26
[INFO] [stderr]    Compiling rustix v1.0.3
[INFO] [stderr]    Compiling regex v1.11.1
[INFO] [stderr]    Compiling getrandom v0.3.2
[INFO] [stderr]    Compiling linux-raw-sys v0.9.3
[INFO] [stderr]    Compiling bitflags v2.9.0
[INFO] [stderr]    Compiling once_cell v1.21.1
[INFO] [stderr]    Compiling anstream v0.6.18
[INFO] [stderr]    Compiling globset v0.4.16
[INFO] [stderr]    Compiling env_filter v0.1.3
[INFO] [stderr]    Compiling ignore v0.4.23
[INFO] [stderr]    Compiling env_logger v0.11.7
[INFO] [stderr]    Compiling timelord v3.0.2 (/opt/rustwide/workdir)
[INFO] [stderr]    Compiling tempfile v3.19.1
[INFO] [stderr]     Finished `release` profile [optimized] target(s) in 13.70s
[INFO] running `Command { std: "docker" "inspect" "3aa8b0448852cba52af774b229c1895e1efaa7ffcef85f386f1710d359df739a", kill_on_drop: false }`
[INFO] running `Command { std: "docker" "exec" "-e" "SOURCE_DIR=/opt/rustwide/workdir" "-e" "CARGO_HOME=/opt/rustwide/cargo-home" "-e" "RUSTUP_HOME=/opt/rustwide/rustup-home" "-e" "CARGO_TARGET_DIR=/opt/rustwide/target" "-e" "CARGO_INCREMENTAL=0" "-e" "RUST_BACKTRACE=full" "-e" "RUSTFLAGS=--cap-lints=warn" "-e" "RUSTDOCFLAGS=--cap-lints=warn" "-w" "/opt/rustwide/workdir" "--user" "0:0" "3aa8b0448852cba52af774b229c1895e1efaa7ffcef85f386f1710d359df739a" "/opt/rustwide/cargo-home/bin/cargo" "+1.99.0-beta.8" "test" "--frozen" "--release", kill_on_drop: false }`
[INFO] [stderr]     Finished `release` profile [optimized] target(s) in 0.09s
[INFO] [stderr]      Running unittests src/lib.rs (/opt/rustwide/target/release/deps/timelord-a5df4b69fb2ec02c)
[INFO] [stderr] [2026-10-18T18:56:40Z DEBUG timelord::tests] ===============================================
[INFO] [stdout] 
[INFO] [stderr] [2026-10-18T18:56:40Z INFO  timelord::tests] Starting Timelord Self-Test
[INFO] [stdout] running 1 test
[INFO] [stderr] [2026-10-18T18:56:40Z DEBUG timelord::tests] ===============================================
[INFO] [stderr] [2026-10-18T18:56:40Z INFO  timelord::tests] Created temporary directories: 
[INFO] [stderr] [2026-10-18T18:56:40Z DEBUG timelord::tests]   Source: /tmp/.tmpZdlRV2/source
[INFO] [stderr] [2026-10-18T18:56:40Z DEBUG timelord::tests]   Cache: /tmp/.tmpZdlRV2/cache
[INFO] [stderr] [2026-10-18T18:56:40Z INFO  timelord::tests] Created test files: 
[INFO] [stderr] [2026-10-18T18:56:40Z DEBUG timelord::tests]   /tmp/.tmpZdlRV2/source/src/main.rs: 'Hello, World!'
[INFO] [stderr] [2026-10-18T18:56:40Z DEBUG timelord::tests]   /tmp/.tmpZdlRV2/source/tests/integration-test.rs: 'Timelord test'
[INFO] [stderr] [2026-10-18T18:56:40Z DEBUG timelord::tests]   /tmp/.tmpZdlRV2/source/README.md: 'README content'
[INFO] [stderr] [2026-10-18T18:56:40Z DEBUG timelord::tests] ===============================================
[INFO] [stderr] [2026-10-18T18:56:40Z INFO  timelord::tests] Scenario 1: First Run - Creating Cache
[INFO] [stderr] [2026-10-18T18:56:40Z DEBUG timelord::tests] ===============================================
[INFO] [stderr] [2026-10-18T18:56:40Z DEBUG timelord] 🆕 No cache file found at /tmp/.tmpZdlRV2/cache/timelord.db, starting fresh!
[INFO] [stderr] [2026-10-18T18:56:40Z DEBUG timelord] ⚠️ Falling back to empty cache
[INFO] [stderr] [2026-10-18T18:56:40Z DEBUG timelord] ⏰ Deserialization took: 39.32µs
[INFO] [stderr] [2026-10-18T18:56:40Z DEBUG timelord] Cache not created yet
[INFO] [stderr] [2026-10-18T18:56:40Z DEBUG timelord] 🔍 Scanning source directory: /tmp/.tmpZdlRV2/source
[INFO] [stderr] [2026-10-18T18:56:40Z DEBUG timelord] ⏰ Directory scan took: 3.49652ms
[INFO] [stderr] [2026-10-18T18:56:40Z DEBUG timelord] ⏰ Updating file timestamps...
[INFO] [stderr] [2026-10-18T18:56:40Z DEBUG timelord]   [dirty] README.md (58592ae3c2a51540, 14 B) - New
[INFO] [stderr] [2026-10-18T18:56:40Z DEBUG timelord]   [dirty] src/main.rs (2ec2572966d006fd, 13 B) - New
[INFO] [stderr] [2026-10-18T18:56:40Z DEBUG timelord]   [dirty] tests/integration-test.rs (651151155661595f, 13 B) - New
[INFO] [stderr] [2026-10-18T18:56:40Z DEBUG timelord] ⏰ Spent 994.8µs syncing (0 fresh, 3 dirty)
[INFO] [stderr] [2026-10-18T18:56:40Z DEBUG timelord] 💾 Saving new cache to /tmp/.tmpZdlRV2/cache/timelord.db
[INFO] [stderr] [2026-10-18T18:56:40Z DEBUG timelord] ⏰ Cache serialization took: 177.5µs
[INFO] [stderr] [2026-10-18T18:56:40Z INFO  timelord] 🎉 All done! Restored 3 files in 7.3425ms
[INFO] [stderr] [2026-10-18T18:56:40Z INFO  timelord::tests] Cache file created successfully: /tmp/.tmpZdlRV2/cache/timelord.db
[INFO] [stderr] [2026-10-18T18:56:40Z DEBUG timelord::tests] Running cache-info command: 
[INFO] [stderr] [2026-10-18T18:56:40Z DEBUG timelord] 🔍 Reading cache file: /tmp/.tmpZdlRV2/cache/timelord.db
[INFO] [stderr] [2026-10-18T18:56:40Z DEBUG timelord]    Cache is 204 B, tracking 3 entries (version 3)
[INFO] [stderr] [2026-10-18T18:56:40Z DEBUG timelord]    Crawled 2ms 23us 460ns ago (2026-10-18 18:56:40) on 3aa8b0448852 from source dir /tmp/.tmpZdlRV2/source
[INFO] [stderr] [2026-10-18T18:56:40Z DEBUG timelord] 📁 Directory Structure:
[INFO] [stderr] [2026-10-18T18:56:40Z DEBUG timelord]   ./  (1 files, 14 B)
[INFO] [stderr] [2026-10-18T18:56:40Z DEBUG timelord]     src/  (1 files, 13 B)
[INFO] [stderr] [2026-10-18T18:56:40Z DEBUG timelord]     tests/  (1 files, 13 B)
[INFO] [stderr] [2026-10-18T18:56:40Z DEBUG timelord::tests] ===============================================
[INFO] [stderr] [2026-10-18T18:56:40Z INFO  timelord::tests] Scenario 2: Modifying Timestamps
[INFO] [stderr] [2026-10-18T18:56:40Z DEBUG timelord::tests] ===============================================
[INFO] [stderr] [2026-10-18T18:56:40Z INFO  timelord::tests] Modified timestamps of src/main.rs and tests/integration-test.rs to 1 hour ago
[INFO] [stderr] [2026-10-18T18:56:40Z DEBUG timelord::tests] Running Timelord to restore timestamps: 
[INFO] [stderr] [2026-10-18T18:56:40Z DEBUG timelord] 🔍 Reading cache file: /tmp/.tmpZdlRV2/cache/timelord.db
[INFO] [stderr] [2026-10-18T18:56:40Z DEBUG timelord] ⏰ Deserialization took: 81.8µs
[INFO] [stderr] [2026-10-18T18:56:40Z DEBUG timelord]    Cache is 204 B, tracking 3 entries (version 3)
[INFO] [stderr] [2026-10-18T18:56:40Z DEBUG timelord]    Crawled 3ms 931us 60ns ago (2026-10-18 18:56:40) on 3aa8b0448852 from source dir /tmp/.tmpZdlRV2/source
[INFO] [stderr] [2026-10-18T18:56:40Z DEBUG timelord] 📁 Directory Structure:
[INFO] [stderr] [2026-10-18T18:56:40Z DEBUG timelord]   ./  (1 files, 14 B)
[INFO] [stderr] [2026-10-18T18:56:40Z DEBUG timelord]     src/  (1 files, 13 B)
[INFO] [stderr] [2026-10-18T18:56:40Z DEBUG timelord]     tests/  (1 files, 13 B)
[INFO] [stderr] [2026-10-18T18:56:40Z DEBUG timelord] 🔍 Scanning source directory: /tmp/.tmpZdlRV2/source
[INFO] [stderr] [2026-10-18T18:56:40Z DEBUG timelord] ⏰ Directory scan took: 26.38926ms
[INFO] [stderr] [2026-10-18T18:56:40Z DEBUG timelord] ⏰ Updating file timestamps...
[INFO] [stderr] [2026-10-18T18:56:40Z DEBUG timelord]   [fresh] README.md (58592ae3c2a51540, 14 B, 2026-10-18 18:56:40 => 2026-10-18 18:56:40)
[INFO] [stderr] [2026-10-18T18:56:40Z DEBUG timelord]   [fresh] src/main.rs (2ec2572966d006fd, 13 B, 2026-10-18 18:56:40 => 2026-10-18 18:56:40)
[INFO] [stderr] [2026-10-18T18:56:40Z DEBUG timelord]   [fresh] tests/integration-test.rs (651151155661595f, 13 B, 2026-10-18 18:56:40 => 2026-10-18 18:56:40)
[INFO] [stderr] [2026-10-18T18:56:40Z DEBUG timelord] ⏰ Spent 292.43µs syncing (3 fresh, 0 dirty)
[INFO] [stderr] [2026-10-18T18:56:40Z DEBUG timelord] 💾 Saving new cache to /tmp/.tmpZdlRV2/cache/timelord.db
[INFO] [stderr] [2026-10-18T18:56:40Z DEBUG timelord] ⏰ Cache serialization took: 94.3µs
[INFO] [stderr] [2026-10-18T18:56:40Z INFO  timelord] 🎉 All done! Restored 3 files in 27.56734ms
[INFO] [stderr] [2026-10-18T18:56:40Z INFO  timelord::tests] Timestamps successfully restored for both files
[INFO] [stderr] [2026-10-18T18:56:40Z DEBUG timelord::tests] Running cache-info command: 
[INFO] [stderr] [2026-10-18T18:56:40Z DEBUG timelord] 🔍 Reading cache file: /tmp/.tmpZdlRV2/cache/timelord.db
[INFO] [stderr] [2026-10-18T18:56:40Z DEBUG timelord]    Cache is 204 B, tracking 3 entries (version 3)
[INFO] [stderr] [2026-10-18T18:56:40Z DEBUG timelord]    Crawled 846us 800ns ago (2026-10-18 18:56:40) on 3aa8b0448852 from source dir /tmp/.tmpZdlRV2/source
[INFO] [stderr] [2026-10-18T18:56:40Z DEBUG timelord] 📁 Directory Structure:
[INFO] [stderr] [2026-10-18T18:56:40Z DEBUG timelord]   ./  (1 files, 14 B)
[INFO] [stderr] [2026-10-18T18:56:40Z DEBUG timelord]     src/  (1 files, 13 B)
[INFO] [stderr] [2026-10-18T18:56:40Z DEBUG timelord]     tests/  (1 files, 13 B)
[INFO] [stderr] [2026-10-18T18:56:40Z DEBUG timelord::tests] ===============================================
[INFO] [stderr] [2026-10-18T18:56:40Z INFO  timelord::tests] Scenario 3: Modifying Content and Timestamps
[INFO] [stderr] [2026-10-18T18:56:40Z DEBUG timelord::tests] ===============================================
[INFO] [stderr] [2026-10-18T18:56:40Z INFO  timelord::tests] Modified timestamps of src/main.rs and tests/integration-test.rs to 2 hours ago
[INFO] [stderr] [2026-10-18T18:56:40Z INFO  timelord::tests] Changed content of tests/integration-test.rs to 'Modified content'
[INFO] [stderr] [2026-10-18T18:56:40Z DEBUG timelord::tests] Running Timelord to selectively restore timestamps: 
[INFO] [stderr] [2026-10-18T18:56:40Z DEBUG timelord] 🔍 Scanning source directory: /tmp/.tmpZdlRV2/source
[INFO] [stderr] [2026-10-18T18:56:40Z DEBUG timelord] 🔍 Reading cache file: /tmp/.tmpZdlRV2/cache/timelord.db
[INFO] [stderr] [2026-10-18T18:56:40Z DEBUG timelord] ⏰ Deserialization took: 198.631µs
[INFO] [stderr] [2026-10-18T18:56:40Z DEBUG timelord]    Cache is 204 B, tracking 3 entries (version 3)
[INFO] [stderr] [2026-10-18T18:56:40Z DEBUG timelord]    Crawled 2ms 249us 240ns ago (2026-10-18 18:56:40) on 3aa8b0448852 from source dir /tmp/.tmpZdlRV2/source
[INFO] [stderr] [2026-10-18T18:56:40Z DEBUG timelord] 📁 Directory Structure:
[INFO] [stderr] [2026-10-18T18:56:40Z DEBUG timelord]   ./  (1 files, 14 B)
[INFO] [stderr] [2026-10-18T18:56:40Z DEBUG timelord]     src/  (1 files, 13 B)
[INFO] [stderr] [2026-10-18T18:56:40Z DEBUG timelord]     tests/  (1 files, 13 B)
[INFO] [stderr] [2026-10-18T18:56:40Z DEBUG timelord] ⏰ Directory scan took: 3.444311ms
[INFO] [stderr] [2026-10-18T18:56:40Z DEBUG timelord] ⏰ Updating file timestamps...
[INFO] [stderr] [2026-10-18T18:56:40Z DEBUG timelord]   [fresh] README.md (58592ae3c2a51540, 14 B, 2026-10-18 18:56:40 => 2026-10-18 18:56:40)
[INFO] [stderr] [2026-10-18T18:56:40Z DEBUG timelord]   [fresh] src/main.rs (2ec2572966d006fd, 13 B, 2026-10-18 18:56:40 => 2026-10-18 18:56:40)
[INFO] [stderr] [2026-10-18T18:56:40Z DEBUG timelord]   [dirty] tests/integration-test.rs (a28688a5f056b970, 16 B) - HashChanged
[INFO] [stderr] [2026-10-18T18:56:40Z DEBUG timelord] ⏰ Spent 222.36µs syncing (2 fresh, 1 dirty)
[INFO] [stderr] [2026-10-18T18:56:40Z DEBUG timelord] 💾 Saving new cache to /tmp/.tmpZdlRV2/cache/timelord.db
[INFO] [stderr] [2026-10-18T18:56:40Z DEBUG timelord] ⏰ Cache serialization took: 117.349µs
[INFO] [stderr] [2026-10-18T18:56:40Z INFO  timelord] 🎉 All done! Restored 3 files in 5.021929ms
[INFO] [stderr] [2026-10-18T18:56:40Z INFO  timelord::tests] src/main.rs timestamp restored (content unchanged)
[INFO] [stderr] [2026-10-18T18:56:40Z INFO  timelord::tests] tests/integration-test.rs timestamp not restored (content changed)
[INFO] [stderr] [2026-10-18T18:56:40Z DEBUG timelord::tests] Running cache-info command: 
[INFO] [stderr] [2026-10-18T18:56:40Z DEBUG timelord] 🔍 Reading cache file: /tmp/.tmpZdlRV2/cache/timelord.db
[INFO] [stderr] [2026-10-18T18:56:40Z DEBUG timelord]    Cache is 204 B, tracking 3 entries (version 3)
[INFO] [stderr] [2026-10-18T18:56:40Z DEBUG timelord]    Crawled 616us 311ns ago (2026-10-18 18:56:40) on 3aa8b0448852 from source dir /tmp/.tmpZdlRV2/source
[INFO] [stderr] [2026-10-18T18:56:40Z DEBUG timelord] 📁 Directory Structure:
[INFO] [stderr] [2026-10-18T18:56:40Z DEBUG timelord]   ./  (1 files, 14 B)
[INFO] [stderr] [2026-10-18T18:56:40Z DEBUG timelord]     src/  (1 files, 13 B)
[INFO] [stderr] [2026-10-18T18:56:40Z DEBUG timelord]     tests/  (1 files, 16 B)
[INFO] [stderr] [2026-10-18T18:56:40Z DEBUG timelord::tests] ===============================================
[INFO] [stderr] [2026-10-18T18:56:40Z INFO  timelord::tests] Scenario 4: Different Source Directory Base
[INFO] [stderr] [2026-10-18T18:56:40Z DEBUG timelord::tests] ===============================================
[INFO] [stderr] [2026-10-18T18:56:40Z INFO  timelord::tests] Created new source directory with same files
[INFO] [stderr] [2026-10-18T18:56:40Z DEBUG timelord::tests]   New Source: /tmp/.tmpZdlRV2/new_source
[INFO] [stderr] [2026-10-18T18:56:40Z DEBUG timelord::tests] Running Timelord with new source directory: 
[INFO] [stderr] [2026-10-18T18:56:40Z DEBUG timelord] 🔍 Scanning source directory: /tmp/.tmpZdlRV2/new_source
[INFO] [stderr] [2026-10-18T18:56:40Z DEBUG timelord] 🔍 Reading cache file: /tmp/.tmpZdlRV2/cache/timelord.db
[INFO] [stderr] [2026-10-18T18:56:40Z DEBUG timelord] ⏰ Deserialization took: 60.9µs
[INFO] [stderr] [2026-10-18T18:56:40Z DEBUG timelord]    Cache is 204 B, tracking 3 entries (version 3)
[INFO] [stderr] [2026-10-18T18:56:40Z DEBUG timelord]    Crawled 3ms 592us 400ns ago (2026-10-18 18:56:40) on 3aa8b0448852 from source dir /tmp/.tmpZdlRV2/source
[INFO] [stderr] [2026-10-18T18:56:40Z DEBUG timelord] 📁 Directory Structure:
[INFO] [stderr] [2026-10-18T18:56:40Z DEBUG timelord]   ./  (1 files, 14 B)
[INFO] [stderr] [2026-10-18T18:56:40Z DEBUG timelord]     src/  (1 files, 13 B)
[INFO] [stderr] [2026-10-18T18:56:40Z DEBUG timelord]     tests/  (1 files, 16 B)
[INFO] [stderr] [2026-10-18T18:56:40Z DEBUG timelord] ⏰ Directory scan took: 2.713929ms
[INFO] [stderr] [2026-10-18T18:56:40Z DEBUG timelord] ⏰ Updating file timestamps...
[INFO] [stderr] [2026-10-18T18:56:40Z DEBUG timelord]   [fresh] README.md (58592ae3c2a51540, 14 B, 2026-10-18 18:56:40 => 2026-10-18 18:56:40)
[INFO] [stderr] [2026-10-18T18:56:40Z DEBUG timelord]   [fresh] src/main.rs (2ec2572966d006fd, 13 B, 2026-10-18 18:56:40 => 2026-10-18 18:56:40)
[INFO] [stderr] [2026-10-18T18:56:40Z DEBUG timelord]   [fresh] tests/integration-test.rs (a28688a5f056b970, 16 B, 2026-10-18 16:56:40 => 2026-10-18 16:56:40)
[INFO] [stderr] [2026-10-18T18:56:40Z DEBUG timelord] ⏰ Spent 269.72µs syncing (3 fresh, 0 dirty)
[INFO] [stderr] [2026-10-18T18:56:40Z DEBUG timelord] 💾 Saving new cache to /tmp/.tmpZdlRV2/cache/timelord.db
[INFO] [stderr] [2026-10-18T18:56:40Z DEBUG timelord] ⏰ Cache serialization took: 85.049µs
[INFO] [stderr] [2026-10-18T18:56:40Z INFO  timelord] 🎉 All done! Restored 3 files in 3.5255ms
[INFO] [stderr] [2026-10-18T18:56:40Z INFO  timelord::tests] Timestamps successfully restored in new location
[INFO] [stderr] [2026-10-18T18:56:40Z DEBUG timelord::tests] Running cache-info command: 
[INFO] [stderr] [2026-10-18T18:56:40Z DEBUG timelord] 🔍 Reading cache file: /tmp/.tmpZdlRV2/cache/timelord.db
[INFO] [stderr] [2026-10-18T18:56:40Z DEBUG timelord]    Cache is 208 B, tracking 3 entries (version 3)
[INFO] [stderr] [2026-10-18T18:56:40Z DEBUG timelord]    Crawled 619us 780ns ago (2026-10-18 18:56:40) on 3aa8b0448852 from source dir /tmp/.tmpZdlRV2/new_source
[INFO] [stderr] [2026-10-18T18:56:40Z DEBUG timelord] 📁 Directory Structure:
[INFO] [stderr] [2026-10-18T18:56:40Z DEBUG timelord]   ./  (1 files, 14 B)
[INFO] [stderr] [2026-10-18T18:56:40Z DEBUG timelord]     src/  (1 files, 13 B)
[INFO] [stderr] [2026-10-18T18:56:40Z DEBUG timelord]     tests/  (1 files, 16 B)
[INFO] [stderr] [2026-10-18T18:56:40Z DEBUG timelord::tests] ===============================================
[INFO] [stderr] [2026-10-18T18:56:40Z INFO  timelord::tests] Scenario 5: Corrupted Cache File
[INFO] [stderr] [2026-10-18T18:56:40Z DEBUG timelord::tests] ===============================================
[INFO] [stderr] [2026-10-18T18:56:40Z WARN  timelord::tests] Corrupted cache file with 0xBADBADFF
[INFO] [stderr] [2026-10-18T18:56:40Z DEBUG timelord::tests] Running Timelord with corrupted cache: 
[INFO] [stderr] [2026-10-18T18:56:40Z DEBUG timelord] 🔍 Scanning source directory: /tmp/.tmpZdlRV2/source
[INFO] [stderr] [2026-10-18T18:56:40Z DEBUG timelord] ⏰ Directory scan took: 1.637431ms
[INFO] [stderr] [2026-10-18T18:56:40Z DEBUG timelord] 🔍 Reading cache file: /tmp/.tmpZdlRV2/cache/timelord.db
[INFO] [stderr] [2026-10-18T18:56:40Z WARN  timelord] ================================================================================
[INFO] [stderr] [2026-10-18T18:56:40Z WARN  timelord] ⚠️  Failed to deserialize cache: UnexpectedEnd { additional: 13 } ⚠️
[INFO] [stderr] [2026-10-18T18:56:40Z WARN  timelord] ================================================================================
[INFO] [stderr] [2026-10-18T18:56:40Z DEBUG timelord] ⚠️ Falling back to empty cache
[INFO] [stderr] [2026-10-18T18:56:40Z DEBUG timelord] ⏰ Deserialization took: 104.14µs
[INFO] [stderr] [2026-10-18T18:56:40Z DEBUG timelord]    Cache is 208 B, tracking 0 entries (version 3)
[INFO] [stderr] [2026-10-18T18:56:40Z DEBUG timelord]    Crawled 20us 949ns ago (2026-10-18 18:56:40) on 3aa8b0448852 from source dir 
[INFO] [stderr] [2026-10-18T18:56:40Z DEBUG timelord] 📁 Directory Structure:
[INFO] [stderr] [2026-10-18T18:56:40Z DEBUG timelord]   ./ (empty)
[INFO] [stderr] [2026-10-18T18:56:40Z DEBUG timelord] ⏰ Updating file timestamps...
[INFO] [stderr] [2026-10-18T18:56:40Z DEBUG timelord]   [dirty] README.md (58592ae3c2a51540, 14 B) - New
[INFO] [stderr] [2026-10-18T18:56:40Z DEBUG timelord]   [dirty] src/main.rs (2ec2572966d006fd, 13 B) - New
[INFO] [stderr] [2026-10-18T18:56:40Z DEBUG timelord]   [dirty] tests/integration-test.rs (a28688a5f056b970, 16 B) - New
[INFO] [stderr] [2026-10-18T18:56:40Z DEBUG timelord] ⏰ Spent 96.251µs syncing (0 fresh, 3 dirty)
[INFO] [stderr] [2026-10-18T18:56:40Z DEBUG timelord] 💾 Saving new cache to /tmp/.tmpZdlRV2/cache/timelord.db
[INFO] [stderr] [2026-10-18T18:56:40Z DEBUG timelord] ⏰ Cache serialization took: 89.7µs
[INFO] [stderr] [2026-10-18T18:56:40Z INFO  timelord] 🎉 All done! Restored 3 files in 3.127649ms
[INFO] [stderr] [2026-10-18T18:56:40Z INFO  timelord::tests] Timelord handled corrupted cache and created a new one
[INFO] [stderr] [2026-10-18T18:56:40Z DEBUG timelord::tests] Running cache-info command: 
[INFO] [stderr] [2026-10-18T18:56:40Z DEBUG timelord] 🔍 Reading cache file: /tmp/.tmpZdlRV2/cache/timelord.db
[INFO] [stderr] [2026-10-18T18:56:40Z DEBUG timelord]    Cache is 204 B, tracking 3 entries (version 3)
[INFO] [stderr] [2026-10-18T18:56:40Z DEBUG timelord]    Crawled 1ms 256us 610ns ago (2026-10-18 18:56:40) on 3aa8b0448852 from source dir /tmp/.tmpZdlRV2/source
[INFO] [stderr] [2026-10-18T18:56:40Z DEBUG timelord] 📁 Directory Structure:
[INFO] [stderr] [2026-10-18T18:56:40Z DEBUG timelord]   ./  (1 files, 14 B)
[INFO] [stderr] [2026-10-18T18:56:40Z DEBUG timelord]     src/  (1 files, 13 B)
[INFO] [stderr] [2026-10-18T18:56:40Z DEBUG timelord]     tests/  (1 files, 16 B)
[INFO] [stderr] [2026-10-18T18:56:40Z DEBUG timelord::tests] ===============================================
[INFO] [stderr] [2026-10-18T18:56:40Z INFO  timelord::tests] All scenarios completed successfully!
[INFO] [stderr] [2026-10-18T18:56:40Z DEBUG timelord::tests] ===============================================
[INFO] [stdout] test tests::self_test ... ok
[INFO] [stdout] 
[INFO] [stdout] test result: ok. 1 passed; 0 failed; 0 ignored; 0 measured; 0 filtered out; finished in 0.06s
[INFO] [stdout] 
[INFO] [stderr]    Doc-tests timelord
[INFO] [stdout] 
[INFO] [stdout] running 1 test
[INFO] [stdout] test src/../README.md - (line 13) ... FAILED
[INFO] [stdout] 
[INFO] [stdout] failures:
[INFO] [stdout] 
[INFO] [stdout] ---- src/../README.md - (line 13) stdout ----
[INFO] [stdout] error[E0308]: arguments to this function are incorrect
[INFO] [stdout]    --> src/../README.md:18:5
[INFO] [stdout]     |
[INFO] [stdout]  18 |     sync("path/to/source", "path/to/cache")?;
[INFO] [stdout]     |     ^^^^ ----------------  --------------- expected `Utf8PathBuf`, found `&str`
[INFO] [stdout]     |          |
[INFO] [stdout]     |          expected `Utf8PathBuf`, found `&str`
[INFO] [stdout]     |
[INFO] [stdout] note: function defined here
[INFO] [stdout]    --> src/lib.rs:314:8
[INFO] [stdout]     |
[INFO] [stdout] 314 | pub fn sync(source_dir: Utf8PathBuf, cache_dir: Utf8PathBuf) {
[INFO] [stdout]     |        ^^^^
[INFO] [stdout] help: call `Into::into` on this expression to convert `&'static str` into `camino::Utf8PathBuf`
[INFO] [stdout]     |
[INFO] [stdout]  18 |     sync("path/to/source".into(), "path/to/cache")?;
[INFO] [stdout]     |                          +++++++
[INFO] [stdout] help: call `Into::into` on this expression to convert `&'static str` into `camino::Utf8PathBuf`
[INFO] [stdout]     |
[INFO] [stdout]  18 |     sync("path/to/source", "path/to/cache".into())?;
[INFO] [stdout]     |                                           +++++++
[INFO] [stdout] 
[INFO] [stdout] error[E0277]: the `?` operator can only be applied to values that implement `Try`
[INFO] [stdout]   --> src/../README.md:18:5
[INFO] [stdout]    |
[INFO] [stdout] 18 |     sync("path/to/source", "path/to/cache")?;
[INFO] [stdout]    |     ^^^^^^^^^^^^^^^^^^^^^^^^^^^^^^^^^^^^^^^^ the `?` operator cannot be applied to type `()`
[INFO] [stdout]    |
[INFO] [stdout]    = help: the nightly-only, unstable trait `Try` is not implemented for `()`
[INFO] [stdout] 
[INFO] [stdout] error: aborting due to 2 previous errors
[INFO] [stdout] 
[INFO] [stdout] Some errors have detailed explanations: E0277, E0308.
[INFO] [stdout] For more information about an error, try `rustc --explain E0277`.
[INFO] [stdout] Couldn't compile the test.
[INFO] [stdout] 
[INFO] [stdout] failures:
[INFO] [stdout]     src/../README.md - (line 13)
[INFO] [stdout] 
[INFO] [stdout] test result: FAILED. 0 passed; 1 failed; 0 ignored; 0 measured; 0 filtered out; finished in 0.12s
[INFO] [stdout] 
[INFO] [stdout] all doctests ran in 0.24s; merged doctests compilation took 0.12s
[INFO] [stderr] error: doctest failed, to rerun pass `--doc`
[INFO] running `Command { std: "docker" "inspect" "3aa8b0448852cba52af774b229c1895e1efaa7ffcef85f386f1710d359df739a", kill_on_drop: false }`
[INFO] running `Command { std: "docker" "rm" "-f" "3aa8b0448852cba52af774b229c1895e1efaa7ffcef85f386f1710d359df739a", kill_on_drop: false }`
[INFO] [stdout] 3aa8b0448852cba52af774b229c1895e1efaa7ffcef85f386f1710d359df739a
