[INFO] fetching crate timefs 0.1.0...
[INFO] testing timefs-0.1.0 against 1.100.0-beta.1+cargoflags=--release for beta-release-1.100-2
[INFO] extracting crate timefs 0.1.0 into /workspace/builds/worker-5-tc2/source
[INFO] started tweaking crates.io crate timefs 0.1.0
[INFO] removed 0 missing tests
[INFO] finished tweaking crates.io crate timefs 0.1.0
[INFO] tweaked toml for crates.io crate timefs 0.1.0 written to /workspace/builds/worker-5-tc2/source/Cargo.toml
[INFO] validating manifest of crates.io crate timefs 0.1.0 on toolchain 1.100.0-beta.1
[INFO] running `Command { std: CARGO_HOME="/workspace/cargo-home" RUSTUP_HOME="/workspace/rustup-home" "/workspace/cargo-home/bin/cargo" "+1.100.0-beta.1" "metadata" "--manifest-path" "Cargo.toml" "--no-deps", kill_on_drop: false }`
[INFO] crate crates.io crate timefs 0.1.0 already has a lockfile, it will not be regenerated
[INFO] running `Command { std: CARGO_HOME="/workspace/cargo-home" RUSTUP_HOME="/workspace/rustup-home" "/workspace/cargo-home/bin/cargo" "+1.100.0-beta.1" "fetch" "--manifest-path" "Cargo.toml", kill_on_drop: false }`
[INFO] running `Command { std: "docker" "create" "-v" "/var/lib/crater-agent-workspace/builds/worker-5-tc2/source:/opt/rustwide/workdir:ro,Z" "-v" "/var/lib/crater-agent-workspace/builds/worker-5-tc2/target:/opt/rustwide/target:rw,Z" "-v" "/var/lib/crater-agent-workspace/cargo-home:/opt/rustwide/cargo-home:ro,Z" "-v" "/var/lib/crater-agent-workspace/rustup-home:/opt/rustwide/rustup-home:ro,Z" "-m" "1610612736" "--network" "none" "ghcr.io/rust-lang/crates-build-env/linux@sha256:77db811e55d90add9212f6832c23229e3de5f1c1f9905e8cb07319ea15df73ac" "sleep" "infinity", kill_on_drop: false }`
[INFO] [stdout] 93f4e3494372478a400648e6f42eb54eb609be6f3ec133feaecfc10409ae7953
[INFO] running `Command { std: "docker" "start" "93f4e3494372478a400648e6f42eb54eb609be6f3ec133feaecfc10409ae7953", kill_on_drop: false }`
[INFO] running `Command { std: "docker" "inspect" "93f4e3494372478a400648e6f42eb54eb609be6f3ec133feaecfc10409ae7953", kill_on_drop: false }`
[INFO] running `Command { std: "docker" "exec" "-e" "SOURCE_DIR=/opt/rustwide/workdir" "-e" "CARGO_HOME=/opt/rustwide/cargo-home" "-e" "RUSTUP_HOME=/opt/rustwide/rustup-home" "-e" "CARGO_TARGET_DIR=/opt/rustwide/target" "-w" "/opt/rustwide/workdir" "--user" "0:0" "93f4e3494372478a400648e6f42eb54eb609be6f3ec133feaecfc10409ae7953" "/opt/rustwide/cargo-home/bin/cargo" "+1.100.0-beta.1" "metadata" "--no-deps" "--format-version=1", kill_on_drop: false }`
[INFO] running `Command { std: "docker" "inspect" "93f4e3494372478a400648e6f42eb54eb609be6f3ec133feaecfc10409ae7953", kill_on_drop: false }`
[INFO] running `Command { std: "docker" "exec" "-e" "SOURCE_DIR=/opt/rustwide/workdir" "-e" "CARGO_HOME=/opt/rustwide/cargo-home" "-e" "RUSTUP_HOME=/opt/rustwide/rustup-home" "-e" "CARGO_TARGET_DIR=/opt/rustwide/target" "-e" "CARGO_INCREMENTAL=0" "-e" "RUST_BACKTRACE=full" "-e" "RUSTFLAGS=--cap-lints=warn" "-e" "RUSTDOCFLAGS=--cap-lints=warn" "-w" "/opt/rustwide/workdir" "--user" "0:0" "93f4e3494372478a400648e6f42eb54eb609be6f3ec133feaecfc10409ae7953" "/opt/rustwide/cargo-home/bin/cargo" "+1.100.0-beta.1" "build" "--frozen" "--message-format=json" "--release", kill_on_drop: false }`
[INFO] [stderr]    Compiling libc v0.2.189
[INFO] [stderr]    Compiling smallvec v1.15.2
[INFO] [stderr]    Compiling regex-automata v0.4.16
[INFO] [stderr]    Compiling faster-hex v0.9.0
[INFO] [stderr]    Compiling gix-trace v0.1.21
[INFO] [stderr]    Compiling unicode-normalization v0.1.25
[INFO] [stderr]    Compiling miniz_oxide v0.8.9
[INFO] [stderr]    Compiling sha1_smol v1.0.1
[INFO] [stderr]    Compiling prodash v28.0.0
[INFO] [stderr]    Compiling jiff-core v0.1.0
[INFO] [stderr]    Compiling crossbeam-channel v0.5.16
[INFO] [stderr]    Compiling winnow v0.6.26
[INFO] [stderr]    Compiling zerocopy v0.8.55
[INFO] [stderr]    Compiling thiserror v2.0.19
[INFO] [stderr]    Compiling zerocopy-derive v0.8.55
[INFO] [stderr]    Compiling rustix v0.38.44
[INFO] [stderr]    Compiling gix-chunk v0.4.12
[INFO] [stderr]    Compiling clru v0.6.3
[INFO] [stderr]    Compiling gix-hash v0.14.2
[INFO] [stderr]    Compiling icu_normalizer v2.2.0
[INFO] [stderr]    Compiling nix v0.31.3
[INFO] [stderr]    Compiling nix v0.29.0
[INFO] [stderr]    Compiling fuser v0.15.1
[INFO] [stderr]    Compiling arc-swap v1.9.2
[INFO] [stderr]    Compiling gix-bitmap v0.2.16
[INFO] [stderr]    Compiling home v0.5.12
[INFO] [stderr]    Compiling unicode-bom v2.0.3
[INFO] [stderr]    Compiling idna_adapter v1.2.2
[INFO] [stderr]    Compiling clap_derive v4.6.4
[INFO] [stderr]    Compiling clap_builder v4.6.2
[INFO] [stderr]    Compiling idna v1.1.0
[INFO] [stderr]    Compiling flate2 v1.1.9
[INFO] [stderr]    Compiling gix-utils v0.1.14
[INFO] [stderr]    Compiling thread_local v1.1.10
[INFO] [stderr]    Compiling tracing v0.1.44
[INFO] [stderr]    Compiling url v2.5.8
[INFO] [stderr]    Compiling tracing-subscriber v0.3.23
[INFO] [stderr]    Compiling bstr v1.13.0
[INFO] [stderr]    Compiling jiff v0.2.35
[INFO] [stderr]    Compiling gix-validate v0.9.4
[INFO] [stderr]    Compiling gix-validate v0.10.1
[INFO] [stderr]    Compiling gix-quote v0.4.15
[INFO] [stderr]    Compiling parking_lot_core v0.9.12
[INFO] [stderr]    Compiling memmap2 v0.9.11
[INFO] [stderr]    Compiling getrandom v0.4.3
[INFO] [stderr]    Compiling gix-path v0.10.22
[INFO] [stderr]    Compiling gix-sec v0.10.12
[INFO] [stderr]    Compiling tempfile v3.27.0
[INFO] [stderr]    Compiling filetime v0.2.29
[INFO] [stderr]    Compiling page_size v0.6.0
[INFO] [stderr]    Compiling parking_lot v0.12.5
[INFO] [stderr]    Compiling gix-features v0.38.2
[INFO] [stderr]    Compiling gix-config-value v0.14.12
[INFO] [stderr]    Compiling gix-fs v0.11.3
[INFO] [stderr]    Compiling gix-commitgraph v0.24.3
[INFO] [stderr]    Compiling gix-tempfile v14.0.2
[INFO] [stderr]    Compiling gix-glob v0.16.5
[INFO] [stderr]    Compiling gix-url v0.27.5
[INFO] [stderr]    Compiling gix-lock v14.0.0
[INFO] [stderr]    Compiling ctrlc v3.5.2
[INFO] [stderr]    Compiling clap v4.6.4
[INFO] [stderr]    Compiling gix-date v0.9.4
[INFO] [stderr]    Compiling gix-actor v0.32.0
[INFO] [stderr]    Compiling gix-object v0.44.0
[INFO] [stderr]    Compiling ahash v0.8.12
[INFO] [stderr]    Compiling hashbrown v0.14.5
[INFO] [stderr]    Compiling gix-ref v0.47.0
[INFO] [stderr]    Compiling gix-diff v0.46.0
[INFO] [stderr]    Compiling gix-hashtable v0.5.2
[INFO] [stderr]    Compiling gix-revwalk v0.15.0
[INFO] [stderr]    Compiling gix-pack v0.53.0
[INFO] [stderr]    Compiling gix-traverse v0.41.0
[INFO] [stderr]    Compiling gix-revision v0.29.0
[INFO] [stderr]    Compiling gix-refspec v0.25.0
[INFO] [stderr]    Compiling gix-index v0.35.0
[INFO] [stderr]    Compiling gix-discover v0.35.0
[INFO] [stderr]    Compiling gix-config v0.40.0
[INFO] [stderr]    Compiling gix-odb v0.63.0
[INFO] [stderr]    Compiling gix v0.66.0
[INFO] [stderr]    Compiling timefs v0.1.0 (/opt/rustwide/workdir)
[INFO] [stderr]     Finished `release` profile [optimized] target(s) in 1m 26s
[INFO] running `Command { std: "docker" "inspect" "93f4e3494372478a400648e6f42eb54eb609be6f3ec133feaecfc10409ae7953", kill_on_drop: false }`
[INFO] running `Command { std: "docker" "exec" "-e" "SOURCE_DIR=/opt/rustwide/workdir" "-e" "CARGO_HOME=/opt/rustwide/cargo-home" "-e" "RUSTUP_HOME=/opt/rustwide/rustup-home" "-e" "CARGO_TARGET_DIR=/opt/rustwide/target" "-e" "CARGO_INCREMENTAL=0" "-e" "RUST_BACKTRACE=full" "-e" "RUSTFLAGS=--cap-lints=warn" "-e" "RUSTDOCFLAGS=--cap-lints=warn" "-w" "/opt/rustwide/workdir" "--user" "0:0" "93f4e3494372478a400648e6f42eb54eb609be6f3ec133feaecfc10409ae7953" "/opt/rustwide/cargo-home/bin/cargo" "+1.100.0-beta.1" "test" "--frozen" "--no-run" "--message-format=json" "--release", kill_on_drop: false }`
[INFO] [stderr]    Compiling timefs v0.1.0 (/opt/rustwide/workdir)
[INFO] [stderr]     Finished `release` profile [optimized] target(s) in 10.27s
[INFO] running `Command { std: "docker" "inspect" "93f4e3494372478a400648e6f42eb54eb609be6f3ec133feaecfc10409ae7953", kill_on_drop: false }`
[INFO] running `Command { std: "docker" "exec" "-e" "SOURCE_DIR=/opt/rustwide/workdir" "-e" "CARGO_HOME=/opt/rustwide/cargo-home" "-e" "RUSTUP_HOME=/opt/rustwide/rustup-home" "-e" "CARGO_TARGET_DIR=/opt/rustwide/target" "-e" "CARGO_INCREMENTAL=0" "-e" "RUST_BACKTRACE=full" "-e" "RUSTFLAGS=--cap-lints=warn" "-e" "RUSTDOCFLAGS=--cap-lints=warn" "-w" "/opt/rustwide/workdir" "--user" "0:0" "93f4e3494372478a400648e6f42eb54eb609be6f3ec133feaecfc10409ae7953" "/opt/rustwide/cargo-home/bin/cargo" "+1.100.0-beta.1" "test" "--frozen" "--release", kill_on_drop: false }`
[INFO] [stderr]     Finished `release` profile [optimized] target(s) in 0.18s
[INFO] [stdout] 
[INFO] [stderr]      Running unittests src/lib.rs (/opt/rustwide/target/release/build/timefs/e4a472cfbff8de26/out/timefs-e4a472cfbff8de26)
[INFO] [stdout] running 22 tests
[INFO] [stdout] test cache::tests::byte_lru_cache_evicts_to_weight_budget ... ok
[INFO] [stdout] test fs::inode::tests::evict_unreferenced_drops_readdir_only_entries ... ok
[INFO] [stdout] test fs::inode::tests::forget_saturates_at_zero ... ok
[INFO] [stdout] test fs::resolve::tests::basic_path_helpers_match_expected_rules ... ok
[INFO] [stdout] test fs::inode::tests::lookup_reuses_existing_inode_and_tracks_counts ... ok
[INFO] [stdout] test fs::resolve::tests::reference_candidates_include_the_namespace_prefix ... ok
[INFO] [stdout] test fs::resolve::tests::revision_candidates_are_greedy ... ok
[INFO] [stdout] test tests::mount_rejects_missing_repository_path ... ok
[INFO] [stdout] test fs::inode::tests::readdir_seen_nodes_do_not_consume_lookup_counts ... ok
[INFO] [stdout] test tests::mount_rejects_missing_mountpoint_path ... ok
[INFO] [stdout] test cache::tests::ttl_lru_cache_expires_entries ... ok
[INFO] [stdout] test git::store::tests::revision_resolution_hits_the_short_ttl_cache ... ok
[INFO] [stdout] test git::store::tests::reference_enumeration_matches_git_for_each_ref ... ok
[INFO] [stdout] test git::store::tests::concurrent_reads_succeed_with_per_thread_handles ... ok
[INFO] [stdout] test git::store::tests::parsed_tree_listings_hit_the_tree_cache_after_the_first_read ... ok
[INFO] [stdout] test git::store::tests::abbreviated_commit_resolution_matches_git_rev_parse ... ok
[INFO] [stdout] test git::store::tests::revision_resolution_matches_git_rev_parse ... ok
[INFO] [stdout] test git::store::tests::blob_read_matches_git_show_byte_for_byte ... ok
[INFO] [stdout] test git::store::tests::root_tree_listing_matches_git_ls_tree_head ... ok
[INFO] [stdout] test git::store::tests::symlink_target_matches_git_blob_content ... ok
[INFO] [stdout] test git::store::tests::small_blob_reads_reuse_the_blob_cache_while_large_blobs_stream ... ok
[INFO] [stdout] test git::store::tests::object_caches_stay_within_the_configured_budget ... ok
[INFO] [stdout] 
[INFO] [stdout] test result: ok. 22 passed; 0 failed; 0 ignored; 0 measured; 0 filtered out; finished in 0.30s
[INFO] [stdout] 
[INFO] [stderr]      Running unittests src/main.rs (/opt/rustwide/target/release/build/timefs/157ea17c8256deea/out/timefs-157ea17c8256deea)
[INFO] [stderr]      Running unittests src/bin/timefs-fuzz-resolvers.rs (/opt/rustwide/target/release/build/timefs/01cbd2177cfc2cf3/out/timefs_fuzz_resolvers-01cbd2177cfc2cf3)
[INFO] [stderr]      Running tests/differential.rs (/opt/rustwide/target/release/build/timefs/ea6fbbe3e9eab5c1/out/differential-ea6fbbe3e9eab5c1)
[INFO] [stdout] 
[INFO] [stdout] running 0 tests
[INFO] [stdout] 
[INFO] [stdout] test result: ok. 0 passed; 0 failed; 0 ignored; 0 measured; 0 filtered out; finished in 0.00s
[INFO] [stdout] 
[INFO] [stdout] 
[INFO] [stdout] running 0 tests
[INFO] [stdout] 
[INFO] [stdout] test result: ok. 0 passed; 0 failed; 0 ignored; 0 measured; 0 filtered out; finished in 0.00s
[INFO] [stdout] 
[INFO] [stdout] 
[INFO] [stdout] running 1 test
[INFO] [stderr] 
[INFO] [stderr] thread 'differential_revision_matrix_matches_git' (2123) panicked at /rustc/e3feeb59cd1bdd011a2bfcc0747b55125d9b8527/library/core/src/panicking.rs:233:5:
[INFO] [stderr] panic in a destructor during cleanup
[INFO] [stderr] thread caused non-unwinding panic. aborting.
[INFO] [stdout] 
[INFO] [stdout] thread 'differential_revision_matrix_matches_git' (2123) panicked at tests/support/mod.rs:70:21:
[INFO] [stdout] mount process exited early with status exit status: 1: fuse: device not found, try 'modprobe fuse' first
[INFO] [stdout] error: failed to mount /tmp/timefs-it-mount-1792349930031347713
[INFO] [stdout] 
[INFO] [stdout] stack backtrace:
[INFO] [stdout]    0:     0x5ce3adad3351 - <<std[617be2ca0a6fd877]::sys::backtrace::BacktraceLock>::print::DisplayBacktrace as core[a373ad73a504971]::fmt::Display>::fmt
[INFO] [stdout]    1:     0x5ce3adae7c5a - core[a373ad73a504971]::fmt::write
[INFO] [stdout]    2:     0x5ce3adad7a4c - <alloc[2e1b2a31b91974c5]::vec::Vec<u8> as core[a373ad73a504971]::io::write::Write>::write_fmt
[INFO] [stdout]    3:     0x5ce3adaad236 - std[617be2ca0a6fd877]::panicking::default_hook::{closure#0}
[INFO] [stdout]    4:     0x5ce3adaca809 - std[617be2ca0a6fd877]::panicking::default_hook
[INFO] [stdout]    5:     0x5ce3ada652d0 - test[aada8e7e76ba119b]::test_main_inner::{closure#0}
[INFO] [stdout]    6:     0x5ce3adaca9c2 - std[617be2ca0a6fd877]::panicking::panic_with_hook
[INFO] [stdout]    7:     0x5ce3adaad2e2 - std[617be2ca0a6fd877]::panicking::panic_handler::{closure#0}
[INFO] [stdout]    8:     0x5ce3adaa5c49 - std[617be2ca0a6fd877]::sys::backtrace::__rust_end_short_backtrace::<std[617be2ca0a6fd877]::panicking::panic_handler::{closure#0}, !>
[INFO] [stdout]    9:     0x5ce3adaae09d - __rustc[ea4f61d10b84890b]::rust_begin_unwind
[INFO] [stdout]   10:     0x5ce3adae838c - core[a373ad73a504971]::panicking::panic_fmt
[INFO] [stdout]   11:     0x5ce3ada4c758 - differential[9c34171a8a074337]::support::with_mounted_timefs::<(), differential[9c34171a8a074337]::differential_revision_matrix_matches_git::{closure#0}>
[INFO] [stdout]   12:     0x5ce3ada54b01 - <differential[9c34171a8a074337]::differential_revision_matrix_matches_git::{closure#0} as core[a373ad73a504971]::ops::function::FnOnce<()>>::call_once
[INFO] [stdout]   13:     0x5ce3ada5871b - test[aada8e7e76ba119b]::__rust_begin_short_backtrace::<core[a373ad73a504971]::result::Result<(), alloc[2e1b2a31b91974c5]::string::String>, fn() -> core[a373ad73a504971]::result::Result<(), alloc[2e1b2a31b91974c5]::string::String>>
[INFO] [stdout]   14:     0x5ce3ada658f5 - test[aada8e7e76ba119b]::run_test::{closure#0}
[INFO] [stdout]   15:     0x5ce3ada5f1e4 - std[617be2ca0a6fd877]::sys::backtrace::__rust_begin_short_backtrace::<test[aada8e7e76ba119b]::run_test::{closure#1}, ()>
[INFO] [stdout]   16:     0x5ce3ada68982 - <std[617be2ca0a6fd877]::thread::lifecycle::spawn_unchecked<test[aada8e7e76ba119b]::run_test::{closure#1}, ()>::{closure#1} as core[a373ad73a504971]::ops::function::FnOnce<()>>::call_once::{shim:vtable#0}
[INFO] [stdout]   17:     0x5ce3adad26bf - <std[617be2ca0a6fd877]::sys::thread::unix::Thread>::new::thread_start
[INFO] [stdout]   18:     0x7f356001cdfa - <unknown>
[INFO] [stdout]   19:     0x7f35600b03d4 - clone
[INFO] [stdout]   20:                0x0 - <unknown>
[INFO] [stdout] 
[INFO] [stdout] thread 'differential_revision_matrix_matches_git' (2123) panicked at tests/support/mod.rs:358:9:
[INFO] [stdout] timefs command failed with status exit status: 1: error: umount failed to unmount /tmp/timefs-it-mount-1792349930031347713: umount: /tmp/timefs-it-mount-1792349930031347713: must be superuser to unmount.
[INFO] [stdout] 
[INFO] [stdout] stack backtrace:
[INFO] [stdout]    0:     0x5ce3adad3351 - <<std[617be2ca0a6fd877]::sys::backtrace::BacktraceLock>::print::DisplayBacktrace as core[a373ad73a504971]::fmt::Display>::fmt
[INFO] [stdout]    1:     0x5ce3adae7c5a - core[a373ad73a504971]::fmt::write
[INFO] [stdout]    2:     0x5ce3adad7a4c - <alloc[2e1b2a31b91974c5]::vec::Vec<u8> as core[a373ad73a504971]::io::write::Write>::write_fmt
[INFO] [stdout]    3:     0x5ce3adaad236 - std[617be2ca0a6fd877]::panicking::default_hook::{closure#0}
[INFO] [stdout]    4:     0x5ce3adaca809 - std[617be2ca0a6fd877]::panicking::default_hook
[INFO] [stdout]    5:     0x5ce3ada652d0 - test[aada8e7e76ba119b]::test_main_inner::{closure#0}
[INFO] [stdout]    6:     0x5ce3adaca9c2 - std[617be2ca0a6fd877]::panicking::panic_with_hook
[INFO] [stdout]    7:     0x5ce3adaad2e2 - std[617be2ca0a6fd877]::panicking::panic_handler::{closure#0}
[INFO] [stdout]    8:     0x5ce3adaa5c49 - std[617be2ca0a6fd877]::sys::backtrace::__rust_end_short_backtrace::<std[617be2ca0a6fd877]::panicking::panic_handler::{closure#0}, !>
[INFO] [stdout]    9:     0x5ce3adaae09d - __rustc[ea4f61d10b84890b]::rust_begin_unwind
[INFO] [stdout]   10:     0x5ce3adae838c - core[a373ad73a504971]::panicking::panic_fmt
[INFO] [stdout]   11:     0x5ce3ada50087 - <differential[9c34171a8a074337]::support::MountedTimefs>::unmount
[INFO] [stdout]   12:     0x5ce3ada4bb8d - core[a373ad73a504971]::ptr::drop_glue::<differential[9c34171a8a074337]::support::MountedTimefs>
[INFO] [stdout]   13:     0x5ce3ada4c8eb - differential[9c34171a8a074337]::support::with_mounted_timefs::<(), differential[9c34171a8a074337]::differential_revision_matrix_matches_git::{closure#0}>
[INFO] [stdout]   14:     0x5ce3ada54b01 - <differential[9c34171a8a074337]::differential_revision_matrix_matches_git::{closure#0} as core[a373ad73a504971]::ops::function::FnOnce<()>>::call_once
[INFO] [stdout]   15:     0x5ce3ada5871b - test[aada8e7e76ba119b]::__rust_begin_short_backtrace::<core[a373ad73a504971]::result::Result<(), alloc[2e1b2a31b91974c5]::string::String>, fn() -> core[a373ad73a504971]::result::Result<(), alloc[2e1b2a31b91974c5]::string::String>>
[INFO] [stdout]   16:     0x5ce3ada658f5 - test[aada8e7e76ba119b]::run_test::{closure#0}
[INFO] [stdout]   17:     0x5ce3ada5f1e4 - std[617be2ca0a6fd877]::sys::backtrace::__rust_begin_short_backtrace::<test[aada8e7e76ba119b]::run_test::{closure#1}, ()>
[INFO] [stdout]   18:     0x5ce3ada68982 - <std[617be2ca0a6fd877]::thread::lifecycle::spawn_unchecked<test[aada8e7e76ba119b]::run_test::{closure#1}, ()>::{closure#1} as core[a373ad73a504971]::ops::function::FnOnce<()>>::call_once::{shim:vtable#0}
[INFO] [stdout]   19:     0x5ce3adad26bf - <std[617be2ca0a6fd877]::sys::thread::unix::Thread>::new::thread_start
[INFO] [stdout]   20:     0x7f356001cdfa - <unknown>
[INFO] [stdout]   21:     0x7f35600b03d4 - clone
[INFO] [stdout]   22:                0x0 - <unknown>
[INFO] [stderr] error: test failed, to rerun pass `--test differential`
[INFO] [stderr] 
[INFO] [stderr] Caused by:
[INFO] [stderr]   process didn't exit successfully: `/opt/rustwide/target/release/build/timefs/ea6fbbe3e9eab5c1/out/differential-ea6fbbe3e9eab5c1` (signal: 6, SIGABRT: process abort signal)
[INFO] running `Command { std: "docker" "inspect" "93f4e3494372478a400648e6f42eb54eb609be6f3ec133feaecfc10409ae7953", kill_on_drop: false }`
[INFO] running `Command { std: "docker" "rm" "-f" "93f4e3494372478a400648e6f42eb54eb609be6f3ec133feaecfc10409ae7953", kill_on_drop: false }`
[INFO] [stdout] 93f4e3494372478a400648e6f42eb54eb609be6f3ec133feaecfc10409ae7953
