[INFO] fetching crate timecode-coder 0.3.0...
[INFO] testing timecode-coder-0.3.0 against 1.100.0-beta.1+cargoflags=--release for beta-release-1.100-2
[INFO] extracting crate timecode-coder 0.3.0 into /workspace/builds/worker-3-tc2/source
[INFO] started tweaking crates.io crate timecode-coder 0.3.0
[INFO] finished tweaking crates.io crate timecode-coder 0.3.0
[INFO] tweaked toml for crates.io crate timecode-coder 0.3.0 written to /workspace/builds/worker-3-tc2/source/Cargo.toml
[INFO] validating manifest of crates.io crate timecode-coder 0.3.0 on toolchain 1.100.0-beta.1
[INFO] running `Command { std: CARGO_HOME="/workspace/cargo-home" RUSTUP_HOME="/workspace/rustup-home" "/workspace/cargo-home/bin/cargo" "+1.100.0-beta.1" "metadata" "--manifest-path" "Cargo.toml" "--no-deps", kill_on_drop: false }`
[INFO] running `Command { std: CARGO_HOME="/workspace/cargo-home" RUSTUP_HOME="/workspace/rustup-home" "/workspace/cargo-home/bin/cargo" "+1.100.0-beta.1" "generate-lockfile" "--manifest-path" "Cargo.toml", kill_on_drop: false }`
[INFO] [stderr]     Updating crates.io index
[INFO] [stderr]      Locking 19 packages to highest compatible versions
[INFO] [stderr]       Adding rand v0.8.8 (available: v0.10.3)
[INFO] running `Command { std: CARGO_HOME="/workspace/cargo-home" RUSTUP_HOME="/workspace/rustup-home" "/workspace/cargo-home/bin/cargo" "+1.100.0-beta.1" "fetch" "--manifest-path" "Cargo.toml", kill_on_drop: false }`
[INFO] running `Command { std: "docker" "create" "-v" "/var/lib/crater-agent-workspace/builds/worker-3-tc2/source:/opt/rustwide/workdir:ro,Z" "-v" "/var/lib/crater-agent-workspace/builds/worker-3-tc2/target:/opt/rustwide/target:rw,Z" "-v" "/var/lib/crater-agent-workspace/cargo-home:/opt/rustwide/cargo-home:ro,Z" "-v" "/var/lib/crater-agent-workspace/rustup-home:/opt/rustwide/rustup-home:ro,Z" "-m" "1610612736" "--network" "none" "ghcr.io/rust-lang/crates-build-env/linux@sha256:77db811e55d90add9212f6832c23229e3de5f1c1f9905e8cb07319ea15df73ac" "sleep" "infinity", kill_on_drop: false }`
[INFO] [stdout] 6bf4a3ebb44db1d7c1b4e002946013ceddb5d59c14e360a1fc36d8e3dc9dcbe4
[INFO] running `Command { std: "docker" "start" "6bf4a3ebb44db1d7c1b4e002946013ceddb5d59c14e360a1fc36d8e3dc9dcbe4", kill_on_drop: false }`
[INFO] running `Command { std: "docker" "inspect" "6bf4a3ebb44db1d7c1b4e002946013ceddb5d59c14e360a1fc36d8e3dc9dcbe4", kill_on_drop: false }`
[INFO] running `Command { std: "docker" "exec" "-e" "SOURCE_DIR=/opt/rustwide/workdir" "-e" "CARGO_HOME=/opt/rustwide/cargo-home" "-e" "RUSTUP_HOME=/opt/rustwide/rustup-home" "-e" "CARGO_TARGET_DIR=/opt/rustwide/target" "-w" "/opt/rustwide/workdir" "--user" "0:0" "6bf4a3ebb44db1d7c1b4e002946013ceddb5d59c14e360a1fc36d8e3dc9dcbe4" "/opt/rustwide/cargo-home/bin/cargo" "+1.100.0-beta.1" "metadata" "--no-deps" "--format-version=1", kill_on_drop: false }`
[INFO] running `Command { std: "docker" "inspect" "6bf4a3ebb44db1d7c1b4e002946013ceddb5d59c14e360a1fc36d8e3dc9dcbe4", kill_on_drop: false }`
[INFO] running `Command { std: "docker" "exec" "-e" "SOURCE_DIR=/opt/rustwide/workdir" "-e" "CARGO_HOME=/opt/rustwide/cargo-home" "-e" "RUSTUP_HOME=/opt/rustwide/rustup-home" "-e" "CARGO_TARGET_DIR=/opt/rustwide/target" "-e" "CARGO_INCREMENTAL=0" "-e" "RUST_BACKTRACE=full" "-e" "RUSTFLAGS=--cap-lints=warn" "-e" "RUSTDOCFLAGS=--cap-lints=warn" "-w" "/opt/rustwide/workdir" "--user" "0:0" "6bf4a3ebb44db1d7c1b4e002946013ceddb5d59c14e360a1fc36d8e3dc9dcbe4" "/opt/rustwide/cargo-home/bin/cargo" "+1.100.0-beta.1" "build" "--frozen" "--message-format=json" "--release", kill_on_drop: false }`
[INFO] [stderr]    Compiling intbits v0.2.0
[INFO] [stderr]    Compiling timecode-coder v0.3.0 (/opt/rustwide/workdir)
[INFO] [stderr]     Finished `release` profile [optimized] target(s) in 1.19s
[INFO] running `Command { std: "docker" "inspect" "6bf4a3ebb44db1d7c1b4e002946013ceddb5d59c14e360a1fc36d8e3dc9dcbe4", kill_on_drop: false }`
[INFO] running `Command { std: "docker" "exec" "-e" "SOURCE_DIR=/opt/rustwide/workdir" "-e" "CARGO_HOME=/opt/rustwide/cargo-home" "-e" "RUSTUP_HOME=/opt/rustwide/rustup-home" "-e" "CARGO_TARGET_DIR=/opt/rustwide/target" "-e" "CARGO_INCREMENTAL=0" "-e" "RUST_BACKTRACE=full" "-e" "RUSTFLAGS=--cap-lints=warn" "-e" "RUSTDOCFLAGS=--cap-lints=warn" "-w" "/opt/rustwide/workdir" "--user" "0:0" "6bf4a3ebb44db1d7c1b4e002946013ceddb5d59c14e360a1fc36d8e3dc9dcbe4" "/opt/rustwide/cargo-home/bin/cargo" "+1.100.0-beta.1" "test" "--frozen" "--no-run" "--message-format=json" "--release", kill_on_drop: false }`
[INFO] [stderr]    Compiling ppv-lite86 v0.2.21
[INFO] [stderr]    Compiling riff v1.0.1
[INFO] [stderr]    Compiling wav v1.0.1
[INFO] [stderr]    Compiling rand_chacha v0.3.1
[INFO] [stderr]    Compiling rand v0.8.8
[INFO] [stderr]    Compiling timecode-coder v0.3.0 (/opt/rustwide/workdir)
[INFO] [stdout] warning: use of deprecated enum `wav::BitDepth`: This project is no longer maintained, use the `hound` crate
[INFO] [stdout]   --> src/ltc_decoder/mod.rs:74:14
[INFO] [stdout]    |
[INFO] [stdout] 74 |     use wav::BitDepth;
[INFO] [stdout]    |              ^^^^^^^^
[INFO] [stdout]    |
[INFO] [stdout]    = note: `#[warn(deprecated)]` on by default
[INFO] [stdout] 
[INFO] [stdout] 
[INFO] [stdout] warning: use of deprecated tuple variant `wav::BitDepth::Eight`: This project is no longer maintained, use the `hound` crate
[INFO] [stdout]    --> src/ltc_decoder/mod.rs:247:23
[INFO] [stdout]     |
[INFO] [stdout] 247 |             BitDepth::Eight(samples) => test_timecode_frames(sampling_rate, samples, first_tc, last_tc),
[INFO] [stdout]     |                       ^^^^^
[INFO] [stdout] 
[INFO] [stdout] 
[INFO] [stdout] warning: use of deprecated tuple variant `wav::BitDepth::Sixteen`: This project is no longer maintained, use the `hound` crate
[INFO] [stdout]    --> src/ltc_decoder/mod.rs:248:23
[INFO] [stdout]     |
[INFO] [stdout] 248 |             BitDepth::Sixteen(samples) => test_timecode_frames(sampling_rate, samples, first_tc, last_tc),
[INFO] [stdout]     |                       ^^^^^^^
[INFO] [stdout] 
[INFO] [stdout] 
[INFO] [stdout] warning: use of deprecated tuple variant `wav::BitDepth::TwentyFour`: This project is no longer maintained, use the `hound` crate
[INFO] [stdout]    --> src/ltc_decoder/mod.rs:249:23
[INFO] [stdout]     |
[INFO] [stdout] 249 |             BitDepth::TwentyFour(samples) => test_timecode_frames(sampling_rate, samples, first_tc, last_tc),
[INFO] [stdout]     |                       ^^^^^^^^^^
[INFO] [stdout] 
[INFO] [stdout] 
[INFO] [stdout] warning: use of deprecated tuple variant `wav::BitDepth::ThirtyTwoFloat`: This project is no longer maintained, use the `hound` crate
[INFO] [stdout]    --> src/ltc_decoder/mod.rs:250:23
[INFO] [stdout]     |
[INFO] [stdout] 250 |             BitDepth::ThirtyTwoFloat(_) => panic!("Unsupported format"),
[INFO] [stdout]     |                       ^^^^^^^^^^^^^^
[INFO] [stdout] 
[INFO] [stdout] 
[INFO] [stdout] warning: use of deprecated unit variant `wav::BitDepth::Empty`: This project is no longer maintained, use the `hound` crate
[INFO] [stdout]    --> src/ltc_decoder/mod.rs:251:23
[INFO] [stdout]     |
[INFO] [stdout] 251 |             BitDepth::Empty => panic!("File is empty")
[INFO] [stdout]     |                       ^^^^^
[INFO] [stdout] 
[INFO] [stdout] 
[INFO] [stdout] warning: use of deprecated enum `wav::BitDepth`: This project is no longer maintained, use the `hound` crate
[INFO] [stdout]    --> src/ltc_decoder/mod.rs:271:57
[INFO] [stdout]     |
[INFO] [stdout] 271 |     fn get_timecode_file_data<R>(file: &mut R) -> (u32, BitDepth)
[INFO] [stdout]     |                                                         ^^^^^^^^
[INFO] [stdout] 
[INFO] [stdout] 
[INFO] [stdout] warning: use of deprecated function `wav::read`: This project is no longer maintained, use the `hound` crate
[INFO] [stdout]    --> src/ltc_decoder/mod.rs:273:35
[INFO] [stdout]     |
[INFO] [stdout] 273 |         let (header, data) = wav::read(file).expect("could not open timecode file");
[INFO] [stdout]     |                                   ^^^^
[INFO] [stdout] 
[INFO] [stdout] 
[INFO] [stdout] warning: use of deprecated enum `wav::BitDepth`: This project is no longer maintained, use the `hound` crate
[INFO] [stdout]    --> src/ltc_decoder/mod.rs:279:54
[INFO] [stdout]     |
[INFO] [stdout] 279 |     fn get_left_channel(channel_count: u16, samples: BitDepth) -> BitDepth {
[INFO] [stdout]     |                                                      ^^^^^^^^
[INFO] [stdout] 
[INFO] [stdout] 
[INFO] [stdout] warning: use of deprecated enum `wav::BitDepth`: This project is no longer maintained, use the `hound` crate
[INFO] [stdout]    --> src/ltc_decoder/mod.rs:279:67
[INFO] [stdout]     |
[INFO] [stdout] 279 |     fn get_left_channel(channel_count: u16, samples: BitDepth) -> BitDepth {
[INFO] [stdout]     |                                                                   ^^^^^^^^
[INFO] [stdout] 
[INFO] [stdout] 
[INFO] [stdout] warning: use of deprecated tuple variant `wav::BitDepth::Eight`: This project is no longer maintained, use the `hound` crate
[INFO] [stdout]    --> src/ltc_decoder/mod.rs:287:23
[INFO] [stdout]     |
[INFO] [stdout] 287 |             BitDepth::Eight(samples) => BitDepth::Eight(samples.iter().skip(1).step_by(2).copied().collect()),
[INFO] [stdout]     |                       ^^^^^
[INFO] [stdout] 
[INFO] [stdout] 
[INFO] [stdout] warning: use of deprecated tuple variant `wav::BitDepth::Eight`: This project is no longer maintained, use the `hound` crate
[INFO] [stdout]    --> src/ltc_decoder/mod.rs:287:51
[INFO] [stdout]     |
[INFO] [stdout] 287 |             BitDepth::Eight(samples) => BitDepth::Eight(samples.iter().skip(1).step_by(2).copied().collect()),
[INFO] [stdout]     |                                                   ^^^^^
[INFO] [stdout] 
[INFO] [stdout] 
[INFO] [stdout] warning: use of deprecated tuple variant `wav::BitDepth::Sixteen`: This project is no longer maintained, use the `hound` crate
[INFO] [stdout]    --> src/ltc_decoder/mod.rs:288:23
[INFO] [stdout]     |
[INFO] [stdout] 288 |             BitDepth::Sixteen(samples) => BitDepth::Sixteen(samples.iter().skip(1).step_by(2).copied().collect()),
[INFO] [stdout]     |                       ^^^^^^^
[INFO] [stdout] 
[INFO] [stdout] 
[INFO] [stdout] warning: use of deprecated tuple variant `wav::BitDepth::Sixteen`: This project is no longer maintained, use the `hound` crate
[INFO] [stdout]    --> src/ltc_decoder/mod.rs:288:53
[INFO] [stdout]     |
[INFO] [stdout] 288 |             BitDepth::Sixteen(samples) => BitDepth::Sixteen(samples.iter().skip(1).step_by(2).copied().collect()),
[INFO] [stdout]     |                                                     ^^^^^^^
[INFO] [stdout] 
[INFO] [stdout] 
[INFO] [stdout] warning: use of deprecated tuple variant `wav::BitDepth::TwentyFour`: This project is no longer maintained, use the `hound` crate
[INFO] [stdout]    --> src/ltc_decoder/mod.rs:289:23
[INFO] [stdout]     |
[INFO] [stdout] 289 |             BitDepth::TwentyFour(samples) => BitDepth::TwentyFour(samples.iter().skip(1).step_by(2).copied().collect()),
[INFO] [stdout]     |                       ^^^^^^^^^^
[INFO] [stdout] 
[INFO] [stdout] 
[INFO] [stdout] warning: use of deprecated tuple variant `wav::BitDepth::TwentyFour`: This project is no longer maintained, use the `hound` crate
[INFO] [stdout]    --> src/ltc_decoder/mod.rs:289:56
[INFO] [stdout]     |
[INFO] [stdout] 289 |             BitDepth::TwentyFour(samples) => BitDepth::TwentyFour(samples.iter().skip(1).step_by(2).copied().collect()),
[INFO] [stdout]     |                                                        ^^^^^^^^^^
[INFO] [stdout] 
[INFO] [stdout] 
[INFO] [stdout] warning: use of deprecated tuple variant `wav::BitDepth::ThirtyTwoFloat`: This project is no longer maintained, use the `hound` crate
[INFO] [stdout]    --> src/ltc_decoder/mod.rs:290:23
[INFO] [stdout]     |
[INFO] [stdout] 290 |             BitDepth::ThirtyTwoFloat(samples) => BitDepth::ThirtyTwoFloat(samples.iter().skip(1).step_by(2).copied().collect()),
[INFO] [stdout]     |                       ^^^^^^^^^^^^^^
[INFO] [stdout] 
[INFO] [stdout] 
[INFO] [stdout] warning: use of deprecated tuple variant `wav::BitDepth::ThirtyTwoFloat`: This project is no longer maintained, use the `hound` crate
[INFO] [stdout]    --> src/ltc_decoder/mod.rs:290:60
[INFO] [stdout]     |
[INFO] [stdout] 290 |             BitDepth::ThirtyTwoFloat(samples) => BitDepth::ThirtyTwoFloat(samples.iter().skip(1).step_by(2).copied().collect()),
[INFO] [stdout]     |                                                            ^^^^^^^^^^^^^^
[INFO] [stdout] 
[INFO] [stdout] 
[INFO] [stdout] warning: use of deprecated unit variant `wav::BitDepth::Empty`: This project is no longer maintained, use the `hound` crate
[INFO] [stdout]    --> src/ltc_decoder/mod.rs:291:23
[INFO] [stdout]     |
[INFO] [stdout] 291 |             BitDepth::Empty => BitDepth::Empty
[INFO] [stdout]     |                       ^^^^^
[INFO] [stdout] 
[INFO] [stdout] 
[INFO] [stdout] warning: use of deprecated unit variant `wav::BitDepth::Empty`: This project is no longer maintained, use the `hound` crate
[INFO] [stdout]    --> src/ltc_decoder/mod.rs:291:42
[INFO] [stdout]     |
[INFO] [stdout] 291 |             BitDepth::Empty => BitDepth::Empty
[INFO] [stdout]     |                                          ^^^^^
[INFO] [stdout] 
[INFO] [stdout] 
[INFO] [stdout] warning: use of deprecated field `wav::BitDepth::Eight::0`: This project is no longer maintained, use the `hound` crate
[INFO] [stdout]    --> src/ltc_decoder/mod.rs:247:29
[INFO] [stdout]     |
[INFO] [stdout] 247 |             BitDepth::Eight(samples) => test_timecode_frames(sampling_rate, samples, first_tc, last_tc),
[INFO] [stdout]     |                             ^^^^^^^
[INFO] [stdout] 
[INFO] [stdout] 
[INFO] [stdout] warning: use of deprecated field `wav::BitDepth::Sixteen::0`: This project is no longer maintained, use the `hound` crate
[INFO] [stdout]    --> src/ltc_decoder/mod.rs:248:31
[INFO] [stdout]     |
[INFO] [stdout] 248 |             BitDepth::Sixteen(samples) => test_timecode_frames(sampling_rate, samples, first_tc, last_tc),
[INFO] [stdout]     |                               ^^^^^^^
[INFO] [stdout] 
[INFO] [stdout] 
[INFO] [stdout] warning: use of deprecated field `wav::BitDepth::TwentyFour::0`: This project is no longer maintained, use the `hound` crate
[INFO] [stdout]    --> src/ltc_decoder/mod.rs:249:34
[INFO] [stdout]     |
[INFO] [stdout] 249 |             BitDepth::TwentyFour(samples) => test_timecode_frames(sampling_rate, samples, first_tc, last_tc),
[INFO] [stdout]     |                                  ^^^^^^^
[INFO] [stdout] 
[INFO] [stdout] 
[INFO] [stdout] warning: use of deprecated field `wav::BitDepth::ThirtyTwoFloat::0`: This project is no longer maintained, use the `hound` crate
[INFO] [stdout]    --> src/ltc_decoder/mod.rs:250:38
[INFO] [stdout]     |
[INFO] [stdout] 250 |             BitDepth::ThirtyTwoFloat(_) => panic!("Unsupported format"),
[INFO] [stdout]     |                                      ^
[INFO] [stdout] 
[INFO] [stdout] 
[INFO] [stdout] warning: use of deprecated field `wav::Header::channel_count`: This project is no longer maintained, use the `hound` crate
[INFO] [stdout]    --> src/ltc_decoder/mod.rs:274:37
[INFO] [stdout]     |
[INFO] [stdout] 274 |         let data = get_left_channel(header.channel_count, data);
[INFO] [stdout]     |                                     ^^^^^^^^^^^^^^^^^^^^
[INFO] [stdout] 
[INFO] [stdout] 
[INFO] [stdout] warning: use of deprecated field `wav::Header::sampling_rate`: This project is no longer maintained, use the `hound` crate
[INFO] [stdout]    --> src/ltc_decoder/mod.rs:275:10
[INFO] [stdout]     |
[INFO] [stdout] 275 |         (header.sampling_rate, data)
[INFO] [stdout]     |          ^^^^^^^^^^^^^^^^^^^^
[INFO] [stdout] 
[INFO] [stdout] 
[INFO] [stdout] warning: use of deprecated field `wav::BitDepth::Eight::0`: This project is no longer maintained, use the `hound` crate
[INFO] [stdout]    --> src/ltc_decoder/mod.rs:287:29
[INFO] [stdout]     |
[INFO] [stdout] 287 |             BitDepth::Eight(samples) => BitDepth::Eight(samples.iter().skip(1).step_by(2).copied().collect()),
[INFO] [stdout]     |                             ^^^^^^^
[INFO] [stdout] 
[INFO] [stdout] 
[INFO] [stdout] warning: use of deprecated field `wav::BitDepth::Sixteen::0`: This project is no longer maintained, use the `hound` crate
[INFO] [stdout]    --> src/ltc_decoder/mod.rs:288:31
[INFO] [stdout]     |
[INFO] [stdout] 288 |             BitDepth::Sixteen(samples) => BitDepth::Sixteen(samples.iter().skip(1).step_by(2).copied().collect()),
[INFO] [stdout]     |                               ^^^^^^^
[INFO] [stdout] 
[INFO] [stdout] 
[INFO] [stdout] warning: use of deprecated field `wav::BitDepth::TwentyFour::0`: This project is no longer maintained, use the `hound` crate
[INFO] [stdout]    --> src/ltc_decoder/mod.rs:289:34
[INFO] [stdout]     |
[INFO] [stdout] 289 |             BitDepth::TwentyFour(samples) => BitDepth::TwentyFour(samples.iter().skip(1).step_by(2).copied().collect()),
[INFO] [stdout]     |                                  ^^^^^^^
[INFO] [stdout] 
[INFO] [stdout] 
[INFO] [stdout] warning: use of deprecated field `wav::BitDepth::ThirtyTwoFloat::0`: This project is no longer maintained, use the `hound` crate
[INFO] [stdout]    --> src/ltc_decoder/mod.rs:290:38
[INFO] [stdout]     |
[INFO] [stdout] 290 |             BitDepth::ThirtyTwoFloat(samples) => BitDepth::ThirtyTwoFloat(samples.iter().skip(1).step_by(2).copied().collect()),
[INFO] [stdout]     |                                      ^^^^^^^
[INFO] [stdout] 
[INFO] [stdout] 
[INFO] [stderr]     Finished `release` profile [optimized] target(s) in 3.00s
[INFO] running `Command { std: "docker" "inspect" "6bf4a3ebb44db1d7c1b4e002946013ceddb5d59c14e360a1fc36d8e3dc9dcbe4", kill_on_drop: false }`
[INFO] running `Command { std: "docker" "exec" "-e" "SOURCE_DIR=/opt/rustwide/workdir" "-e" "CARGO_HOME=/opt/rustwide/cargo-home" "-e" "RUSTUP_HOME=/opt/rustwide/rustup-home" "-e" "CARGO_TARGET_DIR=/opt/rustwide/target" "-e" "CARGO_INCREMENTAL=0" "-e" "RUST_BACKTRACE=full" "-e" "RUSTFLAGS=--cap-lints=warn" "-e" "RUSTDOCFLAGS=--cap-lints=warn" "-w" "/opt/rustwide/workdir" "--user" "0:0" "6bf4a3ebb44db1d7c1b4e002946013ceddb5d59c14e360a1fc36d8e3dc9dcbe4" "/opt/rustwide/cargo-home/bin/cargo" "+1.100.0-beta.1" "test" "--frozen" "--release", kill_on_drop: false }`
[INFO] [stderr] warning: use of deprecated enum `wav::BitDepth`: This project is no longer maintained, use the `hound` crate
[INFO] [stderr]   --> src/ltc_decoder/mod.rs:74:14
[INFO] [stderr]    |
[INFO] [stderr] 74 |     use wav::BitDepth;
[INFO] [stderr]    |              ^^^^^^^^
[INFO] [stderr]    |
[INFO] [stderr]    = note: `#[warn(deprecated)]` on by default
[INFO] [stderr] 
[INFO] [stderr] warning: use of deprecated tuple variant `wav::BitDepth::Eight`: This project is no longer maintained, use the `hound` crate
[INFO] [stderr]    --> src/ltc_decoder/mod.rs:247:23
[INFO] [stderr]     |
[INFO] [stderr] 247 |             BitDepth::Eight(samples) => test_timecode_frames(sampling_rate, samples, first_tc, last_tc),
[INFO] [stderr]     |                       ^^^^^
[INFO] [stderr] 
[INFO] [stderr] warning: use of deprecated tuple variant `wav::BitDepth::Sixteen`: This project is no longer maintained, use the `hound` crate
[INFO] [stderr]    --> src/ltc_decoder/mod.rs:248:23
[INFO] [stderr]     |
[INFO] [stderr] 248 |             BitDepth::Sixteen(samples) => test_timecode_frames(sampling_rate, samples, first_tc, last_tc),
[INFO] [stderr]     |                       ^^^^^^^
[INFO] [stderr] 
[INFO] [stderr] warning: use of deprecated tuple variant `wav::BitDepth::TwentyFour`: This project is no longer maintained, use the `hound` crate
[INFO] [stderr]    --> src/ltc_decoder/mod.rs:249:23
[INFO] [stderr]     |
[INFO] [stderr] 249 |             BitDepth::TwentyFour(samples) => test_timecode_frames(sampling_rate, samples, first_tc, last_tc),
[INFO] [stderr]     |                       ^^^^^^^^^^
[INFO] [stderr] 
[INFO] [stderr] warning: use of deprecated tuple variant `wav::BitDepth::ThirtyTwoFloat`: This project is no longer maintained, use the `hound` crate
[INFO] [stderr]    --> src/ltc_decoder/mod.rs:250:23
[INFO] [stderr]     |
[INFO] [stderr] 250 |             BitDepth::ThirtyTwoFloat(_) => panic!("Unsupported format"),
[INFO] [stderr]     |                       ^^^^^^^^^^^^^^
[INFO] [stderr] 
[INFO] [stderr] warning: use of deprecated unit variant `wav::BitDepth::Empty`: This project is no longer maintained, use the `hound` crate
[INFO] [stderr]    --> src/ltc_decoder/mod.rs:251:23
[INFO] [stderr]     |
[INFO] [stderr] 251 |             BitDepth::Empty => panic!("File is empty")
[INFO] [stderr]     |                       ^^^^^
[INFO] [stderr] 
[INFO] [stderr] warning: use of deprecated enum `wav::BitDepth`: This project is no longer maintained, use the `hound` crate
[INFO] [stderr]    --> src/ltc_decoder/mod.rs:271:57
[INFO] [stderr]     |
[INFO] [stderr] 271 |     fn get_timecode_file_data<R>(file: &mut R) -> (u32, BitDepth)
[INFO] [stderr]     |                                                         ^^^^^^^^
[INFO] [stderr] 
[INFO] [stderr] warning: use of deprecated function `wav::read`: This project is no longer maintained, use the `hound` crate
[INFO] [stderr]    --> src/ltc_decoder/mod.rs:273:35
[INFO] [stderr]     |
[INFO] [stderr] 273 |         let (header, data) = wav::read(file).expect("could not open timecode file");
[INFO] [stderr]     |                                   ^^^^
[INFO] [stderr] 
[INFO] [stderr] warning: use of deprecated enum `wav::BitDepth`: This project is no longer maintained, use the `hound` crate
[INFO] [stderr]    --> src/ltc_decoder/mod.rs:279:54
[INFO] [stderr]     |
[INFO] [stderr] 279 |     fn get_left_channel(channel_count: u16, samples: BitDepth) -> BitDepth {
[INFO] [stderr]     |                                                      ^^^^^^^^
[INFO] [stderr] 
[INFO] [stderr] warning: use of deprecated enum `wav::BitDepth`: This project is no longer maintained, use the `hound` crate
[INFO] [stderr]    --> src/ltc_decoder/mod.rs:279:67
[INFO] [stderr]     |
[INFO] [stderr] 279 |     fn get_left_channel(channel_count: u16, samples: BitDepth) -> BitDepth {
[INFO] [stderr]     |                                                                   ^^^^^^^^
[INFO] [stderr] 
[INFO] [stderr] warning: use of deprecated tuple variant `wav::BitDepth::Eight`: This project is no longer maintained, use the `hound` crate
[INFO] [stderr]    --> src/ltc_decoder/mod.rs:287:23
[INFO] [stderr]     |
[INFO] [stderr] 287 |             BitDepth::Eight(samples) => BitDepth::Eight(samples.iter().skip(1).step_by(2).copied().collect()),
[INFO] [stderr]     |                       ^^^^^
[INFO] [stderr] 
[INFO] [stderr] warning: use of deprecated tuple variant `wav::BitDepth::Eight`: This project is no longer maintained, use the `hound` crate
[INFO] [stderr]    --> src/ltc_decoder/mod.rs:287:51
[INFO] [stderr]     |
[INFO] [stderr] 287 |             BitDepth::Eight(samples) => BitDepth::Eight(samples.iter().skip(1).step_by(2).copied().collect()),
[INFO] [stderr]     |                                                   ^^^^^
[INFO] [stderr] 
[INFO] [stderr] warning: use of deprecated tuple variant `wav::BitDepth::Sixteen`: This project is no longer maintained, use the `hound` crate
[INFO] [stderr]    --> src/ltc_decoder/mod.rs:288:23
[INFO] [stderr]     |
[INFO] [stderr] 288 |             BitDepth::Sixteen(samples) => BitDepth::Sixteen(samples.iter().skip(1).step_by(2).copied().collect()),
[INFO] [stderr]     |                       ^^^^^^^
[INFO] [stderr] 
[INFO] [stderr] warning: use of deprecated tuple variant `wav::BitDepth::Sixteen`: This project is no longer maintained, use the `hound` crate
[INFO] [stderr]    --> src/ltc_decoder/mod.rs:288:53
[INFO] [stderr]     |
[INFO] [stderr] 288 |             BitDepth::Sixteen(samples) => BitDepth::Sixteen(samples.iter().skip(1).step_by(2).copied().collect()),
[INFO] [stderr]     |                                                     ^^^^^^^
[INFO] [stderr] 
[INFO] [stderr] warning: use of deprecated tuple variant `wav::BitDepth::TwentyFour`: This project is no longer maintained, use the `hound` crate
[INFO] [stderr]    --> src/ltc_decoder/mod.rs:289:23
[INFO] [stderr]     |
[INFO] [stderr] 289 |             BitDepth::TwentyFour(samples) => BitDepth::TwentyFour(samples.iter().skip(1).step_by(2).copied().collect()),
[INFO] [stderr]     |                       ^^^^^^^^^^
[INFO] [stderr] 
[INFO] [stderr] warning: use of deprecated tuple variant `wav::BitDepth::TwentyFour`: This project is no longer maintained, use the `hound` crate
[INFO] [stderr]    --> src/ltc_decoder/mod.rs:289:56
[INFO] [stderr]     |
[INFO] [stderr] 289 |             BitDepth::TwentyFour(samples) => BitDepth::TwentyFour(samples.iter().skip(1).step_by(2).copied().collect()),
[INFO] [stderr]     |                                                        ^^^^^^^^^^
[INFO] [stderr] 
[INFO] [stderr] warning: use of deprecated tuple variant `wav::BitDepth::ThirtyTwoFloat`: This project is no longer maintained, use the `hound` crate
[INFO] [stderr]    --> src/ltc_decoder/mod.rs:290:23
[INFO] [stderr]     |
[INFO] [stderr] 290 |             BitDepth::ThirtyTwoFloat(samples) => BitDepth::ThirtyTwoFloat(samples.iter().skip(1).step_by(2).copied().collect()),
[INFO] [stderr]     |                       ^^^^^^^^^^^^^^
[INFO] [stderr] 
[INFO] [stderr] warning: use of deprecated tuple variant `wav::BitDepth::ThirtyTwoFloat`: This project is no longer maintained, use the `hound` crate
[INFO] [stderr]    --> src/ltc_decoder/mod.rs:290:60
[INFO] [stderr]     |
[INFO] [stderr] 290 |             BitDepth::ThirtyTwoFloat(samples) => BitDepth::ThirtyTwoFloat(samples.iter().skip(1).step_by(2).copied().collect()),
[INFO] [stderr]     |                                                            ^^^^^^^^^^^^^^
[INFO] [stderr] 
[INFO] [stderr] warning: use of deprecated unit variant `wav::BitDepth::Empty`: This project is no longer maintained, use the `hound` crate
[INFO] [stderr]    --> src/ltc_decoder/mod.rs:291:23
[INFO] [stderr]     |
[INFO] [stderr] 291 |             BitDepth::Empty => BitDepth::Empty
[INFO] [stderr]     |                       ^^^^^
[INFO] [stderr] 
[INFO] [stderr] warning: use of deprecated unit variant `wav::BitDepth::Empty`: This project is no longer maintained, use the `hound` crate
[INFO] [stderr]    --> src/ltc_decoder/mod.rs:291:42
[INFO] [stderr]     |
[INFO] [stderr] 291 |             BitDepth::Empty => BitDepth::Empty
[INFO] [stderr]     |                                          ^^^^^
[INFO] [stderr] 
[INFO] [stderr] warning: use of deprecated field `wav::BitDepth::Eight::0`: This project is no longer maintained, use the `hound` crate
[INFO] [stderr]    --> src/ltc_decoder/mod.rs:247:29
[INFO] [stderr]     |
[INFO] [stderr] 247 |             BitDepth::Eight(samples) => test_timecode_frames(sampling_rate, samples, first_tc, last_tc),
[INFO] [stderr]     |                             ^^^^^^^
[INFO] [stderr] 
[INFO] [stderr] warning: use of deprecated field `wav::BitDepth::Sixteen::0`: This project is no longer maintained, use the `hound` crate
[INFO] [stderr]    --> src/ltc_decoder/mod.rs:248:31
[INFO] [stderr]     |
[INFO] [stderr] 248 |             BitDepth::Sixteen(samples) => test_timecode_frames(sampling_rate, samples, first_tc, last_tc),
[INFO] [stderr]     |                               ^^^^^^^
[INFO] [stderr] 
[INFO] [stderr] warning: use of deprecated field `wav::BitDepth::TwentyFour::0`: This project is no longer maintained, use the `hound` crate
[INFO] [stderr]    --> src/ltc_decoder/mod.rs:249:34
[INFO] [stderr]     |
[INFO] [stderr] 249 |             BitDepth::TwentyFour(samples) => test_timecode_frames(sampling_rate, samples, first_tc, last_tc),
[INFO] [stderr]     |                                  ^^^^^^^
[INFO] [stderr] 
[INFO] [stderr] warning: use of deprecated field `wav::BitDepth::ThirtyTwoFloat::0`: This project is no longer maintained, use the `hound` crate
[INFO] [stderr]    --> src/ltc_decoder/mod.rs:250:38
[INFO] [stderr]     |
[INFO] [stderr] 250 |             BitDepth::ThirtyTwoFloat(_) => panic!("Unsupported format"),
[INFO] [stderr]     |                                      ^
[INFO] [stderr] 
[INFO] [stderr] warning: use of deprecated field `wav::Header::channel_count`: This project is no longer maintained, use the `hound` crate
[INFO] [stderr]    --> src/ltc_decoder/mod.rs:274:37
[INFO] [stderr]     |
[INFO] [stderr] 274 |         let data = get_left_channel(header.channel_count, data);
[INFO] [stderr]     |                                     ^^^^^^^^^^^^^^^^^^^^
[INFO] [stderr] 
[INFO] [stderr] warning: use of deprecated field `wav::Header::sampling_rate`: This project is no longer maintained, use the `hound` crate
[INFO] [stderr]    --> src/ltc_decoder/mod.rs:275:10
[INFO] [stderr]     |
[INFO] [stderr] 275 |         (header.sampling_rate, data)
[INFO] [stderr]     |          ^^^^^^^^^^^^^^^^^^^^
[INFO] [stderr] 
[INFO] [stderr] warning: use of deprecated field `wav::BitDepth::Eight::0`: This project is no longer maintained, use the `hound` crate
[INFO] [stderr]    --> src/ltc_decoder/mod.rs:287:29
[INFO] [stderr]     |
[INFO] [stderr] 287 |             BitDepth::Eight(samples) => BitDepth::Eight(samples.iter().skip(1).step_by(2).copied().collect()),
[INFO] [stderr]     |                             ^^^^^^^
[INFO] [stderr] 
[INFO] [stderr] warning: use of deprecated field `wav::BitDepth::Sixteen::0`: This project is no longer maintained, use the `hound` crate
[INFO] [stderr]    --> src/ltc_decoder/mod.rs:288:31
[INFO] [stderr]     |
[INFO] [stderr] 288 |             BitDepth::Sixteen(samples) => BitDepth::Sixteen(samples.iter().skip(1).step_by(2).copied().collect()),
[INFO] [stderr]     |                               ^^^^^^^
[INFO] [stderr] 
[INFO] [stderr] warning: use of deprecated field `wav::BitDepth::TwentyFour::0`: This project is no longer maintained, use the `hound` crate
[INFO] [stderr]    --> src/ltc_decoder/mod.rs:289:34
[INFO] [stderr]     |
[INFO] [stderr] 289 |             BitDepth::TwentyFour(samples) => BitDepth::TwentyFour(samples.iter().skip(1).step_by(2).copied().collect()),
[INFO] [stderr]     |                                  ^^^^^^^
[INFO] [stderr] 
[INFO] [stderr] warning: use of deprecated field `wav::BitDepth::ThirtyTwoFloat::0`: This project is no longer maintained, use the `hound` crate
[INFO] [stderr]    --> src/ltc_decoder/mod.rs:290:38
[INFO] [stderr]     |
[INFO] [stderr] 290 |             BitDepth::ThirtyTwoFloat(samples) => BitDepth::ThirtyTwoFloat(samples.iter().skip(1).step_by(2).copied().collect()),
[INFO] [stderr]     |                                      ^^^^^^^
[INFO] [stderr] 
[INFO] [stderr] warning: `timecode-coder` (lib test) generated 30 warnings
[INFO] [stderr]     Finished `release` profile [optimized] target(s) in 0.05s
[INFO] [stderr]      Running unittests src/lib.rs (/opt/rustwide/target/release/build/timecode-coder/10022e83f34a35b5/out/timecode_coder-10022e83f34a35b5)
[INFO] [stdout] 
[INFO] [stdout] running 16 tests
[INFO] [stdout] test ltc_decoder::bit_decoder::tests::test_recalculate ... ok
[INFO] [stdout] test ltc_decoder::bit_decoder::tests::test_is_approx_double ... ok
[INFO] [stdout] test ltc_decoder::bit_decoder::tests::test_recalculate_threshold ... ok
[INFO] [stdout] test ltc_decoder::bit_decoder::tests::test_is_approx_half ... ok
[INFO] [stdout] test ltc_decoder::tests::test_ltc_10000000_2mins_24fps_44100x16 ... FAILED
[INFO] [stdout] test ltc_decoder::tests::test_ltc_00100000_2mins_25fps_44100x8 ... FAILED
[INFO] [stdout] test ltc_decoder::tests::test_ltc_10400000_2mins_30fps_44100x16 ... FAILED
[INFO] [stdout] test ltc_decoder::tests::test_ltc_11000000_2mins_25fps_48000x16 ... FAILED
[INFO] [stdout] test ltc_decoder::tests::test_ltc_00500000_2mins_30fps_44100x8 ... FAILED
[INFO] [stdout] test ltc_decoder::tests::test_ltc_11300000_2mins_30fps_48000x16 ... FAILED
[INFO] [stdout] test ltc_decoder::tests::test_ltc_10500000_2mins_24fps_48000x16 ... FAILED
[INFO] [stdout] test ltc_decoder::tests::test_ltc_10100000_2mins_25fps_44100x16 ... FAILED
[INFO] [stdout] test ltc_decoder::tests::test_sample_trait ... ok
[INFO] [stdout] test ltc_decoder::tests::test_ltc_11500000_2mins_25fps_44100x16 ... FAILED
[INFO] [stdout] test ltc_decoder::tests::test_ltc_12200000_2mins_30fps_44100x16 ... FAILED
[INFO] [stdout] test ltc_decoder::tests::test_ltc_11400000_2mins_24fps_44100x16 ... FAILED
[INFO] [stderr] error: test failed, to rerun pass `--lib`
[INFO] [stdout] 
[INFO] [stdout] failures:
[INFO] [stdout] 
[INFO] [stdout] ---- ltc_decoder::tests::test_ltc_10000000_2mins_24fps_44100x16 stdout ----
[INFO] [stdout] 
[INFO] [stdout] thread 'ltc_decoder::tests::test_ltc_10000000_2mins_24fps_44100x16' (213) panicked at src/ltc_decoder/mod.rs:244:41:
[INFO] [stdout] File not found: Os { code: 2, kind: NotFound, message: "No such file or directory" }
[INFO] [stdout] stack backtrace:
[INFO] [stdout]    0:     0x63c502bbdee1 - <<std[617be2ca0a6fd877]::sys::backtrace::BacktraceLock>::print::DisplayBacktrace as core[a373ad73a504971]::fmt::Display>::fmt
[INFO] [stdout]    1:     0x63c502bd1f2a - core[a373ad73a504971]::fmt::write
[INFO] [stdout]    2:     0x63c502bc217c - <alloc[2e1b2a31b91974c5]::vec::Vec<u8> as core[a373ad73a504971]::io::write::Write>::write_fmt
[INFO] [stdout]    3:     0x63c502b9a346 - std[617be2ca0a6fd877]::panicking::default_hook::{closure#0}
[INFO] [stdout]    4:     0x63c502bb6579 - std[617be2ca0a6fd877]::panicking::default_hook
[INFO] [stdout]    5:     0x63c502b52a50 - test[aada8e7e76ba119b]::test_main_inner::{closure#0}
[INFO] [stdout]    6:     0x63c502bb6732 - std[617be2ca0a6fd877]::panicking::panic_with_hook
[INFO] [stdout]    7:     0x63c502b9a3f2 - std[617be2ca0a6fd877]::panicking::panic_handler::{closure#0}
[INFO] [stdout]    8:     0x63c502b93109 - std[617be2ca0a6fd877]::sys::backtrace::__rust_end_short_backtrace::<std[617be2ca0a6fd877]::panicking::panic_handler::{closure#0}, !>
[INFO] [stdout]    9:     0x63c502b9affd - __rustc[ea4f61d10b84890b]::rust_begin_unwind
[INFO] [stdout]   10:     0x63c502bd265c - core[a373ad73a504971]::panicking::panic_fmt
[INFO] [stdout]   11:     0x63c502bd2432 - core[a373ad73a504971]::result::unwrap_failed
[INFO] [stdout]   12:     0x63c502b4587f - timecode_coder[2295e316f6a04b90]::ltc_decoder::tests::test_timecode_file
[INFO] [stdout]   13:     0x63c502b45ce4 - <timecode_coder[2295e316f6a04b90]::ltc_decoder::tests::test_ltc_10000000_2mins_24fps_44100x16::{closure#0} as core[a373ad73a504971]::ops::function::FnOnce<()>>::call_once
[INFO] [stdout]   14:     0x63c502b45e9b - test[aada8e7e76ba119b]::__rust_begin_short_backtrace::<core[a373ad73a504971]::result::Result<(), alloc[2e1b2a31b91974c5]::string::String>, fn() -> core[a373ad73a504971]::result::Result<(), alloc[2e1b2a31b91974c5]::string::String>>
[INFO] [stdout]   15:     0x63c502b53075 - test[aada8e7e76ba119b]::run_test::{closure#0}
[INFO] [stdout]   16:     0x63c502b4c964 - std[617be2ca0a6fd877]::sys::backtrace::__rust_begin_short_backtrace::<test[aada8e7e76ba119b]::run_test::{closure#1}, ()>
[INFO] [stdout]   17:     0x63c502b56102 - <std[617be2ca0a6fd877]::thread::lifecycle::spawn_unchecked<test[aada8e7e76ba119b]::run_test::{closure#1}, ()>::{closure#1} as core[a373ad73a504971]::ops::function::FnOnce<()>>::call_once::{shim:vtable#0}
[INFO] [stdout]   18:     0x63c502bbd73f - <std[617be2ca0a6fd877]::sys::thread::unix::Thread>::new::thread_start
[INFO] [stdout]   19:     0x745b5a7e1dfa - <unknown>
[INFO] [stdout]   20:     0x745b5a8753d4 - clone
[INFO] [stdout]   21:                0x0 - <unknown>
[INFO] [stdout] 
[INFO] [stdout] ---- ltc_decoder::tests::test_ltc_00100000_2mins_25fps_44100x8 stdout ----
[INFO] [stdout] 
[INFO] [stdout] thread 'ltc_decoder::tests::test_ltc_00100000_2mins_25fps_44100x8' (211) panicked at src/ltc_decoder/mod.rs:244:41:
[INFO] [stdout] File not found: Os { code: 2, kind: NotFound, message: "No such file or directory" }
[INFO] [stdout] stack backtrace:
[INFO] [stdout]    0:     0x63c502bbdee1 - <<std[617be2ca0a6fd877]::sys::backtrace::BacktraceLock>::print::DisplayBacktrace as core[a373ad73a504971]::fmt::Display>::fmt
[INFO] [stdout]    1:     0x63c502bd1f2a - core[a373ad73a504971]::fmt::write
[INFO] [stdout]    2:     0x63c502bc217c - <alloc[2e1b2a31b91974c5]::vec::Vec<u8> as core[a373ad73a504971]::io::write::Write>::write_fmt
[INFO] [stdout]    3:     0x63c502b9a346 - std[617be2ca0a6fd877]::panicking::default_hook::{closure#0}
[INFO] [stdout]    4:     0x63c502bb6579 - std[617be2ca0a6fd877]::panicking::default_hook
[INFO] [stdout]    5:     0x63c502b52a50 - test[aada8e7e76ba119b]::test_main_inner::{closure#0}
[INFO] [stdout]    6:     0x63c502bb6732 - std[617be2ca0a6fd877]::panicking::panic_with_hook
[INFO] [stdout]    7:     0x63c502b9a3f2 - std[617be2ca0a6fd877]::panicking::panic_handler::{closure#0}
[INFO] [stdout]    8:     0x63c502b93109 - std[617be2ca0a6fd877]::sys::backtrace::__rust_end_short_backtrace::<std[617be2ca0a6fd877]::panicking::panic_handler::{closure#0}, !>
[INFO] [stdout]    9:     0x63c502b9affd - __rustc[ea4f61d10b84890b]::rust_begin_unwind
[INFO] [stdout]   10:     0x63c502bd265c - core[a373ad73a504971]::panicking::panic_fmt
[INFO] [stdout]   11:     0x63c502bd2432 - core[a373ad73a504971]::result::unwrap_failed
[INFO] [stdout]   12:     0x63c502b4587f - timecode_coder[2295e316f6a04b90]::ltc_decoder::tests::test_timecode_file
[INFO] [stdout]   13:     0x63c502b45c84 - <timecode_coder[2295e316f6a04b90]::ltc_decoder::tests::test_ltc_00100000_2mins_25fps_44100x8::{closure#0} as core[a373ad73a504971]::ops::function::FnOnce<()>>::call_once
[INFO] [stdout]   14:     0x63c502b45e9b - test[aada8e7e76ba119b]::__rust_begin_short_backtrace::<core[a373ad73a504971]::result::Result<(), alloc[2e1b2a31b91974c5]::string::String>, fn() -> core[a373ad73a504971]::result::Result<(), alloc[2e1b2a31b91974c5]::string::String>>
[INFO] [stdout]   15:     0x63c502b53075 - test[aada8e7e76ba119b]::run_test::{closure#0}
[INFO] [stdout]   16:     0x63c502b4c964 - std[617be2ca0a6fd877]::sys::backtrace::__rust_begin_short_backtrace::<test[aada8e7e76ba119b]::run_test::{closure#1}, ()>
[INFO] [stdout]   17:     0x63c502b56102 - <std[617be2ca0a6fd877]::thread::lifecycle::spawn_unchecked<test[aada8e7e76ba119b]::run_test::{closure#1}, ()>::{closure#1} as core[a373ad73a504971]::ops::function::FnOnce<()>>::call_once::{shim:vtable#0}
[INFO] [stdout]   18:     0x63c502bbd73f - <std[617be2ca0a6fd877]::sys::thread::unix::Thread>::new::thread_start
[INFO] [stdout]   19:     0x745b5a7e1dfa - <unknown>
[INFO] [stdout]   20:     0x745b5a8753d4 - clone
[INFO] [stdout]   21:                0x0 - <unknown>
[INFO] [stdout] 
[INFO] [stdout] ---- ltc_decoder::tests::test_ltc_10400000_2mins_30fps_44100x16 stdout ----
[INFO] [stdout] 
[INFO] [stdout] thread 'ltc_decoder::tests::test_ltc_10400000_2mins_30fps_44100x16' (215) panicked at src/ltc_decoder/mod.rs:244:41:
[INFO] [stdout] File not found: Os { code: 2, kind: NotFound, message: "No such file or directory" }
[INFO] [stdout] stack backtrace:
[INFO] [stdout]    0:     0x63c502bbdee1 - <<std[617be2ca0a6fd877]::sys::backtrace::BacktraceLock>::print::DisplayBacktrace as core[a373ad73a504971]::fmt::Display>::fmt
[INFO] [stdout]    1:     0x63c502bd1f2a - core[a373ad73a504971]::fmt::write
[INFO] [stdout]    2:     0x63c502bc217c - <alloc[2e1b2a31b91974c5]::vec::Vec<u8> as core[a373ad73a504971]::io::write::Write>::write_fmt
[INFO] [stdout]    3:     0x63c502b9a346 - std[617be2ca0a6fd877]::panicking::default_hook::{closure#0}
[INFO] [stdout]    4:     0x63c502bb6579 - std[617be2ca0a6fd877]::panicking::default_hook
[INFO] [stdout]    5:     0x63c502b52a50 - test[aada8e7e76ba119b]::test_main_inner::{closure#0}
[INFO] [stdout]    6:     0x63c502bb6732 - std[617be2ca0a6fd877]::panicking::panic_with_hook
[INFO] [stdout]    7:     0x63c502b9a3f2 - std[617be2ca0a6fd877]::panicking::panic_handler::{closure#0}
[INFO] [stdout]    8:     0x63c502b93109 - std[617be2ca0a6fd877]::sys::backtrace::__rust_end_short_backtrace::<std[617be2ca0a6fd877]::panicking::panic_handler::{closure#0}, !>
[INFO] [stdout]    9:     0x63c502b9affd - __rustc[ea4f61d10b84890b]::rust_begin_unwind
[INFO] [stdout]   10:     0x63c502bd265c - core[a373ad73a504971]::panicking::panic_fmt
[INFO] [stdout]   11:     0x63c502bd2432 - core[a373ad73a504971]::result::unwrap_failed
[INFO] [stdout]   12:     0x63c502b4587f - timecode_coder[2295e316f6a04b90]::ltc_decoder::tests::test_timecode_file
[INFO] [stdout]   13:     0x63c502b45d44 - <timecode_coder[2295e316f6a04b90]::ltc_decoder::tests::test_ltc_10400000_2mins_30fps_44100x16::{closure#0} as core[a373ad73a504971]::ops::function::FnOnce<()>>::call_once
[INFO] [stdout]   14:     0x63c502b45e9b - test[aada8e7e76ba119b]::__rust_begin_short_backtrace::<core[a373ad73a504971]::result::Result<(), alloc[2e1b2a31b91974c5]::string::String>, fn() -> core[a373ad73a504971]::result::Result<(), alloc[2e1b2a31b91974c5]::string::String>>
[INFO] [stdout]   15:     0x63c502b53075 - test[aada8e7e76ba119b]::run_test::{closure#0}
[INFO] [stdout]   16:     0x63c502b4c964 - std[617be2ca0a6fd877]::sys::backtrace::__rust_begin_short_backtrace::<test[aada8e7e76ba119b]::run_test::{closure#1}, ()>
[INFO] [stdout]   17:     0x63c502b56102 - <std[617be2ca0a6fd877]::thread::lifecycle::spawn_unchecked<test[aada8e7e76ba119b]::run_test::{closure#1}, ()>::{closure#1} as core[a373ad73a504971]::ops::function::FnOnce<()>>::call_once::{shim:vtable#0}
[INFO] [stdout]   18:     0x63c502bbd73f - <std[617be2ca0a6fd877]::sys::thread::unix::Thread>::new::thread_start
[INFO] [stdout]   19:     0x745b5a7e1dfa - <unknown>
[INFO] [stdout]   20:     0x745b5a8753d4 - clone
[INFO] [stdout]   21:                0x0 - <unknown>
[INFO] [stdout] 
[INFO] [stdout] ---- ltc_decoder::tests::test_ltc_11000000_2mins_25fps_48000x16 stdout ----
[INFO] [stdout] 
[INFO] [stdout] thread 'ltc_decoder::tests::test_ltc_11000000_2mins_25fps_48000x16' (217) panicked at src/ltc_decoder/mod.rs:244:41:
[INFO] [stdout] File not found: Os { code: 2, kind: NotFound, message: "No such file or directory" }
[INFO] [stdout] stack backtrace:
[INFO] [stdout]    0:     0x63c502bbdee1 - <<std[617be2ca0a6fd877]::sys::backtrace::BacktraceLock>::print::DisplayBacktrace as core[a373ad73a504971]::fmt::Display>::fmt
[INFO] [stdout]    1:     0x63c502bd1f2a - core[a373ad73a504971]::fmt::write
[INFO] [stdout]    2:     0x63c502bc217c - <alloc[2e1b2a31b91974c5]::vec::Vec<u8> as core[a373ad73a504971]::io::write::Write>::write_fmt
[INFO] [stdout]    3:     0x63c502b9a346 - std[617be2ca0a6fd877]::panicking::default_hook::{closure#0}
[INFO] [stdout]    4:     0x63c502bb6579 - std[617be2ca0a6fd877]::panicking::default_hook
[INFO] [stdout]    5:     0x63c502b52a50 - test[aada8e7e76ba119b]::test_main_inner::{closure#0}
[INFO] [stdout]    6:     0x63c502bb6732 - std[617be2ca0a6fd877]::panicking::panic_with_hook
[INFO] [stdout]    7:     0x63c502b9a3f2 - std[617be2ca0a6fd877]::panicking::panic_handler::{closure#0}
[INFO] [stdout]    8:     0x63c502b93109 - std[617be2ca0a6fd877]::sys::backtrace::__rust_end_short_backtrace::<std[617be2ca0a6fd877]::panicking::panic_handler::{closure#0}, !>
[INFO] [stdout]    9:     0x63c502b9affd - __rustc[ea4f61d10b84890b]::rust_begin_unwind
[INFO] [stdout]   10:     0x63c502bd265c - core[a373ad73a504971]::panicking::panic_fmt
[INFO] [stdout]   11:     0x63c502bd2432 - core[a373ad73a504971]::result::unwrap_failed
[INFO] [stdout]   12:     0x63c502b4587f - timecode_coder[2295e316f6a04b90]::ltc_decoder::tests::test_timecode_file
[INFO] [stdout]   13:     0x63c502b45da4 - <timecode_coder[2295e316f6a04b90]::ltc_decoder::tests::test_ltc_11000000_2mins_25fps_48000x16::{closure#0} as core[a373ad73a504971]::ops::function::FnOnce<()>>::call_once
[INFO] [stdout]   14:     0x63c502b45e9b - test[aada8e7e76ba119b]::__rust_begin_short_backtrace::<core[a373ad73a504971]::result::Result<(), alloc[2e1b2a31b91974c5]::string::String>, fn() -> core[a373ad73a504971]::result::Result<(), alloc[2e1b2a31b91974c5]::string::String>>
[INFO] [stdout]   15:     0x63c502b53075 - test[aada8e7e76ba119b]::run_test::{closure#0}
[INFO] [stdout]   16:     0x63c502b4c964 - std[617be2ca0a6fd877]::sys::backtrace::__rust_begin_short_backtrace::<test[aada8e7e76ba119b]::run_test::{closure#1}, ()>
[INFO] [stdout]   17:     0x63c502b56102 - <std[617be2ca0a6fd877]::thread::lifecycle::spawn_unchecked<test[aada8e7e76ba119b]::run_test::{closure#1}, ()>::{closure#1} as core[a373ad73a504971]::ops::function::FnOnce<()>>::call_once::{shim:vtable#0}
[INFO] [stdout]   18:     0x63c502bbd73f - <std[617be2ca0a6fd877]::sys::thread::unix::Thread>::new::thread_start
[INFO] [stdout]   19:     0x745b5a7e1dfa - <unknown>
[INFO] [stdout]   20:     0x745b5a8753d4 - clone
[INFO] [stdout]   21:                0x0 - <unknown>
[INFO] [stdout] 
[INFO] [stdout] ---- ltc_decoder::tests::test_ltc_00500000_2mins_30fps_44100x8 stdout ----
[INFO] [stdout] 
[INFO] [stdout] thread 'ltc_decoder::tests::test_ltc_00500000_2mins_30fps_44100x8' (212) panicked at src/ltc_decoder/mod.rs:244:41:
[INFO] [stdout] File not found: Os { code: 2, kind: NotFound, message: "No such file or directory" }
[INFO] [stdout] stack backtrace:
[INFO] [stdout]    0:     0x63c502bbdee1 - <<std[617be2ca0a6fd877]::sys::backtrace::BacktraceLock>::print::DisplayBacktrace as core[a373ad73a504971]::fmt::Display>::fmt
[INFO] [stdout]    1:     0x63c502bd1f2a - core[a373ad73a504971]::fmt::write
[INFO] [stdout]    2:     0x63c502bc217c - <alloc[2e1b2a31b91974c5]::vec::Vec<u8> as core[a373ad73a504971]::io::write::Write>::write_fmt
[INFO] [stdout]    3:     0x63c502b9a346 - std[617be2ca0a6fd877]::panicking::default_hook::{closure#0}
[INFO] [stdout]    4:     0x63c502bb6579 - std[617be2ca0a6fd877]::panicking::default_hook
[INFO] [stdout]    5:     0x63c502b52a50 - test[aada8e7e76ba119b]::test_main_inner::{closure#0}
[INFO] [stdout]    6:     0x63c502bb6732 - std[617be2ca0a6fd877]::panicking::panic_with_hook
[INFO] [stdout]    7:     0x63c502b9a3f2 - std[617be2ca0a6fd877]::panicking::panic_handler::{closure#0}
[INFO] [stdout]    8:     0x63c502b93109 - std[617be2ca0a6fd877]::sys::backtrace::__rust_end_short_backtrace::<std[617be2ca0a6fd877]::panicking::panic_handler::{closure#0}, !>
[INFO] [stdout]    9:     0x63c502b9affd - __rustc[ea4f61d10b84890b]::rust_begin_unwind
[INFO] [stdout]   10:     0x63c502bd265c - core[a373ad73a504971]::panicking::panic_fmt
[INFO] [stdout]   11:     0x63c502bd2432 - core[a373ad73a504971]::result::unwrap_failed
[INFO] [stdout]   12:     0x63c502b4587f - timecode_coder[2295e316f6a04b90]::ltc_decoder::tests::test_timecode_file
[INFO] [stdout]   13:     0x63c502b45cb4 - <timecode_coder[2295e316f6a04b90]::ltc_decoder::tests::test_ltc_00500000_2mins_30fps_44100x8::{closure#0} as core[a373ad73a504971]::ops::function::FnOnce<()>>::call_once
[INFO] [stdout]   14:     0x63c502b45e9b - test[aada8e7e76ba119b]::__rust_begin_short_backtrace::<core[a373ad73a504971]::result::Result<(), alloc[2e1b2a31b91974c5]::string::String>, fn() -> core[a373ad73a504971]::result::Result<(), alloc[2e1b2a31b91974c5]::string::String>>
[INFO] [stdout]   15:     0x63c502b53075 - test[aada8e7e76ba119b]::run_test::{closure#0}
[INFO] [stdout]   16:     0x63c502b4c964 - std[617be2ca0a6fd877]::sys::backtrace::__rust_begin_short_backtrace::<test[aada8e7e76ba119b]::run_test::{closure#1}, ()>
[INFO] [stdout]   17:     0x63c502b56102 - <std[617be2ca0a6fd877]::thread::lifecycle::spawn_unchecked<test[aada8e7e76ba119b]::run_test::{closure#1}, ()>::{closure#1} as core[a373ad73a504971]::ops::function::FnOnce<()>>::call_once::{shim:vtable#0}
[INFO] [stdout]   18:     0x63c502bbd73f - <std[617be2ca0a6fd877]::sys::thread::unix::Thread>::new::thread_start
[INFO] [stdout]   19:     0x745b5a7e1dfa - <unknown>
[INFO] [stdout]   20:     0x745b5a8753d4 - clone
[INFO] [stdout]   21:                0x0 - <unknown>
[INFO] [stdout] 
[INFO] [stdout] ---- ltc_decoder::tests::test_ltc_11300000_2mins_30fps_48000x16 stdout ----
[INFO] [stdout] 
[INFO] [stdout] thread 'ltc_decoder::tests::test_ltc_11300000_2mins_30fps_48000x16' (218) panicked at src/ltc_decoder/mod.rs:244:41:
[INFO] [stdout] File not found: Os { code: 2, kind: NotFound, message: "No such file or directory" }
[INFO] [stdout] stack backtrace:
[INFO] [stdout]    0:     0x63c502bbdee1 - <<std[617be2ca0a6fd877]::sys::backtrace::BacktraceLock>::print::DisplayBacktrace as core[a373ad73a504971]::fmt::Display>::fmt
[INFO] [stdout]    1:     0x63c502bd1f2a - core[a373ad73a504971]::fmt::write
[INFO] [stdout]    2:     0x63c502bc217c - <alloc[2e1b2a31b91974c5]::vec::Vec<u8> as core[a373ad73a504971]::io::write::Write>::write_fmt
[INFO] [stdout]    3:     0x63c502b9a346 - std[617be2ca0a6fd877]::panicking::default_hook::{closure#0}
[INFO] [stdout]    4:     0x63c502bb6579 - std[617be2ca0a6fd877]::panicking::default_hook
[INFO] [stdout]    5:     0x63c502b52a50 - test[aada8e7e76ba119b]::test_main_inner::{closure#0}
[INFO] [stdout]    6:     0x63c502bb6732 - std[617be2ca0a6fd877]::panicking::panic_with_hook
[INFO] [stdout]    7:     0x63c502b9a3f2 - std[617be2ca0a6fd877]::panicking::panic_handler::{closure#0}
[INFO] [stdout]    8:     0x63c502b93109 - std[617be2ca0a6fd877]::sys::backtrace::__rust_end_short_backtrace::<std[617be2ca0a6fd877]::panicking::panic_handler::{closure#0}, !>
[INFO] [stdout]    9:     0x63c502b9affd - __rustc[ea4f61d10b84890b]::rust_begin_unwind
[INFO] [stdout]   10:     0x63c502bd265c - core[a373ad73a504971]::panicking::panic_fmt
[INFO] [stdout]   11:     0x63c502bd2432 - core[a373ad73a504971]::result::unwrap_failed
[INFO] [stdout]   12:     0x63c502b4587f - timecode_coder[2295e316f6a04b90]::ltc_decoder::tests::test_timecode_file
[INFO] [stdout]   13:     0x63c502b45dd4 - <timecode_coder[2295e316f6a04b90]::ltc_decoder::tests::test_ltc_11300000_2mins_30fps_48000x16::{closure#0} as core[a373ad73a504971]::ops::function::FnOnce<()>>::call_once
[INFO] [stdout]   14:     0x63c502b45e9b - test[aada8e7e76ba119b]::__rust_begin_short_backtrace::<core[a373ad73a504971]::result::Result<(), alloc[2e1b2a31b91974c5]::string::String>, fn() -> core[a373ad73a504971]::result::Result<(), alloc[2e1b2a31b91974c5]::string::String>>
[INFO] [stdout]   15:     0x63c502b53075 - test[aada8e7e76ba119b]::run_test::{closure#0}
[INFO] [stdout]   16:     0x63c502b4c964 - std[617be2ca0a6fd877]::sys::backtrace::__rust_begin_short_backtrace::<test[aada8e7e76ba119b]::run_test::{closure#1}, ()>
[INFO] [stdout]   17:     0x63c502b56102 - <std[617be2ca0a6fd877]::thread::lifecycle::spawn_unchecked<test[aada8e7e76ba119b]::run_test::{closure#1}, ()>::{closure#1} as core[a373ad73a504971]::ops::function::FnOnce<()>>::call_once::{shim:vtable#0}
[INFO] [stdout]   18:     0x63c502bbd73f - <std[617be2ca0a6fd877]::sys::thread::unix::Thread>::new::thread_start
[INFO] [stdout]   19:     0x745b5a7e1dfa - <unknown>
[INFO] [stdout]   20:     0x745b5a8753d4 - clone
[INFO] [stdout]   21:                0x0 - <unknown>
[INFO] [stdout] 
[INFO] [stdout] ---- ltc_decoder::tests::test_ltc_10500000_2mins_24fps_48000x16 stdout ----
[INFO] [stdout] 
[INFO] [stdout] thread 'ltc_decoder::tests::test_ltc_10500000_2mins_24fps_48000x16' (216) panicked at src/ltc_decoder/mod.rs:244:41:
[INFO] [stdout] File not found: Os { code: 2, kind: NotFound, message: "No such file or directory" }
[INFO] [stdout] stack backtrace:
[INFO] [stdout]    0:     0x63c502bbdee1 - <<std[617be2ca0a6fd877]::sys::backtrace::BacktraceLock>::print::DisplayBacktrace as core[a373ad73a504971]::fmt::Display>::fmt
[INFO] [stdout]    1:     0x63c502bd1f2a - core[a373ad73a504971]::fmt::write
[INFO] [stdout]    2:     0x63c502bc217c - <alloc[2e1b2a31b91974c5]::vec::Vec<u8> as core[a373ad73a504971]::io::write::Write>::write_fmt
[INFO] [stdout]    3:     0x63c502b9a346 - std[617be2ca0a6fd877]::panicking::default_hook::{closure#0}
[INFO] [stdout]    4:     0x63c502bb6579 - std[617be2ca0a6fd877]::panicking::default_hook
[INFO] [stdout]    5:     0x63c502b52a50 - test[aada8e7e76ba119b]::test_main_inner::{closure#0}
[INFO] [stdout]    6:     0x63c502bb6732 - std[617be2ca0a6fd877]::panicking::panic_with_hook
[INFO] [stdout]    7:     0x63c502b9a3f2 - std[617be2ca0a6fd877]::panicking::panic_handler::{closure#0}
[INFO] [stdout]    8:     0x63c502b93109 - std[617be2ca0a6fd877]::sys::backtrace::__rust_end_short_backtrace::<std[617be2ca0a6fd877]::panicking::panic_handler::{closure#0}, !>
[INFO] [stdout]    9:     0x63c502b9affd - __rustc[ea4f61d10b84890b]::rust_begin_unwind
[INFO] [stdout]   10:     0x63c502bd265c - core[a373ad73a504971]::panicking::panic_fmt
[INFO] [stdout]   11:     0x63c502bd2432 - core[a373ad73a504971]::result::unwrap_failed
[INFO] [stdout]   12:     0x63c502b4587f - timecode_coder[2295e316f6a04b90]::ltc_decoder::tests::test_timecode_file
[INFO] [stdout]   13:     0x63c502b45d74 - <timecode_coder[2295e316f6a04b90]::ltc_decoder::tests::test_ltc_10500000_2mins_24fps_48000x16::{closure#0} as core[a373ad73a504971]::ops::function::FnOnce<()>>::call_once
[INFO] [stdout]   14:     0x63c502b45e9b - test[aada8e7e76ba119b]::__rust_begin_short_backtrace::<core[a373ad73a504971]::result::Result<(), alloc[2e1b2a31b91974c5]::string::String>, fn() -> core[a373ad73a504971]::result::Result<(), alloc[2e1b2a31b91974c5]::string::String>>
[INFO] [stdout]   15:     0x63c502b53075 - test[aada8e7e76ba119b]::run_test::{closure#0}
[INFO] [stdout]   16:     0x63c502b4c964 - std[617be2ca0a6fd877]::sys::backtrace::__rust_begin_short_backtrace::<test[aada8e7e76ba119b]::run_test::{closure#1}, ()>
[INFO] [stdout]   17:     0x63c502b56102 - <std[617be2ca0a6fd877]::thread::lifecycle::spawn_unchecked<test[aada8e7e76ba119b]::run_test::{closure#1}, ()>::{closure#1} as core[a373ad73a504971]::ops::function::FnOnce<()>>::call_once::{shim:vtable#0}
[INFO] [stdout]   18:     0x63c502bbd73f - <std[617be2ca0a6fd877]::sys::thread::unix::Thread>::new::thread_start
[INFO] [stdout]   19:     0x745b5a7e1dfa - <unknown>
[INFO] [stdout]   20:     0x745b5a8753d4 - clone
[INFO] [stdout]   21:                0x0 - <unknown>
[INFO] [stdout] 
[INFO] [stdout] ---- ltc_decoder::tests::test_ltc_10100000_2mins_25fps_44100x16 stdout ----
[INFO] [stdout] 
[INFO] [stdout] thread 'ltc_decoder::tests::test_ltc_10100000_2mins_25fps_44100x16' (214) panicked at src/ltc_decoder/mod.rs:244:41:
[INFO] [stdout] File not found: Os { code: 2, kind: NotFound, message: "No such file or directory" }
[INFO] [stdout] stack backtrace:
[INFO] [stdout]    0:     0x63c502bbdee1 - <<std[617be2ca0a6fd877]::sys::backtrace::BacktraceLock>::print::DisplayBacktrace as core[a373ad73a504971]::fmt::Display>::fmt
[INFO] [stdout]    1:     0x63c502bd1f2a - core[a373ad73a504971]::fmt::write
[INFO] [stdout]    2:     0x63c502bc217c - <alloc[2e1b2a31b91974c5]::vec::Vec<u8> as core[a373ad73a504971]::io::write::Write>::write_fmt
[INFO] [stdout]    3:     0x63c502b9a346 - std[617be2ca0a6fd877]::panicking::default_hook::{closure#0}
[INFO] [stdout]    4:     0x63c502bb6579 - std[617be2ca0a6fd877]::panicking::default_hook
[INFO] [stdout]    5:     0x63c502b52a50 - test[aada8e7e76ba119b]::test_main_inner::{closure#0}
[INFO] [stdout]    6:     0x63c502bb6732 - std[617be2ca0a6fd877]::panicking::panic_with_hook
[INFO] [stdout]    7:     0x63c502b9a3f2 - std[617be2ca0a6fd877]::panicking::panic_handler::{closure#0}
[INFO] [stdout]    8:     0x63c502b93109 - std[617be2ca0a6fd877]::sys::backtrace::__rust_end_short_backtrace::<std[617be2ca0a6fd877]::panicking::panic_handler::{closure#0}, !>
[INFO] [stdout]    9:     0x63c502b9affd - __rustc[ea4f61d10b84890b]::rust_begin_unwind
[INFO] [stdout]   10:     0x63c502bd265c - core[a373ad73a504971]::panicking::panic_fmt
[INFO] [stdout]   11:     0x63c502bd2432 - core[a373ad73a504971]::result::unwrap_failed
[INFO] [stdout]   12:     0x63c502b4587f - timecode_coder[2295e316f6a04b90]::ltc_decoder::tests::test_timecode_file
[INFO] [stdout]   13:     0x63c502b45d14 - <timecode_coder[2295e316f6a04b90]::ltc_decoder::tests::test_ltc_10100000_2mins_25fps_44100x16::{closure#0} as core[a373ad73a504971]::ops::function::FnOnce<()>>::call_once
[INFO] [stdout]   14:     0x63c502b45e9b - test[aada8e7e76ba119b]::__rust_begin_short_backtrace::<core[a373ad73a504971]::result::Result<(), alloc[2e1b2a31b91974c5]::string::String>, fn() -> core[a373ad73a504971]::result::Result<(), alloc[2e1b2a31b91974c5]::string::String>>
[INFO] [stdout]   15:     0x63c502b53075 - test[aada8e7e76ba119b]::run_test::{closure#0}
[INFO] [stdout]   16:     0x63c502b4c964 - std[617be2ca0a6fd877]::sys::backtrace::__rust_begin_short_backtrace::<test[aada8e7e76ba119b]::run_test::{closure#1}, ()>
[INFO] [stdout]   17:     0x63c502b56102 - <std[617be2ca0a6fd877]::thread::lifecycle::spawn_unchecked<test[aada8e7e76ba119b]::run_test::{closure#1}, ()>::{closure#1} as core[a373ad73a504971]::ops::function::FnOnce<()>>::call_once::{shim:vtable#0}
[INFO] [stdout]   18:     0x63c502bbd73f - <std[617be2ca0a6fd877]::sys::thread::unix::Thread>::new::thread_start
[INFO] [stdout]   19:     0x745b5a7e1dfa - <unknown>
[INFO] [stdout]   20:     0x745b5a8753d4 - clone
[INFO] [stdout]   21:                0x0 - <unknown>
[INFO] [stdout] 
[INFO] [stdout] ---- ltc_decoder::tests::test_ltc_11500000_2mins_25fps_44100x16 stdout ----
[INFO] [stdout] 
[INFO] [stdout] thread 'ltc_decoder::tests::test_ltc_11500000_2mins_25fps_44100x16' (220) panicked at src/ltc_decoder/mod.rs:244:41:
[INFO] [stdout] File not found: Os { code: 2, kind: NotFound, message: "No such file or directory" }
[INFO] [stdout] stack backtrace:
[INFO] [stdout]    0:     0x63c502bbdee1 - <<std[617be2ca0a6fd877]::sys::backtrace::BacktraceLock>::print::DisplayBacktrace as core[a373ad73a504971]::fmt::Display>::fmt
[INFO] [stdout]    1:     0x63c502bd1f2a - core[a373ad73a504971]::fmt::write
[INFO] [stdout]    2:     0x63c502bc217c - <alloc[2e1b2a31b91974c5]::vec::Vec<u8> as core[a373ad73a504971]::io::write::Write>::write_fmt
[INFO] [stdout]    3:     0x63c502b9a346 - std[617be2ca0a6fd877]::panicking::default_hook::{closure#0}
[INFO] [stdout]    4:     0x63c502bb6579 - std[617be2ca0a6fd877]::panicking::default_hook
[INFO] [stdout]    5:     0x63c502b52a50 - test[aada8e7e76ba119b]::test_main_inner::{closure#0}
[INFO] [stdout]    6:     0x63c502bb6732 - std[617be2ca0a6fd877]::panicking::panic_with_hook
[INFO] [stdout]    7:     0x63c502b9a3f2 - std[617be2ca0a6fd877]::panicking::panic_handler::{closure#0}
[INFO] [stdout]    8:     0x63c502b93109 - std[617be2ca0a6fd877]::sys::backtrace::__rust_end_short_backtrace::<std[617be2ca0a6fd877]::panicking::panic_handler::{closure#0}, !>
[INFO] [stdout]    9:     0x63c502b9affd - __rustc[ea4f61d10b84890b]::rust_begin_unwind
[INFO] [stdout]   10:     0x63c502bd265c - core[a373ad73a504971]::panicking::panic_fmt
[INFO] [stdout]   11:     0x63c502bd2432 - core[a373ad73a504971]::result::unwrap_failed
[INFO] [stdout]   12:     0x63c502b4587f - timecode_coder[2295e316f6a04b90]::ltc_decoder::tests::test_timecode_file
[INFO] [stdout]   13:     0x63c502b45e34 - <timecode_coder[2295e316f6a04b90]::ltc_decoder::tests::test_ltc_11500000_2mins_25fps_44100x16::{closure#0} as core[a373ad73a504971]::ops::function::FnOnce<()>>::call_once
[INFO] [stdout]   14:     0x63c502b45e9b - test[aada8e7e76ba119b]::__rust_begin_short_backtrace::<core[a373ad73a504971]::result::Result<(), alloc[2e1b2a31b91974c5]::string::String>, fn() -> core[a373ad73a504971]::result::Result<(), alloc[2e1b2a31b91974c5]::string::String>>
[INFO] [stdout]   15:     0x63c502b53075 - test[aada8e7e76ba119b]::run_test::{closure#0}
[INFO] [stdout]   16:     0x63c502b4c964 - std[617be2ca0a6fd877]::sys::backtrace::__rust_begin_short_backtrace::<test[aada8e7e76ba119b]::run_test::{closure#1}, ()>
[INFO] [stdout]   17:     0x63c502b56102 - <std[617be2ca0a6fd877]::thread::lifecycle::spawn_unchecked<test[aada8e7e76ba119b]::run_test::{closure#1}, ()>::{closure#1} as core[a373ad73a504971]::ops::function::FnOnce<()>>::call_once::{shim:vtable#0}
[INFO] [stdout]   18:     0x63c502bbd73f - <std[617be2ca0a6fd877]::sys::thread::unix::Thread>::new::thread_start
[INFO] [stdout]   19:     0x745b5a7e1dfa - <unknown>
[INFO] [stdout]   20:     0x745b5a8753d4 - clone
[INFO] [stdout]   21:                0x0 - <unknown>
[INFO] [stdout] 
[INFO] [stdout] ---- ltc_decoder::tests::test_ltc_12200000_2mins_30fps_44100x16 stdout ----
[INFO] [stdout] 
[INFO] [stdout] thread 'ltc_decoder::tests::test_ltc_12200000_2mins_30fps_44100x16' (221) panicked at src/ltc_decoder/mod.rs:244:41:
[INFO] [stdout] File not found: Os { code: 2, kind: NotFound, message: "No such file or directory" }
[INFO] [stdout] stack backtrace:
[INFO] [stdout]    0:     0x63c502bbdee1 - <<std[617be2ca0a6fd877]::sys::backtrace::BacktraceLock>::print::DisplayBacktrace as core[a373ad73a504971]::fmt::Display>::fmt
[INFO] [stdout]    1:     0x63c502bd1f2a - core[a373ad73a504971]::fmt::write
[INFO] [stdout]    2:     0x63c502bc217c - <alloc[2e1b2a31b91974c5]::vec::Vec<u8> as core[a373ad73a504971]::io::write::Write>::write_fmt
[INFO] [stdout]    3:     0x63c502b9a346 - std[617be2ca0a6fd877]::panicking::default_hook::{closure#0}
[INFO] [stdout]    4:     0x63c502bb6579 - std[617be2ca0a6fd877]::panicking::default_hook
[INFO] [stdout]    5:     0x63c502b52a50 - test[aada8e7e76ba119b]::test_main_inner::{closure#0}
[INFO] [stdout]    6:     0x63c502bb6732 - std[617be2ca0a6fd877]::panicking::panic_with_hook
[INFO] [stdout]    7:     0x63c502b9a3f2 - std[617be2ca0a6fd877]::panicking::panic_handler::{closure#0}
[INFO] [stdout]    8:     0x63c502b93109 - std[617be2ca0a6fd877]::sys::backtrace::__rust_end_short_backtrace::<std[617be2ca0a6fd877]::panicking::panic_handler::{closure#0}, !>
[INFO] [stdout]    9:     0x63c502b9affd - __rustc[ea4f61d10b84890b]::rust_begin_unwind
[INFO] [stdout]   10:     0x63c502bd265c - core[a373ad73a504971]::panicking::panic_fmt
[INFO] [stdout]   11:     0x63c502bd2432 - core[a373ad73a504971]::result::unwrap_failed
[INFO] [stdout]   12:     0x63c502b4587f - timecode_coder[2295e316f6a04b90]::ltc_decoder::tests::test_timecode_file
[INFO] [stdout]   13:     0x63c502b45e64 - <timecode_coder[2295e316f6a04b90]::ltc_decoder::tests::test_ltc_12200000_2mins_30fps_44100x16::{closure#0} as core[a373ad73a504971]::ops::function::FnOnce<()>>::call_once
[INFO] [stdout]   14:     0x63c502b45e9b - test[aada8e7e76ba119b]::__rust_begin_short_backtrace::<core[a373ad73a504971]::result::Result<(), alloc[2e1b2a31b91974c5]::string::String>, fn() -> core[a373ad73a504971]::result::Result<(), alloc[2e1b2a31b91974c5]::string::String>>
[INFO] [stdout]   15:     0x63c502b53075 - test[aada8e7e76ba119b]::run_test::{closure#0}
[INFO] [stdout]   16:     0x63c502b4c964 - std[617be2ca0a6fd877]::sys::backtrace::__rust_begin_short_backtrace::<test[aada8e7e76ba119b]::run_test::{closure#1}, ()>
[INFO] [stdout]   17:     0x63c502b56102 - <std[617be2ca0a6fd877]::thread::lifecycle::spawn_unchecked<test[aada8e7e76ba119b]::run_test::{closure#1}, ()>::{closure#1} as core[a373ad73a504971]::ops::function::FnOnce<()>>::call_once::{shim:vtable#0}
[INFO] [stdout]   18:     0x63c502bbd73f - <std[617be2ca0a6fd877]::sys::thread::unix::Thread>::new::thread_start
[INFO] [stdout]   19:     0x745b5a7e1dfa - <unknown>
[INFO] [stdout]   20:     0x745b5a8753d4 - clone
[INFO] [stdout]   21:                0x0 - <unknown>
[INFO] [stdout] 
[INFO] [stdout] ---- ltc_decoder::tests::test_ltc_11400000_2mins_24fps_44100x16 stdout ----
[INFO] [stdout] 
[INFO] [stdout] thread 'ltc_decoder::tests::test_ltc_11400000_2mins_24fps_44100x16' (219) panicked at src/ltc_decoder/mod.rs:244:41:
[INFO] [stdout] File not found: Os { code: 2, kind: NotFound, message: "No such file or directory" }
[INFO] [stdout] stack backtrace:
[INFO] [stdout]    0:     0x63c502bbdee1 - <<std[617be2ca0a6fd877]::sys::backtrace::BacktraceLock>::print::DisplayBacktrace as core[a373ad73a504971]::fmt::Display>::fmt
[INFO] [stdout]    1:     0x63c502bd1f2a - core[a373ad73a504971]::fmt::write
[INFO] [stdout]    2:     0x63c502bc217c - <alloc[2e1b2a31b91974c5]::vec::Vec<u8> as core[a373ad73a504971]::io::write::Write>::write_fmt
[INFO] [stdout]    3:     0x63c502b9a346 - std[617be2ca0a6fd877]::panicking::default_hook::{closure#0}
[INFO] [stdout]    4:     0x63c502bb6579 - std[617be2ca0a6fd877]::panicking::default_hook
[INFO] [stdout]    5:     0x63c502b52a50 - test[aada8e7e76ba119b]::test_main_inner::{closure#0}
[INFO] [stdout]    6:     0x63c502bb6732 - std[617be2ca0a6fd877]::panicking::panic_with_hook
[INFO] [stdout]    7:     0x63c502b9a3f2 - std[617be2ca0a6fd877]::panicking::panic_handler::{closure#0}
[INFO] [stdout]    8:     0x63c502b93109 - std[617be2ca0a6fd877]::sys::backtrace::__rust_end_short_backtrace::<std[617be2ca0a6fd877]::panicking::panic_handler::{closure#0}, !>
[INFO] [stdout]    9:     0x63c502b9affd - __rustc[ea4f61d10b84890b]::rust_begin_unwind
[INFO] [stdout]   10:     0x63c502bd265c - core[a373ad73a504971]::panicking::panic_fmt
[INFO] [stdout]   11:     0x63c502bd2432 - core[a373ad73a504971]::result::unwrap_failed
[INFO] [stdout]   12:     0x63c502b4587f - timecode_coder[2295e316f6a04b90]::ltc_decoder::tests::test_timecode_file
[INFO] [stdout]   13:     0x63c502b45e04 - <timecode_coder[2295e316f6a04b90]::ltc_decoder::tests::test_ltc_11400000_2mins_24fps_44100x16::{closure#0} as core[a373ad73a504971]::ops::function::FnOnce<()>>::call_once
[INFO] [stdout]   14:     0x63c502b45e9b - test[aada8e7e76ba119b]::__rust_begin_short_backtrace::<core[a373ad73a504971]::result::Result<(), alloc[2e1b2a31b91974c5]::string::String>, fn() -> core[a373ad73a504971]::result::Result<(), alloc[2e1b2a31b91974c5]::string::String>>
[INFO] [stdout]   15:     0x63c502b53075 - test[aada8e7e76ba119b]::run_test::{closure#0}
[INFO] [stdout]   16:     0x63c502b4c964 - std[617be2ca0a6fd877]::sys::backtrace::__rust_begin_short_backtrace::<test[aada8e7e76ba119b]::run_test::{closure#1}, ()>
[INFO] [stdout]   17:     0x63c502b56102 - <std[617be2ca0a6fd877]::thread::lifecycle::spawn_unchecked<test[aada8e7e76ba119b]::run_test::{closure#1}, ()>::{closure#1} as core[a373ad73a504971]::ops::function::FnOnce<()>>::call_once::{shim:vtable#0}
[INFO] [stdout]   18:     0x63c502bbd73f - <std[617be2ca0a6fd877]::sys::thread::unix::Thread>::new::thread_start
[INFO] [stdout]   19:     0x745b5a7e1dfa - <unknown>
[INFO] [stdout]   20:     0x745b5a8753d4 - clone
[INFO] [stdout]   21:                0x0 - <unknown>
[INFO] [stdout] 
[INFO] [stdout] 
[INFO] [stdout] failures:
[INFO] [stdout]     ltc_decoder::tests::test_ltc_00100000_2mins_25fps_44100x8
[INFO] [stdout]     ltc_decoder::tests::test_ltc_00500000_2mins_30fps_44100x8
[INFO] [stdout]     ltc_decoder::tests::test_ltc_10000000_2mins_24fps_44100x16
[INFO] [stdout]     ltc_decoder::tests::test_ltc_10100000_2mins_25fps_44100x16
[INFO] [stdout]     ltc_decoder::tests::test_ltc_10400000_2mins_30fps_44100x16
[INFO] [stdout]     ltc_decoder::tests::test_ltc_10500000_2mins_24fps_48000x16
[INFO] [stdout]     ltc_decoder::tests::test_ltc_11000000_2mins_25fps_48000x16
[INFO] [stdout]     ltc_decoder::tests::test_ltc_11300000_2mins_30fps_48000x16
[INFO] [stdout]     ltc_decoder::tests::test_ltc_11400000_2mins_24fps_44100x16
[INFO] [stdout]     ltc_decoder::tests::test_ltc_11500000_2mins_25fps_44100x16
[INFO] [stdout]     ltc_decoder::tests::test_ltc_12200000_2mins_30fps_44100x16
[INFO] [stdout] 
[INFO] [stdout] test result: FAILED. 5 passed; 11 failed; 0 ignored; 0 measured; 0 filtered out; finished in 0.01s
[INFO] [stdout] 
[INFO] running `Command { std: "docker" "inspect" "6bf4a3ebb44db1d7c1b4e002946013ceddb5d59c14e360a1fc36d8e3dc9dcbe4", kill_on_drop: false }`
[INFO] running `Command { std: "docker" "rm" "-f" "6bf4a3ebb44db1d7c1b4e002946013ceddb5d59c14e360a1fc36d8e3dc9dcbe4", kill_on_drop: false }`
[INFO] [stdout] 6bf4a3ebb44db1d7c1b4e002946013ceddb5d59c14e360a1fc36d8e3dc9dcbe4
