[INFO] fetching crate time-tracker-cli 0.3.0...
[INFO] testing time-tracker-cli-0.3.0 against 1.100.0-beta.1+cargoflags=--release for beta-release-1.100-2
[INFO] extracting crate time-tracker-cli 0.3.0 into /workspace/builds/worker-7-tc2/source
[INFO] started tweaking crates.io crate time-tracker-cli 0.3.0
[INFO] finished tweaking crates.io crate time-tracker-cli 0.3.0
[INFO] tweaked toml for crates.io crate time-tracker-cli 0.3.0 written to /workspace/builds/worker-7-tc2/source/Cargo.toml
[INFO] validating manifest of crates.io crate time-tracker-cli 0.3.0 on toolchain 1.100.0-beta.1
[INFO] running `Command { std: CARGO_HOME="/workspace/cargo-home" RUSTUP_HOME="/workspace/rustup-home" "/workspace/cargo-home/bin/cargo" "+1.100.0-beta.1" "metadata" "--manifest-path" "Cargo.toml" "--no-deps", kill_on_drop: false }`
[INFO] crate crates.io crate time-tracker-cli 0.3.0 already has a lockfile, it will not be regenerated
[INFO] running `Command { std: CARGO_HOME="/workspace/cargo-home" RUSTUP_HOME="/workspace/rustup-home" "/workspace/cargo-home/bin/cargo" "+1.100.0-beta.1" "fetch" "--manifest-path" "Cargo.toml", kill_on_drop: false }`
[INFO] running `Command { std: "docker" "create" "-v" "/var/lib/crater-agent-workspace/builds/worker-7-tc2/source:/opt/rustwide/workdir:ro,Z" "-v" "/var/lib/crater-agent-workspace/builds/worker-7-tc2/target:/opt/rustwide/target:rw,Z" "-v" "/var/lib/crater-agent-workspace/cargo-home:/opt/rustwide/cargo-home:ro,Z" "-v" "/var/lib/crater-agent-workspace/rustup-home:/opt/rustwide/rustup-home:ro,Z" "-m" "1610612736" "--network" "none" "ghcr.io/rust-lang/crates-build-env/linux@sha256:77db811e55d90add9212f6832c23229e3de5f1c1f9905e8cb07319ea15df73ac" "sleep" "infinity", kill_on_drop: false }`
[INFO] [stdout] 3a671c7f6da690cb701c6fb2a2b1b6c53d8531eb12f2262a71920ab215f2f47c
[INFO] running `Command { std: "docker" "start" "3a671c7f6da690cb701c6fb2a2b1b6c53d8531eb12f2262a71920ab215f2f47c", kill_on_drop: false }`
[INFO] running `Command { std: "docker" "inspect" "3a671c7f6da690cb701c6fb2a2b1b6c53d8531eb12f2262a71920ab215f2f47c", kill_on_drop: false }`
[INFO] running `Command { std: "docker" "exec" "-e" "SOURCE_DIR=/opt/rustwide/workdir" "-e" "CARGO_HOME=/opt/rustwide/cargo-home" "-e" "RUSTUP_HOME=/opt/rustwide/rustup-home" "-e" "CARGO_TARGET_DIR=/opt/rustwide/target" "-w" "/opt/rustwide/workdir" "--user" "0:0" "3a671c7f6da690cb701c6fb2a2b1b6c53d8531eb12f2262a71920ab215f2f47c" "/opt/rustwide/cargo-home/bin/cargo" "+1.100.0-beta.1" "metadata" "--no-deps" "--format-version=1", kill_on_drop: false }`
[INFO] running `Command { std: "docker" "inspect" "3a671c7f6da690cb701c6fb2a2b1b6c53d8531eb12f2262a71920ab215f2f47c", kill_on_drop: false }`
[INFO] running `Command { std: "docker" "exec" "-e" "SOURCE_DIR=/opt/rustwide/workdir" "-e" "CARGO_HOME=/opt/rustwide/cargo-home" "-e" "RUSTUP_HOME=/opt/rustwide/rustup-home" "-e" "CARGO_TARGET_DIR=/opt/rustwide/target" "-e" "CARGO_INCREMENTAL=0" "-e" "RUST_BACKTRACE=full" "-e" "RUSTFLAGS=--cap-lints=warn" "-e" "RUSTDOCFLAGS=--cap-lints=warn" "-w" "/opt/rustwide/workdir" "--user" "0:0" "3a671c7f6da690cb701c6fb2a2b1b6c53d8531eb12f2262a71920ab215f2f47c" "/opt/rustwide/cargo-home/bin/cargo" "+1.100.0-beta.1" "build" "--frozen" "--message-format=json" "--release", kill_on_drop: false }`
[INFO] [stderr]    Compiling proc-macro2 v1.0.106
[INFO] [stderr]    Compiling quote v1.0.46
[INFO] [stderr]    Compiling unicode-ident v1.0.24
[INFO] [stderr]    Compiling libc v0.2.186
[INFO] [stderr]    Compiling cfg-if v1.0.4
[INFO] [stderr]    Compiling foldhash v0.2.0
[INFO] [stderr]    Compiling allocator-api2 v0.2.21
[INFO] [stderr]    Compiling rustversion v1.0.23
[INFO] [stderr]    Compiling heck v0.5.0
[INFO] [stderr]    Compiling equivalent v1.0.2
[INFO] [stderr]    Compiling strsim v0.11.1
[INFO] [stderr]    Compiling ident_case v1.0.1
[INFO] [stderr]    Compiling bitflags v2.13.0
[INFO] [stderr]    Compiling thiserror v2.0.18
[INFO] [stderr]    Compiling serde_core v1.0.228
[INFO] [stderr]    Compiling itoa v1.0.18
[INFO] [stderr]    Compiling either v1.16.0
[INFO] [stderr]    Compiling hashbrown v0.17.1
[INFO] [stderr]    Compiling itertools v0.14.0
[INFO] [stderr]    Compiling hashbrown v0.16.1
[INFO] [stderr]    Compiling castaway v0.2.4
[INFO] [stderr]    Compiling instability v0.3.12
[INFO] [stderr]    Compiling ryu v1.0.23
[INFO] [stderr]    Compiling unicode-width v0.2.2
[INFO] [stderr]    Compiling syn v2.0.118
[INFO] [stderr]    Compiling static_assertions v1.1.0
[INFO] [stderr]    Compiling unicode-segmentation v1.13.3
[INFO] [stderr]    Compiling parking_lot_core v0.9.12
[INFO] [stderr]    Compiling signal-hook v0.3.18
[INFO] [stderr]    Compiling lru v0.18.1
[INFO] [stderr]    Compiling compact_str v0.9.1
[INFO] [stderr]    Compiling convert_case v0.10.0
[INFO] [stderr]    Compiling smallvec v1.15.2
[INFO] [stderr]    Compiling errno v0.3.14
[INFO] [stderr]    Compiling indoc v2.0.7
[INFO] [stderr]    Compiling signal-hook-registry v1.4.8
[INFO] [stderr]    Compiling critical-section v1.2.0
[INFO] [stderr]    Compiling rustix v1.1.4
[INFO] [stderr]    Compiling scopeguard v1.2.0
[INFO] [stderr]    Compiling log v0.4.33
[INFO] [stderr]    Compiling mio v1.2.1
[INFO] [stderr]    Compiling lock_api v0.4.14
[INFO] [stderr]    Compiling deranged v0.5.8
[INFO] [stderr]    Compiling litrs v1.0.0
[INFO] [stderr]    Compiling linux-raw-sys v0.12.1
[INFO] [stderr]    Compiling unicode-truncate v2.0.1
[INFO] [stderr]    Compiling num-conv v0.2.2
[INFO] [stderr]    Compiling num_threads v0.1.7
[INFO] [stderr]    Compiling utf8parse v0.2.2
[INFO] [stderr]    Compiling powerfmt v0.2.0
[INFO] [stderr]    Compiling time-core v0.1.9
[INFO] [stderr]    Compiling num-traits v0.2.19
[INFO] [stderr]    Compiling anstyle-parse v1.0.0
[INFO] [stderr]    Compiling document-features v0.2.12
[INFO] [stderr]    Compiling signal-hook-mio v0.2.5
[INFO] [stderr]    Compiling parking_lot v0.12.5
[INFO] [stderr]    Compiling line-clipping v0.3.7
[INFO] [stderr]    Compiling anstyle-query v1.1.5
[INFO] [stderr]    Compiling is_terminal_polyfill v1.70.2
[INFO] [stderr]    Compiling serde v1.0.228
[INFO] [stderr]    Compiling anstyle v1.0.14
[INFO] [stderr]    Compiling colorchoice v1.0.5
[INFO] [stderr]    Compiling zmij v1.0.21
[INFO] [stderr]    Compiling anstream v1.0.0
[INFO] [stderr]    Compiling winnow v1.0.3
[INFO] [stderr]    Compiling clap_lex v1.1.0
[INFO] [stderr]    Compiling serde_json v1.0.150
[INFO] [stderr]    Compiling time v0.3.53
[INFO] [stderr]    Compiling toml_datetime v1.1.1+spec-1.1.0
[INFO] [stderr]    Compiling serde_spanned v1.1.1
[INFO] [stderr]    Compiling clap_builder v4.6.0
[INFO] [stderr]    Compiling toml_parser v1.1.2+spec-1.1.0
[INFO] [stderr]    Compiling iana-time-zone v0.1.65
[INFO] [stderr]    Compiling toml_writer v1.1.1+spec-1.1.0
[INFO] [stderr]    Compiling darling_core v0.23.0
[INFO] [stderr]    Compiling toml v1.1.2+spec-1.1.0
[INFO] [stderr]    Compiling libloading v0.9.0
[INFO] [stderr]    Compiling thiserror-impl v2.0.18
[INFO] [stderr]    Compiling strum_macros v0.28.0
[INFO] [stderr]    Compiling derive_more-impl v2.1.1
[INFO] [stderr]    Compiling serde_derive v1.0.228
[INFO] [stderr]    Compiling derive_more v2.1.1
[INFO] [stderr]    Compiling crossterm v0.29.0
[INFO] [stderr]    Compiling kasuari v0.4.12
[INFO] [stderr]    Compiling strum v0.28.0
[INFO] [stderr]    Compiling clap_derive v4.6.1
[INFO] [stderr]    Compiling darling_macro v0.23.0
[INFO] [stderr]    Compiling ratatui-core v0.1.2
[INFO] [stderr]    Compiling darling v0.23.0
[INFO] [stderr]    Compiling ratatui-widgets v0.3.2
[INFO] [stderr]    Compiling ratatui-crossterm v0.1.2
[INFO] [stderr]    Compiling chrono v0.4.45
[INFO] [stderr]    Compiling clap v4.6.1
[INFO] [stderr]    Compiling ratatui-macros v0.7.2
[INFO] [stderr]    Compiling ratatui v0.30.2
[INFO] [stderr]    Compiling time-tracker-cli v0.3.0 (/opt/rustwide/workdir)
[INFO] [stderr]     Finished `release` profile [optimized] target(s) in 1m 40s
[INFO] running `Command { std: "docker" "inspect" "3a671c7f6da690cb701c6fb2a2b1b6c53d8531eb12f2262a71920ab215f2f47c", kill_on_drop: false }`
[INFO] running `Command { std: "docker" "exec" "-e" "SOURCE_DIR=/opt/rustwide/workdir" "-e" "CARGO_HOME=/opt/rustwide/cargo-home" "-e" "RUSTUP_HOME=/opt/rustwide/rustup-home" "-e" "CARGO_TARGET_DIR=/opt/rustwide/target" "-e" "CARGO_INCREMENTAL=0" "-e" "RUST_BACKTRACE=full" "-e" "RUSTFLAGS=--cap-lints=warn" "-e" "RUSTDOCFLAGS=--cap-lints=warn" "-w" "/opt/rustwide/workdir" "--user" "0:0" "3a671c7f6da690cb701c6fb2a2b1b6c53d8531eb12f2262a71920ab215f2f47c" "/opt/rustwide/cargo-home/bin/cargo" "+1.100.0-beta.1" "test" "--frozen" "--no-run" "--message-format=json" "--release", kill_on_drop: false }`
[INFO] [stderr]    Compiling time-tracker-cli v0.3.0 (/opt/rustwide/workdir)
[INFO] [stderr]     Finished `release` profile [optimized] target(s) in 1.45s
[INFO] running `Command { std: "docker" "inspect" "3a671c7f6da690cb701c6fb2a2b1b6c53d8531eb12f2262a71920ab215f2f47c", kill_on_drop: false }`
[INFO] running `Command { std: "docker" "exec" "-e" "SOURCE_DIR=/opt/rustwide/workdir" "-e" "CARGO_HOME=/opt/rustwide/cargo-home" "-e" "RUSTUP_HOME=/opt/rustwide/rustup-home" "-e" "CARGO_TARGET_DIR=/opt/rustwide/target" "-e" "CARGO_INCREMENTAL=0" "-e" "RUST_BACKTRACE=full" "-e" "RUSTFLAGS=--cap-lints=warn" "-e" "RUSTDOCFLAGS=--cap-lints=warn" "-w" "/opt/rustwide/workdir" "--user" "0:0" "3a671c7f6da690cb701c6fb2a2b1b6c53d8531eb12f2262a71920ab215f2f47c" "/opt/rustwide/cargo-home/bin/cargo" "+1.100.0-beta.1" "test" "--frozen" "--release", kill_on_drop: false }`
[INFO] [stderr]     Finished `release` profile [optimized] target(s) in 0.19s
[INFO] [stderr]      Running unittests src/main.rs (/opt/rustwide/target/release/build/time-tracker-cli/835064ddfa1c60b2/out/tracker-835064ddfa1c60b2)
[INFO] [stdout] 
[INFO] [stdout] running 2 tests
[INFO] [stdout] test storage::editor::tests::test_command_exists ... ok
[INFO] [stdout] test storage::editor::tests::test_detect_editor ... FAILED
[INFO] [stdout] 
[INFO] [stdout] failures:
[INFO] [stdout] 
[INFO] [stdout] ---- storage::editor::tests::test_detect_editor stdout ----
[INFO] [stdout] 
[INFO] [stdout] thread 'storage::editor::tests::test_detect_editor' (1746) panicked at src/storage/editor.rs:108:9:
[INFO] [stdout] Should detect at least one editor
[INFO] [stdout] stack backtrace:
[INFO] [stdout]    0:     0x581c2de4ac61 - <<std[617be2ca0a6fd877]::sys::backtrace::BacktraceLock>::print::DisplayBacktrace as core[a373ad73a504971]::fmt::Display>::fmt
[INFO] [stdout]    1:     0x581c2de5eb5a - core[a373ad73a504971]::fmt::write
[INFO] [stdout]    2:     0x581c2de4ee7c - <alloc[2e1b2a31b91974c5]::vec::Vec<u8> as core[a373ad73a504971]::io::write::Write>::write_fmt
[INFO] [stdout]    3:     0x581c2de26fc6 - std[617be2ca0a6fd877]::panicking::default_hook::{closure#0}
[INFO] [stdout]    4:     0x581c2de432f9 - std[617be2ca0a6fd877]::panicking::default_hook
[INFO] [stdout]    5:     0x581c2dddf8a0 - test[aada8e7e76ba119b]::test_main_inner::{closure#0}
[INFO] [stdout]    6:     0x581c2de434b2 - std[617be2ca0a6fd877]::panicking::panic_with_hook
[INFO] [stdout]    7:     0x581c2de270a4 - std[617be2ca0a6fd877]::panicking::panic_handler::{closure#0}
[INFO] [stdout]    8:     0x581c2de1fd89 - std[617be2ca0a6fd877]::sys::backtrace::__rust_end_short_backtrace::<std[617be2ca0a6fd877]::panicking::panic_handler::{closure#0}, !>
[INFO] [stdout]    9:     0x581c2de27c7d - __rustc[ea4f61d10b84890b]::rust_begin_unwind
[INFO] [stdout]   10:     0x581c2de5f28c - core[a373ad73a504971]::panicking::panic_fmt
[INFO] [stdout]   11:     0x581c2ddd2c21 - <tracker[1c1305023e318e29]::storage::editor::tests::test_detect_editor::{closure#0} as core[a373ad73a504971]::ops::function::FnOnce<()>>::call_once
[INFO] [stdout]   12:     0x581c2ddd2ceb - test[aada8e7e76ba119b]::__rust_begin_short_backtrace::<core[a373ad73a504971]::result::Result<(), alloc[2e1b2a31b91974c5]::string::String>, fn() -> core[a373ad73a504971]::result::Result<(), alloc[2e1b2a31b91974c5]::string::String>>
[INFO] [stdout]   13:     0x581c2dddfec5 - test[aada8e7e76ba119b]::run_test::{closure#0}
[INFO] [stdout]   14:     0x581c2ddd97b4 - std[617be2ca0a6fd877]::sys::backtrace::__rust_begin_short_backtrace::<test[aada8e7e76ba119b]::run_test::{closure#1}, ()>
[INFO] [stdout]   15:     0x581c2dde2f52 - <std[617be2ca0a6fd877]::thread::lifecycle::spawn_unchecked<test[aada8e7e76ba119b]::run_test::{closure#1}, ()>::{closure#1} as core[a373ad73a504971]::ops::function::FnOnce<()>>::call_once::{shim:vtable#0}
[INFO] [stdout]   16:     0x581c2de4a4bf - <std[617be2ca0a6fd877]::sys::thread::unix::Thread>::new::thread_start
[INFO] [stdout]   17:     0x7c56f835bdfa - <unknown>
[INFO] [stdout]   18:     0x7c56f83ef3d4 - clone
[INFO] [stdout]   19:                0x0 - <unknown>
[INFO] [stdout] 
[INFO] [stdout] 
[INFO] [stdout] failures:
[INFO] [stdout]     storage::editor::tests::test_detect_editor
[INFO] [stdout] 
[INFO] [stdout] test result: FAILED. 1 passed; 1 failed; 0 ignored; 0 measured; 0 filtered out; finished in 0.01s
[INFO] [stdout] 
[INFO] [stderr] error: test failed, to rerun pass `--bin tracker`
[INFO] running `Command { std: "docker" "inspect" "3a671c7f6da690cb701c6fb2a2b1b6c53d8531eb12f2262a71920ab215f2f47c", kill_on_drop: false }`
[INFO] running `Command { std: "docker" "rm" "-f" "3a671c7f6da690cb701c6fb2a2b1b6c53d8531eb12f2262a71920ab215f2f47c", kill_on_drop: false }`
[INFO] [stdout] 3a671c7f6da690cb701c6fb2a2b1b6c53d8531eb12f2262a71920ab215f2f47c
