[INFO] fetching crate tiled_quad 0.2.0...
[INFO] testing tiled_quad-0.2.0 against 1.99.0-beta.8+cargoflags=--release for beta-release-1.100-2
[INFO] extracting crate tiled_quad 0.2.0 into /workspace/builds/worker-3-tc1/source
[INFO] started tweaking crates.io crate tiled_quad 0.2.0
[INFO] finished tweaking crates.io crate tiled_quad 0.2.0
[INFO] tweaked toml for crates.io crate tiled_quad 0.2.0 written to /workspace/builds/worker-3-tc1/source/Cargo.toml
[INFO] validating manifest of crates.io crate tiled_quad 0.2.0 on toolchain 1.99.0-beta.8
[INFO] running `Command { std: CARGO_HOME="/workspace/cargo-home" RUSTUP_HOME="/workspace/rustup-home" "/workspace/cargo-home/bin/cargo" "+1.99.0-beta.8" "metadata" "--manifest-path" "Cargo.toml" "--no-deps", kill_on_drop: false }`
[INFO] running `Command { std: CARGO_HOME="/workspace/cargo-home" RUSTUP_HOME="/workspace/rustup-home" "/workspace/cargo-home/bin/cargo" "+1.99.0-beta.8" "generate-lockfile" "--manifest-path" "Cargo.toml", kill_on_drop: false }`
[INFO] [stderr]     Updating crates.io index
[INFO] [stderr]      Locking 70 packages to highest compatible versions
[INFO] [stderr]       Adding macroquad v0.3.26 (available: v0.4.16)
[INFO] [stderr]       Adding tiled v0.10.3 (available: v0.16.0)
[INFO] running `Command { std: CARGO_HOME="/workspace/cargo-home" RUSTUP_HOME="/workspace/rustup-home" "/workspace/cargo-home/bin/cargo" "+1.99.0-beta.8" "fetch" "--manifest-path" "Cargo.toml", kill_on_drop: false }`
[INFO] [stderr]  Downloading crates ...
[INFO] [stderr]   Downloaded tiled v0.10.3
[INFO] [stderr]   Downloaded dasp_sample v0.11.0
[INFO] [stderr]   Downloaded dasp_frame v0.11.0
[INFO] [stderr]   Downloaded zstd v0.12.4
[INFO] [stderr]   Downloaded libflate v1.4.0
[INFO] [stderr]   Downloaded libflate_lz77 v1.2.0
[INFO] [stderr]   Downloaded audir-sles v0.1.0
[INFO] [stderr]   Downloaded zstd-safe v6.0.6
[INFO] [stderr]   Downloaded rle-decode-fast v1.0.3
[INFO] [stderr]   Downloaded quad-rand v0.2.3
[INFO] [stderr]   Downloaded macroquad_macro v0.1.8
[INFO] [stderr]   Downloaded ogg v0.7.1
[INFO] [stderr]   Downloaded quad-alsa-sys v0.3.2
[INFO] [stderr]   Downloaded hound v3.5.1
[INFO] [stderr]   Downloaded lewton v0.9.4
[INFO] [stderr]   Downloaded audrey v0.3.0
[INFO] [stderr]   Downloaded ttf-parser v0.15.2
[INFO] [stderr]   Downloaded hashbrown v0.13.2
[INFO] [stderr]   Downloaded fontdue v0.7.3
[INFO] [stderr]   Downloaded miniquad v0.3.16
[INFO] [stderr]   Downloaded ndk-sys v0.2.2
[INFO] [stderr]   Downloaded glam v0.21.3
[INFO] [stderr]   Downloaded zstd-sys v2.1.2+zstd.1.5.7
[INFO] [stderr]   Downloaded macroquad v0.3.26
[INFO] [stderr]   Downloaded quad-snd v0.2.8
[INFO] [stderr]   Downloaded image v0.24.9
[INFO] running `Command { std: "docker" "create" "-v" "/var/lib/crater-agent-workspace/builds/worker-3-tc1/source:/opt/rustwide/workdir:ro,Z" "-v" "/var/lib/crater-agent-workspace/builds/worker-3-tc1/target:/opt/rustwide/target:rw,Z" "-v" "/var/lib/crater-agent-workspace/cargo-home:/opt/rustwide/cargo-home:ro,Z" "-v" "/var/lib/crater-agent-workspace/rustup-home:/opt/rustwide/rustup-home:ro,Z" "-m" "1610612736" "--network" "none" "ghcr.io/rust-lang/crates-build-env/linux@sha256:77db811e55d90add9212f6832c23229e3de5f1c1f9905e8cb07319ea15df73ac" "sleep" "infinity", kill_on_drop: false }`
[INFO] [stdout] 9fb8e062374b4a494a4beef0836aa9b4409225dfca441debbfd63c43624e903c
[INFO] running `Command { std: "docker" "start" "9fb8e062374b4a494a4beef0836aa9b4409225dfca441debbfd63c43624e903c", kill_on_drop: false }`
[INFO] running `Command { std: "docker" "inspect" "9fb8e062374b4a494a4beef0836aa9b4409225dfca441debbfd63c43624e903c", kill_on_drop: false }`
[INFO] running `Command { std: "docker" "exec" "-e" "SOURCE_DIR=/opt/rustwide/workdir" "-e" "CARGO_HOME=/opt/rustwide/cargo-home" "-e" "RUSTUP_HOME=/opt/rustwide/rustup-home" "-e" "CARGO_TARGET_DIR=/opt/rustwide/target" "-w" "/opt/rustwide/workdir" "--user" "0:0" "9fb8e062374b4a494a4beef0836aa9b4409225dfca441debbfd63c43624e903c" "/opt/rustwide/cargo-home/bin/cargo" "+1.99.0-beta.8" "metadata" "--no-deps" "--format-version=1", kill_on_drop: false }`
[INFO] running `Command { std: "docker" "inspect" "9fb8e062374b4a494a4beef0836aa9b4409225dfca441debbfd63c43624e903c", kill_on_drop: false }`
[INFO] running `Command { std: "docker" "exec" "-e" "SOURCE_DIR=/opt/rustwide/workdir" "-e" "CARGO_HOME=/opt/rustwide/cargo-home" "-e" "RUSTUP_HOME=/opt/rustwide/rustup-home" "-e" "CARGO_TARGET_DIR=/opt/rustwide/target" "-e" "CARGO_INCREMENTAL=0" "-e" "RUST_BACKTRACE=full" "-e" "RUSTFLAGS=--cap-lints=warn" "-e" "RUSTDOCFLAGS=--cap-lints=warn" "-w" "/opt/rustwide/workdir" "--user" "0:0" "9fb8e062374b4a494a4beef0836aa9b4409225dfca441debbfd63c43624e903c" "/opt/rustwide/cargo-home/bin/cargo" "+1.99.0-beta.8" "build" "--frozen" "--message-format=json" "--release", kill_on_drop: false }`
[INFO] [stderr]    Compiling libc v0.2.191
[INFO] [stderr]    Compiling cfg-if v1.0.5
[INFO] [stderr]    Compiling find-msvc-tools v0.1.14
[INFO] [stderr]    Compiling crc32fast v1.5.2
[INFO] [stderr]    Compiling simd-adler32 v0.3.10
[INFO] [stderr]    Compiling maybe-uninit v2.0.0
[INFO] [stderr]    Compiling pkg-config v0.3.34
[INFO] [stderr]    Compiling zerocopy v0.8.63
[INFO] [stderr]    Compiling quad-alsa-sys v0.3.2
[INFO] [stderr]    Compiling dasp_sample v0.11.0
[INFO] [stderr]    Compiling zstd-safe v6.0.6
[INFO] [stderr]    Compiling ahash v0.8.12
[INFO] [stderr]    Compiling ogg v0.7.1
[INFO] [stderr]    Compiling num-traits v0.2.19
[INFO] [stderr]    Compiling once_cell v1.21.4
[INFO] [stderr]    Compiling bitflags v1.3.2
[INFO] [stderr]    Compiling miniquad v0.3.16
[INFO] [stderr]    Compiling hound v3.5.1
[INFO] [stderr]    Compiling rle-decode-fast v1.0.3
[INFO] [stderr]    Compiling quad-snd v0.2.8
[INFO] [stderr]    Compiling adler32 v1.2.0
[INFO] [stderr]    Compiling miniz_oxide v0.9.1
[INFO] [stderr]    Compiling fdeflate v0.3.7
[INFO] [stderr]    Compiling miniz_oxide v0.8.9
[INFO] [stderr]    Compiling libflate_lz77 v1.2.0
[INFO] [stderr]    Compiling ttf-parser v0.15.2
[INFO] [stderr]    Compiling bytemuck v1.25.2
[INFO] [stderr]    Compiling color_quant v1.1.0
[INFO] [stderr]    Compiling smallvec v0.6.14
[INFO] [stderr]    Compiling dasp_frame v0.11.0
[INFO] [stderr]    Compiling libflate v1.4.0
[INFO] [stderr]    Compiling quad-rand v0.2.3
[INFO] [stderr]    Compiling bumpalo v3.20.3
[INFO] [stderr]    Compiling xml-rs v0.8.29
[INFO] [stderr]    Compiling glam v0.21.3
[INFO] [stderr]    Compiling base64 v0.21.7
[INFO] [stderr]    Compiling macroquad_macro v0.1.8
[INFO] [stderr]    Compiling flate2 v1.1.10
[INFO] [stderr]    Compiling lewton v0.9.4
[INFO] [stderr]    Compiling png v0.17.16
[INFO] [stderr]    Compiling jobserver v0.1.35
[INFO] [stderr]    Compiling cc v1.8.0
[INFO] [stderr]    Compiling audrey v0.3.0
[INFO] [stderr]    Compiling image v0.24.9
[INFO] [stderr]    Compiling zstd-sys v2.1.2+zstd.1.5.7
[INFO] [stderr]    Compiling hashbrown v0.13.2
[INFO] [stderr]    Compiling fontdue v0.7.3
[INFO] [stderr]    Compiling macroquad v0.3.26
[INFO] [stderr]    Compiling zstd v0.12.4
[INFO] [stderr]    Compiling tiled v0.10.3
[INFO] [stderr]    Compiling tiled_quad v0.2.0 (/opt/rustwide/workdir)
[INFO] [stderr]     Finished `release` profile [optimized] target(s) in 1m 06s
[INFO] running `Command { std: "docker" "inspect" "9fb8e062374b4a494a4beef0836aa9b4409225dfca441debbfd63c43624e903c", kill_on_drop: false }`
[INFO] running `Command { std: "docker" "exec" "-e" "SOURCE_DIR=/opt/rustwide/workdir" "-e" "CARGO_HOME=/opt/rustwide/cargo-home" "-e" "RUSTUP_HOME=/opt/rustwide/rustup-home" "-e" "CARGO_TARGET_DIR=/opt/rustwide/target" "-e" "CARGO_INCREMENTAL=0" "-e" "RUST_BACKTRACE=full" "-e" "RUSTFLAGS=--cap-lints=warn" "-e" "RUSTDOCFLAGS=--cap-lints=warn" "-w" "/opt/rustwide/workdir" "--user" "0:0" "9fb8e062374b4a494a4beef0836aa9b4409225dfca441debbfd63c43624e903c" "/opt/rustwide/cargo-home/bin/cargo" "+1.99.0-beta.8" "test" "--frozen" "--no-run" "--message-format=json" "--release", kill_on_drop: false }`
[INFO] [stderr]    Compiling tiled_quad v0.2.0 (/opt/rustwide/workdir)
[INFO] [stderr]     Finished `release` profile [optimized] target(s) in 4.29s
[INFO] running `Command { std: "docker" "inspect" "9fb8e062374b4a494a4beef0836aa9b4409225dfca441debbfd63c43624e903c", kill_on_drop: false }`
[INFO] running `Command { std: "docker" "exec" "-e" "SOURCE_DIR=/opt/rustwide/workdir" "-e" "CARGO_HOME=/opt/rustwide/cargo-home" "-e" "RUSTUP_HOME=/opt/rustwide/rustup-home" "-e" "CARGO_TARGET_DIR=/opt/rustwide/target" "-e" "CARGO_INCREMENTAL=0" "-e" "RUST_BACKTRACE=full" "-e" "RUSTFLAGS=--cap-lints=warn" "-e" "RUSTDOCFLAGS=--cap-lints=warn" "-w" "/opt/rustwide/workdir" "--user" "0:0" "9fb8e062374b4a494a4beef0836aa9b4409225dfca441debbfd63c43624e903c" "/opt/rustwide/cargo-home/bin/cargo" "+1.99.0-beta.8" "test" "--frozen" "--release", kill_on_drop: false }`
[INFO] [stderr]     Finished `release` profile [optimized] target(s) in 0.09s
[INFO] [stderr]      Running unittests src/lib.rs (/opt/rustwide/target/release/deps/tiled_quad-4fe6f43e3822efe0)
[INFO] [stdout] 
[INFO] [stdout] running 0 tests
[INFO] [stdout] 
[INFO] [stdout] test result: ok. 0 passed; 0 failed; 0 ignored; 0 measured; 0 filtered out; finished in 0.00s
[INFO] [stdout] 
[INFO] [stderr]      Running tests/test.rs (/opt/rustwide/target/release/deps/test-c44ad6add2a2ee04)
[INFO] [stdout] 
[INFO] [stdout] running 1 test
[INFO] [stdout] test test ... FAILED
[INFO] [stdout] 
[INFO] [stdout] failures:
[INFO] [stdout] 
[INFO] [stdout] ---- test stdout ----
[INFO] [stdout] 
[INFO] [stdout] thread 'test' (1339) panicked at /opt/rustwide/cargo-home/registry/src/index.crates.io-1949cf8c6b5b557f/miniquad-0.3.16/src/native/linux_x11.rs:854:13:
[INFO] [stdout] XOpenDisplay() failed!
[INFO] [stdout] stack backtrace:
[INFO] [stdout]    0:     0x60e15a25a881 - <<std[70759c8f55707aa4]::sys::backtrace::BacktraceLock>::print::DisplayBacktrace as core[df12db4294e9bfd3]::fmt::Display>::fmt
[INFO] [stdout]    1:     0x60e15a27014a - core[df12db4294e9bfd3]::fmt::write
[INFO] [stdout]    2:     0x60e15a25edec - <alloc[2182bb758b4b3781]::vec::Vec<u8> as core[df12db4294e9bfd3]::io::write::Write>::write_fmt
[INFO] [stdout]    3:     0x60e15a236b56 - std[70759c8f55707aa4]::panicking::default_hook::{closure#0}
[INFO] [stdout]    4:     0x60e15a252fe9 - std[70759c8f55707aa4]::panicking::default_hook
[INFO] [stdout]    5:     0x60e15a1146b0 - test[9d35eded1c95d3be]::test_main_inner::<test[9d35eded1c95d3be]::test_main_static::{closure#0}>::{closure#0}
[INFO] [stdout]    6:     0x60e15a2531a2 - std[70759c8f55707aa4]::panicking::panic_with_hook
[INFO] [stdout]    7:     0x60e15a2361bc - std[70759c8f55707aa4]::panicking::begin_panic::<&str>::{closure#0}
[INFO] [stdout]    8:     0x60e15a22f939 - std[70759c8f55707aa4]::sys::backtrace::__rust_end_short_backtrace::<std[70759c8f55707aa4]::panicking::begin_panic<&str>::{closure#0}, !>
[INFO] [stdout]    9:     0x60e15a22c7cb - std[70759c8f55707aa4]::panicking::begin_panic::<&str>
[INFO] [stdout]   10:     0x60e15a0eaae6 - miniquad[fefaa16b5d493050]::native::linux_x11::run::<<macroquad[f4e2231a8e08c4b9]::Window>::from_config<test[83e0d0da3d0de9b4]::test_async::{closure#0}>::{closure#0}>
[INFO] [stdout]   11:     0x60e15a0d3c37 - miniquad[fefaa16b5d493050]::start::<<macroquad[f4e2231a8e08c4b9]::Window>::from_config<test[83e0d0da3d0de9b4]::test_async::{closure#0}>::{closure#0}>
[INFO] [stdout]   12:     0x60e15a0ddb8a - <macroquad[f4e2231a8e08c4b9]::Window>::new::<test[83e0d0da3d0de9b4]::test_async::{closure#0}>
[INFO] [stdout]   13:     0x60e15a0d5f5d - <test[83e0d0da3d0de9b4]::test::{closure#0} as core[df12db4294e9bfd3]::ops::function::FnOnce<()>>::call_once
[INFO] [stdout]   14:     0x60e15a10799b - test[9d35eded1c95d3be]::__rust_begin_short_backtrace::<core[df12db4294e9bfd3]::result::Result<(), alloc[2182bb758b4b3781]::string::String>, fn() -> core[df12db4294e9bfd3]::result::Result<(), alloc[2182bb758b4b3781]::string::String>>
[INFO] [stdout]   15:     0x60e15a115005 - test[9d35eded1c95d3be]::run_test::{closure#0}
[INFO] [stdout]   16:     0x60e15a10e8c4 - std[70759c8f55707aa4]::sys::backtrace::__rust_begin_short_backtrace::<test[9d35eded1c95d3be]::run_test::{closure#1}, ()>
[INFO] [stdout]   17:     0x60e15a118162 - <std[70759c8f55707aa4]::thread::lifecycle::spawn_unchecked<test[9d35eded1c95d3be]::run_test::{closure#1}, ()>::{closure#1} as core[df12db4294e9bfd3]::ops::function::FnOnce<()>>::call_once::{shim:vtable#0}
[INFO] [stdout]   18:     0x60e15a25a159 - <std[70759c8f55707aa4]::sys::thread::unix::Thread>::new::thread_start
[INFO] [stdout]   19:     0x7afc9a503dfa - <unknown>
[INFO] [stdout]   20:     0x7afc9a5973d4 - clone
[INFO] [stdout]   21:                0x0 - <unknown>
[INFO] [stdout] 
[INFO] [stdout] 
[INFO] [stdout] failures:
[INFO] [stdout]     test
[INFO] [stdout] 
[INFO] [stdout] test result: FAILED. 0 passed; 1 failed; 0 ignored; 0 measured; 0 filtered out; finished in 0.02s
[INFO] [stdout] 
[INFO] [stderr] error: test failed, to rerun pass `--test test`
[INFO] running `Command { std: "docker" "inspect" "9fb8e062374b4a494a4beef0836aa9b4409225dfca441debbfd63c43624e903c", kill_on_drop: false }`
[INFO] running `Command { std: "docker" "rm" "-f" "9fb8e062374b4a494a4beef0836aa9b4409225dfca441debbfd63c43624e903c", kill_on_drop: false }`
[INFO] [stdout] 9fb8e062374b4a494a4beef0836aa9b4409225dfca441debbfd63c43624e903c
