[INFO] fetching crate tilde_derive 0.0.4...
[INFO] testing tilde_derive-0.0.4 against 1.100.0-beta.1+cargoflags=--release for beta-release-1.100-2
[INFO] extracting crate tilde_derive 0.0.4 into /workspace/builds/worker-3-tc2/source
[INFO] started tweaking crates.io crate tilde_derive 0.0.4
[INFO] finished tweaking crates.io crate tilde_derive 0.0.4
[INFO] tweaked toml for crates.io crate tilde_derive 0.0.4 written to /workspace/builds/worker-3-tc2/source/Cargo.toml
[INFO] validating manifest of crates.io crate tilde_derive 0.0.4 on toolchain 1.100.0-beta.1
[INFO] running `Command { std: CARGO_HOME="/workspace/cargo-home" RUSTUP_HOME="/workspace/rustup-home" "/workspace/cargo-home/bin/cargo" "+1.100.0-beta.1" "metadata" "--manifest-path" "Cargo.toml" "--no-deps", kill_on_drop: false }`
[INFO] running `Command { std: CARGO_HOME="/workspace/cargo-home" RUSTUP_HOME="/workspace/rustup-home" "/workspace/cargo-home/bin/cargo" "+1.100.0-beta.1" "generate-lockfile" "--manifest-path" "Cargo.toml", kill_on_drop: false }`
[INFO] [stderr]     Updating crates.io index
[INFO] [stderr]      Locking 1 package to highest compatible version
[INFO] running `Command { std: CARGO_HOME="/workspace/cargo-home" RUSTUP_HOME="/workspace/rustup-home" "/workspace/cargo-home/bin/cargo" "+1.100.0-beta.1" "fetch" "--manifest-path" "Cargo.toml", kill_on_drop: false }`
[INFO] running `Command { std: "docker" "create" "-v" "/var/lib/crater-agent-workspace/builds/worker-3-tc2/source:/opt/rustwide/workdir:ro,Z" "-v" "/var/lib/crater-agent-workspace/builds/worker-3-tc2/target:/opt/rustwide/target:rw,Z" "-v" "/var/lib/crater-agent-workspace/cargo-home:/opt/rustwide/cargo-home:ro,Z" "-v" "/var/lib/crater-agent-workspace/rustup-home:/opt/rustwide/rustup-home:ro,Z" "-m" "1610612736" "--network" "none" "ghcr.io/rust-lang/crates-build-env/linux@sha256:77db811e55d90add9212f6832c23229e3de5f1c1f9905e8cb07319ea15df73ac" "sleep" "infinity", kill_on_drop: false }`
[INFO] [stdout] 81dd49ea2be2d224fdc45052ae19e7dd46dd68df7c1fd89e79323dac1648ca8c
[INFO] running `Command { std: "docker" "start" "81dd49ea2be2d224fdc45052ae19e7dd46dd68df7c1fd89e79323dac1648ca8c", kill_on_drop: false }`
[INFO] running `Command { std: "docker" "inspect" "81dd49ea2be2d224fdc45052ae19e7dd46dd68df7c1fd89e79323dac1648ca8c", kill_on_drop: false }`
[INFO] running `Command { std: "docker" "exec" "-e" "SOURCE_DIR=/opt/rustwide/workdir" "-e" "CARGO_HOME=/opt/rustwide/cargo-home" "-e" "RUSTUP_HOME=/opt/rustwide/rustup-home" "-e" "CARGO_TARGET_DIR=/opt/rustwide/target" "-w" "/opt/rustwide/workdir" "--user" "0:0" "81dd49ea2be2d224fdc45052ae19e7dd46dd68df7c1fd89e79323dac1648ca8c" "/opt/rustwide/cargo-home/bin/cargo" "+1.100.0-beta.1" "metadata" "--no-deps" "--format-version=1", kill_on_drop: false }`
[INFO] running `Command { std: "docker" "inspect" "81dd49ea2be2d224fdc45052ae19e7dd46dd68df7c1fd89e79323dac1648ca8c", kill_on_drop: false }`
[INFO] running `Command { std: "docker" "exec" "-e" "SOURCE_DIR=/opt/rustwide/workdir" "-e" "CARGO_HOME=/opt/rustwide/cargo-home" "-e" "RUSTUP_HOME=/opt/rustwide/rustup-home" "-e" "CARGO_TARGET_DIR=/opt/rustwide/target" "-e" "CARGO_INCREMENTAL=0" "-e" "RUST_BACKTRACE=full" "-e" "RUSTFLAGS=--cap-lints=warn" "-e" "RUSTDOCFLAGS=--cap-lints=warn" "-w" "/opt/rustwide/workdir" "--user" "0:0" "81dd49ea2be2d224fdc45052ae19e7dd46dd68df7c1fd89e79323dac1648ca8c" "/opt/rustwide/cargo-home/bin/cargo" "+1.100.0-beta.1" "build" "--frozen" "--message-format=json" "--release", kill_on_drop: false }`
[INFO] [stderr]    Compiling tilde_derive v0.0.4 (/opt/rustwide/workdir)
[INFO] [stderr]     Finished `release` profile [optimized] target(s) in 0.05s
[INFO] running `Command { std: "docker" "inspect" "81dd49ea2be2d224fdc45052ae19e7dd46dd68df7c1fd89e79323dac1648ca8c", kill_on_drop: false }`
[INFO] running `Command { std: "docker" "exec" "-e" "SOURCE_DIR=/opt/rustwide/workdir" "-e" "CARGO_HOME=/opt/rustwide/cargo-home" "-e" "RUSTUP_HOME=/opt/rustwide/rustup-home" "-e" "CARGO_TARGET_DIR=/opt/rustwide/target" "-e" "CARGO_INCREMENTAL=0" "-e" "RUST_BACKTRACE=full" "-e" "RUSTFLAGS=--cap-lints=warn" "-e" "RUSTDOCFLAGS=--cap-lints=warn" "-w" "/opt/rustwide/workdir" "--user" "0:0" "81dd49ea2be2d224fdc45052ae19e7dd46dd68df7c1fd89e79323dac1648ca8c" "/opt/rustwide/cargo-home/bin/cargo" "+1.100.0-beta.1" "test" "--frozen" "--no-run" "--message-format=json" "--release", kill_on_drop: false }`
[INFO] [stderr]    Compiling tilde v0.0.4
[INFO] [stderr]    Compiling tilde_derive v0.0.4 (/opt/rustwide/workdir)
[INFO] [stderr]     Finished `release` profile [optimized] target(s) in 0.54s
[INFO] running `Command { std: "docker" "inspect" "81dd49ea2be2d224fdc45052ae19e7dd46dd68df7c1fd89e79323dac1648ca8c", kill_on_drop: false }`
[INFO] running `Command { std: "docker" "exec" "-e" "SOURCE_DIR=/opt/rustwide/workdir" "-e" "CARGO_HOME=/opt/rustwide/cargo-home" "-e" "RUSTUP_HOME=/opt/rustwide/rustup-home" "-e" "CARGO_TARGET_DIR=/opt/rustwide/target" "-e" "CARGO_INCREMENTAL=0" "-e" "RUST_BACKTRACE=full" "-e" "RUSTFLAGS=--cap-lints=warn" "-e" "RUSTDOCFLAGS=--cap-lints=warn" "-w" "/opt/rustwide/workdir" "--user" "0:0" "81dd49ea2be2d224fdc45052ae19e7dd46dd68df7c1fd89e79323dac1648ca8c" "/opt/rustwide/cargo-home/bin/cargo" "+1.100.0-beta.1" "test" "--frozen" "--release", kill_on_drop: false }`
[INFO] [stderr]     Finished `release` profile [optimized] target(s) in 0.02s
[INFO] [stderr]      Running unittests src/lib.rs (/opt/rustwide/target/release/build/tilde_derive/244a8cc35299dd8c/out/tilde_derive-244a8cc35299dd8c)
[INFO] [stdout] 
[INFO] [stdout] running 6 tests
[INFO] [stdout] test test::test_binary_macro ... ok
[INFO] [stdout] test test::rfc_pr_2442 ... FAILED
[INFO] [stdout] test test::test_unary_fn ... ok
[INFO] [stdout] test test::test_binary_fn ... ok
[INFO] [stdout] test test::test_unary_macro ... ok
[INFO] [stdout] test test::test_binary_macro_and_fn ... ok
[INFO] [stdout] 
[INFO] [stdout] failures:
[INFO] [stdout] 
[INFO] [stdout] ---- test::rfc_pr_2442 stdout ----
[INFO] [stdout] 
[INFO] [stdout] thread 'test::rfc_pr_2442' (170) panicked at src/lib.rs:72:5:
[INFO] [stdout] assertion `left == right` failed
[INFO] [stdout]   left: "evaluated \"hello\"\nsrc/lib.rs:72: value: \"hello\"\nsrc/lib.rs:72: len: 5"
[INFO] [stdout]  right: "evaluated \"hello\"\ntilde_derive/src/lib.rs:72: value: \"hello\"\ntilde_derive/src/lib.rs:72: len: 5"
[INFO] [stdout] stack backtrace:
[INFO] [stdout]    0:     0x5bfca45e52a1 - <<std[617be2ca0a6fd877]::sys::backtrace::BacktraceLock>::print::DisplayBacktrace as core[a373ad73a504971]::fmt::Display>::fmt
[INFO] [stdout]    1:     0x5bfca45f919a - core[a373ad73a504971]::fmt::write
[INFO] [stdout]    2:     0x5bfca45e94bc - <alloc[2e1b2a31b91974c5]::vec::Vec<u8> as core[a373ad73a504971]::io::write::Write>::write_fmt
[INFO] [stdout]    3:     0x5bfca45c1706 - std[617be2ca0a6fd877]::panicking::default_hook::{closure#0}
[INFO] [stdout]    4:     0x5bfca45dd939 - std[617be2ca0a6fd877]::panicking::default_hook
[INFO] [stdout]    5:     0x5bfca4579fe0 - test[aada8e7e76ba119b]::test_main_inner::{closure#0}
[INFO] [stdout]    6:     0x5bfca45ddaf2 - std[617be2ca0a6fd877]::panicking::panic_with_hook
[INFO] [stdout]    7:     0x5bfca45c17b2 - std[617be2ca0a6fd877]::panicking::panic_handler::{closure#0}
[INFO] [stdout]    8:     0x5bfca45ba4c9 - std[617be2ca0a6fd877]::sys::backtrace::__rust_end_short_backtrace::<std[617be2ca0a6fd877]::panicking::panic_handler::{closure#0}, !>
[INFO] [stdout]    9:     0x5bfca45c23bd - __rustc[ea4f61d10b84890b]::rust_begin_unwind
[INFO] [stdout]   10:     0x5bfca45f98cc - core[a373ad73a504971]::panicking::panic_fmt
[INFO] [stdout]   11:     0x5bfca45f97e3 - core[a373ad73a504971]::panicking::assert_failed_inner
[INFO] [stdout]   12:     0x5bfca456cd79 - core[a373ad73a504971]::panicking::assert_failed::<alloc[2e1b2a31b91974c5]::string::String, &str>
[INFO] [stdout]   13:     0x5bfca456d2a7 - <tilde_derive[5d0d3a173b3d51c1]::test::rfc_pr_2442::{closure#0} as core[a373ad73a504971]::ops::function::FnOnce<()>>::call_once
[INFO] [stdout]   14:     0x5bfca456d42b - test[aada8e7e76ba119b]::__rust_begin_short_backtrace::<core[a373ad73a504971]::result::Result<(), alloc[2e1b2a31b91974c5]::string::String>, fn() -> core[a373ad73a504971]::result::Result<(), alloc[2e1b2a31b91974c5]::string::String>>
[INFO] [stdout]   15:     0x5bfca457a605 - test[aada8e7e76ba119b]::run_test::{closure#0}
[INFO] [stdout]   16:     0x5bfca4573ef4 - std[617be2ca0a6fd877]::sys::backtrace::__rust_begin_short_backtrace::<test[aada8e7e76ba119b]::run_test::{closure#1}, ()>
[INFO] [stdout]   17:     0x5bfca457d692 - <std[617be2ca0a6fd877]::thread::lifecycle::spawn_unchecked<test[aada8e7e76ba119b]::run_test::{closure#1}, ()>::{closure#1} as core[a373ad73a504971]::ops::function::FnOnce<()>>::call_once::{shim:vtable#0}
[INFO] [stdout]   18:     0x5bfca45e4aff - <std[617be2ca0a6fd877]::sys::thread::unix::Thread>::new::thread_start
[INFO] [stdout]   19:     0x786c7ba3cdfa - <unknown>
[INFO] [stdout]   20:     0x786c7bad03d4 - clone
[INFO] [stdout]   21:                0x0 - <unknown>
[INFO] [stdout] 
[INFO] [stdout] 
[INFO] [stdout] failures:
[INFO] [stdout]     test::rfc_pr_2442
[INFO] [stdout] 
[INFO] [stdout] test result: FAILED. 5 passed; 1 failed; 0 ignored; 0 measured; 0 filtered out; finished in 0.01s
[INFO] [stdout] 
[INFO] [stderr] error: test failed, to rerun pass `--lib`
[INFO] running `Command { std: "docker" "inspect" "81dd49ea2be2d224fdc45052ae19e7dd46dd68df7c1fd89e79323dac1648ca8c", kill_on_drop: false }`
[INFO] running `Command { std: "docker" "rm" "-f" "81dd49ea2be2d224fdc45052ae19e7dd46dd68df7c1fd89e79323dac1648ca8c", kill_on_drop: false }`
[INFO] [stdout] 81dd49ea2be2d224fdc45052ae19e7dd46dd68df7c1fd89e79323dac1648ca8c
