[INFO] fetching crate tiktoken-rust 0.2.1...
[INFO] testing tiktoken-rust-0.2.1 against 1.100.0-beta.1+cargoflags=--release for beta-release-1.100-2
[INFO] extracting crate tiktoken-rust 0.2.1 into /workspace/builds/worker-6-tc2/source
[INFO] started tweaking crates.io crate tiktoken-rust 0.2.1
[INFO] finished tweaking crates.io crate tiktoken-rust 0.2.1
[INFO] tweaked toml for crates.io crate tiktoken-rust 0.2.1 written to /workspace/builds/worker-6-tc2/source/Cargo.toml
[INFO] validating manifest of crates.io crate tiktoken-rust 0.2.1 on toolchain 1.100.0-beta.1
[INFO] running `Command { std: CARGO_HOME="/workspace/cargo-home" RUSTUP_HOME="/workspace/rustup-home" "/workspace/cargo-home/bin/cargo" "+1.100.0-beta.1" "metadata" "--manifest-path" "Cargo.toml" "--no-deps", kill_on_drop: false }`
[INFO] running `Command { std: CARGO_HOME="/workspace/cargo-home" RUSTUP_HOME="/workspace/rustup-home" "/workspace/cargo-home/bin/cargo" "+1.100.0-beta.1" "generate-lockfile" "--manifest-path" "Cargo.toml", kill_on_drop: false }`
[INFO] [stderr]     Updating crates.io index
[INFO] [stderr]      Locking 180 packages to highest compatible versions
[INFO] [stderr]       Adding fancy-regex v0.11.0 (available: v0.19.2)
[INFO] [stderr]       Adding generic-array v0.14.7 (available: v0.14.9)
[INFO] [stderr]       Adding reqwest v0.11.27 (available: v0.13.5)
[INFO] [stderr]       Adding rustc-hash v1.1.0 (available: v2.1.3)
[INFO] [stderr]       Adding sha2 v0.10.9 (available: v0.11.1)
[INFO] [stderr]       Adding thiserror v1.0.69 (available: v2.0.21)
[INFO] running `Command { std: CARGO_HOME="/workspace/cargo-home" RUSTUP_HOME="/workspace/rustup-home" "/workspace/cargo-home/bin/cargo" "+1.100.0-beta.1" "fetch" "--manifest-path" "Cargo.toml", kill_on_drop: false }`
[INFO] running `Command { std: "docker" "create" "-v" "/var/lib/crater-agent-workspace/builds/worker-6-tc2/source:/opt/rustwide/workdir:ro,Z" "-v" "/var/lib/crater-agent-workspace/builds/worker-6-tc2/target:/opt/rustwide/target:rw,Z" "-v" "/var/lib/crater-agent-workspace/cargo-home:/opt/rustwide/cargo-home:ro,Z" "-v" "/var/lib/crater-agent-workspace/rustup-home:/opt/rustwide/rustup-home:ro,Z" "-m" "1610612736" "--network" "none" "ghcr.io/rust-lang/crates-build-env/linux@sha256:77db811e55d90add9212f6832c23229e3de5f1c1f9905e8cb07319ea15df73ac" "sleep" "infinity", kill_on_drop: false }`
[INFO] [stdout] d1a55883e7d0f8fb607a0eeeb6fab18f8cebb2edc6b29790c1b1b46c1c4cb4b4
[INFO] running `Command { std: "docker" "start" "d1a55883e7d0f8fb607a0eeeb6fab18f8cebb2edc6b29790c1b1b46c1c4cb4b4", kill_on_drop: false }`
[INFO] running `Command { std: "docker" "inspect" "d1a55883e7d0f8fb607a0eeeb6fab18f8cebb2edc6b29790c1b1b46c1c4cb4b4", kill_on_drop: false }`
[INFO] running `Command { std: "docker" "exec" "-e" "SOURCE_DIR=/opt/rustwide/workdir" "-e" "CARGO_HOME=/opt/rustwide/cargo-home" "-e" "RUSTUP_HOME=/opt/rustwide/rustup-home" "-e" "CARGO_TARGET_DIR=/opt/rustwide/target" "-w" "/opt/rustwide/workdir" "--user" "0:0" "d1a55883e7d0f8fb607a0eeeb6fab18f8cebb2edc6b29790c1b1b46c1c4cb4b4" "/opt/rustwide/cargo-home/bin/cargo" "+1.100.0-beta.1" "metadata" "--no-deps" "--format-version=1", kill_on_drop: false }`
[INFO] running `Command { std: "docker" "inspect" "d1a55883e7d0f8fb607a0eeeb6fab18f8cebb2edc6b29790c1b1b46c1c4cb4b4", kill_on_drop: false }`
[INFO] running `Command { std: "docker" "exec" "-e" "SOURCE_DIR=/opt/rustwide/workdir" "-e" "CARGO_HOME=/opt/rustwide/cargo-home" "-e" "RUSTUP_HOME=/opt/rustwide/rustup-home" "-e" "CARGO_TARGET_DIR=/opt/rustwide/target" "-e" "CARGO_INCREMENTAL=0" "-e" "RUST_BACKTRACE=full" "-e" "RUSTFLAGS=--cap-lints=warn" "-e" "RUSTDOCFLAGS=--cap-lints=warn" "-w" "/opt/rustwide/workdir" "--user" "0:0" "d1a55883e7d0f8fb607a0eeeb6fab18f8cebb2edc6b29790c1b1b46c1c4cb4b4" "/opt/rustwide/cargo-home/bin/cargo" "+1.100.0-beta.1" "build" "--frozen" "--message-format=json" "--release", kill_on_drop: false }`
[INFO] [stderr]    Compiling syn v3.0.9
[INFO] [stderr]    Compiling pkg-config v0.3.34
[INFO] [stderr]    Compiling tokio v1.53.3
[INFO] [stderr]    Compiling rustversion v1.0.23
[INFO] [stderr]    Compiling foreign-types-shared v0.1.1
[INFO] [stderr]    Compiling openssl v0.10.81
[INFO] [stderr]    Compiling crossbeam-utils v0.8.23
[INFO] [stderr]    Compiling openssl-macros v0.1.1
[INFO] [stderr]    Compiling foreign-types v0.3.2
[INFO] [stderr]    Compiling crossbeam-epoch v0.9.21
[INFO] [stderr]    Compiling typenum v1.20.1
[INFO] [stderr]    Compiling native-tls v0.2.18
[INFO] [stderr]    Compiling bitflags v2.13.2
[INFO] [stderr]    Compiling futures-util v0.3.34
[INFO] [stderr]    Compiling openssl-sys v0.9.117
[INFO] [stderr]    Compiling indexmap v2.14.2
[INFO] [stderr]    Compiling tracing v0.1.44
[INFO] [stderr]    Compiling aho-corasick v1.1.5
[INFO] [stderr]    Compiling generic-array v0.14.7
[INFO] [stderr]    Compiling openssl-probe v0.2.1
[INFO] [stderr]    Compiling crossbeam-deque v0.8.8
[INFO] [stderr]    Compiling regex-syntax v0.8.11
[INFO] [stderr]    Compiling form_urlencoded v1.2.2
[INFO] [stderr]    Compiling encoding_rs v0.8.42
[INFO] [stderr]    Compiling futures-channel v0.3.34
[INFO] [stderr]    Compiling cpufeatures v0.3.1
[INFO] [stderr]    Compiling chacha20 v0.10.2
[INFO] [stderr]    Compiling getrandom v0.4.3
[INFO] [stderr]    Compiling crypto-common v0.1.7
[INFO] [stderr]    Compiling block-buffer v0.10.4
[INFO] [stderr]    Compiling bit-vec v0.6.3
[INFO] [stderr]    Compiling simdutf8 v0.1.5
[INFO] [stderr]    Compiling ryu v1.0.23
[INFO] [stderr]    Compiling core_detect v1.0.0
[INFO] [stderr]    Compiling synstructure v0.14.0
[INFO] [stderr]    Compiling multiversion_no_op v1.0.0
[INFO] [stderr]    Compiling serde_urlencoded v0.7.1
[INFO] [stderr]    Compiling bit-set v0.5.3
[INFO] [stderr]    Compiling digest v0.10.7
[INFO] [stderr]    Compiling rand v0.10.3
[INFO] [stderr]    Compiling rayon-core v1.13.0
[INFO] [stderr]    Compiling zerofrom-derive v0.1.8
[INFO] [stderr]    Compiling yoke-derive v0.8.4
[INFO] [stderr]    Compiling zerofrom v0.1.8
[INFO] [stderr]    Compiling zerovec-derive v0.11.6
[INFO] [stderr]    Compiling yoke v0.8.3
[INFO] [stderr]    Compiling displaydoc v0.2.7
[INFO] [stderr]    Compiling tokio-util v0.7.20
[INFO] [stderr]    Compiling zerovec v0.11.8
[INFO] [stderr]    Compiling zerotrie v0.2.5
[INFO] [stderr]    Compiling tinystr v0.8.4
[INFO] [stderr]    Compiling icu_locale_core v2.3.0
[INFO] [stderr]    Compiling potential_utf v0.1.6
[INFO] [stderr]    Compiling icu_collections v2.3.0
[INFO] [stderr]    Compiling h2 v0.3.27
[INFO] [stderr]    Compiling regex-automata v0.4.18
[INFO] [stderr]    Compiling tokio-native-tls v0.3.1
[INFO] [stderr]    Compiling icu_provider v2.3.1
[INFO] [stderr]    Compiling icu_properties v2.3.0
[INFO] [stderr]    Compiling icu_normalizer v2.3.0
[INFO] [stderr]    Compiling serde_json v1.0.154
[INFO] [stderr]    Compiling idna_adapter v1.2.2
[INFO] [stderr]    Compiling thiserror-impl v1.0.69
[INFO] [stderr]    Compiling idna v1.1.0
[INFO] [stderr]    Compiling ipnet v2.12.2
[INFO] [stderr]    Compiling hyper v0.14.32
[INFO] [stderr]    Compiling url v2.5.8
[INFO] [stderr]    Compiling either v1.19.0
[INFO] [stderr]    Compiling rayon v1.12.0
[INFO] [stderr]    Compiling thiserror v1.0.69
[INFO] [stderr]    Compiling regex v1.13.1
[INFO] [stderr]    Compiling fancy-regex v0.11.0
[INFO] [stderr]    Compiling bstr v1.13.1
[INFO] [stderr]    Compiling sha2 v0.10.9
[INFO] [stderr]    Compiling uuid v1.28.0
[INFO] [stderr]    Compiling hyper-tls v0.5.0
[INFO] [stderr]    Compiling base64ct v1.8.3
[INFO] [stderr]    Compiling reqwest v0.11.27
[INFO] [stderr]    Compiling rustc-hash v1.1.0
[INFO] [stderr]    Compiling tiktoken-rust v0.2.1 (/opt/rustwide/workdir)
[INFO] [stderr]     Finished `release` profile [optimized] target(s) in 2m 17s
[INFO] running `Command { std: "docker" "inspect" "d1a55883e7d0f8fb607a0eeeb6fab18f8cebb2edc6b29790c1b1b46c1c4cb4b4", kill_on_drop: false }`
[INFO] running `Command { std: "docker" "exec" "-e" "SOURCE_DIR=/opt/rustwide/workdir" "-e" "CARGO_HOME=/opt/rustwide/cargo-home" "-e" "RUSTUP_HOME=/opt/rustwide/rustup-home" "-e" "CARGO_TARGET_DIR=/opt/rustwide/target" "-e" "CARGO_INCREMENTAL=0" "-e" "RUST_BACKTRACE=full" "-e" "RUSTFLAGS=--cap-lints=warn" "-e" "RUSTDOCFLAGS=--cap-lints=warn" "-w" "/opt/rustwide/workdir" "--user" "0:0" "d1a55883e7d0f8fb607a0eeeb6fab18f8cebb2edc6b29790c1b1b46c1c4cb4b4" "/opt/rustwide/cargo-home/bin/cargo" "+1.100.0-beta.1" "test" "--frozen" "--no-run" "--message-format=json" "--release", kill_on_drop: false }`
[INFO] [stderr]    Compiling tiktoken-rust v0.2.1 (/opt/rustwide/workdir)
[INFO] [stdout] warning: unused variable: `case`
[INFO] [stdout]    --> tests/test_simple.rs:254:9
[INFO] [stdout]     |
[INFO] [stdout] 254 |     let case = b" \x850";
[INFO] [stdout]     |         ^^^^ help: if this is intentional, prefix it with an underscore: `_case`
[INFO] [stdout]     |
[INFO] [stdout]     = note: `#[warn(unused_variables)]` (part of `#[warn(unused)]`) on by default
[INFO] [stdout] 
[INFO] [stdout] 
[INFO] [stderr]     Finished `release` profile [optimized] target(s) in 4.02s
[INFO] running `Command { std: "docker" "inspect" "d1a55883e7d0f8fb607a0eeeb6fab18f8cebb2edc6b29790c1b1b46c1c4cb4b4", kill_on_drop: false }`
[INFO] running `Command { std: "docker" "exec" "-e" "SOURCE_DIR=/opt/rustwide/workdir" "-e" "CARGO_HOME=/opt/rustwide/cargo-home" "-e" "RUSTUP_HOME=/opt/rustwide/rustup-home" "-e" "CARGO_TARGET_DIR=/opt/rustwide/target" "-e" "CARGO_INCREMENTAL=0" "-e" "RUST_BACKTRACE=full" "-e" "RUSTFLAGS=--cap-lints=warn" "-e" "RUSTDOCFLAGS=--cap-lints=warn" "-w" "/opt/rustwide/workdir" "--user" "0:0" "d1a55883e7d0f8fb607a0eeeb6fab18f8cebb2edc6b29790c1b1b46c1c4cb4b4" "/opt/rustwide/cargo-home/bin/cargo" "+1.100.0-beta.1" "test" "--frozen" "--release", kill_on_drop: false }`
[INFO] [stderr] warning: unused variable: `case`
[INFO] [stderr]    --> tests/test_simple.rs:254:9
[INFO] [stderr]     |
[INFO] [stderr] 254 |     let case = b" \x850";
[INFO] [stderr]     |         ^^^^ help: if this is intentional, prefix it with an underscore: `_case`
[INFO] [stderr]     |
[INFO] [stderr]     = note: `#[warn(unused_variables)]` (part of `#[warn(unused)]`) on by default
[INFO] [stderr] 
[INFO] [stderr] warning: `tiktoken-rust` (test "test_simple") generated 1 warning (run `cargo fix --test "test_simple" -p tiktoken-rust` to apply 1 suggestion)
[INFO] [stderr]     Finished `release` profile [optimized] target(s) in 0.18s
[INFO] [stderr]      Running unittests src/lib.rs (/opt/rustwide/target/release/build/tiktoken-rust/e6be50ce9ce3cc4e/out/tiktoken_rust-e6be50ce9ce3cc4e)
[INFO] [stdout] 
[INFO] [stdout] running 4 tests
[INFO] [stdout] test load::tests::test_get_cache_dir ... ok
[INFO] [stdout] test tests::very_simple_test ... ok
[INFO] [stdout] test openai_public::tests::test_list_encoding_names ... ok
[INFO] [stdout] test load::tests::test_generate_cache_path ... ok
[INFO] [stdout] 
[INFO] [stdout] test result: ok. 4 passed; 0 failed; 0 ignored; 0 measured; 0 filtered out; finished in 0.00s
[INFO] [stdout] 
[INFO] [stderr]      Running tests/test_simple.rs (/opt/rustwide/target/release/build/tiktoken-rust/1985cf58bbea5a0f/out/test_simple-1985cf58bbea5a0f)
[INFO] [stdout] 
[INFO] [stdout] running 11 tests
[INFO] [stdout] test test_basic_offsets ... ok
[INFO] [stdout] test test_encode_surrogate_pairs ... FAILED
[INFO] [stdout] test test_encode_bytes ... FAILED
[INFO] [stdout] test test_simple_regex ... FAILED
[INFO] [stdout] test test_basic_encode ... FAILED
[INFO] [stdout] test test_decode_with_offsets ... FAILED
[INFO] [stdout] test test_simple ... FAILED
[INFO] [stdout] test test_encoding_for_model ... FAILED
[INFO] [stdout] test test_encode_empty ... FAILED
[INFO] [stdout] test test_special_token ... ok
[INFO] [stdout] test test_simple_repeated ... FAILED
[INFO] [stdout] 
[INFO] [stdout] failures:
[INFO] [stdout] 
[INFO] [stdout] ---- test_encode_surrogate_pairs stdout ----
[INFO] [stdout] 
[INFO] [stdout] thread 'test_encode_surrogate_pairs' (1588) panicked at src/lib.rs:111:45:
[INFO] [stdout] no entry found for key
[INFO] [stdout] stack backtrace:
[INFO] [stdout]    0:     0x64b1954dbce1 - <<std[617be2ca0a6fd877]::sys::backtrace::BacktraceLock>::print::DisplayBacktrace as core[a373ad73a504971]::fmt::Display>::fmt
[INFO] [stdout]    1:     0x64b1954f24fa - core[a373ad73a504971]::fmt::write
[INFO] [stdout]    2:     0x64b1954e050c - <alloc[2e1b2a31b91974c5]::vec::Vec<u8> as core[a373ad73a504971]::io::write::Write>::write_fmt
[INFO] [stdout]    3:     0x64b1954b5c56 - std[617be2ca0a6fd877]::panicking::default_hook::{closure#0}
[INFO] [stdout]    4:     0x64b1954d3449 - std[617be2ca0a6fd877]::panicking::default_hook
[INFO] [stdout]    5:     0x64b19521ddf0 - test[aada8e7e76ba119b]::test_main_inner::{closure#0}
[INFO] [stdout]    6:     0x64b1954d3772 - std[617be2ca0a6fd877]::panicking::panic_with_hook
[INFO] [stdout]    7:     0x64b1954b5d02 - std[617be2ca0a6fd877]::panicking::panic_handler::{closure#0}
[INFO] [stdout]    8:     0x64b1954ae629 - std[617be2ca0a6fd877]::sys::backtrace::__rust_end_short_backtrace::<std[617be2ca0a6fd877]::panicking::panic_handler::{closure#0}, !>
[INFO] [stdout]    9:     0x64b1954b6bed - __rustc[ea4f61d10b84890b]::rust_begin_unwind
[INFO] [stdout]   10:     0x64b1954f2cdc - core[a373ad73a504971]::panicking::panic_fmt
[INFO] [stdout]   11:     0x64b1954f2a34 - core[a373ad73a504971]::option::expect_failed
[INFO] [stdout]   12:     0x64b19526b140 - tiktoken_rust[9c31f9391040a7cf]::byte_pair_encode
[INFO] [stdout]   13:     0x64b19526bb48 - <tiktoken_rust[9c31f9391040a7cf]::CoreBPE>::_encode_native
[INFO] [stdout]   14:     0x64b195271fa1 - <tiktoken_rust[9c31f9391040a7cf]::core::Encoding>::encode
[INFO] [stdout]   15:     0x64b195210dcc - <test_simple[def2642aa977606]::test_encode_surrogate_pairs::{closure#0} as core[a373ad73a504971]::ops::function::FnOnce<()>>::call_once
[INFO] [stdout]   16:     0x64b19521123b - test[aada8e7e76ba119b]::__rust_begin_short_backtrace::<core[a373ad73a504971]::result::Result<(), alloc[2e1b2a31b91974c5]::string::String>, fn() -> core[a373ad73a504971]::result::Result<(), alloc[2e1b2a31b91974c5]::string::String>>
[INFO] [stdout]   17:     0x64b19521e415 - test[aada8e7e76ba119b]::run_test::{closure#0}
[INFO] [stdout]   18:     0x64b195217d04 - std[617be2ca0a6fd877]::sys::backtrace::__rust_begin_short_backtrace::<test[aada8e7e76ba119b]::run_test::{closure#1}, ()>
[INFO] [stdout]   19:     0x64b1952214a2 - <std[617be2ca0a6fd877]::thread::lifecycle::spawn_unchecked<test[aada8e7e76ba119b]::run_test::{closure#1}, ()>::{closure#1} as core[a373ad73a504971]::ops::function::FnOnce<()>>::call_once::{shim:vtable#0}
[INFO] [stdout]   20:     0x64b1954dac4f - <std[617be2ca0a6fd877]::sys::thread::unix::Thread>::new::thread_start
[INFO] [stdout]   21:     0x74f0bd864dfa - <unknown>
[INFO] [stdout]   22:     0x74f0bd8f83d4 - clone
[INFO] [stdout]   23:                0x0 - <unknown>
[INFO] [stdout] 
[INFO] [stdout] ---- test_encode_bytes stdout ----
[INFO] [stdout] Error: TokenEncodeError([32, 236, 139, 164, 237])
[INFO] [stdout] 
[INFO] [stdout] ---- test_simple_regex stdout ----
[INFO] [stdout] 
[INFO] [stdout] thread 'test_simple_regex' (1595) panicked at src/lib.rs:111:45:
[INFO] [stdout] no entry found for key
[INFO] [stdout] stack backtrace:
[INFO] [stdout]    0:     0x64b1954dbce1 - <<std[617be2ca0a6fd877]::sys::backtrace::BacktraceLock>::print::DisplayBacktrace as core[a373ad73a504971]::fmt::Display>::fmt
[INFO] [stdout]    1:     0x64b1954f24fa - core[a373ad73a504971]::fmt::write
[INFO] [stdout]    2:     0x64b1954e050c - <alloc[2e1b2a31b91974c5]::vec::Vec<u8> as core[a373ad73a504971]::io::write::Write>::write_fmt
[INFO] [stdout]    3:     0x64b1954b5c56 - std[617be2ca0a6fd877]::panicking::default_hook::{closure#0}
[INFO] [stdout]    4:     0x64b1954d3449 - std[617be2ca0a6fd877]::panicking::default_hook
[INFO] [stdout]    5:     0x64b19521ddf0 - test[aada8e7e76ba119b]::test_main_inner::{closure#0}
[INFO] [stdout]    6:     0x64b1954d3772 - std[617be2ca0a6fd877]::panicking::panic_with_hook
[INFO] [stdout]    7:     0x64b1954b5d02 - std[617be2ca0a6fd877]::panicking::panic_handler::{closure#0}
[INFO] [stdout]    8:     0x64b1954ae629 - std[617be2ca0a6fd877]::sys::backtrace::__rust_end_short_backtrace::<std[617be2ca0a6fd877]::panicking::panic_handler::{closure#0}, !>
[INFO] [stdout]    9:     0x64b1954b6bed - __rustc[ea4f61d10b84890b]::rust_begin_unwind
[INFO] [stdout]   10:     0x64b1954f2cdc - core[a373ad73a504971]::panicking::panic_fmt
[INFO] [stdout]   11:     0x64b1954f2a34 - core[a373ad73a504971]::option::expect_failed
[INFO] [stdout]   12:     0x64b19526b140 - tiktoken_rust[9c31f9391040a7cf]::byte_pair_encode
[INFO] [stdout]   13:     0x64b19526bb48 - <tiktoken_rust[9c31f9391040a7cf]::CoreBPE>::_encode_native
[INFO] [stdout]   14:     0x64b195271fa1 - <tiktoken_rust[9c31f9391040a7cf]::core::Encoding>::encode
[INFO] [stdout]   15:     0x64b19520e6ba - <test_simple[def2642aa977606]::test_simple_regex::{closure#0} as core[a373ad73a504971]::ops::function::FnOnce<()>>::call_once
[INFO] [stdout]   16:     0x64b19521123b - test[aada8e7e76ba119b]::__rust_begin_short_backtrace::<core[a373ad73a504971]::result::Result<(), alloc[2e1b2a31b91974c5]::string::String>, fn() -> core[a373ad73a504971]::result::Result<(), alloc[2e1b2a31b91974c5]::string::String>>
[INFO] [stdout]   17:     0x64b19521e415 - test[aada8e7e76ba119b]::run_test::{closure#0}
[INFO] [stdout]   18:     0x64b195217d04 - std[617be2ca0a6fd877]::sys::backtrace::__rust_begin_short_backtrace::<test[aada8e7e76ba119b]::run_test::{closure#1}, ()>
[INFO] [stdout]   19:     0x64b1952214a2 - <std[617be2ca0a6fd877]::thread::lifecycle::spawn_unchecked<test[aada8e7e76ba119b]::run_test::{closure#1}, ()>::{closure#1} as core[a373ad73a504971]::ops::function::FnOnce<()>>::call_once::{shim:vtable#0}
[INFO] [stdout]   20:     0x64b1954dac4f - <std[617be2ca0a6fd877]::sys::thread::unix::Thread>::new::thread_start
[INFO] [stdout]   21:     0x74f0bd864dfa - <unknown>
[INFO] [stdout]   22:     0x74f0bd8f83d4 - clone
[INFO] [stdout]   23:                0x0 - <unknown>
[INFO] [stdout] 
[INFO] [stdout] ---- test_basic_encode stdout ----
[INFO] [stdout] 
[INFO] [stdout] thread 'test_basic_encode' (1583) panicked at src/core.rs:126:13:
[INFO] [stdout] assertion `left == right` failed
[INFO] [stdout]   left: 1
[INFO] [stdout]  right: 50257
[INFO] [stdout] stack backtrace:
[INFO] [stdout]    0:     0x64b1954dbce1 - <<std[617be2ca0a6fd877]::sys::backtrace::BacktraceLock>::print::DisplayBacktrace as core[a373ad73a504971]::fmt::Display>::fmt
[INFO] [stdout]    1:     0x64b1954f24fa - core[a373ad73a504971]::fmt::write
[INFO] [stdout]    2:     0x64b1954e050c - <alloc[2e1b2a31b91974c5]::vec::Vec<u8> as core[a373ad73a504971]::io::write::Write>::write_fmt
[INFO] [stdout]    3:     0x64b1954b5c56 - std[617be2ca0a6fd877]::panicking::default_hook::{closure#0}
[INFO] [stdout]    4:     0x64b1954d3449 - std[617be2ca0a6fd877]::panicking::default_hook
[INFO] [stdout]    5:     0x64b19521ddf0 - test[aada8e7e76ba119b]::test_main_inner::{closure#0}
[INFO] [stdout]    6:     0x64b1954d3772 - std[617be2ca0a6fd877]::panicking::panic_with_hook
[INFO] [stdout]    7:     0x64b1954b5d02 - std[617be2ca0a6fd877]::panicking::panic_handler::{closure#0}
[INFO] [stdout]    8:     0x64b1954ae629 - std[617be2ca0a6fd877]::sys::backtrace::__rust_end_short_backtrace::<std[617be2ca0a6fd877]::panicking::panic_handler::{closure#0}, !>
[INFO] [stdout]    9:     0x64b1954b6bed - __rustc[ea4f61d10b84890b]::rust_begin_unwind
[INFO] [stdout]   10:     0x64b1954f2cdc - core[a373ad73a504971]::panicking::panic_fmt
[INFO] [stdout]   11:     0x64b1954f2bf3 - core[a373ad73a504971]::panicking::assert_failed_inner
[INFO] [stdout]   12:     0x64b1954ede4d - core[a373ad73a504971]::panicking::assert_failed::<usize, usize>
[INFO] [stdout]   13:     0x64b1952734aa - tiktoken_rust[9c31f9391040a7cf]::core::get_encoding
[INFO] [stdout]   14:     0x64b19520d86e - <test_simple[def2642aa977606]::test_basic_encode::{closure#0} as core[a373ad73a504971]::ops::function::FnOnce<()>>::call_once
[INFO] [stdout]   15:     0x64b19521123b - test[aada8e7e76ba119b]::__rust_begin_short_backtrace::<core[a373ad73a504971]::result::Result<(), alloc[2e1b2a31b91974c5]::string::String>, fn() -> core[a373ad73a504971]::result::Result<(), alloc[2e1b2a31b91974c5]::string::String>>
[INFO] [stdout]   16:     0x64b19521e415 - test[aada8e7e76ba119b]::run_test::{closure#0}
[INFO] [stdout]   17:     0x64b195217d04 - std[617be2ca0a6fd877]::sys::backtrace::__rust_begin_short_backtrace::<test[aada8e7e76ba119b]::run_test::{closure#1}, ()>
[INFO] [stdout]   18:     0x64b1952214a2 - <std[617be2ca0a6fd877]::thread::lifecycle::spawn_unchecked<test[aada8e7e76ba119b]::run_test::{closure#1}, ()>::{closure#1} as core[a373ad73a504971]::ops::function::FnOnce<()>>::call_once::{shim:vtable#0}
[INFO] [stdout]   19:     0x64b1954dac4f - <std[617be2ca0a6fd877]::sys::thread::unix::Thread>::new::thread_start
[INFO] [stdout]   20:     0x74f0bd864dfa - <unknown>
[INFO] [stdout]   21:     0x74f0bd8f83d4 - clone
[INFO] [stdout]   22:                0x0 - <unknown>
[INFO] [stdout] 
[INFO] [stdout] ---- test_decode_with_offsets stdout ----
[INFO] [stdout] 
[INFO] [stdout] thread 'test_decode_with_offsets' (1585) panicked at src/core.rs:126:13:
[INFO] [stdout] assertion `left == right` failed
[INFO] [stdout]   left: 257
[INFO] [stdout]  right: 50257
[INFO] [stdout] stack backtrace:
[INFO] [stdout]    0:     0x64b1954dbce1 - <<std[617be2ca0a6fd877]::sys::backtrace::BacktraceLock>::print::DisplayBacktrace as core[a373ad73a504971]::fmt::Display>::fmt
[INFO] [stdout]    1:     0x64b1954f24fa - core[a373ad73a504971]::fmt::write
[INFO] [stdout]    2:     0x64b1954e050c - <alloc[2e1b2a31b91974c5]::vec::Vec<u8> as core[a373ad73a504971]::io::write::Write>::write_fmt
[INFO] [stdout]    3:     0x64b1954b5c56 - std[617be2ca0a6fd877]::panicking::default_hook::{closure#0}
[INFO] [stdout]    4:     0x64b1954d3449 - std[617be2ca0a6fd877]::panicking::default_hook
[INFO] [stdout]    5:     0x64b19521ddf0 - test[aada8e7e76ba119b]::test_main_inner::{closure#0}
[INFO] [stdout]    6:     0x64b1954d3772 - std[617be2ca0a6fd877]::panicking::panic_with_hook
[INFO] [stdout]    7:     0x64b1954b5d02 - std[617be2ca0a6fd877]::panicking::panic_handler::{closure#0}
[INFO] [stdout]    8:     0x64b1954ae629 - std[617be2ca0a6fd877]::sys::backtrace::__rust_end_short_backtrace::<std[617be2ca0a6fd877]::panicking::panic_handler::{closure#0}, !>
[INFO] [stdout]    9:     0x64b1954b6bed - __rustc[ea4f61d10b84890b]::rust_begin_unwind
[INFO] [stdout]   10:     0x64b1954f2cdc - core[a373ad73a504971]::panicking::panic_fmt
[INFO] [stdout]   11:     0x64b1954f2bf3 - core[a373ad73a504971]::panicking::assert_failed_inner
[INFO] [stdout]   12:     0x64b1954ede4d - core[a373ad73a504971]::panicking::assert_failed::<usize, usize>
[INFO] [stdout]   13:     0x64b1952734aa - tiktoken_rust[9c31f9391040a7cf]::core::get_encoding
[INFO] [stdout]   14:     0x64b195210896 - <test_simple[def2642aa977606]::test_decode_with_offsets::{closure#0} as core[a373ad73a504971]::ops::function::FnOnce<()>>::call_once
[INFO] [stdout]   15:     0x64b19521123b - test[aada8e7e76ba119b]::__rust_begin_short_backtrace::<core[a373ad73a504971]::result::Result<(), alloc[2e1b2a31b91974c5]::string::String>, fn() -> core[a373ad73a504971]::result::Result<(), alloc[2e1b2a31b91974c5]::string::String>>
[INFO] [stdout]   16:     0x64b19521e415 - test[aada8e7e76ba119b]::run_test::{closure#0}
[INFO] [stdout]   17:     0x64b195217d04 - std[617be2ca0a6fd877]::sys::backtrace::__rust_begin_short_backtrace::<test[aada8e7e76ba119b]::run_test::{closure#1}, ()>
[INFO] [stdout]   18:     0x64b1952214a2 - <std[617be2ca0a6fd877]::thread::lifecycle::spawn_unchecked<test[aada8e7e76ba119b]::run_test::{closure#1}, ()>::{closure#1} as core[a373ad73a504971]::ops::function::FnOnce<()>>::call_once::{shim:vtable#0}
[INFO] [stdout]   19:     0x64b1954dac4f - <std[617be2ca0a6fd877]::sys::thread::unix::Thread>::new::thread_start
[INFO] [stdout]   20:     0x74f0bd864dfa - <unknown>
[INFO] [stdout]   21:     0x74f0bd8f83d4 - clone
[INFO] [stdout]   22:                0x0 - <unknown>
[INFO] [stdout] 
[INFO] [stdout] ---- test_simple stdout ----
[INFO] [stdout] 
[INFO] [stdout] thread 'test_simple' (1590) panicked at src/core.rs:126:13:
[INFO] [stdout] assertion `left == right` failed
[INFO] [stdout]   left: 257
[INFO] [stdout]  right: 50257
[INFO] [stdout] stack backtrace:
[INFO] [stdout]    0:     0x64b1954dbce1 - <<std[617be2ca0a6fd877]::sys::backtrace::BacktraceLock>::print::DisplayBacktrace as core[a373ad73a504971]::fmt::Display>::fmt
[INFO] [stdout]    1:     0x64b1954f24fa - core[a373ad73a504971]::fmt::write
[INFO] [stdout]    2:     0x64b1954e050c - <alloc[2e1b2a31b91974c5]::vec::Vec<u8> as core[a373ad73a504971]::io::write::Write>::write_fmt
[INFO] [stdout]    3:     0x64b1954b5c56 - std[617be2ca0a6fd877]::panicking::default_hook::{closure#0}
[INFO] [stdout]    4:     0x64b1954d3449 - std[617be2ca0a6fd877]::panicking::default_hook
[INFO] [stdout]    5:     0x64b19521ddf0 - test[aada8e7e76ba119b]::test_main_inner::{closure#0}
[INFO] [stdout]    6:     0x64b1954d3772 - std[617be2ca0a6fd877]::panicking::panic_with_hook
[INFO] [stdout]    7:     0x64b1954b5d02 - std[617be2ca0a6fd877]::panicking::panic_handler::{closure#0}
[INFO] [stdout]    8:     0x64b1954ae629 - std[617be2ca0a6fd877]::sys::backtrace::__rust_end_short_backtrace::<std[617be2ca0a6fd877]::panicking::panic_handler::{closure#0}, !>
[INFO] [stdout]    9:     0x64b1954b6bed - __rustc[ea4f61d10b84890b]::rust_begin_unwind
[INFO] [stdout]   10:     0x64b1954f2cdc - core[a373ad73a504971]::panicking::panic_fmt
[INFO] [stdout]   11:     0x64b1954f2bf3 - core[a373ad73a504971]::panicking::assert_failed_inner
[INFO] [stdout]   12:     0x64b1954ede4d - core[a373ad73a504971]::panicking::assert_failed::<usize, usize>
[INFO] [stdout]   13:     0x64b1952734aa - tiktoken_rust[9c31f9391040a7cf]::core::get_encoding
[INFO] [stdout]   14:     0x64b19520c89b - <test_simple[def2642aa977606]::test_simple::{closure#0} as core[a373ad73a504971]::ops::function::FnOnce<()>>::call_once
[INFO] [stdout]   15:     0x64b19521123b - test[aada8e7e76ba119b]::__rust_begin_short_backtrace::<core[a373ad73a504971]::result::Result<(), alloc[2e1b2a31b91974c5]::string::String>, fn() -> core[a373ad73a504971]::result::Result<(), alloc[2e1b2a31b91974c5]::string::String>>
[INFO] [stdout]   16:     0x64b19521e415 - test[aada8e7e76ba119b]::run_test::{closure#0}
[INFO] [stdout]   17:     0x64b195217d04 - std[617be2ca0a6fd877]::sys::backtrace::__rust_begin_short_backtrace::<test[aada8e7e76ba119b]::run_test::{closure#1}, ()>
[INFO] [stdout]   18:     0x64b1952214a2 - <std[617be2ca0a6fd877]::thread::lifecycle::spawn_unchecked<test[aada8e7e76ba119b]::run_test::{closure#1}, ()>::{closure#1} as core[a373ad73a504971]::ops::function::FnOnce<()>>::call_once::{shim:vtable#0}
[INFO] [stdout]   19:     0x64b1954dac4f - <std[617be2ca0a6fd877]::sys::thread::unix::Thread>::new::thread_start
[INFO] [stdout]   20:     0x74f0bd864dfa - <unknown>
[INFO] [stdout]   21:     0x74f0bd8f83d4 - clone
[INFO] [stdout]   22:                0x0 - <unknown>
[INFO] [stdout] 
[INFO] [stdout] ---- test_encoding_for_model stdout ----
[INFO] [stdout] 
[INFO] [stdout] thread 'test_encoding_for_model' (1589) panicked at src/core.rs:126:13:
[INFO] [stdout] assertion `left == right` failed
[INFO] [stdout]   left: 257
[INFO] [stdout]  right: 50257
[INFO] [stdout] stack backtrace:
[INFO] [stdout]    0:     0x64b1954dbce1 - <<std[617be2ca0a6fd877]::sys::backtrace::BacktraceLock>::print::DisplayBacktrace as core[a373ad73a504971]::fmt::Display>::fmt
[INFO] [stdout]    1:     0x64b1954f24fa - core[a373ad73a504971]::fmt::write
[INFO] [stdout]    2:     0x64b1954e050c - <alloc[2e1b2a31b91974c5]::vec::Vec<u8> as core[a373ad73a504971]::io::write::Write>::write_fmt
[INFO] [stdout]    3:     0x64b1954b5c56 - std[617be2ca0a6fd877]::panicking::default_hook::{closure#0}
[INFO] [stdout]    4:     0x64b1954d3449 - std[617be2ca0a6fd877]::panicking::default_hook
[INFO] [stdout]    5:     0x64b19521ddf0 - test[aada8e7e76ba119b]::test_main_inner::{closure#0}
[INFO] [stdout]    6:     0x64b1954d3772 - std[617be2ca0a6fd877]::panicking::panic_with_hook
[INFO] [stdout]    7:     0x64b1954b5d02 - std[617be2ca0a6fd877]::panicking::panic_handler::{closure#0}
[INFO] [stdout]    8:     0x64b1954ae629 - std[617be2ca0a6fd877]::sys::backtrace::__rust_end_short_backtrace::<std[617be2ca0a6fd877]::panicking::panic_handler::{closure#0}, !>
[INFO] [stdout]    9:     0x64b1954b6bed - __rustc[ea4f61d10b84890b]::rust_begin_unwind
[INFO] [stdout]   10:     0x64b1954f2cdc - core[a373ad73a504971]::panicking::panic_fmt
[INFO] [stdout]   11:     0x64b1954f2bf3 - core[a373ad73a504971]::panicking::assert_failed_inner
[INFO] [stdout]   12:     0x64b1954ede4d - core[a373ad73a504971]::panicking::assert_failed::<usize, usize>
[INFO] [stdout]   13:     0x64b1952734aa - tiktoken_rust[9c31f9391040a7cf]::core::get_encoding
[INFO] [stdout]   14:     0x64b19527364f - tiktoken_rust[9c31f9391040a7cf]::core::encoding_for_model
[INFO] [stdout]   15:     0x64b19521024b - <test_simple[def2642aa977606]::test_encoding_for_model::{closure#0} as core[a373ad73a504971]::ops::function::FnOnce<()>>::call_once
[INFO] [stdout]   16:     0x64b19521123b - test[aada8e7e76ba119b]::__rust_begin_short_backtrace::<core[a373ad73a504971]::result::Result<(), alloc[2e1b2a31b91974c5]::string::String>, fn() -> core[a373ad73a504971]::result::Result<(), alloc[2e1b2a31b91974c5]::string::String>>
[INFO] [stdout]   17:     0x64b19521e415 - test[aada8e7e76ba119b]::run_test::{closure#0}
[INFO] [stdout]   18:     0x64b195217d04 - std[617be2ca0a6fd877]::sys::backtrace::__rust_begin_short_backtrace::<test[aada8e7e76ba119b]::run_test::{closure#1}, ()>
[INFO] [stdout]   19:     0x64b1952214a2 - <std[617be2ca0a6fd877]::thread::lifecycle::spawn_unchecked<test[aada8e7e76ba119b]::run_test::{closure#1}, ()>::{closure#1} as core[a373ad73a504971]::ops::function::FnOnce<()>>::call_once::{shim:vtable#0}
[INFO] [stdout]   20:     0x64b1954dac4f - <std[617be2ca0a6fd877]::sys::thread::unix::Thread>::new::thread_start
[INFO] [stdout]   21:     0x74f0bd864dfa - <unknown>
[INFO] [stdout]   22:     0x74f0bd8f83d4 - clone
[INFO] [stdout]   23:                0x0 - <unknown>
[INFO] [stdout] 
[INFO] [stdout] ---- test_encode_empty stdout ----
[INFO] [stdout] 
[INFO] [stdout] thread 'test_encode_empty' (1587) panicked at src/core.rs:126:13:
[INFO] [stdout] assertion `left == right` failed
[INFO] [stdout]   left: 1
[INFO] [stdout]  right: 50257
[INFO] [stdout] stack backtrace:
[INFO] [stdout]    0:     0x64b1954dbce1 - <<std[617be2ca0a6fd877]::sys::backtrace::BacktraceLock>::print::DisplayBacktrace as core[a373ad73a504971]::fmt::Display>::fmt
[INFO] [stdout]    1:     0x64b1954f24fa - core[a373ad73a504971]::fmt::write
[INFO] [stdout]    2:     0x64b1954e050c - <alloc[2e1b2a31b91974c5]::vec::Vec<u8> as core[a373ad73a504971]::io::write::Write>::write_fmt
[INFO] [stdout]    3:     0x64b1954b5c56 - std[617be2ca0a6fd877]::panicking::default_hook::{closure#0}
[INFO] [stdout]    4:     0x64b1954d3449 - std[617be2ca0a6fd877]::panicking::default_hook
[INFO] [stdout]    5:     0x64b19521ddf0 - test[aada8e7e76ba119b]::test_main_inner::{closure#0}
[INFO] [stdout]    6:     0x64b1954d3772 - std[617be2ca0a6fd877]::panicking::panic_with_hook
[INFO] [stdout]    7:     0x64b1954b5d02 - std[617be2ca0a6fd877]::panicking::panic_handler::{closure#0}
[INFO] [stdout]    8:     0x64b1954ae629 - std[617be2ca0a6fd877]::sys::backtrace::__rust_end_short_backtrace::<std[617be2ca0a6fd877]::panicking::panic_handler::{closure#0}, !>
[INFO] [stdout]    9:     0x64b1954b6bed - __rustc[ea4f61d10b84890b]::rust_begin_unwind
[INFO] [stdout]   10:     0x64b1954f2cdc - core[a373ad73a504971]::panicking::panic_fmt
[INFO] [stdout]   11:     0x64b1954f2bf3 - core[a373ad73a504971]::panicking::assert_failed_inner
[INFO] [stdout]   12:     0x64b1954ede4d - core[a373ad73a504971]::panicking::assert_failed::<usize, usize>
[INFO] [stdout]   13:     0x64b1952734aa - tiktoken_rust[9c31f9391040a7cf]::core::get_encoding
[INFO] [stdout]   14:     0x64b19520e299 - <test_simple[def2642aa977606]::test_encode_empty::{closure#0} as core[a373ad73a504971]::ops::function::FnOnce<()>>::call_once
[INFO] [stdout]   15:     0x64b19521123b - test[aada8e7e76ba119b]::__rust_begin_short_backtrace::<core[a373ad73a504971]::result::Result<(), alloc[2e1b2a31b91974c5]::string::String>, fn() -> core[a373ad73a504971]::result::Result<(), alloc[2e1b2a31b91974c5]::string::String>>
[INFO] [stdout]   16:     0x64b19521e415 - test[aada8e7e76ba119b]::run_test::{closure#0}
[INFO] [stdout]   17:     0x64b195217d04 - std[617be2ca0a6fd877]::sys::backtrace::__rust_begin_short_backtrace::<test[aada8e7e76ba119b]::run_test::{closure#1}, ()>
[INFO] [stdout]   18:     0x64b1952214a2 - <std[617be2ca0a6fd877]::thread::lifecycle::spawn_unchecked<test[aada8e7e76ba119b]::run_test::{closure#1}, ()>::{closure#1} as core[a373ad73a504971]::ops::function::FnOnce<()>>::call_once::{shim:vtable#0}
[INFO] [stdout]   19:     0x64b1954dac4f - <std[617be2ca0a6fd877]::sys::thread::unix::Thread>::new::thread_start
[INFO] [stdout]   20:     0x74f0bd864dfa - <unknown>
[INFO] [stdout]   21:     0x74f0bd8f83d4 - clone
[INFO] [stdout]   22:                0x0 - <unknown>
[INFO] [stdout] 
[INFO] [stdout] ---- test_simple_repeated stdout ----
[INFO] [stdout] 
[INFO] [stdout] thread 'test_simple_repeated' (1609) panicked at src/core.rs:126:13:
[INFO] [stdout] assertion `left == right` failed
[INFO] [stdout]   left: 257
[INFO] [stdout]  right: 50257
[INFO] [stdout] stack backtrace:
[INFO] [stdout]    0:     0x64b1954dbce1 - <<std[617be2ca0a6fd877]::sys::backtrace::BacktraceLock>::print::DisplayBacktrace as core[a373ad73a504971]::fmt::Display>::fmt
[INFO] [stdout]    1:     0x64b1954f24fa - core[a373ad73a504971]::fmt::write
[INFO] [stdout]    2:     0x64b1954e050c - <alloc[2e1b2a31b91974c5]::vec::Vec<u8> as core[a373ad73a504971]::io::write::Write>::write_fmt
[INFO] [stdout]    3:     0x64b1954b5c56 - std[617be2ca0a6fd877]::panicking::default_hook::{closure#0}
[INFO] [stdout]    4:     0x64b1954d3449 - std[617be2ca0a6fd877]::panicking::default_hook
[INFO] [stdout]    5:     0x64b19521ddf0 - test[aada8e7e76ba119b]::test_main_inner::{closure#0}
[INFO] [stdout]    6:     0x64b1954d3772 - std[617be2ca0a6fd877]::panicking::panic_with_hook
[INFO] [stdout]    7:     0x64b1954b5d02 - std[617be2ca0a6fd877]::panicking::panic_handler::{closure#0}
[INFO] [stdout]    8:     0x64b1954ae629 - std[617be2ca0a6fd877]::sys::backtrace::__rust_end_short_backtrace::<std[617be2ca0a6fd877]::panicking::panic_handler::{closure#0}, !>
[INFO] [stdout]    9:     0x64b1954b6bed - __rustc[ea4f61d10b84890b]::rust_begin_unwind
[INFO] [stdout]   10:     0x64b1954f2cdc - core[a373ad73a504971]::panicking::panic_fmt
[INFO] [stdout]   11:     0x64b1954f2bf3 - core[a373ad73a504971]::panicking::assert_failed_inner
[INFO] [stdout]   12:     0x64b1954ede4d - core[a373ad73a504971]::panicking::assert_failed::<usize, usize>
[INFO] [stdout]   13:     0x64b1952734aa - tiktoken_rust[9c31f9391040a7cf]::core::get_encoding
[INFO] [stdout]   14:     0x64b19520ef5e - <test_simple[def2642aa977606]::test_simple_repeated::{closure#0} as core[a373ad73a504971]::ops::function::FnOnce<()>>::call_once
[INFO] [stdout]   15:     0x64b19521123b - test[aada8e7e76ba119b]::__rust_begin_short_backtrace::<core[a373ad73a504971]::result::Result<(), alloc[2e1b2a31b91974c5]::string::String>, fn() -> core[a373ad73a504971]::result::Result<(), alloc[2e1b2a31b91974c5]::string::String>>
[INFO] [stdout]   16:     0x64b19521e415 - test[aada8e7e76ba119b]::run_test::{closure#0}
[INFO] [stdout]   17:     0x64b195217d04 - std[617be2ca0a6fd877]::sys::backtrace::__rust_begin_short_backtrace::<test[aada8e7e76ba119b]::run_test::{closure#1}, ()>
[INFO] [stdout]   18:     0x64b1952214a2 - <std[617be2ca0a6fd877]::thread::lifecycle::spawn_unchecked<test[aada8e7e76ba119b]::run_test::{closure#1}, ()>::{closure#1} as core[a373ad73a504971]::ops::function::FnOnce<()>>::call_once::{shim:vtable#0}
[INFO] [stdout]   19:     0x64b1954dac4f - <std[617be2ca0a6fd877]::sys::thread::unix::Thread>::new::thread_start
[INFO] [stdout]   20:     0x74f0bd864dfa - <unknown>
[INFO] [stdout]   21:     0x74f0bd8f83d4 - clone
[INFO] [stdout]   22:                0x0 - <unknown>
[INFO] [stdout] 
[INFO] [stdout] 
[INFO] [stdout] failures:
[INFO] [stdout]     test_basic_encode
[INFO] [stdout]     test_decode_with_offsets
[INFO] [stdout]     test_encode_bytes
[INFO] [stdout]     test_encode_empty
[INFO] [stdout]     test_encode_surrogate_pairs
[INFO] [stdout]     test_encoding_for_model
[INFO] [stdout]     test_simple
[INFO] [stdout]     test_simple_regex
[INFO] [stdout]     test_simple_repeated
[INFO] [stdout] 
[INFO] [stdout] test result: FAILED. 2 passed; 9 failed; 0 ignored; 0 measured; 0 filtered out; finished in 0.41s
[INFO] [stdout] 
[INFO] [stderr] error: test failed, to rerun pass `--test test_simple`
[INFO] running `Command { std: "docker" "inspect" "d1a55883e7d0f8fb607a0eeeb6fab18f8cebb2edc6b29790c1b1b46c1c4cb4b4", kill_on_drop: false }`
[INFO] running `Command { std: "docker" "rm" "-f" "d1a55883e7d0f8fb607a0eeeb6fab18f8cebb2edc6b29790c1b1b46c1c4cb4b4", kill_on_drop: false }`
[INFO] [stdout] d1a55883e7d0f8fb607a0eeeb6fab18f8cebb2edc6b29790c1b1b46c1c4cb4b4
