[INFO] fetching crate tiff 0.11.3...
[INFO] testing tiff-0.11.3 against 1.99.0-beta.8+cargoflags=--release for beta-release-1.100-2
[INFO] extracting crate tiff 0.11.3 into /workspace/builds/worker-1-tc1/source
[INFO] started tweaking crates.io crate tiff 0.11.3
[INFO] removed 0 missing examples
[INFO] removed 0 missing tests
[INFO] finished tweaking crates.io crate tiff 0.11.3
[INFO] tweaked toml for crates.io crate tiff 0.11.3 written to /workspace/builds/worker-1-tc1/source/Cargo.toml
[INFO] validating manifest of crates.io crate tiff 0.11.3 on toolchain 1.99.0-beta.8
[INFO] running `Command { std: CARGO_HOME="/workspace/cargo-home" RUSTUP_HOME="/workspace/rustup-home" "/workspace/cargo-home/bin/cargo" "+1.99.0-beta.8" "metadata" "--manifest-path" "Cargo.toml" "--no-deps", kill_on_drop: false }`
[INFO] crate crates.io crate tiff 0.11.3 already has a lockfile, it will not be regenerated
[INFO] running `Command { std: CARGO_HOME="/workspace/cargo-home" RUSTUP_HOME="/workspace/rustup-home" "/workspace/cargo-home/bin/cargo" "+1.99.0-beta.8" "fetch" "--manifest-path" "Cargo.toml", kill_on_drop: false }`
[INFO] [stderr]     Updating crates.io index
[INFO] [stderr]  Downloading crates ...
[INFO] [stderr]   Downloaded winapi-util v0.1.10
[INFO] [stderr]   Downloaded atty v0.2.14
[INFO] [stderr]   Downloaded hermit-abi v0.1.19
[INFO] [stderr]   Downloaded wit-bindgen-rt v0.39.0
[INFO] [stderr]   Downloaded zune-core v0.5.0
[INFO] [stderr]   Downloaded fax_derive v0.2.0
[INFO] [stderr]   Downloaded quick-error v2.0.1
[INFO] [stderr]   Downloaded byteorder-lite v0.1.0
[INFO] [stderr]   Downloaded fax v0.2.6
[INFO] [stderr]   Downloaded cc v1.2.34
[INFO] [stderr]   Downloaded criterion-plot v0.4.5
[INFO] [stderr]   Downloaded textwrap v0.11.0
[INFO] [stderr]   Downloaded csv-core v0.1.12
[INFO] [stderr]   Downloaded weezl v0.1.10
[INFO] [stderr]   Downloaded zune-jpeg v0.5.8
[INFO] [stderr]   Downloaded half v2.6.0
[INFO] [stderr]   Downloaded half v1.8.3
[INFO] [stderr]   Downloaded serde_cbor v0.11.2
[INFO] [stderr]   Downloaded image-webp v0.2.4
[INFO] [stderr]   Downloaded flate2 v1.1.2
[INFO] [stderr]   Downloaded wasi v0.14.2+wasi-0.2.4
[INFO] [stderr]   Downloaded criterion v0.3.6
[INFO] [stderr]   Downloaded clap v2.34.0
[INFO] [stderr]   Downloaded web-sys v0.3.77
[INFO] [stderr]   Downloaded zstd-sys v2.0.15+zstd.1.5.7
[INFO] [stderr]   Downloaded csv v1.3.1
[INFO] running `Command { std: "docker" "create" "-v" "/var/lib/crater-agent-workspace/builds/worker-1-tc1/source:/opt/rustwide/workdir:ro,Z" "-v" "/var/lib/crater-agent-workspace/builds/worker-1-tc1/target:/opt/rustwide/target:rw,Z" "-v" "/var/lib/crater-agent-workspace/cargo-home:/opt/rustwide/cargo-home:ro,Z" "-v" "/var/lib/crater-agent-workspace/rustup-home:/opt/rustwide/rustup-home:ro,Z" "-m" "1610612736" "--network" "none" "ghcr.io/rust-lang/crates-build-env/linux@sha256:77db811e55d90add9212f6832c23229e3de5f1c1f9905e8cb07319ea15df73ac" "sleep" "infinity", kill_on_drop: false }`
[INFO] [stdout] 868bb48374bfc3cad650a0ea2b9bee236f18d6d522c72b9ef08ee5a80b6fef16
[INFO] running `Command { std: "docker" "start" "868bb48374bfc3cad650a0ea2b9bee236f18d6d522c72b9ef08ee5a80b6fef16", kill_on_drop: false }`
[INFO] running `Command { std: "docker" "inspect" "868bb48374bfc3cad650a0ea2b9bee236f18d6d522c72b9ef08ee5a80b6fef16", kill_on_drop: false }`
[INFO] running `Command { std: "docker" "exec" "-e" "SOURCE_DIR=/opt/rustwide/workdir" "-e" "CARGO_HOME=/opt/rustwide/cargo-home" "-e" "RUSTUP_HOME=/opt/rustwide/rustup-home" "-e" "CARGO_TARGET_DIR=/opt/rustwide/target" "-w" "/opt/rustwide/workdir" "--user" "0:0" "868bb48374bfc3cad650a0ea2b9bee236f18d6d522c72b9ef08ee5a80b6fef16" "/opt/rustwide/cargo-home/bin/cargo" "+1.99.0-beta.8" "metadata" "--no-deps" "--format-version=1", kill_on_drop: false }`
[INFO] running `Command { std: "docker" "inspect" "868bb48374bfc3cad650a0ea2b9bee236f18d6d522c72b9ef08ee5a80b6fef16", kill_on_drop: false }`
[INFO] running `Command { std: "docker" "exec" "-e" "SOURCE_DIR=/opt/rustwide/workdir" "-e" "CARGO_HOME=/opt/rustwide/cargo-home" "-e" "RUSTUP_HOME=/opt/rustwide/rustup-home" "-e" "CARGO_TARGET_DIR=/opt/rustwide/target" "-e" "CARGO_INCREMENTAL=0" "-e" "RUST_BACKTRACE=full" "-e" "RUSTFLAGS=--cap-lints=warn" "-e" "RUSTDOCFLAGS=--cap-lints=warn" "-w" "/opt/rustwide/workdir" "--user" "0:0" "868bb48374bfc3cad650a0ea2b9bee236f18d6d522c72b9ef08ee5a80b6fef16" "/opt/rustwide/cargo-home/bin/cargo" "+1.99.0-beta.8" "build" "--frozen" "--message-format=json" "--release", kill_on_drop: false }`
[INFO] [stderr]    Compiling proc-macro2 v1.0.101
[INFO] [stderr]    Compiling cfg-if v1.0.3
[INFO] [stderr]    Compiling zune-core v0.5.0
[INFO] [stderr]    Compiling weezl v0.1.10
[INFO] [stderr]    Compiling quick-error v2.0.1
[INFO] [stderr]    Compiling miniz_oxide v0.8.9
[INFO] [stderr]    Compiling crc32fast v1.5.0
[INFO] [stderr]    Compiling half v2.6.0
[INFO] [stderr]    Compiling zune-jpeg v0.5.8
[INFO] [stderr]    Compiling flate2 v1.1.2
[INFO] [stderr]    Compiling quote v1.0.40
[INFO] [stderr]    Compiling syn v2.0.106
[INFO] [stderr]    Compiling fax_derive v0.2.0
[INFO] [stderr]    Compiling fax v0.2.6
[INFO] [stderr]    Compiling tiff v0.11.3 (/opt/rustwide/workdir)
[INFO] [stderr]     Finished `release` profile [optimized] target(s) in 10.46s
[INFO] running `Command { std: "docker" "inspect" "868bb48374bfc3cad650a0ea2b9bee236f18d6d522c72b9ef08ee5a80b6fef16", kill_on_drop: false }`
[INFO] running `Command { std: "docker" "exec" "-e" "SOURCE_DIR=/opt/rustwide/workdir" "-e" "CARGO_HOME=/opt/rustwide/cargo-home" "-e" "RUSTUP_HOME=/opt/rustwide/rustup-home" "-e" "CARGO_TARGET_DIR=/opt/rustwide/target" "-e" "CARGO_INCREMENTAL=0" "-e" "RUST_BACKTRACE=full" "-e" "RUSTFLAGS=--cap-lints=warn" "-e" "RUSTDOCFLAGS=--cap-lints=warn" "-w" "/opt/rustwide/workdir" "--user" "0:0" "868bb48374bfc3cad650a0ea2b9bee236f18d6d522c72b9ef08ee5a80b6fef16" "/opt/rustwide/cargo-home/bin/cargo" "+1.99.0-beta.8" "test" "--frozen" "--no-run" "--message-format=json" "--release", kill_on_drop: false }`
[INFO] [stderr]    Compiling serde v1.0.219
[INFO] [stderr]    Compiling crossbeam-utils v0.8.21
[INFO] [stderr]    Compiling memchr v2.7.5
[INFO] [stderr]    Compiling autocfg v1.5.0
[INFO] [stderr]    Compiling serde_json v1.0.143
[INFO] [stderr]    Compiling rayon-core v1.13.0
[INFO] [stderr]    Compiling either v1.15.0
[INFO] [stderr]    Compiling libc v0.2.175
[INFO] [stderr]    Compiling unicode-width v0.1.14
[INFO] [stderr]    Compiling plotters-backend v0.3.7
[INFO] [stderr]    Compiling regex-syntax v0.8.6
[INFO] [stderr]    Compiling bitflags v1.3.2
[INFO] [stderr]    Compiling same-file v1.0.6
[INFO] [stderr]    Compiling half v1.8.3
[INFO] [stderr]    Compiling cast v0.3.0
[INFO] [stderr]    Compiling serde_derive v1.0.219
[INFO] [stderr]    Compiling walkdir v2.5.0
[INFO] [stderr]    Compiling oorandom v11.1.5
[INFO] [stderr]    Compiling lazy_static v1.5.0
[INFO] [stderr]    Compiling num-traits v0.2.19
[INFO] [stderr]    Compiling plotters-svg v0.3.7
[INFO] [stderr]    Compiling textwrap v0.11.0
[INFO] [stderr]    Compiling itertools v0.10.5
[INFO] [stderr]    Compiling clap v2.34.0
[INFO] [stderr]    Compiling crossbeam-epoch v0.9.18
[INFO] [stderr]    Compiling csv-core v0.1.12
[INFO] [stderr]    Compiling atty v0.2.14
[INFO] [stderr]    Compiling crossbeam-deque v0.8.6
[INFO] [stderr]    Compiling plotters v0.3.7
[INFO] [stderr]    Compiling rayon v1.11.0
[INFO] [stderr]    Compiling regex-automata v0.4.10
[INFO] [stderr]    Compiling criterion-plot v0.4.5
[INFO] [stderr]    Compiling csv v1.3.1
[INFO] [stderr]    Compiling serde_cbor v0.11.2
[INFO] [stderr]    Compiling regex v1.11.2
[INFO] [stderr]    Compiling tinytemplate v1.2.1
[INFO] [stderr]    Compiling criterion v0.3.6
[INFO] [stderr]    Compiling tiff v0.11.3 (/opt/rustwide/workdir)
[INFO] [stderr]     Finished `release` profile [optimized] target(s) in 1m 25s
[INFO] running `Command { std: "docker" "inspect" "868bb48374bfc3cad650a0ea2b9bee236f18d6d522c72b9ef08ee5a80b6fef16", kill_on_drop: false }`
[INFO] running `Command { std: "docker" "exec" "-e" "SOURCE_DIR=/opt/rustwide/workdir" "-e" "CARGO_HOME=/opt/rustwide/cargo-home" "-e" "RUSTUP_HOME=/opt/rustwide/rustup-home" "-e" "CARGO_TARGET_DIR=/opt/rustwide/target" "-e" "CARGO_INCREMENTAL=0" "-e" "RUST_BACKTRACE=full" "-e" "RUSTFLAGS=--cap-lints=warn" "-e" "RUSTDOCFLAGS=--cap-lints=warn" "-w" "/opt/rustwide/workdir" "--user" "0:0" "868bb48374bfc3cad650a0ea2b9bee236f18d6d522c72b9ef08ee5a80b6fef16" "/opt/rustwide/cargo-home/bin/cargo" "+1.99.0-beta.8" "test" "--frozen" "--release", kill_on_drop: false }`
[INFO] [stderr]     Finished `release` profile [optimized] target(s) in 0.09s
[INFO] [stderr]      Running unittests src/lib.rs (/opt/rustwide/target/release/deps/tiff-bf5546d91a3a474d)
[INFO] [stdout] 
[INFO] [stdout] running 17 tests
[INFO] [stdout] test decoder::cycles::cycles_are_detected ... ok
[INFO] [stdout] test decoder::cycles::reflective_cycle ... ok
[INFO] [stdout] test directory::tests::iteration_order ... ok
[INFO] [stdout] test encoder::compression::packbits::tests::test_packbits ... ok
[INFO] [stdout] test encoder::writer::encoder_on_short_writes ... ok
[INFO] [stdout] test encoder::compression::packbits::tests::test_packbits_rept ... ok
[INFO] [stdout] test encoder::compression::uncompressed::tests::test_no_compression ... ok
[INFO] [stdout] test encoder::compression::packbits::tests::test_packbits_single_byte ... ok
[INFO] [stdout] test encoder::directory_offset_new_equivalent_to_writing ... ok
[INFO] [stdout] test encoder::compression::deflate::tests::test_deflate ... ok
[INFO] [stdout] test decoder::cycles::late_cycle ... ok
[INFO] [stdout] test decoder::stream::test::test_packbits ... ok
[INFO] [stdout] test directory::tests::directory_multiple_entries ... ok
[INFO] [stdout] test decoder::cycles::odd_cycle ... ok
[INFO] [stdout] test encoder::compression::lzw::tests::test_lzw ... ok
[INFO] [stdout] test encoder::compression::packbits::tests::test_packbits_large_rept_nonrept ... ok
[INFO] [stdout] test decoder::tests::equivalence_of_tag_readers ... FAILED
[INFO] [stdout] 
[INFO] [stdout] failures:
[INFO] [stdout] 
[INFO] [stdout] ---- decoder::tests::equivalence_of_tag_readers stdout ----
[INFO] [stdout] 
[INFO] [stdout] thread 'decoder::tests::equivalence_of_tag_readers' (1770) panicked at src/decoder/mod.rs:1922:10:
[INFO] [stdout] called `Result::unwrap()` on an `Err` value: Os { code: 2, kind: NotFound, message: "No such file or directory" }
[INFO] [stdout] stack backtrace:
[INFO] [stdout]    0:     0x6170b3150641 - <<std[70759c8f55707aa4]::sys::backtrace::BacktraceLock>::print::DisplayBacktrace as core[df12db4294e9bfd3]::fmt::Display>::fmt
[INFO] [stdout]    1:     0x6170b3165f4a - core[df12db4294e9bfd3]::fmt::write
[INFO] [stdout]    2:     0x6170b3154b5c - <alloc[2182bb758b4b3781]::vec::Vec<u8> as core[df12db4294e9bfd3]::io::write::Write>::write_fmt
[INFO] [stdout]    3:     0x6170b312cc36 - std[70759c8f55707aa4]::panicking::default_hook::{closure#0}
[INFO] [stdout]    4:     0x6170b3148da9 - std[70759c8f55707aa4]::panicking::default_hook
[INFO] [stdout]    5:     0x6170b30c8660 - test[9d35eded1c95d3be]::test_main_inner::<test[9d35eded1c95d3be]::test_main_static::{closure#0}>::{closure#0}
[INFO] [stdout]    6:     0x6170b3148f62 - std[70759c8f55707aa4]::panicking::panic_with_hook
[INFO] [stdout]    7:     0x6170b312cce2 - std[70759c8f55707aa4]::panicking::panic_handler::{closure#0}
[INFO] [stdout]    8:     0x6170b3125a69 - std[70759c8f55707aa4]::sys::backtrace::__rust_end_short_backtrace::<std[70759c8f55707aa4]::panicking::panic_handler::{closure#0}, !>
[INFO] [stdout]    9:     0x6170b312d8dd - __rustc[8fa7c3cbc660c2b3]::rust_begin_unwind
[INFO] [stdout]   10:     0x6170b316667c - core[df12db4294e9bfd3]::panicking::panic_fmt
[INFO] [stdout]   11:     0x6170b3166452 - core[df12db4294e9bfd3]::result::unwrap_failed
[INFO] [stdout]   12:     0x6170b30a9504 - <tiff[7a6cc548bc35e46b]::decoder::tests::equivalence_of_tag_readers::{closure#0} as core[df12db4294e9bfd3]::ops::function::FnOnce<()>>::call_once
[INFO] [stdout]   13:     0x6170b30bb94b - test[9d35eded1c95d3be]::__rust_begin_short_backtrace::<core[df12db4294e9bfd3]::result::Result<(), alloc[2182bb758b4b3781]::string::String>, fn() -> core[df12db4294e9bfd3]::result::Result<(), alloc[2182bb758b4b3781]::string::String>>
[INFO] [stdout]   14:     0x6170b30c8fb5 - test[9d35eded1c95d3be]::run_test::{closure#0}
[INFO] [stdout]   15:     0x6170b30c2874 - std[70759c8f55707aa4]::sys::backtrace::__rust_begin_short_backtrace::<test[9d35eded1c95d3be]::run_test::{closure#1}, ()>
[INFO] [stdout]   16:     0x6170b30cc112 - <std[70759c8f55707aa4]::thread::lifecycle::spawn_unchecked<test[9d35eded1c95d3be]::run_test::{closure#1}, ()>::{closure#1} as core[df12db4294e9bfd3]::ops::function::FnOnce<()>>::call_once::{shim:vtable#0}
[INFO] [stdout]   17:     0x6170b314ff19 - <std[70759c8f55707aa4]::sys::thread::unix::Thread>::new::thread_start
[INFO] [stdout]   18:     0x70112e718dfa - <unknown>
[INFO] [stdout]   19:     0x70112e7ac3d4 - clone
[INFO] [stdout]   20:                0x0 - <unknown>
[INFO] [stdout] 
[INFO] [stdout] 
[INFO] [stdout] failures:
[INFO] [stdout]     decoder::tests::equivalence_of_tag_readers
[INFO] [stdout] 
[INFO] [stdout] test result: FAILED. 16 passed; 1 failed; 0 ignored; 0 measured; 0 filtered out; finished in 0.01s
[INFO] [stdout] 
[INFO] [stderr] error: test failed, to rerun pass `--lib`
[INFO] running `Command { std: "docker" "inspect" "868bb48374bfc3cad650a0ea2b9bee236f18d6d522c72b9ef08ee5a80b6fef16", kill_on_drop: false }`
[INFO] running `Command { std: "docker" "rm" "-f" "868bb48374bfc3cad650a0ea2b9bee236f18d6d522c72b9ef08ee5a80b6fef16", kill_on_drop: false }`
[INFO] [stdout] 868bb48374bfc3cad650a0ea2b9bee236f18d6d522c72b9ef08ee5a80b6fef16
