[INFO] fetching crate tiefdownconverter 0.10.0...
[INFO] testing tiefdownconverter-0.10.0 against 1.100.0-beta.1+cargoflags=--release for beta-release-1.100-2
[INFO] extracting crate tiefdownconverter 0.10.0 into /workspace/builds/worker-1-tc2/source
[INFO] started tweaking crates.io crate tiefdownconverter 0.10.0
[INFO] removed 0 missing tests
[INFO] finished tweaking crates.io crate tiefdownconverter 0.10.0
[INFO] tweaked toml for crates.io crate tiefdownconverter 0.10.0 written to /workspace/builds/worker-1-tc2/source/Cargo.toml
[INFO] validating manifest of crates.io crate tiefdownconverter 0.10.0 on toolchain 1.100.0-beta.1
[INFO] running `Command { std: CARGO_HOME="/workspace/cargo-home" RUSTUP_HOME="/workspace/rustup-home" "/workspace/cargo-home/bin/cargo" "+1.100.0-beta.1" "metadata" "--manifest-path" "Cargo.toml" "--no-deps", kill_on_drop: false }`
[INFO] crate crates.io crate tiefdownconverter 0.10.0 already has a lockfile, it will not be regenerated
[INFO] running `Command { std: CARGO_HOME="/workspace/cargo-home" RUSTUP_HOME="/workspace/rustup-home" "/workspace/cargo-home/bin/cargo" "+1.100.0-beta.1" "fetch" "--manifest-path" "Cargo.toml", kill_on_drop: false }`
[INFO] [stderr] warning: unused build dependency `chrono`
[INFO] [stderr]  --> Cargo.toml:5:21
[INFO] [stderr]   |
[INFO] [stderr] 5 | [build-dependencies.chrono]
[INFO] [stderr]   |                     ^^^^^^^
[INFO] [stderr]   |
[INFO] [stderr]   = note: `cargo::unused_dependencies` is set to `warn` by default
[INFO] [stderr] help: consider removing the dependency on `chrono`
[INFO] [stderr] warning: `tiefdownconverter` (manifest) generated 1 warning
[INFO] running `Command { std: "docker" "create" "-v" "/var/lib/crater-agent-workspace/builds/worker-1-tc2/source:/opt/rustwide/workdir:ro,Z" "-v" "/var/lib/crater-agent-workspace/builds/worker-1-tc2/target:/opt/rustwide/target:rw,Z" "-v" "/var/lib/crater-agent-workspace/cargo-home:/opt/rustwide/cargo-home:ro,Z" "-v" "/var/lib/crater-agent-workspace/rustup-home:/opt/rustwide/rustup-home:ro,Z" "-m" "1610612736" "--network" "none" "ghcr.io/rust-lang/crates-build-env/linux@sha256:77db811e55d90add9212f6832c23229e3de5f1c1f9905e8cb07319ea15df73ac" "sleep" "infinity", kill_on_drop: false }`
[INFO] [stdout] 73a47004fcac3e5aef27c59536ac3003337954889e17eb30796729de0ba8a67f
[INFO] running `Command { std: "docker" "start" "73a47004fcac3e5aef27c59536ac3003337954889e17eb30796729de0ba8a67f", kill_on_drop: false }`
[INFO] running `Command { std: "docker" "inspect" "73a47004fcac3e5aef27c59536ac3003337954889e17eb30796729de0ba8a67f", kill_on_drop: false }`
[INFO] running `Command { std: "docker" "exec" "-e" "SOURCE_DIR=/opt/rustwide/workdir" "-e" "CARGO_HOME=/opt/rustwide/cargo-home" "-e" "RUSTUP_HOME=/opt/rustwide/rustup-home" "-e" "CARGO_TARGET_DIR=/opt/rustwide/target" "-w" "/opt/rustwide/workdir" "--user" "0:0" "73a47004fcac3e5aef27c59536ac3003337954889e17eb30796729de0ba8a67f" "/opt/rustwide/cargo-home/bin/cargo" "+1.100.0-beta.1" "metadata" "--no-deps" "--format-version=1", kill_on_drop: false }`
[INFO] running `Command { std: "docker" "inspect" "73a47004fcac3e5aef27c59536ac3003337954889e17eb30796729de0ba8a67f", kill_on_drop: false }`
[INFO] running `Command { std: "docker" "exec" "-e" "SOURCE_DIR=/opt/rustwide/workdir" "-e" "CARGO_HOME=/opt/rustwide/cargo-home" "-e" "RUSTUP_HOME=/opt/rustwide/rustup-home" "-e" "CARGO_TARGET_DIR=/opt/rustwide/target" "-e" "CARGO_INCREMENTAL=0" "-e" "RUST_BACKTRACE=full" "-e" "RUSTFLAGS=--cap-lints=warn" "-e" "RUSTDOCFLAGS=--cap-lints=warn" "-w" "/opt/rustwide/workdir" "--user" "0:0" "73a47004fcac3e5aef27c59536ac3003337954889e17eb30796729de0ba8a67f" "/opt/rustwide/cargo-home/bin/cargo" "+1.100.0-beta.1" "build" "--frozen" "--message-format=json" "--release", kill_on_drop: false }`
[INFO] [stderr] warning: unused build dependency `chrono`
[INFO] [stderr]  --> Cargo.toml:5:21
[INFO] [stderr]   |
[INFO] [stderr] 5 | [build-dependencies.chrono]
[INFO] [stderr]   |                     ^^^^^^^
[INFO] [stderr]   |
[INFO] [stderr]   = note: `cargo::unused_dependencies` is set to `warn` by default
[INFO] [stderr] help: consider removing the dependency on `chrono`
[INFO] [stderr] warning: `tiefdownconverter` (manifest) generated 1 warning
[INFO] [stderr]    Compiling hashbrown v0.15.4
[INFO] [stderr]    Compiling syn v2.0.101
[INFO] [stderr]    Compiling openssl-sys v0.9.109
[INFO] [stderr]    Compiling anstyle-query v1.1.3
[INFO] [stderr]    Compiling futures-util v0.3.31
[INFO] [stderr]    Compiling regex-automata v0.4.9
[INFO] [stderr]    Compiling object v0.36.7
[INFO] [stderr]    Compiling owo-colors v4.2.1
[INFO] [stderr]    Compiling gimli v0.31.1
[INFO] [stderr]    Compiling miniz_oxide v0.8.8
[INFO] [stderr]    Compiling chrono v0.4.41
[INFO] [stderr]    Compiling num-traits v0.2.19
[INFO] [stderr]    Compiling anstream v0.6.19
[INFO] [stderr]    Compiling jiff v0.2.14
[INFO] [stderr]    Compiling rustc-demangle v0.1.24
[INFO] [stderr]    Compiling indenter v0.3.3
[INFO] [stderr]    Compiling winnow v0.7.10
[INFO] [stderr]    Compiling eyre v0.6.12
[INFO] [stderr]    Compiling colored v2.2.0
[INFO] [stderr]    Compiling clap_builder v4.5.39
[INFO] [stderr]    Compiling openssl v0.10.73
[INFO] [stderr]    Compiling native-tls v0.2.14
[INFO] [stderr]    Compiling fast-glob v1.0.0
[INFO] [stderr]    Compiling indexmap v2.9.0
[INFO] [stderr]    Compiling fs_extra v1.3.0
[INFO] [stderr]    Compiling h2 v0.4.10
[INFO] [stderr]    Compiling tiefdownlib v0.10.0
[INFO] [stderr]    Compiling addr2line v0.24.2
[INFO] [stderr]    Compiling tower v0.5.2
[INFO] [stderr]    Compiling regex v1.11.1
[INFO] [stderr]    Compiling tower-http v0.6.6
[INFO] [stderr]    Compiling synstructure v0.13.2
[INFO] [stderr]    Compiling env_filter v0.1.3
[INFO] [stderr]    Compiling backtrace v0.3.75
[INFO] [stderr]    Compiling hyper v1.6.0
[INFO] [stderr]    Compiling color-eyre v0.6.5
[INFO] [stderr]    Compiling zerofrom-derive v0.1.6
[INFO] [stderr]    Compiling yoke-derive v0.8.0
[INFO] [stderr]    Compiling zerovec-derive v0.11.1
[INFO] [stderr]    Compiling displaydoc v0.2.5
[INFO] [stderr]    Compiling serde_derive v1.0.219
[INFO] [stderr]    Compiling openssl-macros v0.1.1
[INFO] [stderr]    Compiling env_logger v0.11.8
[INFO] [stderr]    Compiling clap_derive v4.5.32
[INFO] [stderr]    Compiling zerofrom v0.1.6
[INFO] [stderr]    Compiling colog v1.3.0
[INFO] [stderr]    Compiling yoke v0.8.0
[INFO] [stderr]    Compiling zerovec v0.11.2
[INFO] [stderr]    Compiling zerotrie v0.2.2
[INFO] [stderr]    Compiling tinystr v0.8.1
[INFO] [stderr]    Compiling potential_utf v0.1.2
[INFO] [stderr]    Compiling icu_collections v2.0.0
[INFO] [stderr]    Compiling icu_locale_core v2.0.0
[INFO] [stderr]    Compiling hyper-util v0.1.14
[INFO] [stderr]    Compiling icu_provider v2.0.0
[INFO] [stderr]    Compiling serde v1.0.219
[INFO] [stderr]    Compiling clap v4.5.39
[INFO] [stderr]    Compiling icu_normalizer v2.0.0
[INFO] [stderr]    Compiling icu_properties v2.0.1
[INFO] [stderr]    Compiling tokio-native-tls v0.3.1
[INFO] [stderr]    Compiling hyper-tls v0.6.0
[INFO] [stderr]    Compiling idna_adapter v1.2.1
[INFO] [stderr]    Compiling idna v1.0.3
[INFO] [stderr]    Compiling url v2.5.4
[INFO] [stderr]    Compiling serde_spanned v0.6.9
[INFO] [stderr]    Compiling toml_datetime v0.6.11
[INFO] [stderr]    Compiling serde_urlencoded v0.7.1
[INFO] [stderr]    Compiling reqwest v0.12.19
[INFO] [stderr]    Compiling toml_edit v0.22.27
[INFO] [stderr]    Compiling toml v0.8.23
[INFO] [stderr]    Compiling tiefdownconverter v0.10.0 (/opt/rustwide/workdir)
[INFO] [stdout] warning: unused import: `command`
[INFO] [stdout]  --> src/cli.rs:1:63
[INFO] [stdout]   |
[INFO] [stdout] 1 | use clap::{Parser, Subcommand, builder::PossibleValuesParser, command};
[INFO] [stdout]   |                                                               ^^^^^^^
[INFO] [stdout]   |
[INFO] [stdout]   = note: `#[warn(unused_imports)]` (part of `#[warn(unused)]`) on by default
[INFO] [stdout] 
[INFO] [stdout] 
[INFO] [stderr]     Finished `release` profile [optimized] target(s) in 1m 23s
[INFO] running `Command { std: "docker" "inspect" "73a47004fcac3e5aef27c59536ac3003337954889e17eb30796729de0ba8a67f", kill_on_drop: false }`
[INFO] running `Command { std: "docker" "exec" "-e" "SOURCE_DIR=/opt/rustwide/workdir" "-e" "CARGO_HOME=/opt/rustwide/cargo-home" "-e" "RUSTUP_HOME=/opt/rustwide/rustup-home" "-e" "CARGO_TARGET_DIR=/opt/rustwide/target" "-e" "CARGO_INCREMENTAL=0" "-e" "RUST_BACKTRACE=full" "-e" "RUSTFLAGS=--cap-lints=warn" "-e" "RUSTDOCFLAGS=--cap-lints=warn" "-w" "/opt/rustwide/workdir" "--user" "0:0" "73a47004fcac3e5aef27c59536ac3003337954889e17eb30796729de0ba8a67f" "/opt/rustwide/cargo-home/bin/cargo" "+1.100.0-beta.1" "test" "--frozen" "--no-run" "--message-format=json" "--release", kill_on_drop: false }`
[INFO] [stderr] warning: unused build dependency `chrono`
[INFO] [stderr]  --> Cargo.toml:5:21
[INFO] [stderr]   |
[INFO] [stderr] 5 | [build-dependencies.chrono]
[INFO] [stderr]   |                     ^^^^^^^
[INFO] [stderr]   |
[INFO] [stderr]   = note: `cargo::unused_dependencies` is set to `warn` by default
[INFO] [stderr] help: consider removing the dependency on `chrono`
[INFO] [stderr] warning: `tiefdownconverter` (manifest) generated 1 warning
[INFO] [stderr]    Compiling regex-automata v0.4.9
[INFO] [stderr]    Compiling futures-macro v0.3.31
[INFO] [stderr]    Compiling serde v1.0.219
[INFO] [stderr]    Compiling openssl v0.10.73
[INFO] [stderr]    Compiling winnow v0.7.10
[INFO] [stderr]    Compiling icu_normalizer v2.0.0
[INFO] [stderr]    Compiling rstest_macros v0.25.0
[INFO] [stderr]    Compiling clap_derive v4.5.32
[INFO] [stderr]    Compiling float-cmp v0.10.0
[INFO] [stderr]    Compiling glob v0.3.2
[INFO] [stderr]    Compiling relative-path v1.9.3
[INFO] [stderr]    Compiling getrandom v0.3.3
[INFO] [stderr]    Compiling futures-timer v3.0.3
[INFO] [stderr]    Compiling tempfile v3.20.0
[INFO] [stderr]    Compiling idna_adapter v1.2.1
[INFO] [stderr]    Compiling idna v1.0.3
[INFO] [stderr]    Compiling futures-util v0.3.31
[INFO] [stderr]    Compiling url v2.5.4
[INFO] [stderr]    Compiling clap v4.5.39
[INFO] [stderr]    Compiling toml_edit v0.22.27
[INFO] [stderr]    Compiling serde_spanned v0.6.9
[INFO] [stderr]    Compiling toml_datetime v0.6.11
[INFO] [stderr]    Compiling serde_urlencoded v0.7.1
[INFO] [stderr]    Compiling proc-macro-crate v3.3.0
[INFO] [stderr]    Compiling regex v1.11.1
[INFO] [stderr]    Compiling native-tls v0.2.14
[INFO] [stderr]    Compiling bstr v1.12.0
[INFO] [stderr]    Compiling hyper v1.6.0
[INFO] [stderr]    Compiling tokio-native-tls v0.3.1
[INFO] [stderr]    Compiling tower v0.5.2
[INFO] [stderr]    Compiling env_filter v0.1.3
[INFO] [stderr]    Compiling predicates v3.1.3
[INFO] [stderr]    Compiling tower-http v0.6.6
[INFO] [stderr]    Compiling env_logger v0.11.8
[INFO] [stderr]    Compiling colog v1.3.0
[INFO] [stderr]    Compiling assert_cmd v2.0.17
[INFO] [stderr]    Compiling toml v0.8.23
[INFO] [stderr]    Compiling hyper-util v0.1.14
[INFO] [stderr]    Compiling hyper-tls v0.6.0
[INFO] [stderr]    Compiling reqwest v0.12.19
[INFO] [stderr]    Compiling rstest v0.25.0
[INFO] [stderr]    Compiling tiefdownlib v0.10.0
[INFO] [stderr]    Compiling tiefdownconverter v0.10.0 (/opt/rustwide/workdir)
[INFO] [stdout] warning: unused import: `command`
[INFO] [stdout]  --> src/cli.rs:1:63
[INFO] [stdout]   |
[INFO] [stdout] 1 | use clap::{Parser, Subcommand, builder::PossibleValuesParser, command};
[INFO] [stdout]   |                                                               ^^^^^^^
[INFO] [stdout]   |
[INFO] [stdout]   = note: `#[warn(unused_imports)]` (part of `#[warn(unused)]`) on by default
[INFO] [stdout] 
[INFO] [stdout] 
[INFO] [stdout] warning: unused import: `command`
[INFO] [stdout]  --> src/cli.rs:1:63
[INFO] [stdout]   |
[INFO] [stdout] 1 | use clap::{Parser, Subcommand, builder::PossibleValuesParser, command};
[INFO] [stdout]   |                                                               ^^^^^^^
[INFO] [stdout]   |
[INFO] [stdout]   = note: `#[warn(unused_imports)]` (part of `#[warn(unused)]`) on by default
[INFO] [stdout] 
[INFO] [stdout] 
[INFO] [stderr]     Finished `release` profile [optimized] target(s) in 1m 17s
[INFO] running `Command { std: "docker" "inspect" "73a47004fcac3e5aef27c59536ac3003337954889e17eb30796729de0ba8a67f", kill_on_drop: false }`
[INFO] running `Command { std: "docker" "exec" "-e" "SOURCE_DIR=/opt/rustwide/workdir" "-e" "CARGO_HOME=/opt/rustwide/cargo-home" "-e" "RUSTUP_HOME=/opt/rustwide/rustup-home" "-e" "CARGO_TARGET_DIR=/opt/rustwide/target" "-e" "CARGO_INCREMENTAL=0" "-e" "RUST_BACKTRACE=full" "-e" "RUSTFLAGS=--cap-lints=warn" "-e" "RUSTDOCFLAGS=--cap-lints=warn" "-w" "/opt/rustwide/workdir" "--user" "0:0" "73a47004fcac3e5aef27c59536ac3003337954889e17eb30796729de0ba8a67f" "/opt/rustwide/cargo-home/bin/cargo" "+1.100.0-beta.1" "test" "--frozen" "--release", kill_on_drop: false }`
[INFO] [stderr] warning: unused build dependency `chrono`
[INFO] [stderr]  --> Cargo.toml:5:21
[INFO] [stderr]   |
[INFO] [stderr] 5 | [build-dependencies.chrono]
[INFO] [stderr]   |                     ^^^^^^^
[INFO] [stderr]   |
[INFO] [stderr]   = note: `cargo::unused_dependencies` is set to `warn` by default
[INFO] [stderr] help: consider removing the dependency on `chrono`
[INFO] [stderr] warning: `tiefdownconverter` (manifest) generated 1 warning
[INFO] [stderr] warning: unused import: `command`
[INFO] [stderr]  --> src/cli.rs:1:63
[INFO] [stderr]   |
[INFO] [stderr] 1 | use clap::{Parser, Subcommand, builder::PossibleValuesParser, command};
[INFO] [stderr]   |                                                               ^^^^^^^
[INFO] [stderr]   |
[INFO] [stderr]   = note: `#[warn(unused_imports)]` (part of `#[warn(unused)]`) on by default
[INFO] [stderr] 
[INFO] [stderr] warning: `tiefdownconverter` (bin "tiefdownconverter" test) generated 1 warning (run `cargo fix --bin "tiefdownconverter" -p tiefdownconverter --tests` to apply 1 suggestion)
[INFO] [stderr] warning: `tiefdownconverter` (bin "tiefdownconverter") generated 1 warning (1 duplicate)
[INFO] [stderr]     Finished `release` profile [optimized] target(s) in 0.23s
[INFO] [stderr]      Running unittests src/main.rs (/opt/rustwide/target/release/build/tiefdownconverter/bbb5d63e433709a1/out/tiefdownconverter-bbb5d63e433709a1)
[INFO] [stdout] 
[INFO] [stderr]      Running tests/assertions.rs (/opt/rustwide/target/release/build/tiefdownconverter/6f57f68903c9cd49/out/assertions-6f57f68903c9cd49)
[INFO] [stdout] running 0 tests
[INFO] [stdout] 
[INFO] [stdout] test result: ok. 0 passed; 0 failed; 0 ignored; 0 measured; 0 filtered out; finished in 0.00s
[INFO] [stdout] 
[INFO] [stdout] 
[INFO] [stdout] running 0 tests
[INFO] [stdout] 
[INFO] [stdout] test result: ok. 0 passed; 0 failed; 0 ignored; 0 measured; 0 filtered out; finished in 0.00s
[INFO] [stdout] 
[INFO] [stderr]      Running tests/check_dependencies_integration_test.rs (/opt/rustwide/target/release/build/tiefdownconverter/9ad6f446aaa8ae60/out/check_dependencies_integration_test-9ad6f446aaa8ae60)
[INFO] [stdout] 
[INFO] [stdout] running 1 test
[INFO] [stdout] test test_check_dependencies_success ... FAILED
[INFO] [stdout] 
[INFO] [stdout] failures:
[INFO] [stdout] 
[INFO] [stdout] ---- test_check_dependencies_success stdout ----
[INFO] [stdout] 
[INFO] [stdout] thread 'test_check_dependencies_success' (3244) panicked at /rustc/e3feeb59cd1bdd011a2bfcc0747b55125d9b8527/library/core/src/ops/function.rs:250:5:
[INFO] [stdout] Unexpected failure.
[INFO] [stdout] code=1
[INFO] [stdout] stderr=``````
[INFO] [stdout] Error: 
[INFO] [stdout]    0: \x1b[91mSome dependencies are missing.\x1b[0m
[INFO] [stdout] 
[INFO] [stdout]   ━━━━━━━━━━━━━━━━━━━━━━━━━━━━━━━━━━ BACKTRACE ━━━━━━━━━━━━━━━━━━━━━━━━━━━━━━━━━━━
[INFO] [stdout]    1: \x1b[91m<color_eyre[eb40b628dce967ff]::config::EyreHook>::into_eyre_hook::{closure#0}\x1b[0m\x1b[90m<unknown>\x1b[0m
[INFO] [stdout]       at \x1b[35m<unknown source file>\x1b[0m:\x1b[35m<unknown line>\x1b[0m
[INFO] [stdout]    2: \x1b[91meyre[1e9c91eb0d35c16f]::private::format_err\x1b[0m\x1b[90m<unknown>\x1b[0m
[INFO] [stdout]       at \x1b[35m<unknown source file>\x1b[0m:\x1b[35m<unknown line>\x1b[0m
[INFO] [stdout]    3: \x1b[91mtiefdownlib[ffa914a8838994ac]::project_management::check_dependencies\x1b[0m\x1b[90m<unknown>\x1b[0m
[INFO] [stdout]       at \x1b[35m<unknown source file>\x1b[0m:\x1b[35m<unknown line>\x1b[0m
[INFO] [stdout]    4: \x1b[91mtiefdownconverter[ef4795dce429f55e]::main\x1b[0m\x1b[90m<unknown>\x1b[0m
[INFO] [stdout]       at \x1b[35m<unknown source file>\x1b[0m:\x1b[35m<unknown line>\x1b[0m
[INFO] [stdout]    5: \x1b[91mstd[617be2ca0a6fd877]::sys::backtrace::__rust_begin_short_backtrace::<fn() -> core[a373ad73a504971]::result::Result<(), eyre[1e9c91eb0d35c16f]::Report>, core[a373ad73a504971]::result::Result<(), eyre[1e9c91eb0d35c16f]::Report>>\x1b[0m\x1b[90m<unknown>\x1b[0m
[INFO] [stdout]       at \x1b[35m<unknown source file>\x1b[0m:\x1b[35m<unknown line>\x1b[0m
[INFO] [stdout]    6: \x1b[91mstd[617be2ca0a6fd877]::rt::lang_start::<core[a373ad73a504971]::result::Result<(), eyre[1e9c91eb0d35c16f]::Report>>::{closure#0}\x1b[0m\x1b[90m<unknown>\x1b[0m
[INFO] [stdout]       at \x1b[35m<unknown source file>\x1b[0m:\x1b[35m<unknown line>\x1b[0m
[INFO] [stdout]    7: \x1b[91mstd[617be2ca0a6fd877]::rt::lang_start_internal\x1b[0m\x1b[90m<unknown>\x1b[0m
[INFO] [stdout]       at \x1b[35m<unknown source file>\x1b[0m:\x1b[35m<unknown line>\x1b[0m
[INFO] [stdout]    8: \x1b[32mmain\x1b[0m\x1b[90m<unknown>\x1b[0m
[INFO] [stdout]       at \x1b[35m<unknown source file>\x1b[0m:\x1b[35m<unknown line>\x1b[0m
[INFO] [stdout]    9: \x1b[32m__libc_start_main\x1b[0m\x1b[90m<unknown>\x1b[0m
[INFO] [stdout]       at \x1b[35m<unknown source file>\x1b[0m:\x1b[35m<unknown line>\x1b[0m
[INFO] [stdout]   10: \x1b[32m_start\x1b[0m\x1b[90m<unknown>\x1b[0m
[INFO] [stdout]       at \x1b[35m<unknown source file>\x1b[0m:\x1b[35m<unknown line>\x1b[0m
[INFO] [stdout] 
[INFO] [stdout] Run with COLORBT_SHOW_HIDDEN=1 environment variable to disable frame filtering.
[INFO] [stdout] ```
[INFO] [stdout] ```
[INFO] [stdout] command=`"/opt/rustwide/target/release/tiefdownconverter" "check-dependencies"`
[INFO] [stdout] code=1
[INFO] [stdout] stdout=```
[INFO] [stdout] ERR Could not call pandoc:
[INFO] [stdout] No such file or directory (os error 2)
[INFO] [stdout] ERR Could not call xelatex:
[INFO] [stdout] No such file or directory (os error 2)
[INFO] [stdout] ERR Could not call typst:
[INFO] [stdout] No such file or directory (os error 2)
[INFO] [stdout] ```
[INFO] [stdout] 
[INFO] [stdout] stderr=```
[INFO] [stdout] Error: 
[INFO] [stdout]    0: \x1b[91mSome dependencies are missing.\x1b[0m
[INFO] [stdout] 
[INFO] [stdout]   ━━━━━━━━━━━━━━━━━━━━━━━━━━━━━━━━━━ BACKTRACE ━━━━━━━━━━━━━━━━━━━━━━━━━━━━━━━━━━━
[INFO] [stdout]    1: \x1b[91m<color_eyre[eb40b628dce967ff]::config::EyreHook>::into_eyre_hook::{closure#0}\x1b[0m\x1b[90m<unknown>\x1b[0m
[INFO] [stdout]       at \x1b[35m<unknown source file>\x1b[0m:\x1b[35m<unknown line>\x1b[0m
[INFO] [stdout]    2: \x1b[91meyre[1e9c91eb0d35c16f]::private::format_err\x1b[0m\x1b[90m<unknown>\x1b[0m
[INFO] [stdout]       at \x1b[35m<unknown source file>\x1b[0m:\x1b[35m<unknown line>\x1b[0m
[INFO] [stdout]    3: \x1b[91mtiefdownlib[ffa914a8838994ac]::project_management::check_dependencies\x1b[0m\x1b[90m<unknown>\x1b[0m
[INFO] [stdout]       at \x1b[35m<unknown source file>\x1b[0m:\x1b[35m<unknown line>\x1b[0m
[INFO] [stdout]    4: \x1b[91mtiefdownconverter[ef4795dce429f55e]::main\x1b[0m\x1b[90m<unknown>\x1b[0m
[INFO] [stdout]       at \x1b[35m<unknown source file>\x1b[0m:\x1b[35m<unknown line>\x1b[0m
[INFO] [stdout]    5: \x1b[91mstd[617be2ca0a6fd877]::sys::backtrace::__rust_begin_short_backtrace::<fn() -> core[a373ad73a504971]::result::Result<(), eyre[1e9c91eb0d35c16f]::Report>, core[a373ad73a504971]::result::Result<(), eyre[1e9c91eb0d35c16f]::Report>>\x1b[0m\x1b[90m<unknown>\x1b[0m
[INFO] [stdout]       at \x1b[35m<unknown source file>\x1b[0m:\x1b[35m<unknown line>\x1b[0m
[INFO] [stdout]    6: \x1b[91mstd[617be2ca0a6fd877]::rt::lang_start::<core[a373ad73a504971]::result::Result<(), eyre[1e9c91eb0d35c16f]::Report>>::{closure#0}\x1b[0m\x1b[90m<unknown>\x1b[0m
[INFO] [stdout]       at \x1b[35m<unknown source file>\x1b[0m:\x1b[35m<unknown line>\x1b[0m
[INFO] [stdout]    7: \x1b[91mstd[617be2ca0a6fd877]::rt::lang_start_internal\x1b[0m\x1b[90m<unknown>\x1b[0m
[INFO] [stdout]       at \x1b[35m<unknown source file>\x1b[0m:\x1b[35m<unknown line>\x1b[0m
[INFO] [stdout]    8: \x1b[32mmain\x1b[0m\x1b[90m<unknown>\x1b[0m
[INFO] [stdout]       at \x1b[35m<unknown source file>\x1b[0m:\x1b[35m<unknown line>\x1b[0m
[INFO] [stdout]    9: \x1b[32m__libc_start_main\x1b[0m\x1b[90m<unknown>\x1b[0m
[INFO] [stdout]       at \x1b[35m<unknown source file>\x1b[0m:\x1b[35m<unknown line>\x1b[0m
[INFO] [stdout]   10: \x1b[32m_start\x1b[0m\x1b[90m<unknown>\x1b[0m
[INFO] [stdout]       at \x1b[35m<unknown source file>\x1b[0m:\x1b[35m<unknown line>\x1b[0m
[INFO] [stdout] 
[INFO] [stdout] Run with COLORBT_SHOW_HIDDEN=1 environment variable to disable frame filtering.
[INFO] [stdout] ```
[INFO] [stdout] 
[INFO] [stdout] 
[INFO] [stdout] stack backtrace:
[INFO] [stdout]    0:     0x59f8346099f1 - <<std[617be2ca0a6fd877]::sys::backtrace::BacktraceLock>::print::DisplayBacktrace as core[a373ad73a504971]::fmt::Display>::fmt
[INFO] [stdout]    1:     0x59f83462010a - core[a373ad73a504971]::fmt::write
[INFO] [stdout]    2:     0x59f83460f01c - <alloc[2e1b2a31b91974c5]::vec::Vec<u8> as core[a373ad73a504971]::io::write::Write>::write_fmt
[INFO] [stdout]    3:     0x59f8345e5506 - std[617be2ca0a6fd877]::panicking::default_hook::{closure#0}
[INFO] [stdout]    4:     0x59f834602009 - std[617be2ca0a6fd877]::panicking::default_hook
[INFO] [stdout]    5:     0x59f834592640 - test[aada8e7e76ba119b]::test_main_inner::{closure#0}
[INFO] [stdout]    6:     0x59f8346021c2 - std[617be2ca0a6fd877]::panicking::panic_with_hook
[INFO] [stdout]    7:     0x59f8345e55b2 - std[617be2ca0a6fd877]::panicking::panic_handler::{closure#0}
[INFO] [stdout]    8:     0x59f8345de2c9 - std[617be2ca0a6fd877]::sys::backtrace::__rust_end_short_backtrace::<std[617be2ca0a6fd877]::panicking::panic_handler::{closure#0}, !>
[INFO] [stdout]    9:     0x59f8345e61bd - __rustc[ea4f61d10b84890b]::rust_begin_unwind
[INFO] [stdout]   10:     0x59f8346208bc - core[a373ad73a504971]::panicking::panic_fmt
[INFO] [stdout]   11:     0x59f8345c64c3 - <assert_cmd[9daf0b5aaaa88462]::assert::AssertError>::panic::<assert_cmd[9daf0b5aaaa88462]::assert::Assert>
[INFO] [stdout]   12:     0x59f8345c6a46 - <assert_cmd[9daf0b5aaaa88462]::assert::Assert>::success
[INFO] [stdout]   13:     0x59f8345856d5 - <check_dependencies_integration_test[ac50020d84f52145]::test_check_dependencies_success::{closure#0} as core[a373ad73a504971]::ops::function::FnOnce<()>>::call_once
[INFO] [stdout]   14:     0x59f834585a8b - test[aada8e7e76ba119b]::__rust_begin_short_backtrace::<core[a373ad73a504971]::result::Result<(), alloc[2e1b2a31b91974c5]::string::String>, fn() -> core[a373ad73a504971]::result::Result<(), alloc[2e1b2a31b91974c5]::string::String>>
[INFO] [stdout]   15:     0x59f834592c65 - test[aada8e7e76ba119b]::run_test::{closure#0}
[INFO] [stdout]   16:     0x59f83458c554 - std[617be2ca0a6fd877]::sys::backtrace::__rust_begin_short_backtrace::<test[aada8e7e76ba119b]::run_test::{closure#1}, ()>
[INFO] [stdout]   17:     0x59f834595cf2 - <std[617be2ca0a6fd877]::thread::lifecycle::spawn_unchecked<test[aada8e7e76ba119b]::run_test::{closure#1}, ()>::{closure#1} as core[a373ad73a504971]::ops::function::FnOnce<()>>::call_once::{shim:vtable#0}
[INFO] [stdout]   18:     0x59f8346091cf - <std[617be2ca0a6fd877]::sys::thread::unix::Thread>::new::thread_start
[INFO] [stdout]   19:     0x7f87db00fdfa - <unknown>
[INFO] [stdout]   20:     0x7f87db0a33d4 - clone
[INFO] [stdout]   21:                0x0 - <unknown>
[INFO] [stdout] 
[INFO] [stdout] 
[INFO] [stdout] failures:
[INFO] [stdout]     test_check_dependencies_success
[INFO] [stdout] 
[INFO] [stdout] test result: FAILED. 0 passed; 1 failed; 0 ignored; 0 measured; 0 filtered out; finished in 0.02s
[INFO] [stdout] 
[INFO] [stderr] error: test failed, to rerun pass `--test check_dependencies_integration_test`
[INFO] running `Command { std: "docker" "inspect" "73a47004fcac3e5aef27c59536ac3003337954889e17eb30796729de0ba8a67f", kill_on_drop: false }`
[INFO] running `Command { std: "docker" "rm" "-f" "73a47004fcac3e5aef27c59536ac3003337954889e17eb30796729de0ba8a67f", kill_on_drop: false }`
[INFO] [stdout] 73a47004fcac3e5aef27c59536ac3003337954889e17eb30796729de0ba8a67f
