[INFO] fetching crate tidploy 0.16.0...
[INFO] testing tidploy-0.16.0 against 1.100.0-beta.1+cargoflags=--release for beta-release-1.100-2
[INFO] extracting crate tidploy 0.16.0 into /workspace/builds/worker-4-tc2/source
[INFO] started tweaking crates.io crate tidploy 0.16.0
[INFO] finished tweaking crates.io crate tidploy 0.16.0
[INFO] tweaked toml for crates.io crate tidploy 0.16.0 written to /workspace/builds/worker-4-tc2/source/Cargo.toml
[INFO] validating manifest of crates.io crate tidploy 0.16.0 on toolchain 1.100.0-beta.1
[INFO] running `Command { std: CARGO_HOME="/workspace/cargo-home" RUSTUP_HOME="/workspace/rustup-home" "/workspace/cargo-home/bin/cargo" "+1.100.0-beta.1" "metadata" "--manifest-path" "Cargo.toml" "--no-deps", kill_on_drop: false }`
[INFO] crate crates.io crate tidploy 0.16.0 already has a lockfile, it will not be regenerated
[INFO] running `Command { std: CARGO_HOME="/workspace/cargo-home" RUSTUP_HOME="/workspace/rustup-home" "/workspace/cargo-home/bin/cargo" "+1.100.0-beta.1" "fetch" "--manifest-path" "Cargo.toml", kill_on_drop: false }`
[INFO] running `Command { std: "docker" "create" "-v" "/var/lib/crater-agent-workspace/builds/worker-4-tc2/source:/opt/rustwide/workdir:ro,Z" "-v" "/var/lib/crater-agent-workspace/builds/worker-4-tc2/target:/opt/rustwide/target:rw,Z" "-v" "/var/lib/crater-agent-workspace/cargo-home:/opt/rustwide/cargo-home:ro,Z" "-v" "/var/lib/crater-agent-workspace/rustup-home:/opt/rustwide/rustup-home:ro,Z" "-m" "1610612736" "--network" "none" "ghcr.io/rust-lang/crates-build-env/linux@sha256:77db811e55d90add9212f6832c23229e3de5f1c1f9905e8cb07319ea15df73ac" "sleep" "infinity", kill_on_drop: false }`
[INFO] [stdout] 5df3c4d1ac1bf0c9c4c6a2e916ac2790dc75945daf34bd92036bd01bc8d8ee80
[INFO] running `Command { std: "docker" "start" "5df3c4d1ac1bf0c9c4c6a2e916ac2790dc75945daf34bd92036bd01bc8d8ee80", kill_on_drop: false }`
[INFO] running `Command { std: "docker" "inspect" "5df3c4d1ac1bf0c9c4c6a2e916ac2790dc75945daf34bd92036bd01bc8d8ee80", kill_on_drop: false }`
[INFO] running `Command { std: "docker" "exec" "-e" "SOURCE_DIR=/opt/rustwide/workdir" "-e" "CARGO_HOME=/opt/rustwide/cargo-home" "-e" "RUSTUP_HOME=/opt/rustwide/rustup-home" "-e" "CARGO_TARGET_DIR=/opt/rustwide/target" "-w" "/opt/rustwide/workdir" "--user" "0:0" "5df3c4d1ac1bf0c9c4c6a2e916ac2790dc75945daf34bd92036bd01bc8d8ee80" "/opt/rustwide/cargo-home/bin/cargo" "+1.100.0-beta.1" "metadata" "--no-deps" "--format-version=1", kill_on_drop: false }`
[INFO] running `Command { std: "docker" "inspect" "5df3c4d1ac1bf0c9c4c6a2e916ac2790dc75945daf34bd92036bd01bc8d8ee80", kill_on_drop: false }`
[INFO] running `Command { std: "docker" "exec" "-e" "SOURCE_DIR=/opt/rustwide/workdir" "-e" "CARGO_HOME=/opt/rustwide/cargo-home" "-e" "RUSTUP_HOME=/opt/rustwide/rustup-home" "-e" "CARGO_TARGET_DIR=/opt/rustwide/target" "-e" "CARGO_INCREMENTAL=0" "-e" "RUST_BACKTRACE=full" "-e" "RUSTFLAGS=--cap-lints=warn" "-e" "RUSTDOCFLAGS=--cap-lints=warn" "-w" "/opt/rustwide/workdir" "--user" "0:0" "5df3c4d1ac1bf0c9c4c6a2e916ac2790dc75945daf34bd92036bd01bc8d8ee80" "/opt/rustwide/cargo-home/bin/cargo" "+1.100.0-beta.1" "build" "--frozen" "--message-format=json" "--release", kill_on_drop: false }`
[INFO] [stderr]    Compiling proc-macro2 v1.0.76
[INFO] [stderr]    Compiling libc v0.2.154
[INFO] [stderr]    Compiling once_cell v1.19.0
[INFO] [stderr]    Compiling version_check v0.9.4
[INFO] [stderr]    Compiling typenum v1.17.0
[INFO] [stderr]    Compiling regex-syntax v0.8.3
[INFO] [stderr]    Compiling regex-syntax v0.6.29
[INFO] [stderr]    Compiling serde v1.0.195
[INFO] [stderr]    Compiling log v0.4.21
[INFO] [stderr]    Compiling overload v0.1.1
[INFO] [stderr]    Compiling smallvec v1.11.2
[INFO] [stderr]    Compiling cc v1.0.95
[INFO] [stderr]    Compiling sharded-slab v0.1.7
[INFO] [stderr]    Compiling memchr v2.7.1
[INFO] [stderr]    Compiling eyre v0.6.12
[INFO] [stderr]    Compiling paste v1.0.14
[INFO] [stderr]    Compiling nu-ansi-term v0.46.0
[INFO] [stderr]    Compiling tracing-core v0.1.32
[INFO] [stderr]    Compiling thread_local v1.1.7
[INFO] [stderr]    Compiling anstyle v1.0.4
[INFO] [stderr]    Compiling generic-array v0.14.7
[INFO] [stderr]    Compiling gimli v0.28.1
[INFO] [stderr]    Compiling anstream v0.6.7
[INFO] [stderr]    Compiling miniz_oxide v0.7.2
[INFO] [stderr]    Compiling indexmap v2.1.0
[INFO] [stderr]    Compiling indenter v0.3.3
[INFO] [stderr]    Compiling rustc-demangle v0.1.23
[INFO] [stderr]    Compiling thiserror v1.0.56
[INFO] [stderr]    Compiling winnow v0.5.34
[INFO] [stderr]    Compiling quote v1.0.35
[INFO] [stderr]    Compiling syn v2.0.48
[INFO] [stderr]    Compiling tracing-log v0.2.0
[INFO] [stderr]    Compiling object v0.32.2
[INFO] [stderr]    Compiling strsim v0.10.0
[INFO] [stderr]    Compiling camino v1.1.6
[INFO] [stderr]    Compiling serde_json v1.0.111
[INFO] [stderr]    Compiling owo-colors v3.5.0
[INFO] [stderr]    Compiling clap_lex v0.6.0
[INFO] [stderr]    Compiling rtoolbox v0.0.2
[INFO] [stderr]    Compiling backtrace v0.3.71
[INFO] [stderr]    Compiling os_pipe v1.1.5
[INFO] [stderr]    Compiling dirs-sys v0.4.1
[INFO] [stderr]    Compiling linux-keyutils v0.2.3
[INFO] [stderr]    Compiling clap_builder v4.4.16
[INFO] [stderr]    Compiling shared_child v1.0.0
[INFO] [stderr]    Compiling colored v2.1.0
[INFO] [stderr]    Compiling block-buffer v0.10.4
[INFO] [stderr]    Compiling crypto-common v0.1.6
[INFO] [stderr]    Compiling cpufeatures v0.2.12
[INFO] [stderr]    Compiling keyring v2.3.1
[INFO] [stderr]    Compiling duct v0.13.7
[INFO] [stderr]    Compiling digest v0.10.7
[INFO] [stderr]    Compiling rpassword v7.3.1
[INFO] [stderr]    Compiling directories v5.0.1
[INFO] [stderr]    Compiling regex-automata v0.1.10
[INFO] [stderr]    Compiling sha2 v0.10.8
[INFO] [stderr]    Compiling spinoff v0.8.0
[INFO] [stderr]    Compiling regex-automata v0.4.6
[INFO] [stderr]    Compiling relative-path v1.9.2
[INFO] [stderr]    Compiling matchers v0.1.0
[INFO] [stderr]    Compiling addr2line v0.21.0
[INFO] [stderr]    Compiling serde_derive v1.0.195
[INFO] [stderr]    Compiling tracing-attributes v0.1.27
[INFO] [stderr]    Compiling thiserror-impl v1.0.56
[INFO] [stderr]    Compiling test-log-macros v0.2.15
[INFO] [stderr]    Compiling clap_derive v4.4.7
[INFO] [stderr]    Compiling regex v1.10.4
[INFO] [stderr]    Compiling tracing v0.1.40
[INFO] [stderr]    Compiling tracing-subscriber v0.3.18
[INFO] [stderr]    Compiling clap v4.4.16
[INFO] [stderr]    Compiling tracing-error v0.2.0
[INFO] [stderr]    Compiling test-log v0.2.15
[INFO] [stderr]    Compiling color-spantrace v0.2.1
[INFO] [stderr]    Compiling color-eyre v0.6.3
[INFO] [stderr]    Compiling serde_spanned v0.6.5
[INFO] [stderr]    Compiling toml_datetime v0.6.5
[INFO] [stderr]    Compiling toml_edit v0.21.0
[INFO] [stderr]    Compiling toml v0.8.8
[INFO] [stderr]    Compiling tidploy v0.16.0 (/opt/rustwide/workdir)
[INFO] [stdout] warning: trait `PathClean` is never used
[INFO] [stdout]    --> src/filesystem.rs:102:11
[INFO] [stdout]     |
[INFO] [stdout] 102 | pub trait PathClean {
[INFO] [stdout]     |           ^^^^^^^^^
[INFO] [stdout]     |
[INFO] [stdout]     = note: `#[warn(dead_code)]` (part of `#[warn(unused)]`) on by default
[INFO] [stdout] 
[INFO] [stdout] 
[INFO] [stdout] warning: function `clean` is never used
[INFO] [stdout]    --> src/filesystem.rs:121:8
[INFO] [stdout]     |
[INFO] [stdout] 121 | pub fn clean<P>(path: P) -> Utf8PathBuf
[INFO] [stdout]     |        ^^^^^
[INFO] [stdout] 
[INFO] [stdout] 
[INFO] [stderr] warning: unused dependency `test-log`
[INFO] [stderr]   --> Cargo.toml:48:15
[INFO] [stderr]    |
[INFO] [stderr] 48 | [dependencies.test-log]
[INFO] [stderr]    |               ^^^^^^^^^
[INFO] [stderr]    |
[INFO] [stderr]    = note: `cargo::unused_dependencies` is set to `warn` by default
[INFO] [stderr] help: consider removing the dependency on `test-log`
[INFO] [stderr] warning: `tidploy` (manifest) generated 1 warning
[INFO] [stderr]     Finished `release` profile [optimized] target(s) in 1m 12s
[INFO] running `Command { std: "docker" "inspect" "5df3c4d1ac1bf0c9c4c6a2e916ac2790dc75945daf34bd92036bd01bc8d8ee80", kill_on_drop: false }`
[INFO] running `Command { std: "docker" "exec" "-e" "SOURCE_DIR=/opt/rustwide/workdir" "-e" "CARGO_HOME=/opt/rustwide/cargo-home" "-e" "RUSTUP_HOME=/opt/rustwide/rustup-home" "-e" "CARGO_TARGET_DIR=/opt/rustwide/target" "-e" "CARGO_INCREMENTAL=0" "-e" "RUST_BACKTRACE=full" "-e" "RUSTFLAGS=--cap-lints=warn" "-e" "RUSTDOCFLAGS=--cap-lints=warn" "-w" "/opt/rustwide/workdir" "--user" "0:0" "5df3c4d1ac1bf0c9c4c6a2e916ac2790dc75945daf34bd92036bd01bc8d8ee80" "/opt/rustwide/cargo-home/bin/cargo" "+1.100.0-beta.1" "test" "--frozen" "--no-run" "--message-format=json" "--release", kill_on_drop: false }`
[INFO] [stderr]    Compiling tidploy v0.16.0 (/opt/rustwide/workdir)
[INFO] [stdout] warning: trait `PathClean` is never used
[INFO] [stdout]    --> src/filesystem.rs:102:11
[INFO] [stdout]     |
[INFO] [stdout] 102 | pub trait PathClean {
[INFO] [stdout]     |           ^^^^^^^^^
[INFO] [stdout]     |
[INFO] [stdout]     = note: `#[warn(dead_code)]` (part of `#[warn(unused)]`) on by default
[INFO] [stdout] 
[INFO] [stdout] 
[INFO] [stdout] warning: function `clean` is never used
[INFO] [stdout]    --> src/filesystem.rs:121:8
[INFO] [stdout]     |
[INFO] [stdout] 121 | pub fn clean<P>(path: P) -> Utf8PathBuf
[INFO] [stdout]     |        ^^^^^
[INFO] [stdout] 
[INFO] [stdout] 
[INFO] [stdout] warning: trait `PathClean` is never used
[INFO] [stdout]    --> src/filesystem.rs:102:11
[INFO] [stdout]     |
[INFO] [stdout] 102 | pub trait PathClean {
[INFO] [stdout]     |           ^^^^^^^^^
[INFO] [stdout]     |
[INFO] [stdout]     = note: `#[warn(dead_code)]` (part of `#[warn(unused)]`) on by default
[INFO] [stdout] 
[INFO] [stdout] 
[INFO] [stdout] warning: function `clean` is never used
[INFO] [stdout]    --> src/filesystem.rs:121:8
[INFO] [stdout]     |
[INFO] [stdout] 121 | pub fn clean<P>(path: P) -> Utf8PathBuf
[INFO] [stdout]     |        ^^^^^
[INFO] [stdout] 
[INFO] [stdout] 
[INFO] [stderr] warning: unused dependency `test-log`
[INFO] [stderr]   --> Cargo.toml:48:15
[INFO] [stderr]    |
[INFO] [stderr] 48 | [dependencies.test-log]
[INFO] [stderr]    |               ^^^^^^^^^
[INFO] [stderr]    |
[INFO] [stderr]    = note: `cargo::unused_dependencies` is set to `warn` by default
[INFO] [stderr] help: consider removing the dependency on `test-log`
[INFO] [stderr] help: to still use for development builds, move to `dev-dependencies`
[INFO] [stderr] warning: `tidploy` (manifest) generated 1 warning
[INFO] [stderr]     Finished `release` profile [optimized] target(s) in 3.67s
[INFO] running `Command { std: "docker" "inspect" "5df3c4d1ac1bf0c9c4c6a2e916ac2790dc75945daf34bd92036bd01bc8d8ee80", kill_on_drop: false }`
[INFO] running `Command { std: "docker" "exec" "-e" "SOURCE_DIR=/opt/rustwide/workdir" "-e" "CARGO_HOME=/opt/rustwide/cargo-home" "-e" "RUSTUP_HOME=/opt/rustwide/rustup-home" "-e" "CARGO_TARGET_DIR=/opt/rustwide/target" "-e" "CARGO_INCREMENTAL=0" "-e" "RUST_BACKTRACE=full" "-e" "RUSTFLAGS=--cap-lints=warn" "-e" "RUSTDOCFLAGS=--cap-lints=warn" "-w" "/opt/rustwide/workdir" "--user" "0:0" "5df3c4d1ac1bf0c9c4c6a2e916ac2790dc75945daf34bd92036bd01bc8d8ee80" "/opt/rustwide/cargo-home/bin/cargo" "+1.100.0-beta.1" "test" "--frozen" "--release", kill_on_drop: false }`
[INFO] [stderr] warning: trait `PathClean` is never used
[INFO] [stderr]    --> src/filesystem.rs:102:11
[INFO] [stderr]     |
[INFO] [stderr] 102 | pub trait PathClean {
[INFO] [stderr]     |           ^^^^^^^^^
[INFO] [stderr]     |
[INFO] [stderr]     = note: `#[warn(dead_code)]` (part of `#[warn(unused)]`) on by default
[INFO] [stderr] 
[INFO] [stderr] warning: function `clean` is never used
[INFO] [stderr]    --> src/filesystem.rs:121:8
[INFO] [stderr]     |
[INFO] [stderr] 121 | pub fn clean<P>(path: P) -> Utf8PathBuf
[INFO] [stderr]     |        ^^^^^
[INFO] [stderr] 
[INFO] [stderr] warning: `tidploy` (lib) generated 2 warnings
[INFO] [stderr] warning: `tidploy` (lib test) generated 2 warnings (2 duplicates)
[INFO] [stderr] warning: unused dependency `test-log`
[INFO] [stderr]   --> Cargo.toml:48:15
[INFO] [stderr]    |
[INFO] [stderr] 48 | [dependencies.test-log]
[INFO] [stderr]    |               ^^^^^^^^^
[INFO] [stderr]    |
[INFO] [stderr]    = note: `cargo::unused_dependencies` is set to `warn` by default
[INFO] [stderr] help: consider removing the dependency on `test-log`
[INFO] [stderr] help: to still use for development builds, move to `dev-dependencies`
[INFO] [stderr] warning: `tidploy` (manifest) generated 1 warning
[INFO] [stderr]     Finished `release` profile [optimized] target(s) in 0.12s
[INFO] [stderr]      Running unittests src/lib.rs (/opt/rustwide/target/release/build/tidploy/b20be5e251bdfe87/out/tidploy-b20be5e251bdfe87)
[INFO] [stdout] 
[INFO] [stdout] running 3 tests
[INFO] [stdout] test next::config::tests::paths_simple ... ok
[INFO] [stderr]      Running unittests src/main.rs (/opt/rustwide/target/release/build/tidploy/d569792607107df4/out/tidploy-d569792607107df4)
[INFO] [stdout] test git::tests::parse_test_local ... ok
[INFO] [stdout] test git::tests::parse_test_git ... ok
[INFO] [stdout] 
[INFO] [stdout] test result: ok. 3 passed; 0 failed; 0 ignored; 0 measured; 0 filtered out; finished in 0.00s
[INFO] [stdout] 
[INFO] [stdout] 
[INFO] [stdout] running 0 tests
[INFO] [stdout] 
[INFO] [stdout] test result: ok. 0 passed; 0 failed; 0 ignored; 0 measured; 0 filtered out; finished in 0.00s
[INFO] [stdout] 
[INFO] [stderr]      Running tests/run_tests.rs (/opt/rustwide/target/release/build/tidploy/a09b4d8ee4956dfb/out/run_tests-a09b4d8ee4956dfb)
[INFO] [stdout] 
[INFO] [stdout] running 9 tests
[INFO] [stdout] test test_secret_set ... FAILED
[INFO] [stdout] test test_secret_get ... FAILED
[INFO] [stdout] test test_config_address ... ok
[INFO] [stdout] test test_git_download ... FAILED
[INFO] [stdout] test test_run ... ok
[INFO] [stdout] test test_stdout_stderr ... ok
[INFO] [stdout] test test_run_execution_path ... ok
[INFO] [stdout] test test_input ... ok
[INFO] [stdout] test test_spinner ... ok
[INFO] [stdout] 
[INFO] [stdout] failures:
[INFO] [stdout] 
[INFO] [stdout] ---- test_secret_set stdout ----
[INFO] [stdout] Error: CommandError { msg: "An error occurred in the inner application layer.", source: Internal keyring failure. Failed to set key workdir::tidploy_root::tidploy_default_hash: Platform secure storage failure: Unknown(1)
[INFO] [stdout] 
[INFO] [stdout] Caused by:
[INFO] [stdout]    0: Failed to set key workdir::tidploy_root::tidploy_default_hash: Platform secure storage failure: Unknown(1)
[INFO] [stdout]    1: Platform secure storage failure: Unknown(1)
[INFO] [stdout]    2: Unknown(1)
[INFO] [stdout] 
[INFO] [stdout] Location:
[INFO] [stdout]     src/next/secrets.rs:133:21 }
[INFO] [stdout] 
[INFO] [stdout] ---- test_secret_get stdout ----
[INFO] [stdout] 
[INFO] [stdout] thread 'test_secret_get' (1793) panicked at tests/run_tests.rs:110:46:
[INFO] [stdout] called `Result::unwrap()` on an `Err` value: PlatformFailure(Unknown(1))
[INFO] [stdout] stack backtrace:
[INFO] [stdout]    0:     0x55d74e277b81 - <<std[617be2ca0a6fd877]::sys::backtrace::BacktraceLock>::print::DisplayBacktrace as core[a373ad73a504971]::fmt::Display>::fmt
[INFO] [stdout]    1:     0x55d74e28fd9a - core[a373ad73a504971]::fmt::write
[INFO] [stdout]    2:     0x55d74e27d8bc - <alloc[2e1b2a31b91974c5]::vec::Vec<u8> as core[a373ad73a504971]::io::write::Write>::write_fmt
[INFO] [stdout]    3:     0x55d74e250c36 - std[617be2ca0a6fd877]::panicking::default_hook::{closure#0}
[INFO] [stdout]    4:     0x55d74e26e569 - std[617be2ca0a6fd877]::panicking::default_hook
[INFO] [stdout]    5:     0x55d74e0c2170 - test[aada8e7e76ba119b]::test_main_inner::{closure#0}
[INFO] [stdout]    6:     0x55d74e26e722 - std[617be2ca0a6fd877]::panicking::panic_with_hook
[INFO] [stdout]    7:     0x55d74e250ce2 - std[617be2ca0a6fd877]::panicking::panic_handler::{closure#0}
[INFO] [stdout]    8:     0x55d74e2495f9 - std[617be2ca0a6fd877]::sys::backtrace::__rust_end_short_backtrace::<std[617be2ca0a6fd877]::panicking::panic_handler::{closure#0}, !>
[INFO] [stdout]    9:     0x55d74e25196d - __rustc[ea4f61d10b84890b]::rust_begin_unwind
[INFO] [stdout]   10:     0x55d74e29057c - core[a373ad73a504971]::panicking::panic_fmt
[INFO] [stdout]   11:     0x55d74e290352 - core[a373ad73a504971]::result::unwrap_failed
[INFO] [stdout]   12:     0x55d74e0a40f6 - <run_tests[c404376181084f9e]::test_secret_get::{closure#0} as core[a373ad73a504971]::ops::function::FnOnce<()>>::call_once
[INFO] [stdout]   13:     0x55d74e0b55bb - test[aada8e7e76ba119b]::__rust_begin_short_backtrace::<core[a373ad73a504971]::result::Result<(), alloc[2e1b2a31b91974c5]::string::String>, fn() -> core[a373ad73a504971]::result::Result<(), alloc[2e1b2a31b91974c5]::string::String>>
[INFO] [stdout]   14:     0x55d74e0c2795 - test[aada8e7e76ba119b]::run_test::{closure#0}
[INFO] [stdout]   15:     0x55d74e0bc084 - std[617be2ca0a6fd877]::sys::backtrace::__rust_begin_short_backtrace::<test[aada8e7e76ba119b]::run_test::{closure#1}, ()>
[INFO] [stdout]   16:     0x55d74e0c5822 - <std[617be2ca0a6fd877]::thread::lifecycle::spawn_unchecked<test[aada8e7e76ba119b]::run_test::{closure#1}, ()>::{closure#1} as core[a373ad73a504971]::ops::function::FnOnce<()>>::call_once::{shim:vtable#0}
[INFO] [stdout]   17:     0x55d74e276f8f - <std[617be2ca0a6fd877]::sys::thread::unix::Thread>::new::thread_start
[INFO] [stdout]   18:     0x7bc83f02ddfa - <unknown>
[INFO] [stdout]   19:     0x7bc83f0c13d4 - clone
[INFO] [stdout]   20:                0x0 - <unknown>
[INFO] [stdout] 
[INFO] [stdout] ---- test_git_download stdout ----
[INFO] [stdout] Error: CommandError { msg: "An error occurred in the inner application layer.", source: Failed to get Git directory from local URL.
[INFO] [stdout] Git command failed with following output: fatal: not a git repository (or any parent up to mount point /opt/rustwide)
[INFO] [stdout] Stopping at filesystem boundary (GIT_DISCOVERY_ACROSS_FILESYSTEM not set).
[INFO] [stdout] 
[INFO] [stdout] Caused by:
[INFO] [stdout]    0: Git command failed with following output: fatal: not a git repository (or any parent up to mount point /opt/rustwide)
[INFO] [stdout]       Stopping at filesystem boundary (GIT_DISCOVERY_ACROSS_FILESYSTEM not set).
[INFO] [stdout]    1: span backtrace:
[INFO] [stdout] 
[INFO] [stdout]    2: Git command failed with following output: fatal: not a git repository (or any parent up to mount point /opt/rustwide)
[INFO] [stdout]       Stopping at filesystem boundary (GIT_DISCOVERY_ACROSS_FILESYSTEM not set).
[INFO] [stdout] 
[INFO] [stdout] Location:
[INFO] [stdout]     src/next/run.rs:120:9 }
[INFO] [stdout] 
[INFO] [stdout] 
[INFO] [stdout] failures:
[INFO] [stdout]     test_git_download
[INFO] [stdout]     test_secret_get
[INFO] [stdout]     test_secret_set
[INFO] [stdout] 
[INFO] [stdout] test result: FAILED. 6 passed; 3 failed; 0 ignored; 0 measured; 0 filtered out; finished in 1.30s
[INFO] [stdout] 
[INFO] [stderr] error: test failed, to rerun pass `--test run_tests`
[INFO] running `Command { std: "docker" "inspect" "5df3c4d1ac1bf0c9c4c6a2e916ac2790dc75945daf34bd92036bd01bc8d8ee80", kill_on_drop: false }`
[INFO] running `Command { std: "docker" "rm" "-f" "5df3c4d1ac1bf0c9c4c6a2e916ac2790dc75945daf34bd92036bd01bc8d8ee80", kill_on_drop: false }`
[INFO] [stdout] 5df3c4d1ac1bf0c9c4c6a2e916ac2790dc75945daf34bd92036bd01bc8d8ee80
