[INFO] fetching crate tidas-assets 0.3.4...
[INFO] testing tidas-assets-0.3.4 against 1.100.0-beta.1+cargoflags=--release for beta-release-1.100-2
[INFO] extracting crate tidas-assets 0.3.4 into /workspace/builds/worker-7-tc2/source
[INFO] started tweaking crates.io crate tidas-assets 0.3.4
[INFO] finished tweaking crates.io crate tidas-assets 0.3.4
[INFO] tweaked toml for crates.io crate tidas-assets 0.3.4 written to /workspace/builds/worker-7-tc2/source/Cargo.toml
[INFO] validating manifest of crates.io crate tidas-assets 0.3.4 on toolchain 1.100.0-beta.1
[INFO] running `Command { std: CARGO_HOME="/workspace/cargo-home" RUSTUP_HOME="/workspace/rustup-home" "/workspace/cargo-home/bin/cargo" "+1.100.0-beta.1" "metadata" "--manifest-path" "Cargo.toml" "--no-deps", kill_on_drop: false }`
[INFO] crate crates.io crate tidas-assets 0.3.4 already has a lockfile, it will not be regenerated
[INFO] running `Command { std: CARGO_HOME="/workspace/cargo-home" RUSTUP_HOME="/workspace/rustup-home" "/workspace/cargo-home/bin/cargo" "+1.100.0-beta.1" "fetch" "--manifest-path" "Cargo.toml", kill_on_drop: false }`
[INFO] [stderr] warning: `package.homepage` is redundant with `package.repository`
[INFO] [stderr]   --> Cargo.toml:72:12
[INFO] [stderr]    |
[INFO] [stderr] 72 | homepage = "https://github.com/tiangong-lca/tidas-toolkit"
[INFO] [stderr]    |            ^^^^^^^^^^^^^^^^^^^^^^^^^^^^^^^^^^^^^^^^^^^^^^^
[INFO] [stderr] ...
[INFO] [stderr] 79 | repository = "https://github.com/tiangong-lca/tidas-toolkit"
[INFO] [stderr]    |              -----------------------------------------------
[INFO] [stderr]    |
[INFO] [stderr]    = note: `cargo::redundant_homepage` is set to `warn` by default
[INFO] [stderr] help: consider removing `package.homepage`
[INFO] [stderr] warning: `tidas-assets` (manifest) generated 1 warning
[INFO] running `Command { std: "docker" "create" "-v" "/var/lib/crater-agent-workspace/builds/worker-7-tc2/source:/opt/rustwide/workdir:ro,Z" "-v" "/var/lib/crater-agent-workspace/builds/worker-7-tc2/target:/opt/rustwide/target:rw,Z" "-v" "/var/lib/crater-agent-workspace/cargo-home:/opt/rustwide/cargo-home:ro,Z" "-v" "/var/lib/crater-agent-workspace/rustup-home:/opt/rustwide/rustup-home:ro,Z" "-m" "1610612736" "--network" "none" "ghcr.io/rust-lang/crates-build-env/linux@sha256:77db811e55d90add9212f6832c23229e3de5f1c1f9905e8cb07319ea15df73ac" "sleep" "infinity", kill_on_drop: false }`
[INFO] [stdout] 914ec643d6950789b118880e29c46825b051d5a458f1d26a82c84ade09273fd5
[INFO] running `Command { std: "docker" "start" "914ec643d6950789b118880e29c46825b051d5a458f1d26a82c84ade09273fd5", kill_on_drop: false }`
[INFO] running `Command { std: "docker" "inspect" "914ec643d6950789b118880e29c46825b051d5a458f1d26a82c84ade09273fd5", kill_on_drop: false }`
[INFO] running `Command { std: "docker" "exec" "-e" "SOURCE_DIR=/opt/rustwide/workdir" "-e" "CARGO_HOME=/opt/rustwide/cargo-home" "-e" "RUSTUP_HOME=/opt/rustwide/rustup-home" "-e" "CARGO_TARGET_DIR=/opt/rustwide/target" "-w" "/opt/rustwide/workdir" "--user" "0:0" "914ec643d6950789b118880e29c46825b051d5a458f1d26a82c84ade09273fd5" "/opt/rustwide/cargo-home/bin/cargo" "+1.100.0-beta.1" "metadata" "--no-deps" "--format-version=1", kill_on_drop: false }`
[INFO] running `Command { std: "docker" "inspect" "914ec643d6950789b118880e29c46825b051d5a458f1d26a82c84ade09273fd5", kill_on_drop: false }`
[INFO] running `Command { std: "docker" "exec" "-e" "SOURCE_DIR=/opt/rustwide/workdir" "-e" "CARGO_HOME=/opt/rustwide/cargo-home" "-e" "RUSTUP_HOME=/opt/rustwide/rustup-home" "-e" "CARGO_TARGET_DIR=/opt/rustwide/target" "-e" "CARGO_INCREMENTAL=0" "-e" "RUST_BACKTRACE=full" "-e" "RUSTFLAGS=--cap-lints=warn" "-e" "RUSTDOCFLAGS=--cap-lints=warn" "-w" "/opt/rustwide/workdir" "--user" "0:0" "914ec643d6950789b118880e29c46825b051d5a458f1d26a82c84ade09273fd5" "/opt/rustwide/cargo-home/bin/cargo" "+1.100.0-beta.1" "build" "--frozen" "--message-format=json" "--release", kill_on_drop: false }`
[INFO] [stderr] warning: `package.homepage` is redundant with `package.repository`
[INFO] [stderr]   --> Cargo.toml:72:12
[INFO] [stderr]    |
[INFO] [stderr] 72 | homepage = "https://github.com/tiangong-lca/tidas-toolkit"
[INFO] [stderr]    |            ^^^^^^^^^^^^^^^^^^^^^^^^^^^^^^^^^^^^^^^^^^^^^^^
[INFO] [stderr] ...
[INFO] [stderr] 79 | repository = "https://github.com/tiangong-lca/tidas-toolkit"
[INFO] [stderr]    |              -----------------------------------------------
[INFO] [stderr]    |
[INFO] [stderr]    = note: `cargo::redundant_homepage` is set to `warn` by default
[INFO] [stderr] help: consider removing `package.homepage`
[INFO] [stderr] warning: `tidas-assets` (manifest) generated 1 warning
[INFO] [stderr]    Compiling unicode-ident v1.0.24
[INFO] [stderr]    Compiling cfg-if v1.0.4
[INFO] [stderr]    Compiling stable_deref_trait v1.2.1
[INFO] [stderr]    Compiling autocfg v1.5.1
[INFO] [stderr]    Compiling serde_core v1.0.229
[INFO] [stderr]    Compiling smallvec v1.15.2
[INFO] [stderr]    Compiling serde v1.0.229
[INFO] [stderr]    Compiling memchr v2.8.3
[INFO] [stderr]    Compiling litemap v0.8.2
[INFO] [stderr]    Compiling writeable v0.6.3
[INFO] [stderr]    Compiling utf8_iter v1.0.4
[INFO] [stderr]    Compiling icu_properties_data v2.2.0
[INFO] [stderr]    Compiling icu_normalizer_data v2.2.0
[INFO] [stderr]    Compiling rustix v1.1.4
[INFO] [stderr]    Compiling libc v0.2.189
[INFO] [stderr]    Compiling version_check v0.9.5
[INFO] [stderr]    Compiling equivalent v1.0.2
[INFO] [stderr]    Compiling ref-cast v1.0.26
[INFO] [stderr]    Compiling parking_lot_core v0.9.12
[INFO] [stderr]    Compiling getrandom v0.3.4
[INFO] [stderr]    Compiling proc-macro2 v1.0.107
[INFO] [stderr]    Compiling typenum v1.20.1
[INFO] [stderr]    Compiling zerocopy v0.8.55
[INFO] [stderr]    Compiling scopeguard v1.2.0
[INFO] [stderr]    Compiling linux-raw-sys v0.12.1
[INFO] [stderr]    Compiling once_cell v1.21.4
[INFO] [stderr]    Compiling bitflags v2.13.1
[INFO] [stderr]    Compiling regex-syntax v0.8.11
[INFO] [stderr]    Compiling lock_api v0.4.14
[INFO] [stderr]    Compiling zmij v1.0.23
[INFO] [stderr]    Compiling borrow-or-share v0.2.4
[INFO] [stderr]    Compiling ahash v0.8.12
[INFO] [stderr]    Compiling num-traits v0.2.19
[INFO] [stderr]    Compiling foldhash v0.2.0
[INFO] [stderr]    Compiling allocator-api2 v0.2.21
[INFO] [stderr]    Compiling quote v1.0.47
[INFO] [stderr]    Compiling crc32fast v1.5.0
[INFO] [stderr]    Compiling unicode-general-category v1.1.0
[INFO] [stderr]    Compiling getrandom v0.4.3
[INFO] [stderr]    Compiling aho-corasick v1.1.4
[INFO] [stderr]    Compiling bit-vec v0.8.0
[INFO] [stderr]    Compiling itoa v1.0.18
[INFO] [stderr]    Compiling adler2 v2.0.1
[INFO] [stderr]    Compiling hybrid-array v0.4.13
[INFO] [stderr]    Compiling syn v2.0.119
[INFO] [stderr]    Compiling syn v3.0.3
[INFO] [stderr]    Compiling hashbrown v0.16.1
[INFO] [stderr]    Compiling hashbrown v0.17.1
[INFO] [stderr]    Compiling bit-set v0.8.0
[INFO] [stderr]    Compiling lazy_static v1.5.0
[INFO] [stderr]    Compiling noyalib v0.0.16
[INFO] [stderr]    Compiling thiserror v2.0.19
[INFO] [stderr]    Compiling outref v0.5.2
[INFO] [stderr]    Compiling percent-encoding v2.3.2
[INFO] [stderr]    Compiling vsimd v0.8.0
[INFO] [stderr]    Compiling const-oid v0.10.2
[INFO] [stderr]    Compiling simd-adler32 v0.3.10
[INFO] [stderr]    Compiling miniz_oxide v0.8.9
[INFO] [stderr]    Compiling crypto-common v0.2.2
[INFO] [stderr]    Compiling num-integer v0.1.46
[INFO] [stderr]    Compiling num-complex v0.4.6
[INFO] [stderr]    Compiling block-buffer v0.12.1
[INFO] [stderr]    Compiling uuid-simd v0.8.0
[INFO] [stderr]    Compiling parking_lot v0.12.5
[INFO] [stderr]    Compiling filetime v0.2.29
[INFO] [stderr]    Compiling num-bigint v0.4.8
[INFO] [stderr]    Compiling num-iter v0.1.46
[INFO] [stderr]    Compiling include_dir_macros v0.7.4
[INFO] [stderr]    Compiling cpufeatures v0.3.0
[INFO] [stderr]    Compiling num-cmp v0.1.0
[INFO] [stderr]    Compiling data-encoding v2.11.0
[INFO] [stderr]    Compiling rustc-hash v2.1.3
[INFO] [stderr]    Compiling bytecount v0.6.9
[INFO] [stderr]    Compiling fastrand v2.5.0
[INFO] [stderr]    Compiling same-file v1.0.6
[INFO] [stderr]    Compiling include_dir v0.7.4
[INFO] [stderr]    Compiling flate2 v1.1.9
[INFO] [stderr]    Compiling walkdir v2.5.0
[INFO] [stderr]    Compiling regex-automata v0.4.16
[INFO] [stderr]    Compiling digest v0.11.3
[INFO] [stderr]    Compiling sha2 v0.11.0
[INFO] [stderr]    Compiling serde_derive v1.0.229
[INFO] [stderr]    Compiling ref-cast-impl v1.0.26
[INFO] [stderr]    Compiling serde_json v1.0.151
[INFO] [stderr]    Compiling indexmap v2.14.0
[INFO] [stderr]    Compiling thiserror-impl v2.0.19
[INFO] [stderr]    Compiling synstructure v0.13.2
[INFO] [stderr]    Compiling zerovec-derive v0.11.3
[INFO] [stderr]    Compiling displaydoc v0.2.6
[INFO] [stderr]    Compiling xattr v1.6.1
[INFO] [stderr]    Compiling tempfile v3.27.0
[INFO] [stderr]    Compiling zerofrom-derive v0.1.7
[INFO] [stderr]    Compiling yoke-derive v0.8.2
[INFO] [stderr]    Compiling tar v0.4.46
[INFO] [stderr]    Compiling num-rational v0.4.2
[INFO] [stderr]    Compiling zerofrom v0.1.8
[INFO] [stderr]    Compiling yoke v0.8.3
[INFO] [stderr]    Compiling zerotrie v0.2.4
[INFO] [stderr]    Compiling zerovec v0.11.6
[INFO] [stderr]    Compiling num v0.4.3
[INFO] [stderr]    Compiling fraction v0.15.4
[INFO] [stderr]    Compiling fluent-uri v0.4.1
[INFO] [stderr]    Compiling email_address v0.2.9
[INFO] [stderr]    Compiling referencing v0.40.2
[INFO] [stderr]    Compiling tinystr v0.8.3
[INFO] [stderr]    Compiling potential_utf v0.1.5
[INFO] [stderr]    Compiling icu_locale_core v2.2.0
[INFO] [stderr]    Compiling icu_collections v2.2.0
[INFO] [stderr]    Compiling regex v1.13.1
[INFO] [stderr]    Compiling fancy-regex v0.17.0
[INFO] [stderr]    Compiling icu_provider v2.2.0
[INFO] [stderr]    Compiling icu_properties v2.2.0
[INFO] [stderr]    Compiling icu_normalizer v2.2.0
[INFO] [stderr]    Compiling idna_adapter v1.2.2
[INFO] [stderr]    Compiling idna v1.1.0
[INFO] [stderr]    Compiling jsonschema v0.40.2
[INFO] [stderr]    Compiling tidas-assets v0.3.4 (/opt/rustwide/workdir)
[INFO] [stderr]     Finished `release` profile [optimized] target(s) in 1m 32s
[INFO] running `Command { std: "docker" "inspect" "914ec643d6950789b118880e29c46825b051d5a458f1d26a82c84ade09273fd5", kill_on_drop: false }`
[INFO] running `Command { std: "docker" "exec" "-e" "SOURCE_DIR=/opt/rustwide/workdir" "-e" "CARGO_HOME=/opt/rustwide/cargo-home" "-e" "RUSTUP_HOME=/opt/rustwide/rustup-home" "-e" "CARGO_TARGET_DIR=/opt/rustwide/target" "-e" "CARGO_INCREMENTAL=0" "-e" "RUST_BACKTRACE=full" "-e" "RUSTFLAGS=--cap-lints=warn" "-e" "RUSTDOCFLAGS=--cap-lints=warn" "-w" "/opt/rustwide/workdir" "--user" "0:0" "914ec643d6950789b118880e29c46825b051d5a458f1d26a82c84ade09273fd5" "/opt/rustwide/cargo-home/bin/cargo" "+1.100.0-beta.1" "test" "--frozen" "--no-run" "--message-format=json" "--release", kill_on_drop: false }`
[INFO] [stderr] warning: `package.homepage` is redundant with `package.repository`
[INFO] [stderr]   --> Cargo.toml:72:12
[INFO] [stderr]    |
[INFO] [stderr] 72 | homepage = "https://github.com/tiangong-lca/tidas-toolkit"
[INFO] [stderr]    |            ^^^^^^^^^^^^^^^^^^^^^^^^^^^^^^^^^^^^^^^^^^^^^^^
[INFO] [stderr] ...
[INFO] [stderr] 79 | repository = "https://github.com/tiangong-lca/tidas-toolkit"
[INFO] [stderr]    |              -----------------------------------------------
[INFO] [stderr]    |
[INFO] [stderr]    = note: `cargo::redundant_homepage` is set to `warn` by default
[INFO] [stderr] help: consider removing `package.homepage`
[INFO] [stderr] warning: `tidas-assets` (manifest) generated 1 warning
[INFO] [stderr]    Compiling tidas-assets v0.3.4 (/opt/rustwide/workdir)
[INFO] [stderr]     Finished `release` profile [optimized] target(s) in 26.59s
[INFO] running `Command { std: "docker" "inspect" "914ec643d6950789b118880e29c46825b051d5a458f1d26a82c84ade09273fd5", kill_on_drop: false }`
[INFO] running `Command { std: "docker" "exec" "-e" "SOURCE_DIR=/opt/rustwide/workdir" "-e" "CARGO_HOME=/opt/rustwide/cargo-home" "-e" "RUSTUP_HOME=/opt/rustwide/rustup-home" "-e" "CARGO_TARGET_DIR=/opt/rustwide/target" "-e" "CARGO_INCREMENTAL=0" "-e" "RUST_BACKTRACE=full" "-e" "RUSTFLAGS=--cap-lints=warn" "-e" "RUSTDOCFLAGS=--cap-lints=warn" "-w" "/opt/rustwide/workdir" "--user" "0:0" "914ec643d6950789b118880e29c46825b051d5a458f1d26a82c84ade09273fd5" "/opt/rustwide/cargo-home/bin/cargo" "+1.100.0-beta.1" "test" "--frozen" "--release", kill_on_drop: false }`
[INFO] [stderr] warning: `package.homepage` is redundant with `package.repository`
[INFO] [stderr]   --> Cargo.toml:72:12
[INFO] [stderr]    |
[INFO] [stderr] 72 | homepage = "https://github.com/tiangong-lca/tidas-toolkit"
[INFO] [stderr]    |            ^^^^^^^^^^^^^^^^^^^^^^^^^^^^^^^^^^^^^^^^^^^^^^^
[INFO] [stderr] ...
[INFO] [stderr] 79 | repository = "https://github.com/tiangong-lca/tidas-toolkit"
[INFO] [stderr]    |              -----------------------------------------------
[INFO] [stderr]    |
[INFO] [stderr]    = note: `cargo::redundant_homepage` is set to `warn` by default
[INFO] [stderr] help: consider removing `package.homepage`
[INFO] [stderr] warning: `tidas-assets` (manifest) generated 1 warning
[INFO] [stderr]     Finished `release` profile [optimized] target(s) in 0.15s
[INFO] [stderr]      Running unittests crates/tidas-assets/src/lib.rs (/opt/rustwide/target/release/build/tidas-assets/79a5a26a2d6da750/out/tidas_assets-79a5a26a2d6da750)
[INFO] [stdout] 
[INFO] [stdout] running 21 tests
[INFO] [stdout] test spec_import::tests::a_fault_while_taking_the_lock_refuses_rather_than_stealing_it ... ok
[INFO] [stdout] test tests::bundled_asset_lookup_returns_exact_offline_bytes ... ok
[INFO] [stdout] test tests::checked_in_json_schema_matches_the_lock_version ... ok
[INFO] [stdout] test schema_lock::tests::json_pointer_supports_objects_arrays_and_escapes ... ok
[INFO] [stdout] test tests::every_asset_kind_is_represented ... ok
[INFO] [stdout] test spec_import::tests::created_directories_records_only_what_it_creates ... ok
[INFO] [stdout] test schema_lock::tests::contract_nodes_drop_only_localized_descriptions ... ok
[INFO] [stdout] test spec_import::tests::a_created_directory_holding_foreign_content_is_preserved ... ok
[INFO] [stdout] test spec_import::tests::the_import_lock_excludes_a_second_importer_and_is_released ... ok
[INFO] [stdout] test spec_import::tests::a_fault_after_a_real_replacement_restores_bytes_modes_and_absence ... ok
[INFO] [stdout] test tests::fingerprint_is_repeatable ... ok
[INFO] [stdout] test tests::embedded_assets_match_the_full_lock ... ok
[INFO] [stdout] test spec_import::tests::a_fault_immediately_after_the_first_replacement_still_restores_it ... ok
[INFO] [stdout] test spec_import::tests::an_injected_cleanup_failure_does_not_report_a_publication_failure ... ok
[INFO] [stdout] test spec_import::tests::a_fixture_import_without_a_fault_publishes_every_file ... ok
[INFO] [stdout] test spec_import::tests::rollback_preserves_preexisting_empty_ancestors_and_neighbours ... ok
[INFO] [stdout] test spec_import::tests::rollback_preserves_a_preexisting_empty_parent_directory ... ok
[INFO] [stdout] test spec_import::tests::a_sequential_failure_then_success_leaves_the_committed_state ... ok
[INFO] [stdout] test spec_import::tests::overlapping_importers_observe_real_lock_contention_and_leave_exact_state ... ok
[INFO] [stdout] test spec_import::tests::a_failing_import_restores_the_state_it_captured_under_the_lock ... ok
[INFO] [stdout] test spec_import::tests::a_failed_import_removes_parent_directories_created_only_for_the_lock ... ok
[INFO] [stdout] 
[INFO] [stdout] test result: ok. 21 passed; 0 failed; 0 ignored; 0 measured; 0 filtered out; finished in 0.26s
[INFO] [stdout] 
[INFO] [stderr]      Running unittests crates/tidas-assets/src/bin/asset_lock.rs (/opt/rustwide/target/release/build/tidas-assets/2ad4ecd2e9be1fa1/out/tidas_asset_lock-2ad4ecd2e9be1fa1)
[INFO] [stdout] 
[INFO] [stdout] running 5 tests
[INFO] [stdout] test public_rule_tests::missing_public_policy_is_rejected ... ok
[INFO] [stdout] test public_rule_tests::spec_pin_env_is_deterministic_and_workflow_has_no_duplicate_pin ... FAILED
[INFO] [stdout] test public_rule_tests::unknown_profile_reference_is_rejected ... ok
[INFO] [stdout] test public_rule_tests::exact_public_and_profile_inputs_compose ... ok
[INFO] [stdout] test public_rule_tests::tampered_public_bytes_and_stale_identity_are_rejected ... FAILED
[INFO] [stdout] 
[INFO] [stdout] failures:
[INFO] [stdout] 
[INFO] [stdout] ---- public_rule_tests::spec_pin_env_is_deterministic_and_workflow_has_no_duplicate_pin stdout ----
[INFO] [stdout] 
[INFO] [stdout] thread 'public_rule_tests::spec_pin_env_is_deterministic_and_workflow_has_no_duplicate_pin' (2874) panicked at crates/tidas-assets/src/bin/asset_lock.rs:494:92:
[INFO] [stdout] called `Result::unwrap()` on an `Err` value: Os { code: 2, kind: NotFound, message: "No such file or directory" }
[INFO] [stdout] stack backtrace:
[INFO] [stdout]    0:     0x607297c75c06 - <unknown>
[INFO] [stdout]    1:     0x607297c1d00a - <unknown>
[INFO] [stdout]    2:     0x607297c7b39c - <unknown>
[INFO] [stdout]    3:     0x607297c50ab2 - <unknown>
[INFO] [stdout]    4:     0x607297c6cb91 - <unknown>
[INFO] [stdout]    5:     0x607297c6cd72 - <unknown>
[INFO] [stdout]    6:     0x607297c50b62 - <unknown>
[INFO] [stdout]    7:     0x607297c49739 - <unknown>
[INFO] [stdout]    8:     0x607297c5177d - <unknown>
[INFO] [stdout]    9:     0x607297c1d6fc - <unknown>
[INFO] [stdout]   10:     0x607297c1d4d2 - <unknown>
[INFO] [stdout]   11:     0x607297cc95ea - <unknown>
[INFO] [stdout]   12:     0x607297c7e1fb - <unknown>
[INFO] [stdout]   13:     0x607297c8c0a4 - <unknown>
[INFO] [stdout]   14:     0x607297c857d4 - <unknown>
[INFO] [stdout]   15:     0x607297c8fe62 - <unknown>
[INFO] [stdout]   16:     0x607297c74964 - <unknown>
[INFO] [stdout]   17:     0x79cac9e32dfa - <unknown>
[INFO] [stdout]   18:     0x79cac9ec63d4 - clone
[INFO] [stdout]   19:                0x0 - <unknown>
[INFO] [stdout] 
[INFO] [stdout] ---- public_rule_tests::tampered_public_bytes_and_stale_identity_are_rejected stdout ----
[INFO] [stdout] 
[INFO] [stdout] thread 'public_rule_tests::tampered_public_bytes_and_stale_identity_are_rejected' (2875) panicked at crates/tidas-assets/src/bin/asset_lock.rs:540:58:
[INFO] [stdout] called `Result::unwrap()` on an `Err` value: Os { code: 2, kind: NotFound, message: "No such file or directory" }
[INFO] [stdout] stack backtrace:
[INFO] [stdout]    0:     0x607297c75c06 - <unknown>
[INFO] [stdout]    1:     0x607297c1d00a - <unknown>
[INFO] [stdout]    2:     0x607297c7b39c - <unknown>
[INFO] [stdout]    3:     0x607297c50ab2 - <unknown>
[INFO] [stdout]    4:     0x607297c6cb91 - <unknown>
[INFO] [stdout]    5:     0x607297c6cd72 - <unknown>
[INFO] [stdout]    6:     0x607297c50b62 - <unknown>
[INFO] [stdout]    7:     0x607297c49739 - <unknown>
[INFO] [stdout]    8:     0x607297c5177d - <unknown>
[INFO] [stdout]    9:     0x607297c1d6fc - <unknown>
[INFO] [stdout]   10:     0x607297c1d4d2 - <unknown>
[INFO] [stdout]   11:     0x607297cc8649 - <unknown>
[INFO] [stdout]   12:     0x607297c7e1fb - <unknown>
[INFO] [stdout]   13:     0x607297c8c0a4 - <unknown>
[INFO] [stdout]   14:     0x607297c857d4 - <unknown>
[INFO] [stdout]   15:     0x607297c8fe62 - <unknown>
[INFO] [stdout]   16:     0x607297c74964 - <unknown>
[INFO] [stdout]   17:     0x79cac9e32dfa - <unknown>
[INFO] [stdout]   18:     0x79cac9ec63d4 - clone
[INFO] [stdout]   19:                0x0 - <unknown>
[INFO] [stdout] 
[INFO] [stdout] 
[INFO] [stdout] failures:
[INFO] [stdout]     public_rule_tests::spec_pin_env_is_deterministic_and_workflow_has_no_duplicate_pin
[INFO] [stdout]     public_rule_tests::tampered_public_bytes_and_stale_identity_are_rejected
[INFO] [stdout] 
[INFO] [stdout] test result: FAILED. 3 passed; 2 failed; 0 ignored; 0 measured; 0 filtered out; finished in 0.04s
[INFO] [stdout] 
[INFO] [stderr] error: test failed, to rerun pass `--bin tidas-asset-lock`
[INFO] running `Command { std: "docker" "inspect" "914ec643d6950789b118880e29c46825b051d5a458f1d26a82c84ade09273fd5", kill_on_drop: false }`
[INFO] running `Command { std: "docker" "rm" "-f" "914ec643d6950789b118880e29c46825b051d5a458f1d26a82c84ade09273fd5", kill_on_drop: false }`
[INFO] [stdout] 914ec643d6950789b118880e29c46825b051d5a458f1d26a82c84ade09273fd5
