[INFO] fetching crate ticktick_api 0.1.1...
[INFO] testing ticktick_api-0.1.1 against 1.100.0-beta.1+cargoflags=--release for beta-release-1.100-2
[INFO] extracting crate ticktick_api 0.1.1 into /workspace/builds/worker-3-tc2/source
[INFO] started tweaking crates.io crate ticktick_api 0.1.1
[INFO] finished tweaking crates.io crate ticktick_api 0.1.1
[INFO] tweaked toml for crates.io crate ticktick_api 0.1.1 written to /workspace/builds/worker-3-tc2/source/Cargo.toml
[INFO] validating manifest of crates.io crate ticktick_api 0.1.1 on toolchain 1.100.0-beta.1
[INFO] running `Command { std: CARGO_HOME="/workspace/cargo-home" RUSTUP_HOME="/workspace/rustup-home" "/workspace/cargo-home/bin/cargo" "+1.100.0-beta.1" "metadata" "--manifest-path" "Cargo.toml" "--no-deps", kill_on_drop: false }`
[INFO] crate crates.io crate ticktick_api 0.1.1 already has a lockfile, it will not be regenerated
[INFO] running `Command { std: CARGO_HOME="/workspace/cargo-home" RUSTUP_HOME="/workspace/rustup-home" "/workspace/cargo-home/bin/cargo" "+1.100.0-beta.1" "fetch" "--manifest-path" "Cargo.toml", kill_on_drop: false }`
[INFO] running `Command { std: "docker" "create" "-v" "/var/lib/crater-agent-workspace/builds/worker-3-tc2/source:/opt/rustwide/workdir:ro,Z" "-v" "/var/lib/crater-agent-workspace/builds/worker-3-tc2/target:/opt/rustwide/target:rw,Z" "-v" "/var/lib/crater-agent-workspace/cargo-home:/opt/rustwide/cargo-home:ro,Z" "-v" "/var/lib/crater-agent-workspace/rustup-home:/opt/rustwide/rustup-home:ro,Z" "-m" "1610612736" "--network" "none" "ghcr.io/rust-lang/crates-build-env/linux@sha256:77db811e55d90add9212f6832c23229e3de5f1c1f9905e8cb07319ea15df73ac" "sleep" "infinity", kill_on_drop: false }`
[INFO] [stdout] 58e9c06031018861a375f0310f044632bdb993d4c3638258809eebee7a277264
[INFO] running `Command { std: "docker" "start" "58e9c06031018861a375f0310f044632bdb993d4c3638258809eebee7a277264", kill_on_drop: false }`
[INFO] running `Command { std: "docker" "inspect" "58e9c06031018861a375f0310f044632bdb993d4c3638258809eebee7a277264", kill_on_drop: false }`
[INFO] running `Command { std: "docker" "exec" "-e" "SOURCE_DIR=/opt/rustwide/workdir" "-e" "CARGO_HOME=/opt/rustwide/cargo-home" "-e" "RUSTUP_HOME=/opt/rustwide/rustup-home" "-e" "CARGO_TARGET_DIR=/opt/rustwide/target" "-w" "/opt/rustwide/workdir" "--user" "0:0" "58e9c06031018861a375f0310f044632bdb993d4c3638258809eebee7a277264" "/opt/rustwide/cargo-home/bin/cargo" "+1.100.0-beta.1" "metadata" "--no-deps" "--format-version=1", kill_on_drop: false }`
[INFO] running `Command { std: "docker" "inspect" "58e9c06031018861a375f0310f044632bdb993d4c3638258809eebee7a277264", kill_on_drop: false }`
[INFO] running `Command { std: "docker" "exec" "-e" "SOURCE_DIR=/opt/rustwide/workdir" "-e" "CARGO_HOME=/opt/rustwide/cargo-home" "-e" "RUSTUP_HOME=/opt/rustwide/rustup-home" "-e" "CARGO_TARGET_DIR=/opt/rustwide/target" "-e" "CARGO_INCREMENTAL=0" "-e" "RUST_BACKTRACE=full" "-e" "RUSTFLAGS=--cap-lints=warn" "-e" "RUSTDOCFLAGS=--cap-lints=warn" "-w" "/opt/rustwide/workdir" "--user" "0:0" "58e9c06031018861a375f0310f044632bdb993d4c3638258809eebee7a277264" "/opt/rustwide/cargo-home/bin/cargo" "+1.100.0-beta.1" "build" "--frozen" "--message-format=json" "--release", kill_on_drop: false }`
[INFO] [stderr]    Compiling unicode-ident v1.0.18
[INFO] [stderr]    Compiling libc v0.2.172
[INFO] [stderr]    Compiling smallvec v1.15.0
[INFO] [stderr]    Compiling writeable v0.6.1
[INFO] [stderr]    Compiling litemap v0.8.0
[INFO] [stderr]    Compiling parking_lot_core v0.9.10
[INFO] [stderr]    Compiling bytes v1.10.1
[INFO] [stderr]    Compiling cc v1.2.23
[INFO] [stderr]    Compiling lock_api v0.4.12
[INFO] [stderr]    Compiling icu_normalizer_data v2.0.0
[INFO] [stderr]    Compiling icu_properties_data v2.0.0
[INFO] [stderr]    Compiling slab v0.4.9
[INFO] [stderr]    Compiling serde v1.0.219
[INFO] [stderr]    Compiling percent-encoding v2.3.1
[INFO] [stderr]    Compiling openssl v0.10.72
[INFO] [stderr]    Compiling tracing-core v0.1.33
[INFO] [stderr]    Compiling proc-macro2 v1.0.95
[INFO] [stderr]    Compiling hashbrown v0.15.3
[INFO] [stderr]    Compiling bitflags v2.9.1
[INFO] [stderr]    Compiling time-core v0.1.4
[INFO] [stderr]    Compiling futures-task v0.3.31
[INFO] [stderr]    Compiling log v0.4.27
[INFO] [stderr]    Compiling native-tls v0.2.14
[INFO] [stderr]    Compiling zerocopy v0.8.25
[INFO] [stderr]    Compiling num-conv v0.1.0
[INFO] [stderr]    Compiling futures-util v0.3.31
[INFO] [stderr]    Compiling cookie v0.17.0
[INFO] [stderr]    Compiling tinyvec v1.9.0
[INFO] [stderr]    Compiling form_urlencoded v1.2.1
[INFO] [stderr]    Compiling time-macros v0.2.22
[INFO] [stderr]    Compiling deranged v0.4.0
[INFO] [stderr]    Compiling openssl-probe v0.1.6
[INFO] [stderr]    Compiling futures-channel v0.3.31
[INFO] [stderr]    Compiling psl-types v2.0.11
[INFO] [stderr]    Compiling regex-syntax v0.8.5
[INFO] [stderr]    Compiling tracing v0.1.41
[INFO] [stderr]    Compiling quote v1.0.40
[INFO] [stderr]    Compiling encoding_rs v0.8.35
[INFO] [stderr]    Compiling syn v2.0.101
[INFO] [stderr]    Compiling http v0.2.12
[INFO] [stderr]    Compiling indexmap v2.9.0
[INFO] [stderr]    Compiling socket2 v0.5.9
[INFO] [stderr]    Compiling mio v1.0.3
[INFO] [stderr]    Compiling signal-hook-registry v1.4.5
[INFO] [stderr]    Compiling openssl-sys v0.9.108
[INFO] [stderr]    Compiling getrandom v0.2.16
[INFO] [stderr]    Compiling parking_lot v0.12.3
[INFO] [stderr]    Compiling rand_core v0.6.4
[INFO] [stderr]    Compiling dirs-sys v0.3.7
[INFO] [stderr]    Compiling unicode-normalization v0.1.24
[INFO] [stderr]    Compiling time v0.3.41
[INFO] [stderr]    Compiling dirs v3.0.2
[INFO] [stderr]    Compiling http-body v0.4.6
[INFO] [stderr]    Compiling idna v0.3.0
[INFO] [stderr]    Compiling regex-automata v0.4.9
[INFO] [stderr]    Compiling ppv-lite86 v0.2.21
[INFO] [stderr]    Compiling rand_chacha v0.3.1
[INFO] [stderr]    Compiling rand v0.8.5
[INFO] [stderr]    Compiling synstructure v0.13.2
[INFO] [stderr]    Compiling zerovec-derive v0.11.1
[INFO] [stderr]    Compiling displaydoc v0.2.5
[INFO] [stderr]    Compiling tokio-macros v2.5.0
[INFO] [stderr]    Compiling openssl-macros v0.1.1
[INFO] [stderr]    Compiling serde_derive v1.0.219
[INFO] [stderr]    Compiling zerofrom-derive v0.1.6
[INFO] [stderr]    Compiling yoke-derive v0.8.0
[INFO] [stderr]    Compiling regex v1.11.1
[INFO] [stderr]    Compiling tokio v1.45.0
[INFO] [stderr]    Compiling zerofrom v0.1.6
[INFO] [stderr]    Compiling yoke v0.8.0
[INFO] [stderr]    Compiling zerovec v0.11.2
[INFO] [stderr]    Compiling zerotrie v0.2.2
[INFO] [stderr]    Compiling tinystr v0.8.1
[INFO] [stderr]    Compiling potential_utf v0.1.2
[INFO] [stderr]    Compiling icu_collections v2.0.0
[INFO] [stderr]    Compiling icu_locale_core v2.0.0
[INFO] [stderr]    Compiling icu_provider v2.0.0
[INFO] [stderr]    Compiling icu_normalizer v2.0.0
[INFO] [stderr]    Compiling icu_properties v2.0.0
[INFO] [stderr]    Compiling idna_adapter v1.2.1
[INFO] [stderr]    Compiling idna v1.0.3
[INFO] [stderr]    Compiling url v2.5.4
[INFO] [stderr]    Compiling publicsuffix v2.3.0
[INFO] [stderr]    Compiling serde_json v1.0.140
[INFO] [stderr]    Compiling serde_urlencoded v0.7.1
[INFO] [stderr]    Compiling tokio-util v0.7.15
[INFO] [stderr]    Compiling tokio-native-tls v0.3.1
[INFO] [stderr]    Compiling h2 v0.3.26
[INFO] [stderr]    Compiling cookie_store v0.20.0
[INFO] [stderr]    Compiling hyper v0.14.32
[INFO] [stderr]    Compiling hyper-tls v0.5.0
[INFO] [stderr]    Compiling reqwest v0.11.27
[INFO] [stderr]    Compiling ticktick_api v0.1.1 (/opt/rustwide/workdir)
[INFO] [stdout] warning: function `generate_id` is never used
[INFO] [stdout]    --> src/main.rs:146:4
[INFO] [stdout]     |
[INFO] [stdout] 146 | fn generate_id() -> u128 {
[INFO] [stdout]     |    ^^^^^^^^^^^
[INFO] [stdout]     |
[INFO] [stdout]     = note: `#[warn(dead_code)]` (part of `#[warn(unused)]`) on by default
[INFO] [stdout] 
[INFO] [stdout] 
[INFO] [stdout] warning: struct `LoginResponse` is never constructed
[INFO] [stdout]   --> src/clients/ticktick_client.rs:27:8
[INFO] [stdout]    |
[INFO] [stdout] 27 | struct LoginResponse {
[INFO] [stdout]    |        ^^^^^^^^^^^^^
[INFO] [stdout] 
[INFO] [stdout] 
[INFO] [stdout] warning: function `get_user_info` is never used
[INFO] [stdout]    --> src/clients/ticktick_client.rs:105:14
[INFO] [stdout]     |
[INFO] [stdout] 105 | pub async fn get_user_info() -> Result<UserData, Box<dyn std::error::Error>> {
[INFO] [stdout]     |              ^^^^^^^^^^^^^
[INFO] [stdout] 
[INFO] [stdout] 
[INFO] [stdout] warning: struct `Item` is never constructed
[INFO] [stdout]    --> src/clients/ticktick_client.rs:159:12
[INFO] [stdout]     |
[INFO] [stdout] 159 | pub struct Item {
[INFO] [stdout]     |            ^^^^
[INFO] [stdout] 
[INFO] [stdout] 
[INFO] [stdout] warning: variants `Update` and `Delete` are never constructed
[INFO] [stdout]    --> src/clients/ticktick_client.rs:167:5
[INFO] [stdout]     |
[INFO] [stdout] 165 | pub enum Action {
[INFO] [stdout]     |          ------ variants in this enum
[INFO] [stdout] 166 |     Add,
[INFO] [stdout] 167 |     Update,
[INFO] [stdout]     |     ^^^^^^
[INFO] [stdout] 168 |     Delete,
[INFO] [stdout]     |     ^^^^^^
[INFO] [stdout] 
[INFO] [stdout] 
[INFO] [stdout] warning: struct `UserData` is never constructed
[INFO] [stdout]  --> src/utils/parse_user_data.rs:6:12
[INFO] [stdout]   |
[INFO] [stdout] 6 | pub struct UserData {
[INFO] [stdout]   |            ^^^^^^^^
[INFO] [stdout] 
[INFO] [stdout] 
[INFO] [stdout] warning: struct `SyncTaskBean` is never constructed
[INFO] [stdout]   --> src/utils/parse_user_data.rs:23:12
[INFO] [stdout]    |
[INFO] [stdout] 23 | pub struct SyncTaskBean {
[INFO] [stdout]    |            ^^^^^^^^^^^^
[INFO] [stdout] 
[INFO] [stdout] 
[INFO] [stdout] warning: struct `Task` is never constructed
[INFO] [stdout]   --> src/utils/parse_user_data.rs:32:12
[INFO] [stdout]    |
[INFO] [stdout] 32 | pub struct Task {
[INFO] [stdout]    |            ^^^^
[INFO] [stdout] 
[INFO] [stdout] 
[INFO] [stdout] warning: struct `Item` is never constructed
[INFO] [stdout]   --> src/utils/parse_user_data.rs:79:12
[INFO] [stdout]    |
[INFO] [stdout] 79 | pub struct Item {
[INFO] [stdout]    |            ^^^^
[INFO] [stdout] 
[INFO] [stdout] 
[INFO] [stdout] warning: struct `ProjectProfile` is never constructed
[INFO] [stdout]    --> src/utils/parse_user_data.rs:106:12
[INFO] [stdout]     |
[INFO] [stdout] 106 | pub struct ProjectProfile {
[INFO] [stdout]     |            ^^^^^^^^^^^^^^
[INFO] [stdout] 
[INFO] [stdout] 
[INFO] [stdout] warning: struct `ProjectGroup` is never constructed
[INFO] [stdout]    --> src/utils/parse_user_data.rs:135:12
[INFO] [stdout]     |
[INFO] [stdout] 135 | pub struct ProjectGroup {
[INFO] [stdout]     |            ^^^^^^^^^^^^
[INFO] [stdout] 
[INFO] [stdout] 
[INFO] [stdout] warning: struct `Filter` is never constructed
[INFO] [stdout]    --> src/utils/parse_user_data.rs:150:12
[INFO] [stdout]     |
[INFO] [stdout] 150 | pub struct Filter {
[INFO] [stdout]     |            ^^^^^^
[INFO] [stdout] 
[INFO] [stdout] 
[INFO] [stdout] warning: struct `Tag` is never constructed
[INFO] [stdout]    --> src/utils/parse_user_data.rs:164:12
[INFO] [stdout]     |
[INFO] [stdout] 164 | pub struct Tag {
[INFO] [stdout]     |            ^^^
[INFO] [stdout] 
[INFO] [stdout] 
[INFO] [stdout] warning: function `parse_user_data` is never used
[INFO] [stdout]    --> src/utils/parse_user_data.rs:177:8
[INFO] [stdout]     |
[INFO] [stdout] 177 | pub fn parse_user_data(data: &str) {
[INFO] [stdout]     |        ^^^^^^^^^^^^^^^
[INFO] [stdout] 
[INFO] [stdout] 
[INFO] [stderr]     Finished `release` profile [optimized] target(s) in 1m 30s
[INFO] running `Command { std: "docker" "inspect" "58e9c06031018861a375f0310f044632bdb993d4c3638258809eebee7a277264", kill_on_drop: false }`
[INFO] running `Command { std: "docker" "exec" "-e" "SOURCE_DIR=/opt/rustwide/workdir" "-e" "CARGO_HOME=/opt/rustwide/cargo-home" "-e" "RUSTUP_HOME=/opt/rustwide/rustup-home" "-e" "CARGO_TARGET_DIR=/opt/rustwide/target" "-e" "CARGO_INCREMENTAL=0" "-e" "RUST_BACKTRACE=full" "-e" "RUSTFLAGS=--cap-lints=warn" "-e" "RUSTDOCFLAGS=--cap-lints=warn" "-w" "/opt/rustwide/workdir" "--user" "0:0" "58e9c06031018861a375f0310f044632bdb993d4c3638258809eebee7a277264" "/opt/rustwide/cargo-home/bin/cargo" "+1.100.0-beta.1" "test" "--frozen" "--no-run" "--message-format=json" "--release", kill_on_drop: false }`
[INFO] [stderr]    Compiling ticktick_api v0.1.1 (/opt/rustwide/workdir)
[INFO] [stdout] warning: function `generate_id` is never used
[INFO] [stdout]    --> src/main.rs:146:4
[INFO] [stdout]     |
[INFO] [stdout] 146 | fn generate_id() -> u128 {
[INFO] [stdout]     |    ^^^^^^^^^^^
[INFO] [stdout]     |
[INFO] [stdout]     = note: `#[warn(dead_code)]` (part of `#[warn(unused)]`) on by default
[INFO] [stdout] 
[INFO] [stdout] 
[INFO] [stdout] warning: struct `LoginResponse` is never constructed
[INFO] [stdout]   --> src/clients/ticktick_client.rs:27:8
[INFO] [stdout]    |
[INFO] [stdout] 27 | struct LoginResponse {
[INFO] [stdout]    |        ^^^^^^^^^^^^^
[INFO] [stdout] 
[INFO] [stdout] 
[INFO] [stdout] warning: function `get_user_info` is never used
[INFO] [stdout]    --> src/clients/ticktick_client.rs:105:14
[INFO] [stdout]     |
[INFO] [stdout] 105 | pub async fn get_user_info() -> Result<UserData, Box<dyn std::error::Error>> {
[INFO] [stdout]     |              ^^^^^^^^^^^^^
[INFO] [stdout] 
[INFO] [stdout] 
[INFO] [stdout] warning: struct `Item` is never constructed
[INFO] [stdout]    --> src/clients/ticktick_client.rs:159:12
[INFO] [stdout]     |
[INFO] [stdout] 159 | pub struct Item {
[INFO] [stdout]     |            ^^^^
[INFO] [stdout] 
[INFO] [stdout] 
[INFO] [stdout] warning: variants `Update` and `Delete` are never constructed
[INFO] [stdout]    --> src/clients/ticktick_client.rs:167:5
[INFO] [stdout]     |
[INFO] [stdout] 165 | pub enum Action {
[INFO] [stdout]     |          ------ variants in this enum
[INFO] [stdout] 166 |     Add,
[INFO] [stdout] 167 |     Update,
[INFO] [stdout]     |     ^^^^^^
[INFO] [stdout] 168 |     Delete,
[INFO] [stdout]     |     ^^^^^^
[INFO] [stdout] 
[INFO] [stdout] 
[INFO] [stdout] warning: struct `UserData` is never constructed
[INFO] [stdout]  --> src/utils/parse_user_data.rs:6:12
[INFO] [stdout]   |
[INFO] [stdout] 6 | pub struct UserData {
[INFO] [stdout]   |            ^^^^^^^^
[INFO] [stdout] 
[INFO] [stdout] 
[INFO] [stdout] warning: struct `SyncTaskBean` is never constructed
[INFO] [stdout]   --> src/utils/parse_user_data.rs:23:12
[INFO] [stdout]    |
[INFO] [stdout] 23 | pub struct SyncTaskBean {
[INFO] [stdout]    |            ^^^^^^^^^^^^
[INFO] [stdout] 
[INFO] [stdout] 
[INFO] [stdout] warning: struct `Task` is never constructed
[INFO] [stdout]   --> src/utils/parse_user_data.rs:32:12
[INFO] [stdout]    |
[INFO] [stdout] 32 | pub struct Task {
[INFO] [stdout]    |            ^^^^
[INFO] [stdout] 
[INFO] [stdout] 
[INFO] [stdout] warning: struct `Item` is never constructed
[INFO] [stdout]   --> src/utils/parse_user_data.rs:79:12
[INFO] [stdout]    |
[INFO] [stdout] 79 | pub struct Item {
[INFO] [stdout]    |            ^^^^
[INFO] [stdout] 
[INFO] [stdout] 
[INFO] [stdout] warning: struct `ProjectProfile` is never constructed
[INFO] [stdout]    --> src/utils/parse_user_data.rs:106:12
[INFO] [stdout]     |
[INFO] [stdout] 106 | pub struct ProjectProfile {
[INFO] [stdout]     |            ^^^^^^^^^^^^^^
[INFO] [stdout] 
[INFO] [stdout] 
[INFO] [stdout] warning: struct `ProjectGroup` is never constructed
[INFO] [stdout]    --> src/utils/parse_user_data.rs:135:12
[INFO] [stdout]     |
[INFO] [stdout] 135 | pub struct ProjectGroup {
[INFO] [stdout]     |            ^^^^^^^^^^^^
[INFO] [stdout] 
[INFO] [stdout] 
[INFO] [stdout] warning: struct `Filter` is never constructed
[INFO] [stdout]    --> src/utils/parse_user_data.rs:150:12
[INFO] [stdout]     |
[INFO] [stdout] 150 | pub struct Filter {
[INFO] [stdout]     |            ^^^^^^
[INFO] [stdout] 
[INFO] [stdout] 
[INFO] [stdout] warning: struct `Tag` is never constructed
[INFO] [stdout]    --> src/utils/parse_user_data.rs:164:12
[INFO] [stdout]     |
[INFO] [stdout] 164 | pub struct Tag {
[INFO] [stdout]     |            ^^^
[INFO] [stdout] 
[INFO] [stdout] 
[INFO] [stdout] warning: function `parse_user_data` is never used
[INFO] [stdout]    --> src/utils/parse_user_data.rs:177:8
[INFO] [stdout]     |
[INFO] [stdout] 177 | pub fn parse_user_data(data: &str) {
[INFO] [stdout]     |        ^^^^^^^^^^^^^^^
[INFO] [stdout] 
[INFO] [stdout] 
[INFO] [stderr]     Finished `release` profile [optimized] target(s) in 3.20s
[INFO] running `Command { std: "docker" "inspect" "58e9c06031018861a375f0310f044632bdb993d4c3638258809eebee7a277264", kill_on_drop: false }`
[INFO] running `Command { std: "docker" "exec" "-e" "SOURCE_DIR=/opt/rustwide/workdir" "-e" "CARGO_HOME=/opt/rustwide/cargo-home" "-e" "RUSTUP_HOME=/opt/rustwide/rustup-home" "-e" "CARGO_TARGET_DIR=/opt/rustwide/target" "-e" "CARGO_INCREMENTAL=0" "-e" "RUST_BACKTRACE=full" "-e" "RUSTFLAGS=--cap-lints=warn" "-e" "RUSTDOCFLAGS=--cap-lints=warn" "-w" "/opt/rustwide/workdir" "--user" "0:0" "58e9c06031018861a375f0310f044632bdb993d4c3638258809eebee7a277264" "/opt/rustwide/cargo-home/bin/cargo" "+1.100.0-beta.1" "test" "--frozen" "--release", kill_on_drop: false }`
[INFO] [stderr] warning: function `generate_id` is never used
[INFO] [stderr]    --> src/main.rs:146:4
[INFO] [stderr]     |
[INFO] [stderr] 146 | fn generate_id() -> u128 {
[INFO] [stderr]     |    ^^^^^^^^^^^
[INFO] [stderr]     |
[INFO] [stderr]     = note: `#[warn(dead_code)]` (part of `#[warn(unused)]`) on by default
[INFO] [stderr] 
[INFO] [stderr] warning: struct `LoginResponse` is never constructed
[INFO] [stderr]   --> src/clients/ticktick_client.rs:27:8
[INFO] [stderr]    |
[INFO] [stderr] 27 | struct LoginResponse {
[INFO] [stderr]    |        ^^^^^^^^^^^^^
[INFO] [stderr] 
[INFO] [stderr] warning: function `get_user_info` is never used
[INFO] [stderr]    --> src/clients/ticktick_client.rs:105:14
[INFO] [stderr]     |
[INFO] [stderr] 105 | pub async fn get_user_info() -> Result<UserData, Box<dyn std::error::Error>> {
[INFO] [stderr]     |              ^^^^^^^^^^^^^
[INFO] [stderr] 
[INFO] [stderr] warning: struct `Item` is never constructed
[INFO] [stderr]    --> src/clients/ticktick_client.rs:159:12
[INFO] [stderr]     |
[INFO] [stderr] 159 | pub struct Item {
[INFO] [stderr]     |            ^^^^
[INFO] [stderr] 
[INFO] [stderr] warning: variants `Update` and `Delete` are never constructed
[INFO] [stderr]    --> src/clients/ticktick_client.rs:167:5
[INFO] [stderr]     |
[INFO] [stderr] 165 | pub enum Action {
[INFO] [stderr]     |          ------ variants in this enum
[INFO] [stderr] 166 |     Add,
[INFO] [stderr] 167 |     Update,
[INFO] [stderr]     |     ^^^^^^
[INFO] [stderr] 168 |     Delete,
[INFO] [stderr]     |     ^^^^^^
[INFO] [stderr] 
[INFO] [stderr] warning: struct `UserData` is never constructed
[INFO] [stderr]  --> src/utils/parse_user_data.rs:6:12
[INFO] [stderr]   |
[INFO] [stderr] 6 | pub struct UserData {
[INFO] [stderr]   |            ^^^^^^^^
[INFO] [stderr] 
[INFO] [stderr] warning: struct `SyncTaskBean` is never constructed
[INFO] [stderr]   --> src/utils/parse_user_data.rs:23:12
[INFO] [stderr]    |
[INFO] [stderr] 23 | pub struct SyncTaskBean {
[INFO] [stderr]    |            ^^^^^^^^^^^^
[INFO] [stderr] 
[INFO] [stderr] warning: struct `Task` is never constructed
[INFO] [stderr]   --> src/utils/parse_user_data.rs:32:12
[INFO] [stderr]    |
[INFO] [stderr] 32 | pub struct Task {
[INFO] [stderr]    |            ^^^^
[INFO] [stderr] 
[INFO] [stderr] warning: struct `Item` is never constructed
[INFO] [stderr]   --> src/utils/parse_user_data.rs:79:12
[INFO] [stderr]    |
[INFO] [stderr] 79 | pub struct Item {
[INFO] [stderr]    |            ^^^^
[INFO] [stderr] 
[INFO] [stderr] warning: struct `ProjectProfile` is never constructed
[INFO] [stderr]    --> src/utils/parse_user_data.rs:106:12
[INFO] [stderr]     |
[INFO] [stderr] 106 | pub struct ProjectProfile {
[INFO] [stderr]     |            ^^^^^^^^^^^^^^
[INFO] [stderr] 
[INFO] [stderr] warning: struct `ProjectGroup` is never constructed
[INFO] [stderr]    --> src/utils/parse_user_data.rs:135:12
[INFO] [stderr]     |
[INFO] [stderr] 135 | pub struct ProjectGroup {
[INFO] [stderr]     |            ^^^^^^^^^^^^
[INFO] [stderr] 
[INFO] [stderr] warning: struct `Filter` is never constructed
[INFO] [stderr]    --> src/utils/parse_user_data.rs:150:12
[INFO] [stderr]     |
[INFO] [stderr] 150 | pub struct Filter {
[INFO] [stderr]     |            ^^^^^^
[INFO] [stderr] 
[INFO] [stderr] warning: struct `Tag` is never constructed
[INFO] [stderr]    --> src/utils/parse_user_data.rs:164:12
[INFO] [stderr]     |
[INFO] [stderr] 164 | pub struct Tag {
[INFO] [stderr]     |            ^^^
[INFO] [stderr] 
[INFO] [stderr] warning: function `parse_user_data` is never used
[INFO] [stderr]    --> src/utils/parse_user_data.rs:177:8
[INFO] [stderr]     |
[INFO] [stderr] 177 | pub fn parse_user_data(data: &str) {
[INFO] [stderr]     |        ^^^^^^^^^^^^^^^
[INFO] [stderr] 
[INFO] [stderr] warning: `ticktick_api` (bin "ticktick_api" test) generated 14 warnings
[INFO] [stderr]     Finished `release` profile [optimized] target(s) in 0.16s
[INFO] [stdout] 
[INFO] [stderr]      Running unittests src/main.rs (/opt/rustwide/target/release/build/ticktick_api/bf364eb0c5b3dea5/out/ticktick_api-bf364eb0c5b3dea5)
[INFO] [stdout] running 5 tests
[INFO] [stdout] test utils::text_utils::tests::handles_no_tags ... ok
[INFO] [stdout] test utils::text_utils::tests::trims_title_properly ... ok
[INFO] [stdout] test utils::text_utils::tests::parses_tags_and_title_correctly ... ok
[INFO] [stdout] test utils::text_utils::tests::allows_numbers_and_dashes_in_tags ... ok
[INFO] [stdout] test utils::text_utils::tests::ignores_hashes_in_middle_of_words ... FAILED
[INFO] [stdout] 
[INFO] [stdout] failures:
[INFO] [stdout] 
[INFO] [stdout] ---- utils::text_utils::tests::ignores_hashes_in_middle_of_words stdout ----
[INFO] [stdout] 
[INFO] [stdout] thread 'utils::text_utils::tests::ignores_hashes_in_middle_of_words' (2022) panicked at src/utils/text_utils.rs:73:9:
[INFO] [stdout] assertion `left == right` failed
[INFO] [stdout]   left: "Discuss  and a"
[INFO] [stdout]  right: "Discuss and a#weirdcase"
[INFO] [stdout] stack backtrace:
[INFO] [stdout]    0:     0x5e9ae127b6b1 - <<std[617be2ca0a6fd877]::sys::backtrace::BacktraceLock>::print::DisplayBacktrace as core[a373ad73a504971]::fmt::Display>::fmt
[INFO] [stdout]    1:     0x5e9ae1290d1a - core[a373ad73a504971]::fmt::write
[INFO] [stdout]    2:     0x5e9ae127f8cc - <alloc[2e1b2a31b91974c5]::vec::Vec<u8> as core[a373ad73a504971]::io::write::Write>::write_fmt
[INFO] [stdout]    3:     0x5e9ae1257b16 - std[617be2ca0a6fd877]::panicking::default_hook::{closure#0}
[INFO] [stdout]    4:     0x5e9ae1273d49 - std[617be2ca0a6fd877]::panicking::default_hook
[INFO] [stdout]    5:     0x5e9ae114ea90 - test[aada8e7e76ba119b]::test_main_inner::{closure#0}
[INFO] [stdout]    6:     0x5e9ae1273f02 - std[617be2ca0a6fd877]::panicking::panic_with_hook
[INFO] [stdout]    7:     0x5e9ae1257bc2 - std[617be2ca0a6fd877]::panicking::panic_handler::{closure#0}
[INFO] [stdout]    8:     0x5e9ae12508d9 - std[617be2ca0a6fd877]::sys::backtrace::__rust_end_short_backtrace::<std[617be2ca0a6fd877]::panicking::panic_handler::{closure#0}, !>
[INFO] [stdout]    9:     0x5e9ae12587cd - __rustc[ea4f61d10b84890b]::rust_begin_unwind
[INFO] [stdout]   10:     0x5e9ae12914fc - core[a373ad73a504971]::panicking::panic_fmt
[INFO] [stdout]   11:     0x5e9ae1291413 - core[a373ad73a504971]::panicking::assert_failed_inner
[INFO] [stdout]   12:     0x5e9ae11419ac - core[a373ad73a504971]::panicking::assert_failed::<alloc[2e1b2a31b91974c5]::string::String, &str>
[INFO] [stdout]   13:     0x5e9ae114104b - <ticktick_api[424dad483c2fd2d1]::utils::text_utils::tests::ignores_hashes_in_middle_of_words::{closure#0} as core[a373ad73a504971]::ops::function::FnOnce<()>>::call_once
[INFO] [stdout]   14:     0x5e9ae1141edb - test[aada8e7e76ba119b]::__rust_begin_short_backtrace::<core[a373ad73a504971]::result::Result<(), alloc[2e1b2a31b91974c5]::string::String>, fn() -> core[a373ad73a504971]::result::Result<(), alloc[2e1b2a31b91974c5]::string::String>>
[INFO] [stdout]   15:     0x5e9ae114f0b5 - test[aada8e7e76ba119b]::run_test::{closure#0}
[INFO] [stdout]   16:     0x5e9ae11489a4 - std[617be2ca0a6fd877]::sys::backtrace::__rust_begin_short_backtrace::<test[aada8e7e76ba119b]::run_test::{closure#1}, ()>
[INFO] [stdout]   17:     0x5e9ae1152142 - <std[617be2ca0a6fd877]::thread::lifecycle::spawn_unchecked<test[aada8e7e76ba119b]::run_test::{closure#1}, ()>::{closure#1} as core[a373ad73a504971]::ops::function::FnOnce<()>>::call_once::{shim:vtable#0}
[INFO] [stdout]   18:     0x5e9ae127af0f - <std[617be2ca0a6fd877]::sys::thread::unix::Thread>::new::thread_start
[INFO] [stdout]   19:     0x76c425ac6dfa - <unknown>
[INFO] [stdout]   20:     0x76c425b5a3d4 - clone
[INFO] [stdout]   21:                0x0 - <unknown>
[INFO] [stdout] 
[INFO] [stdout] 
[INFO] [stdout] failures:
[INFO] [stdout]     utils::text_utils::tests::ignores_hashes_in_middle_of_words
[INFO] [stdout] 
[INFO] [stdout] test result: FAILED. 4 passed; 1 failed; 0 ignored; 0 measured; 0 filtered out; finished in 0.01s
[INFO] [stdout] 
[INFO] [stderr] error: test failed, to rerun pass `--bin ticktick_api`
[INFO] running `Command { std: "docker" "inspect" "58e9c06031018861a375f0310f044632bdb993d4c3638258809eebee7a277264", kill_on_drop: false }`
[INFO] running `Command { std: "docker" "rm" "-f" "58e9c06031018861a375f0310f044632bdb993d4c3638258809eebee7a277264", kill_on_drop: false }`
[INFO] [stdout] 58e9c06031018861a375f0310f044632bdb993d4c3638258809eebee7a277264
