[INFO] fetching crate tickrs-api 0.15.0...
[INFO] testing tickrs-api-0.15.0 against 1.99.0-beta.8+cargoflags=--release for beta-release-1.100-2
[INFO] extracting crate tickrs-api 0.15.0 into /workspace/builds/worker-4-tc1/source
[INFO] started tweaking crates.io crate tickrs-api 0.15.0
[INFO] finished tweaking crates.io crate tickrs-api 0.15.0
[INFO] tweaked toml for crates.io crate tickrs-api 0.15.0 written to /workspace/builds/worker-4-tc1/source/Cargo.toml
[INFO] validating manifest of crates.io crate tickrs-api 0.15.0 on toolchain 1.99.0-beta.8
[INFO] running `Command { std: CARGO_HOME="/workspace/cargo-home" RUSTUP_HOME="/workspace/rustup-home" "/workspace/cargo-home/bin/cargo" "+1.99.0-beta.8" "metadata" "--manifest-path" "Cargo.toml" "--no-deps", kill_on_drop: false }`
[INFO] crate crates.io crate tickrs-api 0.15.0 already has a lockfile, it will not be regenerated
[INFO] running `Command { std: CARGO_HOME="/workspace/cargo-home" RUSTUP_HOME="/workspace/rustup-home" "/workspace/cargo-home/bin/cargo" "+1.99.0-beta.8" "fetch" "--manifest-path" "Cargo.toml", kill_on_drop: false }`
[INFO] [stderr]     Updating crates.io index
[INFO] [stderr]  Downloading crates ...
[INFO] [stderr]   Downloaded serde v1.0.175
[INFO] [stderr]   Downloaded quote v1.0.32
[INFO] [stderr]   Downloaded hermit-abi v0.3.2
[INFO] [stderr]   Downloaded castaway v0.1.2
[INFO] [stderr]   Downloaded futures-macro v0.3.28
[INFO] [stderr]   Downloaded gloo-timers v0.2.6
[INFO] [stderr]   Downloaded wasm-bindgen-futures v0.4.37
[INFO] [stderr]   Downloaded wasm-bindgen-macro v0.2.87
[INFO] [stderr]   Downloaded wasm-bindgen-shared v0.2.87
[INFO] [stderr]   Downloaded parking v2.1.0
[INFO] [stderr]   Downloaded async-global-executor v2.3.1
[INFO] [stderr]   Downloaded value-bag v1.4.1
[INFO] [stderr]   Downloaded futures-executor v0.3.28
[INFO] [stderr]   Downloaded wasm-bindgen-macro-support v0.2.87
[INFO] [stderr]   Downloaded concurrent-queue v2.2.0
[INFO] [stderr]   Downloaded async-lock v2.7.0
[INFO] [stderr]   Downloaded sluice v0.5.5
[INFO] [stderr]   Downloaded wasm-bindgen-backend v0.2.87
[INFO] [stderr]   Downloaded async-executor v1.5.1
[INFO] [stderr]   Downloaded pin-project-internal v1.1.2
[INFO] [stderr]   Downloaded blocking v1.3.1
[INFO] [stderr]   Downloaded tracing-attributes v0.1.26
[INFO] [stderr]   Downloaded log v0.4.19
[INFO] [stderr]   Downloaded anyhow v1.0.72
[INFO] [stderr]   Downloaded schannel v0.1.22
[INFO] [stderr]   Downloaded futures v0.3.28
[INFO] [stderr]   Downloaded async-task v4.4.0
[INFO] [stderr]   Downloaded socket2 v0.5.4
[INFO] [stderr]   Downloaded pin-project v1.1.2
[INFO] [stderr]   Downloaded js-sys v0.3.64
[INFO] [stderr]   Downloaded openssl-sys v0.9.90
[INFO] [stderr]   Downloaded url v2.4.0
[INFO] [stderr]   Downloaded bumpalo v3.13.0
[INFO] [stderr]   Downloaded curl v0.4.46
[INFO] [stderr]   Downloaded serde_json v1.0.103
[INFO] [stderr]   Downloaded syn v2.0.27
[INFO] [stderr]   Downloaded wasm-bindgen v0.2.87
[INFO] [stderr]   Downloaded isahc v1.7.2
[INFO] [stderr]   Downloaded async-std v1.12.0
[INFO] [stderr]   Downloaded serde_derive v1.0.175
[INFO] [stderr]   Downloaded rustix v0.37.23
[INFO] [stderr]   Downloaded web-sys v0.3.64
[INFO] [stderr]   Downloaded libz-sys v1.1.11
[INFO] [stderr]   Downloaded curl-sys v0.4.72+curl-8.6.0
[INFO] [stderr]   Downloaded libnghttp2-sys v0.1.7+1.45.0
[INFO] [stderr]   Downloaded openssl-src v111.26.0+1.1.1u
[INFO] running `Command { std: "docker" "create" "-v" "/var/lib/crater-agent-workspace/builds/worker-4-tc1/source:/opt/rustwide/workdir:ro,Z" "-v" "/var/lib/crater-agent-workspace/builds/worker-4-tc1/target:/opt/rustwide/target:rw,Z" "-v" "/var/lib/crater-agent-workspace/cargo-home:/opt/rustwide/cargo-home:ro,Z" "-v" "/var/lib/crater-agent-workspace/rustup-home:/opt/rustwide/rustup-home:ro,Z" "-m" "1610612736" "--network" "none" "ghcr.io/rust-lang/crates-build-env/linux@sha256:77db811e55d90add9212f6832c23229e3de5f1c1f9905e8cb07319ea15df73ac" "sleep" "infinity", kill_on_drop: false }`
[INFO] [stdout] f26aabfc54cb05cd65236546e630384d10c5bc7a62eb9d63f30d6a2d68cbaea1
[INFO] running `Command { std: "docker" "start" "f26aabfc54cb05cd65236546e630384d10c5bc7a62eb9d63f30d6a2d68cbaea1", kill_on_drop: false }`
[INFO] running `Command { std: "docker" "inspect" "f26aabfc54cb05cd65236546e630384d10c5bc7a62eb9d63f30d6a2d68cbaea1", kill_on_drop: false }`
[INFO] running `Command { std: "docker" "exec" "-e" "SOURCE_DIR=/opt/rustwide/workdir" "-e" "CARGO_HOME=/opt/rustwide/cargo-home" "-e" "RUSTUP_HOME=/opt/rustwide/rustup-home" "-e" "CARGO_TARGET_DIR=/opt/rustwide/target" "-w" "/opt/rustwide/workdir" "--user" "0:0" "f26aabfc54cb05cd65236546e630384d10c5bc7a62eb9d63f30d6a2d68cbaea1" "/opt/rustwide/cargo-home/bin/cargo" "+1.99.0-beta.8" "metadata" "--no-deps" "--format-version=1", kill_on_drop: false }`
[INFO] running `Command { std: "docker" "inspect" "f26aabfc54cb05cd65236546e630384d10c5bc7a62eb9d63f30d6a2d68cbaea1", kill_on_drop: false }`
[INFO] running `Command { std: "docker" "exec" "-e" "SOURCE_DIR=/opt/rustwide/workdir" "-e" "CARGO_HOME=/opt/rustwide/cargo-home" "-e" "RUSTUP_HOME=/opt/rustwide/rustup-home" "-e" "CARGO_TARGET_DIR=/opt/rustwide/target" "-e" "CARGO_INCREMENTAL=0" "-e" "RUST_BACKTRACE=full" "-e" "RUSTFLAGS=--cap-lints=warn" "-e" "RUSTDOCFLAGS=--cap-lints=warn" "-w" "/opt/rustwide/workdir" "--user" "0:0" "f26aabfc54cb05cd65236546e630384d10c5bc7a62eb9d63f30d6a2d68cbaea1" "/opt/rustwide/cargo-home/bin/cargo" "+1.99.0-beta.8" "build" "--frozen" "--message-format=json" "--release", kill_on_drop: false }`
[INFO] [stderr]    Compiling cc v1.0.79
[INFO] [stderr]    Compiling pkg-config v0.3.27
[INFO] [stderr]    Compiling futures-core v0.3.28
[INFO] [stderr]    Compiling libc v0.2.147
[INFO] [stderr]    Compiling slab v0.4.8
[INFO] [stderr]    Compiling futures-io v0.3.28
[INFO] [stderr]    Compiling quote v1.0.32
[INFO] [stderr]    Compiling crossbeam-utils v0.8.16
[INFO] [stderr]    Compiling futures-channel v0.3.28
[INFO] [stderr]    Compiling futures-task v0.3.28
[INFO] [stderr]    Compiling syn v2.0.27
[INFO] [stderr]    Compiling log v0.4.19
[INFO] [stderr]    Compiling serde v1.0.175
[INFO] [stderr]    Compiling futures-sink v0.3.28
[INFO] [stderr]    Compiling futures-util v0.3.28
[INFO] [stderr]    Compiling percent-encoding v2.3.0
[INFO] [stderr]    Compiling openssl-src v111.26.0+1.1.1u
[INFO] [stderr]    Compiling itoa v1.0.9
[INFO] [stderr]    Compiling form_urlencoded v1.2.0
[INFO] [stderr]    Compiling tracing-core v0.1.31
[INFO] [stderr]    Compiling unicode-normalization v0.1.22
[INFO] [stderr]    Compiling polling v2.8.0
[INFO] [stderr]    Compiling serde_derive v1.0.175
[INFO] [stderr]    Compiling unicode-bidi v0.3.13
[INFO] [stderr]    Compiling libnghttp2-sys v0.1.7+1.45.0
[INFO] [stderr]    Compiling libz-sys v1.1.11
[INFO] [stderr]    Compiling openssl-sys v0.9.90
[INFO] [stderr]    Compiling curl-sys v0.4.72+curl-8.6.0
[INFO] [stderr]    Compiling concurrent-queue v2.2.0
[INFO] [stderr]    Compiling curl v0.4.46
[INFO] [stderr]    Compiling async-channel v1.9.0
[INFO] [stderr]    Compiling idna v0.4.0
[INFO] [stderr]    Compiling socket2 v0.5.4
[INFO] [stderr]    Compiling parking v2.1.0
[INFO] [stderr]    Compiling isahc v1.7.2
[INFO] [stderr]    Compiling serde_json v1.0.103
[INFO] [stderr]    Compiling bytes v1.4.0
[INFO] [stderr]    Compiling waker-fn v1.1.0
[INFO] [stderr]    Compiling ryu v1.0.15
[INFO] [stderr]    Compiling anyhow v1.0.72
[INFO] [stderr]    Compiling http v0.2.9
[INFO] [stderr]    Compiling futures-lite v1.13.0
[INFO] [stderr]    Compiling url v2.4.0
[INFO] [stderr]    Compiling sluice v0.5.5
[INFO] [stderr]    Compiling encoding_rs v0.8.32
[INFO] [stderr]    Compiling castaway v0.1.2
[INFO] [stderr]    Compiling serde_urlencoded v0.7.1
[INFO] [stderr]    Compiling pin-project-internal v1.1.2
[INFO] [stderr]    Compiling futures-macro v0.3.28
[INFO] [stderr]    Compiling tracing-attributes v0.1.26
[INFO] [stderr]    Compiling pin-project v1.1.2
[INFO] [stderr]    Compiling tracing v0.1.37
[INFO] [stderr]    Compiling tracing-futures v0.2.5
[INFO] [stderr]    Compiling futures-executor v0.3.28
[INFO] [stderr]    Compiling futures v0.3.28
[INFO] [stderr]    Compiling tickrs-api v0.15.0 (/opt/rustwide/workdir)
[INFO] [stderr]     Finished `release` profile [optimized] target(s) in 3m 41s
[INFO] running `Command { std: "docker" "inspect" "f26aabfc54cb05cd65236546e630384d10c5bc7a62eb9d63f30d6a2d68cbaea1", kill_on_drop: false }`
[INFO] running `Command { std: "docker" "exec" "-e" "SOURCE_DIR=/opt/rustwide/workdir" "-e" "CARGO_HOME=/opt/rustwide/cargo-home" "-e" "RUSTUP_HOME=/opt/rustwide/rustup-home" "-e" "CARGO_TARGET_DIR=/opt/rustwide/target" "-e" "CARGO_INCREMENTAL=0" "-e" "RUST_BACKTRACE=full" "-e" "RUSTFLAGS=--cap-lints=warn" "-e" "RUSTDOCFLAGS=--cap-lints=warn" "-w" "/opt/rustwide/workdir" "--user" "0:0" "f26aabfc54cb05cd65236546e630384d10c5bc7a62eb9d63f30d6a2d68cbaea1" "/opt/rustwide/cargo-home/bin/cargo" "+1.99.0-beta.8" "test" "--frozen" "--no-run" "--message-format=json" "--release", kill_on_drop: false }`
[INFO] [stderr]    Compiling value-bag v1.4.1
[INFO] [stderr]    Compiling io-lifetimes v1.0.11
[INFO] [stderr]    Compiling async-lock v2.7.0
[INFO] [stderr]    Compiling rustix v0.37.23
[INFO] [stderr]    Compiling async-io v1.13.0
[INFO] [stderr]    Compiling async-task v4.4.0
[INFO] [stderr]    Compiling linux-raw-sys v0.3.8
[INFO] [stderr]    Compiling socket2 v0.4.9
[INFO] [stderr]    Compiling atomic-waker v1.1.1
[INFO] [stderr]    Compiling syn v1.0.109
[INFO] [stderr]    Compiling log v0.4.19
[INFO] [stderr]    Compiling async-executor v1.5.1
[INFO] [stderr]    Compiling polling v2.8.0
[INFO] [stderr]    Compiling tracing v0.1.37
[INFO] [stderr]    Compiling blocking v1.3.1
[INFO] [stderr]    Compiling tracing-futures v0.2.5
[INFO] [stderr]    Compiling isahc v1.7.2
[INFO] [stderr]    Compiling kv-log-macro v1.0.7
[INFO] [stderr]    Compiling tickrs-api v0.15.0 (/opt/rustwide/workdir)
[INFO] [stderr]    Compiling async-global-executor v2.3.1
[INFO] [stderr]    Compiling async-attributes v1.1.2
[INFO] [stderr]    Compiling async-std v1.12.0
[INFO] [stderr]     Finished `release` profile [optimized] target(s) in 37.31s
[INFO] running `Command { std: "docker" "inspect" "f26aabfc54cb05cd65236546e630384d10c5bc7a62eb9d63f30d6a2d68cbaea1", kill_on_drop: false }`
[INFO] running `Command { std: "docker" "exec" "-e" "SOURCE_DIR=/opt/rustwide/workdir" "-e" "CARGO_HOME=/opt/rustwide/cargo-home" "-e" "RUSTUP_HOME=/opt/rustwide/rustup-home" "-e" "CARGO_TARGET_DIR=/opt/rustwide/target" "-e" "CARGO_INCREMENTAL=0" "-e" "RUST_BACKTRACE=full" "-e" "RUSTFLAGS=--cap-lints=warn" "-e" "RUSTDOCFLAGS=--cap-lints=warn" "-w" "/opt/rustwide/workdir" "--user" "0:0" "f26aabfc54cb05cd65236546e630384d10c5bc7a62eb9d63f30d6a2d68cbaea1" "/opt/rustwide/cargo-home/bin/cargo" "+1.99.0-beta.8" "test" "--frozen" "--release", kill_on_drop: false }`
[INFO] [stderr]     Finished `release` profile [optimized] target(s) in 0.13s
[INFO] [stderr]      Running unittests src/lib.rs (/opt/rustwide/target/release/deps/tickrs_api-953a17165b082743)
[INFO] [stdout] 
[INFO] [stdout] running 3 tests
[INFO] [stdout] test client::tests::test_options_data ... FAILED
[INFO] [stdout] test client::tests::test_chart_data ... FAILED
[INFO] [stdout] test client::tests::test_company_data ... FAILED
[INFO] [stdout] 
[INFO] [stdout] failures:
[INFO] [stdout] 
[INFO] [stdout] ---- client::tests::test_options_data stdout ----
[INFO] [stdout] Failed to get request
[INFO] [stdout] 
[INFO] [stdout] thread 'client::tests::test_options_data' (8484) panicked at src/client.rs:303:17:
[INFO] [stdout] explicit panic
[INFO] [stdout] stack backtrace:
[INFO] [stdout]    0:     0x652ba9cd86f1 - <<std[70759c8f55707aa4]::sys::backtrace::BacktraceLock>::print::DisplayBacktrace as core[df12db4294e9bfd3]::fmt::Display>::fmt
[INFO] [stdout]    1:     0x652ba9ceddca - core[df12db4294e9bfd3]::fmt::write
[INFO] [stdout]    2:     0x652ba9cdcc3c - <alloc[2182bb758b4b3781]::vec::Vec<u8> as core[df12db4294e9bfd3]::io::write::Write>::write_fmt
[INFO] [stdout]    3:     0x652ba9cb4526 - std[70759c8f55707aa4]::panicking::default_hook::{closure#0}
[INFO] [stdout]    4:     0x652ba9cd0ab9 - std[70759c8f55707aa4]::panicking::default_hook
[INFO] [stdout]    5:     0x652ba99ecf80 - test[9d35eded1c95d3be]::test_main_inner::<test[9d35eded1c95d3be]::test_main_static::{closure#0}>::{closure#0}
[INFO] [stdout]    6:     0x652ba9cd0c72 - std[70759c8f55707aa4]::panicking::panic_with_hook
[INFO] [stdout]    7:     0x652ba9cb4604 - std[70759c8f55707aa4]::panicking::panic_handler::{closure#0}
[INFO] [stdout]    8:     0x652ba9cad329 - std[70759c8f55707aa4]::sys::backtrace::__rust_end_short_backtrace::<std[70759c8f55707aa4]::panicking::panic_handler::{closure#0}, !>
[INFO] [stdout]    9:     0x652ba9cb51cd - __rustc[8fa7c3cbc660c2b3]::rust_begin_unwind
[INFO] [stdout]   10:     0x652ba9cee5ac - core[df12db4294e9bfd3]::panicking::panic_fmt
[INFO] [stdout]   11:     0x652ba9cee572 - core[df12db4294e9bfd3]::panicking::panic
[INFO] [stdout]   12:     0x652ba99c1b01 - <std[70759c8f55707aa4]::thread::local::LocalKey<core[df12db4294e9bfd3]::cell::Cell<*const async_std[c5cc9dcbe8792b0c]::task::task_locals_wrapper::TaskLocalsWrapper>>>::with::<<async_std[c5cc9dcbe8792b0c]::task::task_locals_wrapper::TaskLocalsWrapper>::set_current<<async_std[c5cc9dcbe8792b0c]::task::builder::SupportTaskLocals<tickrs_api[b7e368a8543fc8ca]::client::tests::test_options_data::{closure#0}> as core[df12db4294e9bfd3]::future::future::Future>::poll::{closure#0}, core[df12db4294e9bfd3]::task::poll::Poll<()>>::{closure#0}, core[df12db4294e9bfd3]::task::poll::Poll<()>>
[INFO] [stdout]   13:     0x652ba99cbe22 - <futures_lite[26abfcd1dfc71fdf]::future::Or<async_std[c5cc9dcbe8792b0c]::task::builder::SupportTaskLocals<tickrs_api[b7e368a8543fc8ca]::client::tests::test_options_data::{closure#0}>, <async_executor[4948f5e21dc61c24]::Executor>::run<(), async_std[c5cc9dcbe8792b0c]::task::builder::SupportTaskLocals<tickrs_api[b7e368a8543fc8ca]::client::tests::test_options_data::{closure#0}>>::{closure#0}::{closure#0}> as core[df12db4294e9bfd3]::future::future::Future>::poll
[INFO] [stdout]   14:     0x652ba99c7d51 - async_io[5c1a5f35c58b2931]::driver::block_on::<(), <async_executor[4948f5e21dc61c24]::LocalExecutor>::run<(), async_std[c5cc9dcbe8792b0c]::task::builder::SupportTaskLocals<tickrs_api[b7e368a8543fc8ca]::client::tests::test_options_data::{closure#0}>>::{closure#0}>
[INFO] [stdout]   15:     0x652ba99c2c89 - <std[70759c8f55707aa4]::thread::local::LocalKey<core[df12db4294e9bfd3]::cell::Cell<usize>>>::with::<<async_std[c5cc9dcbe8792b0c]::task::builder::Builder>::blocking<tickrs_api[b7e368a8543fc8ca]::client::tests::test_options_data::{closure#0}, ()>::{closure#0}, ()>
[INFO] [stdout]   16:     0x652ba99d195b - <async_std[c5cc9dcbe8792b0c]::task::builder::Builder>::blocking::<tickrs_api[b7e368a8543fc8ca]::client::tests::test_options_data::{closure#0}, ()>
[INFO] [stdout]   17:     0x652ba99d7dc5 - <tickrs_api[b7e368a8543fc8ca]::client::tests::test_options_data::{closure#0} as core[df12db4294e9bfd3]::ops::function::FnOnce<()>>::call_once
[INFO] [stdout]   18:     0x652ba99e026b - test[9d35eded1c95d3be]::__rust_begin_short_backtrace::<core[df12db4294e9bfd3]::result::Result<(), alloc[2182bb758b4b3781]::string::String>, fn() -> core[df12db4294e9bfd3]::result::Result<(), alloc[2182bb758b4b3781]::string::String>>
[INFO] [stdout]   19:     0x652ba99ed8d5 - test[9d35eded1c95d3be]::run_test::{closure#0}
[INFO] [stdout]   20:     0x652ba99e7194 - std[70759c8f55707aa4]::sys::backtrace::__rust_begin_short_backtrace::<test[9d35eded1c95d3be]::run_test::{closure#1}, ()>
[INFO] [stdout]   21:     0x652ba99f0a32 - <std[70759c8f55707aa4]::thread::lifecycle::spawn_unchecked<test[9d35eded1c95d3be]::run_test::{closure#1}, ()>::{closure#1} as core[df12db4294e9bfd3]::ops::function::FnOnce<()>>::call_once::{shim:vtable#0}
[INFO] [stdout]   22:     0x652ba9cd7f99 - <std[70759c8f55707aa4]::sys::thread::unix::Thread>::new::thread_start
[INFO] [stdout]   23:     0x7811c1f63dfa - <unknown>
[INFO] [stdout]   24:     0x7811c1ff73d4 - clone
[INFO] [stdout]   25:                0x0 - <unknown>
[INFO] [stdout] 
[INFO] [stdout] ---- client::tests::test_chart_data stdout ----
[INFO] [stdout] Failed to get request
[INFO] [stdout] Failed to get request
[INFO] [stdout] 
[INFO] [stdout] thread 'client::tests::test_chart_data' (8482) panicked at src/client.rs:343:21:
[INFO] [stdout] explicit panic
[INFO] [stdout] stack backtrace:
[INFO] [stdout]    0:     0x652ba9cd86f1 - <<std[70759c8f55707aa4]::sys::backtrace::BacktraceLock>::print::DisplayBacktrace as core[df12db4294e9bfd3]::fmt::Display>::fmt
[INFO] [stdout]    1:     0x652ba9ceddca - core[df12db4294e9bfd3]::fmt::write
[INFO] [stdout]    2:     0x652ba9cdcc3c - <alloc[2182bb758b4b3781]::vec::Vec<u8> as core[df12db4294e9bfd3]::io::write::Write>::write_fmt
[INFO] [stdout]    3:     0x652ba9cb4526 - std[70759c8f55707aa4]::panicking::default_hook::{closure#0}
[INFO] [stdout]    4:     0x652ba9cd0ab9 - std[70759c8f55707aa4]::panicking::default_hook
[INFO] [stdout]    5:     0x652ba99ecf80 - test[9d35eded1c95d3be]::test_main_inner::<test[9d35eded1c95d3be]::test_main_static::{closure#0}>::{closure#0}
[INFO] [stdout]    6:     0x652ba9cd0c72 - std[70759c8f55707aa4]::panicking::panic_with_hook
[INFO] [stdout]    7:     0x652ba9cb4604 - std[70759c8f55707aa4]::panicking::panic_handler::{closure#0}
[INFO] [stdout]    8:     0x652ba9cad329 - std[70759c8f55707aa4]::sys::backtrace::__rust_end_short_backtrace::<std[70759c8f55707aa4]::panicking::panic_handler::{closure#0}, !>
[INFO] [stdout]    9:     0x652ba9cb51cd - __rustc[8fa7c3cbc660c2b3]::rust_begin_unwind
[INFO] [stdout]   10:     0x652ba9cee5ac - core[df12db4294e9bfd3]::panicking::panic_fmt
[INFO] [stdout]   11:     0x652ba9cee572 - core[df12db4294e9bfd3]::panicking::panic
[INFO] [stdout]   12:     0x652ba99be7c6 - <std[70759c8f55707aa4]::thread::local::LocalKey<core[df12db4294e9bfd3]::cell::Cell<*const async_std[c5cc9dcbe8792b0c]::task::task_locals_wrapper::TaskLocalsWrapper>>>::with::<<async_std[c5cc9dcbe8792b0c]::task::task_locals_wrapper::TaskLocalsWrapper>::set_current<<async_std[c5cc9dcbe8792b0c]::task::builder::SupportTaskLocals<tickrs_api[b7e368a8543fc8ca]::client::tests::test_chart_data::{closure#0}> as core[df12db4294e9bfd3]::future::future::Future>::poll::{closure#0}, core[df12db4294e9bfd3]::task::poll::Poll<()>>::{closure#0}, core[df12db4294e9bfd3]::task::poll::Poll<()>>
[INFO] [stdout]   13:     0x652ba99cbba2 - <futures_lite[26abfcd1dfc71fdf]::future::Or<async_std[c5cc9dcbe8792b0c]::task::builder::SupportTaskLocals<tickrs_api[b7e368a8543fc8ca]::client::tests::test_chart_data::{closure#0}>, <async_executor[4948f5e21dc61c24]::Executor>::run<(), async_std[c5cc9dcbe8792b0c]::task::builder::SupportTaskLocals<tickrs_api[b7e368a8543fc8ca]::client::tests::test_chart_data::{closure#0}>>::{closure#0}::{closure#0}> as core[df12db4294e9bfd3]::future::future::Future>::poll
[INFO] [stdout]   14:     0x652ba99c64a1 - async_io[5c1a5f35c58b2931]::driver::block_on::<(), <async_executor[4948f5e21dc61c24]::LocalExecutor>::run<(), async_std[c5cc9dcbe8792b0c]::task::builder::SupportTaskLocals<tickrs_api[b7e368a8543fc8ca]::client::tests::test_chart_data::{closure#0}>>::{closure#0}>
[INFO] [stdout]   15:     0x652ba99c2899 - <std[70759c8f55707aa4]::thread::local::LocalKey<core[df12db4294e9bfd3]::cell::Cell<usize>>>::with::<<async_std[c5cc9dcbe8792b0c]::task::builder::Builder>::blocking<tickrs_api[b7e368a8543fc8ca]::client::tests::test_chart_data::{closure#0}, ()>::{closure#0}, ()>
[INFO] [stdout]   16:     0x652ba99d145b - <async_std[c5cc9dcbe8792b0c]::task::builder::Builder>::blocking::<tickrs_api[b7e368a8543fc8ca]::client::tests::test_chart_data::{closure#0}, ()>
[INFO] [stdout]   17:     0x652ba99d7d48 - <tickrs_api[b7e368a8543fc8ca]::client::tests::test_chart_data::{closure#0} as core[df12db4294e9bfd3]::ops::function::FnOnce<()>>::call_once
[INFO] [stdout]   18:     0x652ba99e026b - test[9d35eded1c95d3be]::__rust_begin_short_backtrace::<core[df12db4294e9bfd3]::result::Result<(), alloc[2182bb758b4b3781]::string::String>, fn() -> core[df12db4294e9bfd3]::result::Result<(), alloc[2182bb758b4b3781]::string::String>>
[INFO] [stdout]   19:     0x652ba99ed8d5 - test[9d35eded1c95d3be]::run_test::{closure#0}
[INFO] [stdout]   20:     0x652ba99e7194 - std[70759c8f55707aa4]::sys::backtrace::__rust_begin_short_backtrace::<test[9d35eded1c95d3be]::run_test::{closure#1}, ()>
[INFO] [stdout]   21:     0x652ba99f0a32 - <std[70759c8f55707aa4]::thread::lifecycle::spawn_unchecked<test[9d35eded1c95d3be]::run_test::{closure#1}, ()>::{closure#1} as core[df12db4294e9bfd3]::ops::function::FnOnce<()>>::call_once::{shim:vtable#0}
[INFO] [stdout]   22:     0x652ba9cd7f99 - <std[70759c8f55707aa4]::sys::thread::unix::Thread>::new::thread_start
[INFO] [stdout]   23:     0x7811c1f63dfa - <unknown>
[INFO] [stdout]   24:     0x7811c1ff73d4 - clone
[INFO] [stdout]   25:                0x0 - <unknown>
[INFO] [stdout] 
[INFO] [stdout] ---- client::tests::test_company_data stdout ----
[INFO] [stdout] 
[INFO] [stdout] thread 'client::tests::test_company_data' (8483) panicked at src/client.rs:278:46:
[INFO] [stdout] called `Result::unwrap()` on an `Err` value: Failed to get request
[INFO] [stdout] 
[INFO] [stdout] Caused by:
[INFO] [stdout]     0: failed to resolve host name
[INFO] [stdout]     1: [6] Couldn't resolve host name
[INFO] [stdout] stack backtrace:
[INFO] [stdout]    0:     0x652ba9cd86f1 - <<std[70759c8f55707aa4]::sys::backtrace::BacktraceLock>::print::DisplayBacktrace as core[df12db4294e9bfd3]::fmt::Display>::fmt
[INFO] [stdout]    1:     0x652ba9ceddca - core[df12db4294e9bfd3]::fmt::write
[INFO] [stdout]    2:     0x652ba9cdcc3c - <alloc[2182bb758b4b3781]::vec::Vec<u8> as core[df12db4294e9bfd3]::io::write::Write>::write_fmt
[INFO] [stdout]    3:     0x652ba9cb4526 - std[70759c8f55707aa4]::panicking::default_hook::{closure#0}
[INFO] [stdout]    4:     0x652ba9cd0ab9 - std[70759c8f55707aa4]::panicking::default_hook
[INFO] [stdout]    5:     0x652ba99ecf80 - test[9d35eded1c95d3be]::test_main_inner::<test[9d35eded1c95d3be]::test_main_static::{closure#0}>::{closure#0}
[INFO] [stdout]    6:     0x652ba9cd0c72 - std[70759c8f55707aa4]::panicking::panic_with_hook
[INFO] [stdout]    7:     0x652ba9cb45d2 - std[70759c8f55707aa4]::panicking::panic_handler::{closure#0}
[INFO] [stdout]    8:     0x652ba9cad329 - std[70759c8f55707aa4]::sys::backtrace::__rust_end_short_backtrace::<std[70759c8f55707aa4]::panicking::panic_handler::{closure#0}, !>
[INFO] [stdout]    9:     0x652ba9cb51cd - __rustc[8fa7c3cbc660c2b3]::rust_begin_unwind
[INFO] [stdout]   10:     0x652ba9cee5ac - core[df12db4294e9bfd3]::panicking::panic_fmt
[INFO] [stdout]   11:     0x652ba9cee382 - core[df12db4294e9bfd3]::result::unwrap_failed
[INFO] [stdout]   12:     0x652ba99bf6fc - <std[70759c8f55707aa4]::thread::local::LocalKey<core[df12db4294e9bfd3]::cell::Cell<*const async_std[c5cc9dcbe8792b0c]::task::task_locals_wrapper::TaskLocalsWrapper>>>::with::<<async_std[c5cc9dcbe8792b0c]::task::task_locals_wrapper::TaskLocalsWrapper>::set_current<<async_std[c5cc9dcbe8792b0c]::task::builder::SupportTaskLocals<tickrs_api[b7e368a8543fc8ca]::client::tests::test_company_data::{closure#0}> as core[df12db4294e9bfd3]::future::future::Future>::poll::{closure#0}, core[df12db4294e9bfd3]::task::poll::Poll<()>>::{closure#0}, core[df12db4294e9bfd3]::task::poll::Poll<()>>
[INFO] [stdout]   13:     0x652ba99cbce2 - <futures_lite[26abfcd1dfc71fdf]::future::Or<async_std[c5cc9dcbe8792b0c]::task::builder::SupportTaskLocals<tickrs_api[b7e368a8543fc8ca]::client::tests::test_company_data::{closure#0}>, <async_executor[4948f5e21dc61c24]::Executor>::run<(), async_std[c5cc9dcbe8792b0c]::task::builder::SupportTaskLocals<tickrs_api[b7e368a8543fc8ca]::client::tests::test_company_data::{closure#0}>>::{closure#0}::{closure#0}> as core[df12db4294e9bfd3]::future::future::Future>::poll
[INFO] [stdout]   14:     0x652ba99c70fe - async_io[5c1a5f35c58b2931]::driver::block_on::<(), <async_executor[4948f5e21dc61c24]::LocalExecutor>::run<(), async_std[c5cc9dcbe8792b0c]::task::builder::SupportTaskLocals<tickrs_api[b7e368a8543fc8ca]::client::tests::test_company_data::{closure#0}>>::{closure#0}>
[INFO] [stdout]   15:     0x652ba99c2a6b - <std[70759c8f55707aa4]::thread::local::LocalKey<core[df12db4294e9bfd3]::cell::Cell<usize>>>::with::<<async_std[c5cc9dcbe8792b0c]::task::builder::Builder>::blocking<tickrs_api[b7e368a8543fc8ca]::client::tests::test_company_data::{closure#0}, ()>::{closure#0}, ()>
[INFO] [stdout]   16:     0x652ba99d16db - <async_std[c5cc9dcbe8792b0c]::task::builder::Builder>::blocking::<tickrs_api[b7e368a8543fc8ca]::client::tests::test_company_data::{closure#0}, ()>
[INFO] [stdout]   17:     0x652ba99d7d85 - <tickrs_api[b7e368a8543fc8ca]::client::tests::test_company_data::{closure#0} as core[df12db4294e9bfd3]::ops::function::FnOnce<()>>::call_once
[INFO] [stdout]   18:     0x652ba99e026b - test[9d35eded1c95d3be]::__rust_begin_short_backtrace::<core[df12db4294e9bfd3]::result::Result<(), alloc[2182bb758b4b3781]::string::String>, fn() -> core[df12db4294e9bfd3]::result::Result<(), alloc[2182bb758b4b3781]::string::String>>
[INFO] [stdout]   19:     0x652ba99ed8d5 - test[9d35eded1c95d3be]::run_test::{closure#0}
[INFO] [stdout]   20:     0x652ba99e7194 - std[70759c8f55707aa4]::sys::backtrace::__rust_begin_short_backtrace::<test[9d35eded1c95d3be]::run_test::{closure#1}, ()>
[INFO] [stdout]   21:     0x652ba99f0a32 - <std[70759c8f55707aa4]::thread::lifecycle::spawn_unchecked<test[9d35eded1c95d3be]::run_test::{closure#1}, ()>::{closure#1} as core[df12db4294e9bfd3]::ops::function::FnOnce<()>>::call_once::{shim:vtable#0}
[INFO] [stdout]   22:     0x652ba9cd7f99 - <std[70759c8f55707aa4]::sys::thread::unix::Thread>::new::thread_start
[INFO] [stdout]   23:     0x7811c1f63dfa - <unknown>
[INFO] [stdout]   24:     0x7811c1ff73d4 - clone
[INFO] [stdout]   25:                0x0 - <unknown>
[INFO] [stdout] 
[INFO] [stdout] 
[INFO] [stdout] failures:
[INFO] [stdout]     client::tests::test_chart_data
[INFO] [stdout]     client::tests::test_company_data
[INFO] [stdout]     client::tests::test_options_data
[INFO] [stdout] 
[INFO] [stdout] test result: FAILED. 0 passed; 3 failed; 0 ignored; 0 measured; 0 filtered out; finished in 0.01s
[INFO] [stdout] 
[INFO] [stderr] error: test failed, to rerun pass `--lib`
[INFO] running `Command { std: "docker" "inspect" "f26aabfc54cb05cd65236546e630384d10c5bc7a62eb9d63f30d6a2d68cbaea1", kill_on_drop: false }`
[INFO] running `Command { std: "docker" "rm" "-f" "f26aabfc54cb05cd65236546e630384d10c5bc7a62eb9d63f30d6a2d68cbaea1", kill_on_drop: false }`
[INFO] [stdout] f26aabfc54cb05cd65236546e630384d10c5bc7a62eb9d63f30d6a2d68cbaea1
