[INFO] fetching crate tiberius_db_tester 0.1.0...
[INFO] testing tiberius_db_tester-0.1.0 against 1.100.0-beta.1+cargoflags=--release for beta-release-1.100-2
[INFO] extracting crate tiberius_db_tester 0.1.0 into /workspace/builds/worker-0-tc2/source
[INFO] started tweaking crates.io crate tiberius_db_tester 0.1.0
[INFO] finished tweaking crates.io crate tiberius_db_tester 0.1.0
[INFO] tweaked toml for crates.io crate tiberius_db_tester 0.1.0 written to /workspace/builds/worker-0-tc2/source/Cargo.toml
[INFO] validating manifest of crates.io crate tiberius_db_tester 0.1.0 on toolchain 1.100.0-beta.1
[INFO] running `Command { std: CARGO_HOME="/workspace/cargo-home" RUSTUP_HOME="/workspace/rustup-home" "/workspace/cargo-home/bin/cargo" "+1.100.0-beta.1" "metadata" "--manifest-path" "Cargo.toml" "--no-deps", kill_on_drop: false }`
[INFO] crate crates.io crate tiberius_db_tester 0.1.0 already has a lockfile, it will not be regenerated
[INFO] running `Command { std: CARGO_HOME="/workspace/cargo-home" RUSTUP_HOME="/workspace/rustup-home" "/workspace/cargo-home/bin/cargo" "+1.100.0-beta.1" "fetch" "--manifest-path" "Cargo.toml", kill_on_drop: false }`
[INFO] running `Command { std: "docker" "create" "-v" "/var/lib/crater-agent-workspace/builds/worker-0-tc2/source:/opt/rustwide/workdir:ro,Z" "-v" "/var/lib/crater-agent-workspace/builds/worker-0-tc2/target:/opt/rustwide/target:rw,Z" "-v" "/var/lib/crater-agent-workspace/cargo-home:/opt/rustwide/cargo-home:ro,Z" "-v" "/var/lib/crater-agent-workspace/rustup-home:/opt/rustwide/rustup-home:ro,Z" "-m" "1610612736" "--network" "none" "ghcr.io/rust-lang/crates-build-env/linux@sha256:77db811e55d90add9212f6832c23229e3de5f1c1f9905e8cb07319ea15df73ac" "sleep" "infinity", kill_on_drop: false }`
[INFO] [stdout] 38d31c6e4abe3989dfe024dc26c730c409bc7842b7cffea61fc1d59399a9eb86
[INFO] running `Command { std: "docker" "start" "38d31c6e4abe3989dfe024dc26c730c409bc7842b7cffea61fc1d59399a9eb86", kill_on_drop: false }`
[INFO] running `Command { std: "docker" "inspect" "38d31c6e4abe3989dfe024dc26c730c409bc7842b7cffea61fc1d59399a9eb86", kill_on_drop: false }`
[INFO] running `Command { std: "docker" "exec" "-e" "SOURCE_DIR=/opt/rustwide/workdir" "-e" "CARGO_HOME=/opt/rustwide/cargo-home" "-e" "RUSTUP_HOME=/opt/rustwide/rustup-home" "-e" "CARGO_TARGET_DIR=/opt/rustwide/target" "-w" "/opt/rustwide/workdir" "--user" "0:0" "38d31c6e4abe3989dfe024dc26c730c409bc7842b7cffea61fc1d59399a9eb86" "/opt/rustwide/cargo-home/bin/cargo" "+1.100.0-beta.1" "metadata" "--no-deps" "--format-version=1", kill_on_drop: false }`
[INFO] running `Command { std: "docker" "inspect" "38d31c6e4abe3989dfe024dc26c730c409bc7842b7cffea61fc1d59399a9eb86", kill_on_drop: false }`
[INFO] running `Command { std: "docker" "exec" "-e" "SOURCE_DIR=/opt/rustwide/workdir" "-e" "CARGO_HOME=/opt/rustwide/cargo-home" "-e" "RUSTUP_HOME=/opt/rustwide/rustup-home" "-e" "CARGO_TARGET_DIR=/opt/rustwide/target" "-e" "CARGO_INCREMENTAL=0" "-e" "RUST_BACKTRACE=full" "-e" "RUSTFLAGS=--cap-lints=warn" "-e" "RUSTDOCFLAGS=--cap-lints=warn" "-w" "/opt/rustwide/workdir" "--user" "0:0" "38d31c6e4abe3989dfe024dc26c730c409bc7842b7cffea61fc1d59399a9eb86" "/opt/rustwide/cargo-home/bin/cargo" "+1.100.0-beta.1" "build" "--frozen" "--message-format=json" "--release", kill_on_drop: false }`
[INFO] [stderr]    Compiling proc-macro2 v1.0.94
[INFO] [stderr]    Compiling libc v0.2.170
[INFO] [stderr]    Compiling stable_deref_trait v1.2.0
[INFO] [stderr]    Compiling litemap v0.7.5
[INFO] [stderr]    Compiling writeable v0.5.5
[INFO] [stderr]    Compiling smallvec v1.14.0
[INFO] [stderr]    Compiling vcpkg v0.2.15
[INFO] [stderr]    Compiling icu_locid_transform_data v1.5.0
[INFO] [stderr]    Compiling icu_properties_data v1.5.0
[INFO] [stderr]    Compiling utf16_iter v1.0.5
[INFO] [stderr]    Compiling icu_normalizer_data v1.5.0
[INFO] [stderr]    Compiling cc v1.2.16
[INFO] [stderr]    Compiling slab v0.4.9
[INFO] [stderr]    Compiling utf8_iter v1.0.4
[INFO] [stderr]    Compiling write16 v1.0.0
[INFO] [stderr]    Compiling once_cell v1.20.3
[INFO] [stderr]    Compiling futures-sink v0.3.31
[INFO] [stderr]    Compiling foreign-types-shared v0.1.1
[INFO] [stderr]    Compiling openssl v0.10.71
[INFO] [stderr]    Compiling futures-io v0.3.31
[INFO] [stderr]    Compiling futures-core v0.3.31
[INFO] [stderr]    Compiling foreign-types v0.3.2
[INFO] [stderr]    Compiling log v0.4.26
[INFO] [stderr]    Compiling bytes v1.10.0
[INFO] [stderr]    Compiling futures-task v0.3.31
[INFO] [stderr]    Compiling percent-encoding v2.3.1
[INFO] [stderr]    Compiling getrandom v0.3.1
[INFO] [stderr]    Compiling pin-utils v0.1.0
[INFO] [stderr]    Compiling thiserror v1.0.69
[INFO] [stderr]    Compiling bitflags v2.9.0
[INFO] [stderr]    Compiling native-tls v0.2.14
[INFO] [stderr]    Compiling memchr v2.7.4
[INFO] [stderr]    Compiling form_urlencoded v1.2.1
[INFO] [stderr]    Compiling num-traits v0.2.19
[INFO] [stderr]    Compiling openssl-probe v0.1.6
[INFO] [stderr]    Compiling tracing-core v0.1.33
[INFO] [stderr]    Compiling encoding_rs v0.8.35
[INFO] [stderr]    Compiling connection-string v0.2.0
[INFO] [stderr]    Compiling pretty-hex v0.3.0
[INFO] [stderr]    Compiling byteorder v1.5.0
[INFO] [stderr]    Compiling quote v1.0.39
[INFO] [stderr]    Compiling syn v2.0.99
[INFO] [stderr]    Compiling parking_lot_core v0.9.10
[INFO] [stderr]    Compiling socket2 v0.5.8
[INFO] [stderr]    Compiling mio v1.0.3
[INFO] [stderr]    Compiling signal-hook-registry v1.4.2
[INFO] [stderr]    Compiling uuid v1.15.1
[INFO] [stderr]    Compiling parking_lot v0.12.3
[INFO] [stderr]    Compiling openssl-sys v0.9.106
[INFO] [stderr]    Compiling synstructure v0.13.1
[INFO] [stderr]    Compiling zerovec-derive v0.10.3
[INFO] [stderr]    Compiling displaydoc v0.2.5
[INFO] [stderr]    Compiling icu_provider_macros v1.5.0
[INFO] [stderr]    Compiling futures-macro v0.3.31
[INFO] [stderr]    Compiling openssl-macros v0.1.1
[INFO] [stderr]    Compiling thiserror-impl v1.0.69
[INFO] [stderr]    Compiling tracing-attributes v0.1.28
[INFO] [stderr]    Compiling tokio-macros v2.5.0
[INFO] [stderr]    Compiling enumflags2_derive v0.7.11
[INFO] [stderr]    Compiling async-trait v0.1.87
[INFO] [stderr]    Compiling zerofrom-derive v0.1.6
[INFO] [stderr]    Compiling yoke-derive v0.7.5
[INFO] [stderr]    Compiling enumflags2 v0.7.11
[INFO] [stderr]    Compiling tracing v0.1.41
[INFO] [stderr]    Compiling tokio v1.43.0
[INFO] [stderr]    Compiling futures-util v0.3.31
[INFO] [stderr]    Compiling zerofrom v0.1.6
[INFO] [stderr]    Compiling yoke v0.7.5
[INFO] [stderr]    Compiling zerovec v0.10.4
[INFO] [stderr]    Compiling tinystr v0.7.6
[INFO] [stderr]    Compiling icu_collections v1.5.0
[INFO] [stderr]    Compiling icu_locid v1.5.0
[INFO] [stderr]    Compiling icu_provider v1.5.0
[INFO] [stderr]    Compiling icu_locid_transform v1.5.0
[INFO] [stderr]    Compiling icu_properties v1.5.1
[INFO] [stderr]    Compiling asynchronous-codec v0.6.2
[INFO] [stderr]    Compiling icu_normalizer v1.5.0
[INFO] [stderr]    Compiling tokio-util v0.7.13
[INFO] [stderr]    Compiling idna_adapter v1.2.0
[INFO] [stderr]    Compiling idna v1.0.3
[INFO] [stderr]    Compiling url v2.5.4
[INFO] [stderr]    Compiling async-native-tls v0.4.0
[INFO] [stderr]    Compiling tiberius v0.12.3
[INFO] [stderr]    Compiling tiberius_db_tester v0.1.0 (/opt/rustwide/workdir)
[INFO] [stderr]     Finished `release` profile [optimized] target(s) in 55.93s
[INFO] running `Command { std: "docker" "inspect" "38d31c6e4abe3989dfe024dc26c730c409bc7842b7cffea61fc1d59399a9eb86", kill_on_drop: false }`
[INFO] running `Command { std: "docker" "exec" "-e" "SOURCE_DIR=/opt/rustwide/workdir" "-e" "CARGO_HOME=/opt/rustwide/cargo-home" "-e" "RUSTUP_HOME=/opt/rustwide/rustup-home" "-e" "CARGO_TARGET_DIR=/opt/rustwide/target" "-e" "CARGO_INCREMENTAL=0" "-e" "RUST_BACKTRACE=full" "-e" "RUSTFLAGS=--cap-lints=warn" "-e" "RUSTDOCFLAGS=--cap-lints=warn" "-w" "/opt/rustwide/workdir" "--user" "0:0" "38d31c6e4abe3989dfe024dc26c730c409bc7842b7cffea61fc1d59399a9eb86" "/opt/rustwide/cargo-home/bin/cargo" "+1.100.0-beta.1" "test" "--frozen" "--no-run" "--message-format=json" "--release", kill_on_drop: false }`
[INFO] [stderr]    Compiling tiberius_db_tester v0.1.0 (/opt/rustwide/workdir)
[INFO] [stderr]     Finished `release` profile [optimized] target(s) in 5.30s
[INFO] running `Command { std: "docker" "inspect" "38d31c6e4abe3989dfe024dc26c730c409bc7842b7cffea61fc1d59399a9eb86", kill_on_drop: false }`
[INFO] running `Command { std: "docker" "exec" "-e" "SOURCE_DIR=/opt/rustwide/workdir" "-e" "CARGO_HOME=/opt/rustwide/cargo-home" "-e" "RUSTUP_HOME=/opt/rustwide/rustup-home" "-e" "CARGO_TARGET_DIR=/opt/rustwide/target" "-e" "CARGO_INCREMENTAL=0" "-e" "RUST_BACKTRACE=full" "-e" "RUSTFLAGS=--cap-lints=warn" "-e" "RUSTDOCFLAGS=--cap-lints=warn" "-w" "/opt/rustwide/workdir" "--user" "0:0" "38d31c6e4abe3989dfe024dc26c730c409bc7842b7cffea61fc1d59399a9eb86" "/opt/rustwide/cargo-home/bin/cargo" "+1.100.0-beta.1" "test" "--frozen" "--release", kill_on_drop: false }`
[INFO] [stderr]     Finished `release` profile [optimized] target(s) in 0.14s
[INFO] [stderr]      Running unittests src/lib.rs (/opt/rustwide/target/release/build/tiberius_db_tester/38dca0729f8b3f83/out/tiberius_db_tester-38dca0729f8b3f83)
[INFO] [stdout] 
[INFO] [stdout] running 2 tests
[INFO] [stdout] test tests::read_sql_file_should_work ... ok
[INFO] [stdout] 
[INFO] [stderr] 
[INFO] [stdout] thread '<unnamed>' (1741) panicked at src/lib.rs:38:22:
[INFO] [stderr] thread 'tests::new_should_work' (1739) panicked at /rustc/e3feeb59cd1bdd011a2bfcc0747b55125d9b8527/library/core/src/panicking.rs:233:5:
[INFO] [stdout] Failed to connect to SQL Server: Os { code: 101, kind: NetworkUnreachable, message: "Network is unreachable" }
[INFO] [stderr] panic in a destructor during cleanup
[INFO] [stdout] stack backtrace:
[INFO] [stderr] thread caused non-unwinding panic. aborting.
[INFO] [stdout]    0:     0x613f27333aa1 - <<std[617be2ca0a6fd877]::sys::backtrace::BacktraceLock>::print::DisplayBacktrace as core[a373ad73a504971]::fmt::Display>::fmt
[INFO] [stdout]    1:     0x613f2734a5da - core[a373ad73a504971]::fmt::write
[INFO] [stdout]    2:     0x613f2733822c - <alloc[2e1b2a31b91974c5]::vec::Vec<u8> as core[a373ad73a504971]::io::write::Write>::write_fmt
[INFO] [stdout]    3:     0x613f2730eb56 - std[617be2ca0a6fd877]::panicking::default_hook::{closure#0}
[INFO] [stdout]    4:     0x613f2732b789 - std[617be2ca0a6fd877]::panicking::default_hook
[INFO] [stdout]    5:     0x613f272792f0 - test[aada8e7e76ba119b]::test_main_inner::{closure#0}
[INFO] [stdout]    6:     0x613f2732bab2 - std[617be2ca0a6fd877]::panicking::panic_with_hook
[INFO] [stdout]    7:     0x613f2730ec02 - std[617be2ca0a6fd877]::panicking::panic_handler::{closure#0}
[INFO] [stdout]    8:     0x613f273076d9 - std[617be2ca0a6fd877]::sys::backtrace::__rust_end_short_backtrace::<std[617be2ca0a6fd877]::panicking::panic_handler::{closure#0}, !>
[INFO] [stdout]    9:     0x613f2730f9fd - __rustc[ea4f61d10b84890b]::rust_begin_unwind
[INFO] [stdout]   10:     0x613f2734ad3c - core[a373ad73a504971]::panicking::panic_fmt
[INFO] [stdout]   11:     0x613f2734ab12 - core[a373ad73a504971]::result::unwrap_failed
[INFO] [stdout]   12:     0x613f272174d7 - <tokio[71b33116a1c7d2e0]::runtime::park::CachedParkThread>::block_on::<<tiberius_db_tester[93a481aa23ae64ab]::DBTester>::new<&str, &str, &str, &str>::{closure#0}::{closure#0}>
[INFO] [stdout]   13:     0x613f2725a94f - tokio[71b33116a1c7d2e0]::runtime::context::runtime::enter_runtime::<<tokio[71b33116a1c7d2e0]::runtime::scheduler::multi_thread::MultiThread>::block_on<<tiberius_db_tester[93a481aa23ae64ab]::DBTester>::new<&str, &str, &str, &str>::{closure#0}::{closure#0}>::{closure#0}, ()>
[INFO] [stdout]   14:     0x613f27262b6d - <tokio[71b33116a1c7d2e0]::runtime::runtime::Runtime>::block_on::<<tiberius_db_tester[93a481aa23ae64ab]::DBTester>::new<&str, &str, &str, &str>::{closure#0}::{closure#0}>
[INFO] [stdout]   15:     0x613f2726b2e0 - std[617be2ca0a6fd877]::sys::backtrace::__rust_begin_short_backtrace::<<tiberius_db_tester[93a481aa23ae64ab]::DBTester>::new<&str, &str, &str, &str>::{closure#0}, ()>
[INFO] [stdout]   16:     0x613f272689b1 - <std[617be2ca0a6fd877]::thread::lifecycle::spawn_unchecked<<tiberius_db_tester[93a481aa23ae64ab]::DBTester>::new<&str, &str, &str, &str>::{closure#0}, ()>::{closure#1} as core[a373ad73a504971]::ops::function::FnOnce<()>>::call_once::{shim:vtable#0}
[INFO] [stdout]   17:     0x613f27332c3f - <std[617be2ca0a6fd877]::sys::thread::unix::Thread>::new::thread_start
[INFO] [stdout]   18:     0x70f9d65fedfa - <unknown>
[INFO] [stdout]   19:     0x70f9d66923d4 - clone
[INFO] [stdout]   20:                0x0 - <unknown>
[INFO] [stdout] 
[INFO] [stdout] thread 'tests::new_should_work' (1739) panicked at src/lib.rs:65:10:
[INFO] [stdout] : Any { .. }
[INFO] [stdout] stack backtrace:
[INFO] [stdout]    0:     0x613f27333aa1 - <<std[617be2ca0a6fd877]::sys::backtrace::BacktraceLock>::print::DisplayBacktrace as core[a373ad73a504971]::fmt::Display>::fmt
[INFO] [stdout]    1:     0x613f2734a5da - core[a373ad73a504971]::fmt::write
[INFO] [stdout]    2:     0x613f2733822c - <alloc[2e1b2a31b91974c5]::vec::Vec<u8> as core[a373ad73a504971]::io::write::Write>::write_fmt
[INFO] [stdout]    3:     0x613f2730eb56 - std[617be2ca0a6fd877]::panicking::default_hook::{closure#0}
[INFO] [stdout]    4:     0x613f2732b789 - std[617be2ca0a6fd877]::panicking::default_hook
[INFO] [stdout]    5:     0x613f272792f0 - test[aada8e7e76ba119b]::test_main_inner::{closure#0}
[INFO] [stdout]    6:     0x613f2732bab2 - std[617be2ca0a6fd877]::panicking::panic_with_hook
[INFO] [stdout]    7:     0x613f2730ec02 - std[617be2ca0a6fd877]::panicking::panic_handler::{closure#0}
[INFO] [stdout]    8:     0x613f273076d9 - std[617be2ca0a6fd877]::sys::backtrace::__rust_end_short_backtrace::<std[617be2ca0a6fd877]::panicking::panic_handler::{closure#0}, !>
[INFO] [stdout]    9:     0x613f2730f9fd - __rustc[ea4f61d10b84890b]::rust_begin_unwind
[INFO] [stdout]   10:     0x613f2734ad3c - core[a373ad73a504971]::panicking::panic_fmt
[INFO] [stdout]   11:     0x613f2734ab12 - core[a373ad73a504971]::result::unwrap_failed
[INFO] [stdout]   12:     0x613f2726066a - <tiberius_db_tester[93a481aa23ae64ab]::DBTester>::new::<&str, &str, &str, &str>
[INFO] [stdout]   13:     0x613f2723100f - tiberius_db_tester[93a481aa23ae64ab]::tests::new_should_work::{closure#0}
[INFO] [stdout]   14:     0x613f27254bd3 - <tokio[71b33116a1c7d2e0]::runtime::scheduler::current_thread::Context>::enter::<core[a373ad73a504971]::task::poll::Poll<()>, <tokio[71b33116a1c7d2e0]::runtime::scheduler::current_thread::CoreGuard>::block_on<core[a373ad73a504971]::pin::Pin<&mut core[a373ad73a504971]::pin::Pin<&mut dyn core[a373ad73a504971]::future::future::Future<Output = ()>>>>::{closure#0}::{closure#0}>
[INFO] [stdout]   15:     0x613f2725bba2 - <tokio[71b33116a1c7d2e0]::runtime::context::scoped::Scoped<tokio[71b33116a1c7d2e0]::runtime::scheduler::Context>>::set::<<tokio[71b33116a1c7d2e0]::runtime::scheduler::current_thread::CoreGuard>::enter<<tokio[71b33116a1c7d2e0]::runtime::scheduler::current_thread::CoreGuard>::block_on<core[a373ad73a504971]::pin::Pin<&mut core[a373ad73a504971]::pin::Pin<&mut dyn core[a373ad73a504971]::future::future::Future<Output = ()>>>>::{closure#0}, core[a373ad73a504971]::option::Option<()>>::{closure#0}, (alloc[2e1b2a31b91974c5]::boxed::Box<tokio[71b33116a1c7d2e0]::runtime::scheduler::current_thread::Core>, core[a373ad73a504971]::option::Option<()>)>
[INFO] [stdout]   16:     0x613f27255247 - <tokio[71b33116a1c7d2e0]::runtime::scheduler::current_thread::CoreGuard>::block_on::<core[a373ad73a504971]::pin::Pin<&mut core[a373ad73a504971]::pin::Pin<&mut dyn core[a373ad73a504971]::future::future::Future<Output = ()>>>>
[INFO] [stdout]   17:     0x613f2725af10 - tokio[71b33116a1c7d2e0]::runtime::context::runtime::enter_runtime::<<tokio[71b33116a1c7d2e0]::runtime::scheduler::current_thread::CurrentThread>::block_on<core[a373ad73a504971]::pin::Pin<&mut dyn core[a373ad73a504971]::future::future::Future<Output = ()>>>::{closure#0}, ()>
[INFO] [stdout]   18:     0x613f27262a65 - <tokio[71b33116a1c7d2e0]::runtime::runtime::Runtime>::block_on::<core[a373ad73a504971]::pin::Pin<&mut dyn core[a373ad73a504971]::future::future::Future<Output = ()>>>
[INFO] [stdout]   19:     0x613f2723692e - <tiberius_db_tester[93a481aa23ae64ab]::tests::new_should_work::{closure#0} as core[a373ad73a504971]::ops::function::FnOnce<()>>::call_once
[INFO] [stdout]   20:     0x613f2726c73b - test[aada8e7e76ba119b]::__rust_begin_short_backtrace::<core[a373ad73a504971]::result::Result<(), alloc[2e1b2a31b91974c5]::string::String>, fn() -> core[a373ad73a504971]::result::Result<(), alloc[2e1b2a31b91974c5]::string::String>>
[INFO] [stdout]   21:     0x613f27279915 - test[aada8e7e76ba119b]::run_test::{closure#0}
[INFO] [stdout]   22:     0x613f27273204 - std[617be2ca0a6fd877]::sys::backtrace::__rust_begin_short_backtrace::<test[aada8e7e76ba119b]::run_test::{closure#1}, ()>
[INFO] [stdout]   23:     0x613f2727c9a2 - <std[617be2ca0a6fd877]::thread::lifecycle::spawn_unchecked<test[aada8e7e76ba119b]::run_test::{closure#1}, ()>::{closure#1} as core[a373ad73a504971]::ops::function::FnOnce<()>>::call_once::{shim:vtable#0}
[INFO] [stdout]   24:     0x613f27332c3f - <std[617be2ca0a6fd877]::sys::thread::unix::Thread>::new::thread_start
[INFO] [stdout]   25:     0x70f9d65fedfa - <unknown>
[INFO] [stdout]   26:     0x70f9d66923d4 - clone
[INFO] [stdout]   27:                0x0 - <unknown>
[INFO] [stdout] 
[INFO] [stdout] thread '<unnamed>' (1758) panicked at src/lib.rs:95:22:
[INFO] [stdout] Failed to connect to SQL Server: Os { code: 101, kind: NetworkUnreachable, message: "Network is unreachable" }
[INFO] [stdout] stack backtrace:
[INFO] [stdout]    0:     0x613f27333aa1 - <<std[617be2ca0a6fd877]::sys::backtrace::BacktraceLock>::print::DisplayBacktrace as core[a373ad73a504971]::fmt::Display>::fmt
[INFO] [stdout]    1:     0x613f2734a5da - core[a373ad73a504971]::fmt::write
[INFO] [stdout]    2:     0x613f2733822c - <alloc[2e1b2a31b91974c5]::vec::Vec<u8> as core[a373ad73a504971]::io::write::Write>::write_fmt
[INFO] [stdout]    3:     0x613f2730eb56 - std[617be2ca0a6fd877]::panicking::default_hook::{closure#0}
[INFO] [stdout]    4:     0x613f2732b789 - std[617be2ca0a6fd877]::panicking::default_hook
[INFO] [stdout]    5:     0x613f272792f0 - test[aada8e7e76ba119b]::test_main_inner::{closure#0}
[INFO] [stdout]    6:     0x613f2732bab2 - std[617be2ca0a6fd877]::panicking::panic_with_hook
[INFO] [stdout]    7:     0x613f2730ec02 - std[617be2ca0a6fd877]::panicking::panic_handler::{closure#0}
[INFO] [stdout]    8:     0x613f273076d9 - std[617be2ca0a6fd877]::sys::backtrace::__rust_end_short_backtrace::<std[617be2ca0a6fd877]::panicking::panic_handler::{closure#0}, !>
[INFO] [stdout]    9:     0x613f2730f9fd - __rustc[ea4f61d10b84890b]::rust_begin_unwind
[INFO] [stdout]   10:     0x613f2734ad3c - core[a373ad73a504971]::panicking::panic_fmt
[INFO] [stdout]   11:     0x613f2734ab12 - core[a373ad73a504971]::result::unwrap_failed
[INFO] [stdout]   12:     0x613f272181b7 - <tokio[71b33116a1c7d2e0]::runtime::park::CachedParkThread>::block_on::<<tiberius_db_tester[93a481aa23ae64ab]::DBTester as core[a373ad73a504971]::ops::drop::Drop>::drop::{closure#0}::{closure#0}>
[INFO] [stdout]   13:     0x613f2725ab3f - tokio[71b33116a1c7d2e0]::runtime::context::runtime::enter_runtime::<<tokio[71b33116a1c7d2e0]::runtime::scheduler::multi_thread::MultiThread>::block_on<<tiberius_db_tester[93a481aa23ae64ab]::DBTester as core[a373ad73a504971]::ops::drop::Drop>::drop::{closure#0}::{closure#0}>::{closure#0}, ()>
[INFO] [stdout]   14:     0x613f27262cdd - <tokio[71b33116a1c7d2e0]::runtime::runtime::Runtime>::block_on::<<tiberius_db_tester[93a481aa23ae64ab]::DBTester as core[a373ad73a504971]::ops::drop::Drop>::drop::{closure#0}::{closure#0}>
[INFO] [stdout]   15:     0x613f2726b45b - std[617be2ca0a6fd877]::sys::backtrace::__rust_begin_short_backtrace::<<tiberius_db_tester[93a481aa23ae64ab]::DBTester as core[a373ad73a504971]::ops::drop::Drop>::drop::{closure#0}, ()>
[INFO] [stdout]   16:     0x613f27268b71 - <std[617be2ca0a6fd877]::thread::lifecycle::spawn_unchecked<<tiberius_db_tester[93a481aa23ae64ab]::DBTester as core[a373ad73a504971]::ops::drop::Drop>::drop::{closure#0}, ()>::{closure#1} as core[a373ad73a504971]::ops::function::FnOnce<()>>::call_once::{shim:vtable#0}
[INFO] [stdout]   17:     0x613f27332c3f - <std[617be2ca0a6fd877]::sys::thread::unix::Thread>::new::thread_start
[INFO] [stdout]   18:     0x70f9d65fedfa - <unknown>
[INFO] [stdout]   19:     0x70f9d66923d4 - clone
[INFO] [stdout]   20:                0x0 - <unknown>
[INFO] [stdout] 
[INFO] [stdout] thread 'tests::new_should_work' (1739) panicked at src/lib.rs:128:10:
[INFO] [stdout] `Drop` should never panic: Any { .. }
[INFO] [stdout] stack backtrace:
[INFO] [stdout]    0:     0x613f27333aa1 - <<std[617be2ca0a6fd877]::sys::backtrace::BacktraceLock>::print::DisplayBacktrace as core[a373ad73a504971]::fmt::Display>::fmt
[INFO] [stdout]    1:     0x613f2734a5da - core[a373ad73a504971]::fmt::write
[INFO] [stdout]    2:     0x613f2733822c - <alloc[2e1b2a31b91974c5]::vec::Vec<u8> as core[a373ad73a504971]::io::write::Write>::write_fmt
[INFO] [stdout]    3:     0x613f2730eb56 - std[617be2ca0a6fd877]::panicking::default_hook::{closure#0}
[INFO] [stdout]    4:     0x613f2732b789 - std[617be2ca0a6fd877]::panicking::default_hook
[INFO] [stdout]    5:     0x613f272792f0 - test[aada8e7e76ba119b]::test_main_inner::{closure#0}
[INFO] [stdout]    6:     0x613f2732bab2 - std[617be2ca0a6fd877]::panicking::panic_with_hook
[INFO] [stdout]    7:     0x613f2730ec02 - std[617be2ca0a6fd877]::panicking::panic_handler::{closure#0}
[INFO] [stdout]    8:     0x613f273076d9 - std[617be2ca0a6fd877]::sys::backtrace::__rust_end_short_backtrace::<std[617be2ca0a6fd877]::panicking::panic_handler::{closure#0}, !>
[INFO] [stdout]    9:     0x613f2730f9fd - __rustc[ea4f61d10b84890b]::rust_begin_unwind
[INFO] [stdout]   10:     0x613f2734ad3c - core[a373ad73a504971]::panicking::panic_fmt
[INFO] [stdout]   11:     0x613f2734ab12 - core[a373ad73a504971]::result::unwrap_failed
[INFO] [stdout]   12:     0x613f27261119 - <tiberius_db_tester[93a481aa23ae64ab]::DBTester as core[a373ad73a504971]::ops::drop::Drop>::drop
[INFO] [stdout]   13:     0x613f2726081c - core[a373ad73a504971]::ptr::drop_glue::<tiberius_db_tester[93a481aa23ae64ab]::DBTester>
[INFO] [stdout]   14:     0x613f272606f9 - <tiberius_db_tester[93a481aa23ae64ab]::DBTester>::new::<&str, &str, &str, &str>
[INFO] [stdout]   15:     0x613f2723100f - tiberius_db_tester[93a481aa23ae64ab]::tests::new_should_work::{closure#0}
[INFO] [stdout]   16:     0x613f27254bd3 - <tokio[71b33116a1c7d2e0]::runtime::scheduler::current_thread::Context>::enter::<core[a373ad73a504971]::task::poll::Poll<()>, <tokio[71b33116a1c7d2e0]::runtime::scheduler::current_thread::CoreGuard>::block_on<core[a373ad73a504971]::pin::Pin<&mut core[a373ad73a504971]::pin::Pin<&mut dyn core[a373ad73a504971]::future::future::Future<Output = ()>>>>::{closure#0}::{closure#0}>
[INFO] [stdout]   17:     0x613f2725bba2 - <tokio[71b33116a1c7d2e0]::runtime::context::scoped::Scoped<tokio[71b33116a1c7d2e0]::runtime::scheduler::Context>>::set::<<tokio[71b33116a1c7d2e0]::runtime::scheduler::current_thread::CoreGuard>::enter<<tokio[71b33116a1c7d2e0]::runtime::scheduler::current_thread::CoreGuard>::block_on<core[a373ad73a504971]::pin::Pin<&mut core[a373ad73a504971]::pin::Pin<&mut dyn core[a373ad73a504971]::future::future::Future<Output = ()>>>>::{closure#0}, core[a373ad73a504971]::option::Option<()>>::{closure#0}, (alloc[2e1b2a31b91974c5]::boxed::Box<tokio[71b33116a1c7d2e0]::runtime::scheduler::current_thread::Core>, core[a373ad73a504971]::option::Option<()>)>
[INFO] [stdout]   18:     0x613f27255247 - <tokio[71b33116a1c7d2e0]::runtime::scheduler::current_thread::CoreGuard>::block_on::<core[a373ad73a504971]::pin::Pin<&mut core[a373ad73a504971]::pin::Pin<&mut dyn core[a373ad73a504971]::future::future::Future<Output = ()>>>>
[INFO] [stdout]   19:     0x613f2725af10 - tokio[71b33116a1c7d2e0]::runtime::context::runtime::enter_runtime::<<tokio[71b33116a1c7d2e0]::runtime::scheduler::current_thread::CurrentThread>::block_on<core[a373ad73a504971]::pin::Pin<&mut dyn core[a373ad73a504971]::future::future::Future<Output = ()>>>::{closure#0}, ()>
[INFO] [stdout]   20:     0x613f27262a65 - <tokio[71b33116a1c7d2e0]::runtime::runtime::Runtime>::block_on::<core[a373ad73a504971]::pin::Pin<&mut dyn core[a373ad73a504971]::future::future::Future<Output = ()>>>
[INFO] [stdout]   21:     0x613f2723692e - <tiberius_db_tester[93a481aa23ae64ab]::tests::new_should_work::{closure#0} as core[a373ad73a504971]::ops::function::FnOnce<()>>::call_once
[INFO] [stdout]   22:     0x613f2726c73b - test[aada8e7e76ba119b]::__rust_begin_short_backtrace::<core[a373ad73a504971]::result::Result<(), alloc[2e1b2a31b91974c5]::string::String>, fn() -> core[a373ad73a504971]::result::Result<(), alloc[2e1b2a31b91974c5]::string::String>>
[INFO] [stdout]   23:     0x613f27279915 - test[aada8e7e76ba119b]::run_test::{closure#0}
[INFO] [stdout]   24:     0x613f27273204 - std[617be2ca0a6fd877]::sys::backtrace::__rust_begin_short_backtrace::<test[aada8e7e76ba119b]::run_test::{closure#1}, ()>
[INFO] [stdout]   25:     0x613f2727c9a2 - <std[617be2ca0a6fd877]::thread::lifecycle::spawn_unchecked<test[aada8e7e76ba119b]::run_test::{closure#1}, ()>::{closure#1} as core[a373ad73a504971]::ops::function::FnOnce<()>>::call_once::{shim:vtable#0}
[INFO] [stdout]   26:     0x613f27332c3f - <std[617be2ca0a6fd877]::sys::thread::unix::Thread>::new::thread_start
[INFO] [stdout]   27:     0x70f9d65fedfa - <unknown>
[INFO] [stdout]   28:     0x70f9d66923d4 - clone
[INFO] [stdout]   29:                0x0 - <unknown>
[INFO] [stderr] error: test failed, to rerun pass `--lib`
[INFO] [stderr] 
[INFO] [stderr] Caused by:
[INFO] [stderr]   process didn't exit successfully: `/opt/rustwide/target/release/build/tiberius_db_tester/38dca0729f8b3f83/out/tiberius_db_tester-38dca0729f8b3f83` (signal: 6, SIGABRT: process abort signal)
[INFO] running `Command { std: "docker" "inspect" "38d31c6e4abe3989dfe024dc26c730c409bc7842b7cffea61fc1d59399a9eb86", kill_on_drop: false }`
[INFO] running `Command { std: "docker" "rm" "-f" "38d31c6e4abe3989dfe024dc26c730c409bc7842b7cffea61fc1d59399a9eb86", kill_on_drop: false }`
[INFO] [stdout] 38d31c6e4abe3989dfe024dc26c730c409bc7842b7cffea61fc1d59399a9eb86
