[INFO] fetching crate tiberius-helper 0.0.2...
[INFO] testing tiberius-helper-0.0.2 against 1.100.0-beta.1+cargoflags=--release for beta-release-1.100-2
[INFO] extracting crate tiberius-helper 0.0.2 into /workspace/builds/worker-6-tc2/source
[INFO] started tweaking crates.io crate tiberius-helper 0.0.2
[INFO] finished tweaking crates.io crate tiberius-helper 0.0.2
[INFO] tweaked toml for crates.io crate tiberius-helper 0.0.2 written to /workspace/builds/worker-6-tc2/source/Cargo.toml
[INFO] validating manifest of crates.io crate tiberius-helper 0.0.2 on toolchain 1.100.0-beta.1
[INFO] running `Command { std: CARGO_HOME="/workspace/cargo-home" RUSTUP_HOME="/workspace/rustup-home" "/workspace/cargo-home/bin/cargo" "+1.100.0-beta.1" "metadata" "--manifest-path" "Cargo.toml" "--no-deps", kill_on_drop: false }`
[INFO] crate crates.io crate tiberius-helper 0.0.2 already has a lockfile, it will not be regenerated
[INFO] running `Command { std: CARGO_HOME="/workspace/cargo-home" RUSTUP_HOME="/workspace/rustup-home" "/workspace/cargo-home/bin/cargo" "+1.100.0-beta.1" "fetch" "--manifest-path" "Cargo.toml", kill_on_drop: false }`
[INFO] running `Command { std: "docker" "create" "-v" "/var/lib/crater-agent-workspace/builds/worker-6-tc2/source:/opt/rustwide/workdir:ro,Z" "-v" "/var/lib/crater-agent-workspace/builds/worker-6-tc2/target:/opt/rustwide/target:rw,Z" "-v" "/var/lib/crater-agent-workspace/cargo-home:/opt/rustwide/cargo-home:ro,Z" "-v" "/var/lib/crater-agent-workspace/rustup-home:/opt/rustwide/rustup-home:ro,Z" "-m" "1610612736" "--network" "none" "ghcr.io/rust-lang/crates-build-env/linux@sha256:77db811e55d90add9212f6832c23229e3de5f1c1f9905e8cb07319ea15df73ac" "sleep" "infinity", kill_on_drop: false }`
[INFO] [stdout] e28f2818b4be1e229509a78dda9d383ef2be569c0d40f0134882136f0a20d9ec
[INFO] running `Command { std: "docker" "start" "e28f2818b4be1e229509a78dda9d383ef2be569c0d40f0134882136f0a20d9ec", kill_on_drop: false }`
[INFO] running `Command { std: "docker" "inspect" "e28f2818b4be1e229509a78dda9d383ef2be569c0d40f0134882136f0a20d9ec", kill_on_drop: false }`
[INFO] running `Command { std: "docker" "exec" "-e" "SOURCE_DIR=/opt/rustwide/workdir" "-e" "CARGO_HOME=/opt/rustwide/cargo-home" "-e" "RUSTUP_HOME=/opt/rustwide/rustup-home" "-e" "CARGO_TARGET_DIR=/opt/rustwide/target" "-w" "/opt/rustwide/workdir" "--user" "0:0" "e28f2818b4be1e229509a78dda9d383ef2be569c0d40f0134882136f0a20d9ec" "/opt/rustwide/cargo-home/bin/cargo" "+1.100.0-beta.1" "metadata" "--no-deps" "--format-version=1", kill_on_drop: false }`
[INFO] running `Command { std: "docker" "inspect" "e28f2818b4be1e229509a78dda9d383ef2be569c0d40f0134882136f0a20d9ec", kill_on_drop: false }`
[INFO] running `Command { std: "docker" "exec" "-e" "SOURCE_DIR=/opt/rustwide/workdir" "-e" "CARGO_HOME=/opt/rustwide/cargo-home" "-e" "RUSTUP_HOME=/opt/rustwide/rustup-home" "-e" "CARGO_TARGET_DIR=/opt/rustwide/target" "-e" "CARGO_INCREMENTAL=0" "-e" "RUST_BACKTRACE=full" "-e" "RUSTFLAGS=--cap-lints=warn" "-e" "RUSTDOCFLAGS=--cap-lints=warn" "-w" "/opt/rustwide/workdir" "--user" "0:0" "e28f2818b4be1e229509a78dda9d383ef2be569c0d40f0134882136f0a20d9ec" "/opt/rustwide/cargo-home/bin/cargo" "+1.100.0-beta.1" "build" "--frozen" "--message-format=json" "--release", kill_on_drop: false }`
[INFO] [stderr]    Compiling syn v2.0.117
[INFO] [stderr]    Compiling deranged v0.5.8
[INFO] [stderr]    Compiling num_cpus v1.17.0
[INFO] [stderr]    Compiling connection-string v0.2.0
[INFO] [stderr]    Compiling uuid v1.21.0
[INFO] [stderr]    Compiling openssl-sys v0.9.111
[INFO] [stderr]    Compiling time-macros v0.2.27
[INFO] [stderr]    Compiling pretty-hex v0.3.0
[INFO] [stderr]    Compiling time v0.3.47
[INFO] [stderr]    Compiling synstructure v0.13.2
[INFO] [stderr]    Compiling zerofrom-derive v0.1.6
[INFO] [stderr]    Compiling yoke-derive v0.8.1
[INFO] [stderr]    Compiling zerovec-derive v0.11.2
[INFO] [stderr]    Compiling displaydoc v0.2.5
[INFO] [stderr]    Compiling futures-macro v0.3.32
[INFO] [stderr]    Compiling tokio-macros v2.6.0
[INFO] [stderr]    Compiling openssl-macros v0.1.1
[INFO] [stderr]    Compiling thiserror-impl v1.0.69
[INFO] [stderr]    Compiling enumflags2_derive v0.7.12
[INFO] [stderr]    Compiling tracing-attributes v0.1.31
[INFO] [stderr]    Compiling async-trait v0.1.89
[INFO] [stderr]    Compiling thiserror-impl v2.0.18
[INFO] [stderr]    Compiling openssl v0.10.75
[INFO] [stderr]    Compiling tokio v1.49.0
[INFO] [stderr]    Compiling enumflags2 v0.7.12
[INFO] [stderr]    Compiling futures-util v0.3.32
[INFO] [stderr]    Compiling zerofrom v0.1.6
[INFO] [stderr]    Compiling thiserror v1.0.69
[INFO] [stderr]    Compiling yoke v0.8.1
[INFO] [stderr]    Compiling thiserror v2.0.18
[INFO] [stderr]    Compiling tracing v0.1.44
[INFO] [stderr]    Compiling zerovec v0.11.5
[INFO] [stderr]    Compiling zerotrie v0.2.3
[INFO] [stderr]    Compiling tinystr v0.8.2
[INFO] [stderr]    Compiling potential_utf v0.1.4
[INFO] [stderr]    Compiling icu_locale_core v2.1.1
[INFO] [stderr]    Compiling icu_collections v2.1.1
[INFO] [stderr]    Compiling icu_provider v2.1.1
[INFO] [stderr]    Compiling icu_normalizer v2.1.1
[INFO] [stderr]    Compiling icu_properties v2.1.2
[INFO] [stderr]    Compiling deadpool-runtime v0.1.4
[INFO] [stderr]    Compiling tokio-util v0.7.18
[INFO] [stderr]    Compiling deadpool v0.12.3
[INFO] [stderr]    Compiling native-tls v0.2.18
[INFO] [stderr]    Compiling asynchronous-codec v0.6.2
[INFO] [stderr]    Compiling idna_adapter v1.2.1
[INFO] [stderr]    Compiling idna v1.1.0
[INFO] [stderr]    Compiling url v2.5.8
[INFO] [stderr]    Compiling async-native-tls v0.4.0
[INFO] [stderr]    Compiling tiberius v0.12.3
[INFO] [stderr]    Compiling deadpool-tiberius v0.1.9
[INFO] [stderr]    Compiling tiberius-helper v0.0.2 (/opt/rustwide/workdir)
[INFO] [stdout] warning: unused variable: `result`
[INFO] [stdout]    --> src/lib.rs:142:13
[INFO] [stdout]     |
[INFO] [stdout] 142 |         let result = pool.get().await?.execute(query, params).await?;
[INFO] [stdout]     |             ^^^^^^ help: if this is intentional, prefix it with an underscore: `_result`
[INFO] [stdout]     |
[INFO] [stdout]     = note: `#[warn(unused_variables)]` (part of `#[warn(unused)]`) on by default
[INFO] [stdout] 
[INFO] [stdout] 
[INFO] [stdout] warning: static `CONN_STR` is never used
[INFO] [stdout]  --> src/lib.rs:4:8
[INFO] [stdout]   |
[INFO] [stdout] 4 | static CONN_STR: Lazy<String> = Lazy::new(|| {
[INFO] [stdout]   |        ^^^^^^^^
[INFO] [stdout]   |
[INFO] [stdout]   = note: `#[warn(dead_code)]` (part of `#[warn(unused)]`) on by default
[INFO] [stdout] 
[INFO] [stdout] 
[INFO] [stderr]     Finished `release` profile [optimized] target(s) in 38.32s
[INFO] running `Command { std: "docker" "inspect" "e28f2818b4be1e229509a78dda9d383ef2be569c0d40f0134882136f0a20d9ec", kill_on_drop: false }`
[INFO] running `Command { std: "docker" "exec" "-e" "SOURCE_DIR=/opt/rustwide/workdir" "-e" "CARGO_HOME=/opt/rustwide/cargo-home" "-e" "RUSTUP_HOME=/opt/rustwide/rustup-home" "-e" "CARGO_TARGET_DIR=/opt/rustwide/target" "-e" "CARGO_INCREMENTAL=0" "-e" "RUST_BACKTRACE=full" "-e" "RUSTFLAGS=--cap-lints=warn" "-e" "RUSTDOCFLAGS=--cap-lints=warn" "-w" "/opt/rustwide/workdir" "--user" "0:0" "e28f2818b4be1e229509a78dda9d383ef2be569c0d40f0134882136f0a20d9ec" "/opt/rustwide/cargo-home/bin/cargo" "+1.100.0-beta.1" "test" "--frozen" "--no-run" "--message-format=json" "--release", kill_on_drop: false }`
[INFO] [stdout] warning: unused variable: `result`
[INFO] [stdout]    --> src/lib.rs:142:13
[INFO] [stdout]     |
[INFO] [stdout] 142 |         let result = pool.get().await?.execute(query, params).await?;
[INFO] [stdout]     |             ^^^^^^ help: if this is intentional, prefix it with an underscore: `_result`
[INFO] [stdout]     |
[INFO] [stdout]     = note: `#[warn(unused_variables)]` (part of `#[warn(unused)]`) on by default
[INFO] [stdout] 
[INFO] [stdout] 
[INFO] [stdout] warning: static `CONN_STR` is never used
[INFO] [stdout]  --> src/lib.rs:4:8
[INFO] [stdout]   |
[INFO] [stdout] 4 | static CONN_STR: Lazy<String> = Lazy::new(|| {
[INFO] [stdout]   |        ^^^^^^^^
[INFO] [stdout]   |
[INFO] [stdout]   = note: `#[warn(dead_code)]` (part of `#[warn(unused)]`) on by default
[INFO] [stdout] 
[INFO] [stdout] 
[INFO] [stderr]    Compiling tiberius-helper v0.0.2 (/opt/rustwide/workdir)
[INFO] [stdout] warning: unused import: `tiberius::time::time::Time`
[INFO] [stdout]   --> src/lib.rs:12:9
[INFO] [stdout]    |
[INFO] [stdout] 12 |     use tiberius::time::time::Time;
[INFO] [stdout]    |         ^^^^^^^^^^^^^^^^^^^^^^^^^^
[INFO] [stdout]    |
[INFO] [stdout]    = note: `#[warn(unused_imports)]` (part of `#[warn(unused)]`) on by default
[INFO] [stdout] 
[INFO] [stdout] 
[INFO] [stdout] warning: unused variable: `result`
[INFO] [stdout]    --> src/lib.rs:142:13
[INFO] [stdout]     |
[INFO] [stdout] 142 |         let result = pool.get().await?.execute(query, params).await?;
[INFO] [stdout]     |             ^^^^^^ help: if this is intentional, prefix it with an underscore: `_result`
[INFO] [stdout]     |
[INFO] [stdout]     = note: `#[warn(unused_variables)]` (part of `#[warn(unused)]`) on by default
[INFO] [stdout] 
[INFO] [stdout] 
[INFO] [stderr]     Finished `release` profile [optimized] target(s) in 5.59s
[INFO] running `Command { std: "docker" "inspect" "e28f2818b4be1e229509a78dda9d383ef2be569c0d40f0134882136f0a20d9ec", kill_on_drop: false }`
[INFO] running `Command { std: "docker" "exec" "-e" "SOURCE_DIR=/opt/rustwide/workdir" "-e" "CARGO_HOME=/opt/rustwide/cargo-home" "-e" "RUSTUP_HOME=/opt/rustwide/rustup-home" "-e" "CARGO_TARGET_DIR=/opt/rustwide/target" "-e" "CARGO_INCREMENTAL=0" "-e" "RUST_BACKTRACE=full" "-e" "RUSTFLAGS=--cap-lints=warn" "-e" "RUSTDOCFLAGS=--cap-lints=warn" "-w" "/opt/rustwide/workdir" "--user" "0:0" "e28f2818b4be1e229509a78dda9d383ef2be569c0d40f0134882136f0a20d9ec" "/opt/rustwide/cargo-home/bin/cargo" "+1.100.0-beta.1" "test" "--frozen" "--release", kill_on_drop: false }`
[INFO] [stderr] warning: unused variable: `result`
[INFO] [stderr]    --> src/lib.rs:142:13
[INFO] [stderr]     |
[INFO] [stderr] 142 |         let result = pool.get().await?.execute(query, params).await?;
[INFO] [stderr]     |             ^^^^^^ help: if this is intentional, prefix it with an underscore: `_result`
[INFO] [stderr]     |
[INFO] [stderr]     = note: `#[warn(unused_variables)]` (part of `#[warn(unused)]`) on by default
[INFO] [stderr] 
[INFO] [stderr] warning: static `CONN_STR` is never used
[INFO] [stderr]  --> src/lib.rs:4:8
[INFO] [stderr]   |
[INFO] [stderr] 4 | static CONN_STR: Lazy<String> = Lazy::new(|| {
[INFO] [stderr]   |        ^^^^^^^^
[INFO] [stderr]   |
[INFO] [stderr]   = note: `#[warn(dead_code)]` (part of `#[warn(unused)]`) on by default
[INFO] [stderr] 
[INFO] [stderr] warning: unused import: `tiberius::time::time::Time`
[INFO] [stderr]   --> src/lib.rs:12:9
[INFO] [stderr]    |
[INFO] [stderr] 12 |     use tiberius::time::time::Time;
[INFO] [stderr]    |         ^^^^^^^^^^^^^^^^^^^^^^^^^^
[INFO] [stderr]    |
[INFO] [stderr]    = note: `#[warn(unused_imports)]` (part of `#[warn(unused)]`) on by default
[INFO] [stderr] 
[INFO] [stderr] warning: `tiberius-helper` (lib) generated 2 warnings (run `cargo fix --lib -p tiberius-helper` to apply 1 suggestion)
[INFO] [stderr] warning: `tiberius-helper` (lib test) generated 2 warnings (1 duplicate) (run `cargo fix --lib -p tiberius-helper --tests` to apply 1 suggestion)
[INFO] [stderr]     Finished `release` profile [optimized] target(s) in 0.15s
[INFO] [stderr]      Running unittests src/lib.rs (/opt/rustwide/target/release/build/tiberius-helper/6f997d088a769e37/out/tiberius_helper-6f997d088a769e37)
[INFO] [stdout] 
[INFO] [stdout] running 4 tests
[INFO] [stdout] test tests::get_connection ... ok
[INFO] [stdout] test tests::select ... FAILED
[INFO] [stdout] test tests::execute ... FAILED
[INFO] [stderr] error: test failed, to rerun pass `--lib`
[INFO] [stdout] test tests::get_datatypes ... FAILED
[INFO] [stdout] 
[INFO] [stdout] failures:
[INFO] [stdout] 
[INFO] [stdout] ---- tests::select stdout ----
[INFO] [stdout] Error: Error occurred while creating a new object: An error occured during the attempt of performing I/O: Connection refused (os error 111)
[INFO] [stdout] 
[INFO] [stdout] Caused by:
[INFO] [stdout]     An error occured during the attempt of performing I/O: Connection refused (os error 111)
[INFO] [stdout] 
[INFO] [stdout] Stack backtrace:
[INFO] [stdout]    0: <anyhow::Error as core::convert::From<deadpool::managed::errors::PoolError<tiberius::error::Error>>>::from
[INFO] [stdout]    1: tiberius_helper::helper::sql_query::{closure#0}
[INFO] [stdout]    2: tiberius_helper::tests::select::{closure#0}
[INFO] [stdout]    3: <tokio::runtime::scheduler::current_thread::Context>::enter::<core::task::poll::Poll<core::result::Result<(), anyhow::Error>>, <tokio::runtime::scheduler::current_thread::CoreGuard>::block_on<core::pin::Pin<&mut core::pin::Pin<&mut dyn core::future::future::Future<Output = core::result::Result<(), anyhow::Error>>>>>::{closure#0}::{closure#0}>
[INFO] [stdout]    4: <tokio::runtime::context::scoped::Scoped<tokio::runtime::scheduler::Context>>::set::<<tokio::runtime::scheduler::current_thread::CoreGuard>::enter<<tokio::runtime::scheduler::current_thread::CoreGuard>::block_on<core::pin::Pin<&mut core::pin::Pin<&mut dyn core::future::future::Future<Output = core::result::Result<(), anyhow::Error>>>>>::{closure#0}, core::option::Option<core::result::Result<(), anyhow::Error>>>::{closure#0}, (alloc::boxed::Box<tokio::runtime::scheduler::current_thread::Core>, core::option::Option<core::result::Result<(), anyhow::Error>>)>
[INFO] [stdout]    5: <tokio::runtime::scheduler::current_thread::CurrentThread>::block_on::<core::pin::Pin<&mut dyn core::future::future::Future<Output = core::result::Result<(), anyhow::Error>>>>
[INFO] [stdout]    6: <tokio::runtime::runtime::Runtime>::block_on::<core::pin::Pin<&mut dyn core::future::future::Future<Output = core::result::Result<(), anyhow::Error>>>>
[INFO] [stdout]    7: <tiberius_helper::tests::select::{closure#0} as core::ops::function::FnOnce<()>>::call_once
[INFO] [stdout]    8: test::__rust_begin_short_backtrace::<core::result::Result<(), alloc::string::String>, fn() -> core::result::Result<(), alloc::string::String>>
[INFO] [stdout]    9: test::run_test::{closure#0}
[INFO] [stdout]   10: std::sys::backtrace::__rust_begin_short_backtrace::<test::run_test::{closure#1}, ()>
[INFO] [stdout]   11: <std::thread::lifecycle::spawn_unchecked<test::run_test::{closure#1}, ()>::{closure#1} as core::ops::function::FnOnce<()>>::call_once::{shim:vtable#0}
[INFO] [stdout]   12: <std::sys::thread::unix::Thread>::new::thread_start
[INFO] [stdout]   13: <unknown>
[INFO] [stdout]   14: clone
[INFO] [stdout] 
[INFO] [stdout] ---- tests::execute stdout ----
[INFO] [stdout] 
[INFO] [stdout] thread 'tests::execute' (1083) panicked at src/lib.rs:60:9:
[INFO] [stdout] This should be Ok(_) but returned Error.
[INFO] [stdout] stack backtrace:
[INFO] [stdout]    0:     0x6071aec2f831 - <<std[617be2ca0a6fd877]::sys::backtrace::BacktraceLock>::print::DisplayBacktrace as core[a373ad73a504971]::fmt::Display>::fmt
[INFO] [stdout]    1:     0x6071aec473aa - core[a373ad73a504971]::fmt::write
[INFO] [stdout]    2:     0x6071aec3444c - <alloc[2e1b2a31b91974c5]::vec::Vec<u8> as core[a373ad73a504971]::io::write::Write>::write_fmt
[INFO] [stdout]    3:     0x6071aec0a246 - std[617be2ca0a6fd877]::panicking::default_hook::{closure#0}
[INFO] [stdout]    4:     0x6071aec27499 - std[617be2ca0a6fd877]::panicking::default_hook
[INFO] [stdout]    5:     0x6071aeb7a010 - test[aada8e7e76ba119b]::test_main_inner::{closure#0}
[INFO] [stdout]    6:     0x6071aec277c2 - std[617be2ca0a6fd877]::panicking::panic_with_hook
[INFO] [stdout]    7:     0x6071aec0a324 - std[617be2ca0a6fd877]::panicking::panic_handler::{closure#0}
[INFO] [stdout]    8:     0x6071aec02839 - std[617be2ca0a6fd877]::sys::backtrace::__rust_end_short_backtrace::<std[617be2ca0a6fd877]::panicking::panic_handler::{closure#0}, !>
[INFO] [stdout]    9:     0x6071aec0b1fd - __rustc[ea4f61d10b84890b]::rust_begin_unwind
[INFO] [stdout]   10:     0x6071aec47b0c - core[a373ad73a504971]::panicking::panic_fmt
[INFO] [stdout]   11:     0x6071aeb49576 - tiberius_helper[17031422e4dc5ebb]::tests::execute::{closure#0}
[INFO] [stdout]   12:     0x6071aeb5c248 - <tokio[570731068ce5858d]::runtime::scheduler::current_thread::Context>::enter::<core[a373ad73a504971]::task::poll::Poll<core[a373ad73a504971]::result::Result<(), anyhow[3c0f068ba3553bf4]::Error>>, <tokio[570731068ce5858d]::runtime::scheduler::current_thread::CoreGuard>::block_on<core[a373ad73a504971]::pin::Pin<&mut core[a373ad73a504971]::pin::Pin<&mut dyn core[a373ad73a504971]::future::future::Future<Output = core[a373ad73a504971]::result::Result<(), anyhow[3c0f068ba3553bf4]::Error>>>>>::{closure#0}::{closure#0}>
[INFO] [stdout]   13:     0x6071aeb5f9df - <tokio[570731068ce5858d]::runtime::context::scoped::Scoped<tokio[570731068ce5858d]::runtime::scheduler::Context>>::set::<<tokio[570731068ce5858d]::runtime::scheduler::current_thread::CoreGuard>::enter<<tokio[570731068ce5858d]::runtime::scheduler::current_thread::CoreGuard>::block_on<core[a373ad73a504971]::pin::Pin<&mut core[a373ad73a504971]::pin::Pin<&mut dyn core[a373ad73a504971]::future::future::Future<Output = core[a373ad73a504971]::result::Result<(), anyhow[3c0f068ba3553bf4]::Error>>>>>::{closure#0}, core[a373ad73a504971]::option::Option<core[a373ad73a504971]::result::Result<(), anyhow[3c0f068ba3553bf4]::Error>>>::{closure#0}, (alloc[2e1b2a31b91974c5]::boxed::Box<tokio[570731068ce5858d]::runtime::scheduler::current_thread::Core>, core[a373ad73a504971]::option::Option<core[a373ad73a504971]::result::Result<(), anyhow[3c0f068ba3553bf4]::Error>>)>
[INFO] [stdout]   14:     0x6071aeb5be61 - <tokio[570731068ce5858d]::runtime::scheduler::current_thread::CurrentThread>::block_on::<core[a373ad73a504971]::pin::Pin<&mut dyn core[a373ad73a504971]::future::future::Future<Output = core[a373ad73a504971]::result::Result<(), anyhow[3c0f068ba3553bf4]::Error>>>>
[INFO] [stdout]   15:     0x6071aeb5dffd - <tokio[570731068ce5858d]::runtime::runtime::Runtime>::block_on::<core[a373ad73a504971]::pin::Pin<&mut dyn core[a373ad73a504971]::future::future::Future<Output = core[a373ad73a504971]::result::Result<(), anyhow[3c0f068ba3553bf4]::Error>>>>
[INFO] [stdout]   16:     0x6071aeb4e461 - <tiberius_helper[17031422e4dc5ebb]::tests::execute::{closure#0} as core[a373ad73a504971]::ops::function::FnOnce<()>>::call_once
[INFO] [stdout]   17:     0x6071aeb6d45b - test[aada8e7e76ba119b]::__rust_begin_short_backtrace::<core[a373ad73a504971]::result::Result<(), alloc[2e1b2a31b91974c5]::string::String>, fn() -> core[a373ad73a504971]::result::Result<(), alloc[2e1b2a31b91974c5]::string::String>>
[INFO] [stdout]   18:     0x6071aeb7a635 - test[aada8e7e76ba119b]::run_test::{closure#0}
[INFO] [stdout]   19:     0x6071aeb73f24 - std[617be2ca0a6fd877]::sys::backtrace::__rust_begin_short_backtrace::<test[aada8e7e76ba119b]::run_test::{closure#1}, ()>
[INFO] [stdout]   20:     0x6071aeb7d6c2 - <std[617be2ca0a6fd877]::thread::lifecycle::spawn_unchecked<test[aada8e7e76ba119b]::run_test::{closure#1}, ()>::{closure#1} as core[a373ad73a504971]::ops::function::FnOnce<()>>::call_once::{shim:vtable#0}
[INFO] [stdout]   21:     0x6071aec2e9cf - <std[617be2ca0a6fd877]::sys::thread::unix::Thread>::new::thread_start
[INFO] [stdout]   22:     0x7d585357fdfa - <unknown>
[INFO] [stdout]   23:     0x7d58536133d4 - clone
[INFO] [stdout]   24:                0x0 - <unknown>
[INFO] [stdout] 
[INFO] [stdout] ---- tests::get_datatypes stdout ----
[INFO] [stdout] Error: Error occurred while creating a new object: An error occured during the attempt of performing I/O: Connection refused (os error 111)
[INFO] [stdout] 
[INFO] [stdout] Caused by:
[INFO] [stdout]     An error occured during the attempt of performing I/O: Connection refused (os error 111)
[INFO] [stdout] 
[INFO] [stdout] Stack backtrace:
[INFO] [stdout]    0: <anyhow::Error as core::convert::From<deadpool::managed::errors::PoolError<tiberius::error::Error>>>::from
[INFO] [stdout]    1: tiberius_helper::helper::sql_query::{closure#0}
[INFO] [stdout]    2: tiberius_helper::tests::get_datatypes::{closure#0}
[INFO] [stdout]    3: <tokio::runtime::scheduler::current_thread::Context>::enter::<core::task::poll::Poll<core::result::Result<(), anyhow::Error>>, <tokio::runtime::scheduler::current_thread::CoreGuard>::block_on<core::pin::Pin<&mut core::pin::Pin<&mut dyn core::future::future::Future<Output = core::result::Result<(), anyhow::Error>>>>>::{closure#0}::{closure#0}>
[INFO] [stdout]    4: <tokio::runtime::context::scoped::Scoped<tokio::runtime::scheduler::Context>>::set::<<tokio::runtime::scheduler::current_thread::CoreGuard>::enter<<tokio::runtime::scheduler::current_thread::CoreGuard>::block_on<core::pin::Pin<&mut core::pin::Pin<&mut dyn core::future::future::Future<Output = core::result::Result<(), anyhow::Error>>>>>::{closure#0}, core::option::Option<core::result::Result<(), anyhow::Error>>>::{closure#0}, (alloc::boxed::Box<tokio::runtime::scheduler::current_thread::Core>, core::option::Option<core::result::Result<(), anyhow::Error>>)>
[INFO] [stdout]    5: <tokio::runtime::scheduler::current_thread::CurrentThread>::block_on::<core::pin::Pin<&mut dyn core::future::future::Future<Output = core::result::Result<(), anyhow::Error>>>>
[INFO] [stdout]    6: <tokio::runtime::runtime::Runtime>::block_on::<core::pin::Pin<&mut dyn core::future::future::Future<Output = core::result::Result<(), anyhow::Error>>>>
[INFO] [stdout]    7: <tiberius_helper::tests::get_datatypes::{closure#0} as core::ops::function::FnOnce<()>>::call_once
[INFO] [stdout]    8: test::__rust_begin_short_backtrace::<core::result::Result<(), alloc::string::String>, fn() -> core::result::Result<(), alloc::string::String>>
[INFO] [stdout]    9: test::run_test::{closure#0}
[INFO] [stdout]   10: std::sys::backtrace::__rust_begin_short_backtrace::<test::run_test::{closure#1}, ()>
[INFO] [stdout]   11: <std::thread::lifecycle::spawn_unchecked<test::run_test::{closure#1}, ()>::{closure#1} as core::ops::function::FnOnce<()>>::call_once::{shim:vtable#0}
[INFO] [stdout]   12: <std::sys::thread::unix::Thread>::new::thread_start
[INFO] [stdout]   13: <unknown>
[INFO] [stdout]   14: clone
[INFO] [stdout] 
[INFO] [stdout] 
[INFO] [stdout] failures:
[INFO] [stdout]     tests::execute
[INFO] [stdout]     tests::get_datatypes
[INFO] [stdout]     tests::select
[INFO] [stdout] 
[INFO] [stdout] test result: FAILED. 1 passed; 3 failed; 0 ignored; 0 measured; 0 filtered out; finished in 0.03s
[INFO] [stdout] 
[INFO] running `Command { std: "docker" "inspect" "e28f2818b4be1e229509a78dda9d383ef2be569c0d40f0134882136f0a20d9ec", kill_on_drop: false }`
[INFO] running `Command { std: "docker" "rm" "-f" "e28f2818b4be1e229509a78dda9d383ef2be569c0d40f0134882136f0a20d9ec", kill_on_drop: false }`
[INFO] [stdout] e28f2818b4be1e229509a78dda9d383ef2be569c0d40f0134882136f0a20d9ec
