[INFO] fetching crate threemd 2.2.1...
[INFO] testing threemd-2.2.1 against 1.99.0-beta.8+cargoflags=--release for beta-release-1.100-2
[INFO] extracting crate threemd 2.2.1 into /workspace/builds/worker-5-tc1/source
[INFO] started tweaking crates.io crate threemd 2.2.1
[INFO] removed 0 missing examples
[INFO] removed 0 missing tests
[INFO] finished tweaking crates.io crate threemd 2.2.1
[INFO] tweaked toml for crates.io crate threemd 2.2.1 written to /workspace/builds/worker-5-tc1/source/Cargo.toml
[INFO] validating manifest of crates.io crate threemd 2.2.1 on toolchain 1.99.0-beta.8
[INFO] running `Command { std: CARGO_HOME="/workspace/cargo-home" RUSTUP_HOME="/workspace/rustup-home" "/workspace/cargo-home/bin/cargo" "+1.99.0-beta.8" "metadata" "--manifest-path" "Cargo.toml" "--no-deps", kill_on_drop: false }`
[INFO] crate crates.io crate threemd 2.2.1 already has a lockfile, it will not be regenerated
[INFO] running `Command { std: CARGO_HOME="/workspace/cargo-home" RUSTUP_HOME="/workspace/rustup-home" "/workspace/cargo-home/bin/cargo" "+1.99.0-beta.8" "fetch" "--manifest-path" "Cargo.toml", kill_on_drop: false }`
[INFO] running `Command { std: "docker" "create" "-v" "/var/lib/crater-agent-workspace/builds/worker-5-tc1/source:/opt/rustwide/workdir:ro,Z" "-v" "/var/lib/crater-agent-workspace/builds/worker-5-tc1/target:/opt/rustwide/target:rw,Z" "-v" "/var/lib/crater-agent-workspace/cargo-home:/opt/rustwide/cargo-home:ro,Z" "-v" "/var/lib/crater-agent-workspace/rustup-home:/opt/rustwide/rustup-home:ro,Z" "-m" "1610612736" "--network" "none" "ghcr.io/rust-lang/crates-build-env/linux@sha256:77db811e55d90add9212f6832c23229e3de5f1c1f9905e8cb07319ea15df73ac" "sleep" "infinity", kill_on_drop: false }`
[INFO] [stdout] a9d129e1bc6461bdac14a09e36c07c26ea1fe00b16922c84367e9821ac9deda6
[INFO] running `Command { std: "docker" "start" "a9d129e1bc6461bdac14a09e36c07c26ea1fe00b16922c84367e9821ac9deda6", kill_on_drop: false }`
[INFO] running `Command { std: "docker" "inspect" "a9d129e1bc6461bdac14a09e36c07c26ea1fe00b16922c84367e9821ac9deda6", kill_on_drop: false }`
[INFO] running `Command { std: "docker" "exec" "-e" "SOURCE_DIR=/opt/rustwide/workdir" "-e" "CARGO_HOME=/opt/rustwide/cargo-home" "-e" "RUSTUP_HOME=/opt/rustwide/rustup-home" "-e" "CARGO_TARGET_DIR=/opt/rustwide/target" "-w" "/opt/rustwide/workdir" "--user" "0:0" "a9d129e1bc6461bdac14a09e36c07c26ea1fe00b16922c84367e9821ac9deda6" "/opt/rustwide/cargo-home/bin/cargo" "+1.99.0-beta.8" "metadata" "--no-deps" "--format-version=1", kill_on_drop: false }`
[INFO] running `Command { std: "docker" "inspect" "a9d129e1bc6461bdac14a09e36c07c26ea1fe00b16922c84367e9821ac9deda6", kill_on_drop: false }`
[INFO] running `Command { std: "docker" "exec" "-e" "SOURCE_DIR=/opt/rustwide/workdir" "-e" "CARGO_HOME=/opt/rustwide/cargo-home" "-e" "RUSTUP_HOME=/opt/rustwide/rustup-home" "-e" "CARGO_TARGET_DIR=/opt/rustwide/target" "-e" "CARGO_INCREMENTAL=0" "-e" "RUST_BACKTRACE=full" "-e" "RUSTFLAGS=--cap-lints=warn" "-e" "RUSTDOCFLAGS=--cap-lints=warn" "-w" "/opt/rustwide/workdir" "--user" "0:0" "a9d129e1bc6461bdac14a09e36c07c26ea1fe00b16922c84367e9821ac9deda6" "/opt/rustwide/cargo-home/bin/cargo" "+1.99.0-beta.8" "build" "--frozen" "--message-format=json" "--release", kill_on_drop: false }`
[INFO] [stderr]    Compiling threemd v2.2.1 (/opt/rustwide/workdir)
[INFO] [stderr]     Finished `release` profile [optimized] target(s) in 8.11s
[INFO] running `Command { std: "docker" "inspect" "a9d129e1bc6461bdac14a09e36c07c26ea1fe00b16922c84367e9821ac9deda6", kill_on_drop: false }`
[INFO] running `Command { std: "docker" "exec" "-e" "SOURCE_DIR=/opt/rustwide/workdir" "-e" "CARGO_HOME=/opt/rustwide/cargo-home" "-e" "RUSTUP_HOME=/opt/rustwide/rustup-home" "-e" "CARGO_TARGET_DIR=/opt/rustwide/target" "-e" "CARGO_INCREMENTAL=0" "-e" "RUST_BACKTRACE=full" "-e" "RUSTFLAGS=--cap-lints=warn" "-e" "RUSTDOCFLAGS=--cap-lints=warn" "-w" "/opt/rustwide/workdir" "--user" "0:0" "a9d129e1bc6461bdac14a09e36c07c26ea1fe00b16922c84367e9821ac9deda6" "/opt/rustwide/cargo-home/bin/cargo" "+1.99.0-beta.8" "test" "--frozen" "--no-run" "--message-format=json" "--release", kill_on_drop: false }`
[INFO] [stderr]    Compiling quote v1.0.46
[INFO] [stderr]    Compiling serde_json v1.0.150
[INFO] [stderr]    Compiling syn v2.0.118
[INFO] [stderr]    Compiling serde_derive v1.0.228
[INFO] [stderr]    Compiling serde v1.0.228
[INFO] [stderr]    Compiling threemd v2.2.1 (/opt/rustwide/workdir)
[INFO] [stderr]     Finished `release` profile [optimized] target(s) in 25.59s
[INFO] running `Command { std: "docker" "inspect" "a9d129e1bc6461bdac14a09e36c07c26ea1fe00b16922c84367e9821ac9deda6", kill_on_drop: false }`
[INFO] running `Command { std: "docker" "exec" "-e" "SOURCE_DIR=/opt/rustwide/workdir" "-e" "CARGO_HOME=/opt/rustwide/cargo-home" "-e" "RUSTUP_HOME=/opt/rustwide/rustup-home" "-e" "CARGO_TARGET_DIR=/opt/rustwide/target" "-e" "CARGO_INCREMENTAL=0" "-e" "RUST_BACKTRACE=full" "-e" "RUSTFLAGS=--cap-lints=warn" "-e" "RUSTDOCFLAGS=--cap-lints=warn" "-w" "/opt/rustwide/workdir" "--user" "0:0" "a9d129e1bc6461bdac14a09e36c07c26ea1fe00b16922c84367e9821ac9deda6" "/opt/rustwide/cargo-home/bin/cargo" "+1.99.0-beta.8" "test" "--frozen" "--release", kill_on_drop: false }`
[INFO] [stderr]     Finished `release` profile [optimized] target(s) in 0.04s
[INFO] [stderr]      Running unittests src/lib.rs (/opt/rustwide/target/release/deps/threemd-be4f08c7de56f5ed)
[INFO] [stdout] 
[INFO] [stdout] running 18 tests
[INFO] [stdout] test structured::tests::number_forms_follow_the_table_and_decode_bit_exactly ... ok
[INFO] [stdout] test structured::tests::line_feed_bits_mark_exactly_the_line_feeds ... ok
[INFO] [stdout] test checksum::tests::check_value_matches_the_specification ... ok
[INFO] [stdout] test structured::tests::var_round_trips_at_every_size_boundary_and_rejects_v1_to_v3 ... ok
[INFO] [stdout] test structured::tests::equivalence_is_rejected_only_for_canonically_equal_distinct_keys ... ok
[INFO] [stdout] test structured::tests::checked_chars_stop_at_a_failed_check_and_keep_the_error ... ok
[INFO] [stdout] test structured::tests::long_key_hashes_and_nfc_forms_check_cancellation_on_their_input ... ok
[INFO] [stdout] test structured::tests::every_cancellation_check_cancels_decode_and_encode_without_a_result ... ok
[INFO] [stdout] test checksum::tests::slicing_matches_the_bytewise_reference_at_every_alignment ... ok
[INFO] [stdout] test structured::tests::phase_s_checks_cancellation_within_long_keys_and_axes ... ok
[INFO] [stdout] test structured::tests::lowercase_test_agrees_with_to_lowercase ... ok
[INFO] [stdout] test structured::tests::w2_checks_cancellation_between_short_keys_and_within_long_keys ... ok
[INFO] [stdout] test structured::tests::cancellation_reaches_long_scans_and_every_plane ... ok
[INFO] [stdout] test structured::tests::phase_q_normalizes_each_key_once_in_the_2_0_writer_order ... ok
[INFO] [stdout] test structured::tests::equivalence_matches_brute_force_and_compares_forms_only_when_hashes_meet ... ok
[INFO] [stdout] test structured::tests::cancellation_reaches_the_crc_of_a_64_mib_input ... ok
[INFO] [stdout] test structured::tests::phase_q_runs_only_after_phase_l_bounds_every_directive ... ok
[INFO] [stdout] test structured::tests::long_key_nfc_test_agrees_with_is_nfc_and_checks_every_chunk ... ok
[INFO] [stdout] 
[INFO] [stdout] test result: ok. 18 passed; 0 failed; 0 ignored; 0 measured; 0 filtered out; finished in 1.66s
[INFO] [stdout] 
[INFO] [stderr]      Running tests/conformance.rs (/opt/rustwide/target/release/deps/conformance-e019fa0c7541032c)
[INFO] [stdout] 
[INFO] [stdout] running 1 test
[INFO] [stdout] test conformance_vectors_pass ... FAILED
[INFO] [stdout] 
[INFO] [stdout] failures:
[INFO] [stdout] 
[INFO] [stdout] ---- conformance_vectors_pass stdout ----
[INFO] [stdout] 
[INFO] [stdout] thread 'conformance_vectors_pass' (713) panicked at tests/conformance.rs:133:10:
[INFO] [stdout] conformance directory is readable: Os { code: 2, kind: NotFound, message: "No such file or directory" }
[INFO] [stdout] stack backtrace:
[INFO] [stdout]    0:     0x5604d104b5b1 - <<std[70759c8f55707aa4]::sys::backtrace::BacktraceLock>::print::DisplayBacktrace as core[df12db4294e9bfd3]::fmt::Display>::fmt
[INFO] [stdout]    1:     0x5604d1061e3a - core[df12db4294e9bfd3]::fmt::write
[INFO] [stdout]    2:     0x5604d104fd1c - <alloc[2182bb758b4b3781]::vec::Vec<u8> as core[df12db4294e9bfd3]::io::write::Write>::write_fmt
[INFO] [stdout]    3:     0x5604d1026f56 - std[70759c8f55707aa4]::panicking::default_hook::{closure#0}
[INFO] [stdout]    4:     0x5604d1043799 - std[70759c8f55707aa4]::panicking::default_hook
[INFO] [stdout]    5:     0x5604d0fc7d20 - test[9d35eded1c95d3be]::test_main_inner::<test[9d35eded1c95d3be]::test_main_static::{closure#0}>::{closure#0}
[INFO] [stdout]    6:     0x5604d1043952 - std[70759c8f55707aa4]::panicking::panic_with_hook
[INFO] [stdout]    7:     0x5604d1027002 - std[70759c8f55707aa4]::panicking::panic_handler::{closure#0}
[INFO] [stdout]    8:     0x5604d101fb59 - std[70759c8f55707aa4]::sys::backtrace::__rust_end_short_backtrace::<std[70759c8f55707aa4]::panicking::panic_handler::{closure#0}, !>
[INFO] [stdout]    9:     0x5604d1027bfd - __rustc[8fa7c3cbc660c2b3]::rust_begin_unwind
[INFO] [stdout]   10:     0x5604d106256c - core[df12db4294e9bfd3]::panicking::panic_fmt
[INFO] [stdout]   11:     0x5604d1062342 - core[df12db4294e9bfd3]::result::unwrap_failed
[INFO] [stdout]   12:     0x5604d0fb27de - <conformance[b3f21890afdedd79]::conformance_vectors_pass::{closure#0} as core[df12db4294e9bfd3]::ops::function::FnOnce<()>>::call_once
[INFO] [stdout]   13:     0x5604d0fbb00b - test[9d35eded1c95d3be]::__rust_begin_short_backtrace::<core[df12db4294e9bfd3]::result::Result<(), alloc[2182bb758b4b3781]::string::String>, fn() -> core[df12db4294e9bfd3]::result::Result<(), alloc[2182bb758b4b3781]::string::String>>
[INFO] [stdout]   14:     0x5604d0fc8675 - test[9d35eded1c95d3be]::run_test::{closure#0}
[INFO] [stdout]   15:     0x5604d0fc1f34 - std[70759c8f55707aa4]::sys::backtrace::__rust_begin_short_backtrace::<test[9d35eded1c95d3be]::run_test::{closure#1}, ()>
[INFO] [stdout]   16:     0x5604d0fcb7d2 - <std[70759c8f55707aa4]::thread::lifecycle::spawn_unchecked<test[9d35eded1c95d3be]::run_test::{closure#1}, ()>::{closure#1} as core[df12db4294e9bfd3]::ops::function::FnOnce<()>>::call_once::{shim:vtable#0}
[INFO] [stdout]   17:     0x5604d104ab19 - <std[70759c8f55707aa4]::sys::thread::unix::Thread>::new::thread_start
[INFO] [stdout]   18:     0x76942859fdfa - <unknown>
[INFO] [stdout]   19:     0x7694286333d4 - clone
[INFO] [stdout]   20:                0x0 - <unknown>
[INFO] [stdout] 
[INFO] [stdout] 
[INFO] [stdout] failures:
[INFO] [stdout]     conformance_vectors_pass
[INFO] [stdout] 
[INFO] [stdout] test result: FAILED. 0 passed; 1 failed; 0 ignored; 0 measured; 0 filtered out; finished in 0.00s
[INFO] [stdout] 
[INFO] [stderr] error: test failed, to rerun pass `--test conformance`
[INFO] running `Command { std: "docker" "inspect" "a9d129e1bc6461bdac14a09e36c07c26ea1fe00b16922c84367e9821ac9deda6", kill_on_drop: false }`
[INFO] running `Command { std: "docker" "rm" "-f" "a9d129e1bc6461bdac14a09e36c07c26ea1fe00b16922c84367e9821ac9deda6", kill_on_drop: false }`
[INFO] [stdout] a9d129e1bc6461bdac14a09e36c07c26ea1fe00b16922c84367e9821ac9deda6
