[INFO] fetching crate threecpio 0.14.0...
[INFO] testing threecpio-0.14.0 against 1.100.0-beta.1+cargoflags=--release for beta-release-1.100-2
[INFO] extracting crate threecpio 0.14.0 into /workspace/builds/worker-3-tc2/source
[INFO] removed /workspace/builds/worker-3-tc2/source/.cargo/config.toml
[INFO] started tweaking crates.io crate threecpio 0.14.0
[INFO] removed 0 missing tests
[INFO] finished tweaking crates.io crate threecpio 0.14.0
[INFO] tweaked toml for crates.io crate threecpio 0.14.0 written to /workspace/builds/worker-3-tc2/source/Cargo.toml
[INFO] validating manifest of crates.io crate threecpio 0.14.0 on toolchain 1.100.0-beta.1
[INFO] running `Command { std: CARGO_HOME="/workspace/cargo-home" RUSTUP_HOME="/workspace/rustup-home" "/workspace/cargo-home/bin/cargo" "+1.100.0-beta.1" "metadata" "--manifest-path" "Cargo.toml" "--no-deps", kill_on_drop: false }`
[INFO] crate crates.io crate threecpio 0.14.0 already has a lockfile, it will not be regenerated
[INFO] running `Command { std: CARGO_HOME="/workspace/cargo-home" RUSTUP_HOME="/workspace/rustup-home" "/workspace/cargo-home/bin/cargo" "+1.100.0-beta.1" "fetch" "--manifest-path" "Cargo.toml", kill_on_drop: false }`
[INFO] [stderr] warning: `package.homepage` is redundant with `package.repository`
[INFO] [stderr]   --> Cargo.toml:29:12
[INFO] [stderr]    |
[INFO] [stderr] 29 | homepage = "https://github.com/bdrung/3cpio"
[INFO] [stderr]    |            ^^^^^^^^^^^^^^^^^^^^^^^^^^^^^^^^^
[INFO] [stderr] ...
[INFO] [stderr] 34 | repository = "https://github.com/bdrung/3cpio"
[INFO] [stderr]    |              ---------------------------------
[INFO] [stderr]    |
[INFO] [stderr]    = note: `cargo::redundant_homepage` is set to `warn` by default
[INFO] [stderr] help: consider removing `package.homepage`
[INFO] [stderr] warning: `threecpio` (manifest) generated 1 warning
[INFO] running `Command { std: "docker" "create" "-v" "/var/lib/crater-agent-workspace/builds/worker-3-tc2/source:/opt/rustwide/workdir:ro,Z" "-v" "/var/lib/crater-agent-workspace/builds/worker-3-tc2/target:/opt/rustwide/target:rw,Z" "-v" "/var/lib/crater-agent-workspace/cargo-home:/opt/rustwide/cargo-home:ro,Z" "-v" "/var/lib/crater-agent-workspace/rustup-home:/opt/rustwide/rustup-home:ro,Z" "-m" "1610612736" "--network" "none" "ghcr.io/rust-lang/crates-build-env/linux@sha256:77db811e55d90add9212f6832c23229e3de5f1c1f9905e8cb07319ea15df73ac" "sleep" "infinity", kill_on_drop: false }`
[INFO] [stdout] 19bbb736fa93254792da5eda4f7cf4a72820c69f1bf9b49aaf5b157e1ad99078
[INFO] running `Command { std: "docker" "start" "19bbb736fa93254792da5eda4f7cf4a72820c69f1bf9b49aaf5b157e1ad99078", kill_on_drop: false }`
[INFO] running `Command { std: "docker" "inspect" "19bbb736fa93254792da5eda4f7cf4a72820c69f1bf9b49aaf5b157e1ad99078", kill_on_drop: false }`
[INFO] running `Command { std: "docker" "exec" "-e" "SOURCE_DIR=/opt/rustwide/workdir" "-e" "CARGO_HOME=/opt/rustwide/cargo-home" "-e" "RUSTUP_HOME=/opt/rustwide/rustup-home" "-e" "CARGO_TARGET_DIR=/opt/rustwide/target" "-w" "/opt/rustwide/workdir" "--user" "0:0" "19bbb736fa93254792da5eda4f7cf4a72820c69f1bf9b49aaf5b157e1ad99078" "/opt/rustwide/cargo-home/bin/cargo" "+1.100.0-beta.1" "metadata" "--no-deps" "--format-version=1", kill_on_drop: false }`
[INFO] running `Command { std: "docker" "inspect" "19bbb736fa93254792da5eda4f7cf4a72820c69f1bf9b49aaf5b157e1ad99078", kill_on_drop: false }`
[INFO] running `Command { std: "docker" "exec" "-e" "SOURCE_DIR=/opt/rustwide/workdir" "-e" "CARGO_HOME=/opt/rustwide/cargo-home" "-e" "RUSTUP_HOME=/opt/rustwide/rustup-home" "-e" "CARGO_TARGET_DIR=/opt/rustwide/target" "-e" "CARGO_INCREMENTAL=0" "-e" "RUST_BACKTRACE=full" "-e" "RUSTFLAGS=--cap-lints=warn" "-e" "RUSTDOCFLAGS=--cap-lints=warn" "-w" "/opt/rustwide/workdir" "--user" "0:0" "19bbb736fa93254792da5eda4f7cf4a72820c69f1bf9b49aaf5b157e1ad99078" "/opt/rustwide/cargo-home/bin/cargo" "+1.100.0-beta.1" "build" "--frozen" "--message-format=json" "--release", kill_on_drop: false }`
[INFO] [stderr] warning: `package.homepage` is redundant with `package.repository`
[INFO] [stderr]   --> Cargo.toml:29:12
[INFO] [stderr]    |
[INFO] [stderr] 29 | homepage = "https://github.com/bdrung/3cpio"
[INFO] [stderr]    |            ^^^^^^^^^^^^^^^^^^^^^^^^^^^^^^^^^
[INFO] [stderr] ...
[INFO] [stderr] 34 | repository = "https://github.com/bdrung/3cpio"
[INFO] [stderr]    |              ---------------------------------
[INFO] [stderr]    |
[INFO] [stderr]    = note: `cargo::redundant_homepage` is set to `warn` by default
[INFO] [stderr] help: consider removing `package.homepage`
[INFO] [stderr] warning: `threecpio` (manifest) generated 1 warning
[INFO] [stderr]    Compiling libc v0.2.180
[INFO] [stderr]    Compiling lexopt v0.3.1
[INFO] [stderr]    Compiling glob v0.3.3
[INFO] [stderr]    Compiling threecpio v0.14.0 (/opt/rustwide/workdir)
[INFO] [stderr]     Finished `release` profile [optimized] target(s) in 13.28s
[INFO] running `Command { std: "docker" "inspect" "19bbb736fa93254792da5eda4f7cf4a72820c69f1bf9b49aaf5b157e1ad99078", kill_on_drop: false }`
[INFO] running `Command { std: "docker" "exec" "-e" "SOURCE_DIR=/opt/rustwide/workdir" "-e" "CARGO_HOME=/opt/rustwide/cargo-home" "-e" "RUSTUP_HOME=/opt/rustwide/rustup-home" "-e" "CARGO_TARGET_DIR=/opt/rustwide/target" "-e" "CARGO_INCREMENTAL=0" "-e" "RUST_BACKTRACE=full" "-e" "RUSTFLAGS=--cap-lints=warn" "-e" "RUSTDOCFLAGS=--cap-lints=warn" "-w" "/opt/rustwide/workdir" "--user" "0:0" "19bbb736fa93254792da5eda4f7cf4a72820c69f1bf9b49aaf5b157e1ad99078" "/opt/rustwide/cargo-home/bin/cargo" "+1.100.0-beta.1" "test" "--frozen" "--no-run" "--message-format=json" "--release", kill_on_drop: false }`
[INFO] [stderr] warning: `package.homepage` is redundant with `package.repository`
[INFO] [stderr]   --> Cargo.toml:29:12
[INFO] [stderr]    |
[INFO] [stderr] 29 | homepage = "https://github.com/bdrung/3cpio"
[INFO] [stderr]    |            ^^^^^^^^^^^^^^^^^^^^^^^^^^^^^^^^^
[INFO] [stderr] ...
[INFO] [stderr] 34 | repository = "https://github.com/bdrung/3cpio"
[INFO] [stderr]    |              ---------------------------------
[INFO] [stderr]    |
[INFO] [stderr]    = note: `cargo::redundant_homepage` is set to `warn` by default
[INFO] [stderr] help: consider removing `package.homepage`
[INFO] [stderr] warning: `threecpio` (manifest) generated 1 warning
[INFO] [stderr]    Compiling threecpio v0.14.0 (/opt/rustwide/workdir)
[INFO] [stderr]     Finished `release` profile [optimized] target(s) in 24.20s
[INFO] running `Command { std: "docker" "inspect" "19bbb736fa93254792da5eda4f7cf4a72820c69f1bf9b49aaf5b157e1ad99078", kill_on_drop: false }`
[INFO] running `Command { std: "docker" "exec" "-e" "SOURCE_DIR=/opt/rustwide/workdir" "-e" "CARGO_HOME=/opt/rustwide/cargo-home" "-e" "RUSTUP_HOME=/opt/rustwide/rustup-home" "-e" "CARGO_TARGET_DIR=/opt/rustwide/target" "-e" "CARGO_INCREMENTAL=0" "-e" "RUST_BACKTRACE=full" "-e" "RUSTFLAGS=--cap-lints=warn" "-e" "RUSTDOCFLAGS=--cap-lints=warn" "-w" "/opt/rustwide/workdir" "--user" "0:0" "19bbb736fa93254792da5eda4f7cf4a72820c69f1bf9b49aaf5b157e1ad99078" "/opt/rustwide/cargo-home/bin/cargo" "+1.100.0-beta.1" "test" "--frozen" "--release", kill_on_drop: false }`
[INFO] [stderr] warning: `package.homepage` is redundant with `package.repository`
[INFO] [stderr]   --> Cargo.toml:29:12
[INFO] [stderr]    |
[INFO] [stderr] 29 | homepage = "https://github.com/bdrung/3cpio"
[INFO] [stderr]    |            ^^^^^^^^^^^^^^^^^^^^^^^^^^^^^^^^^
[INFO] [stderr] ...
[INFO] [stderr] 34 | repository = "https://github.com/bdrung/3cpio"
[INFO] [stderr]    |              ---------------------------------
[INFO] [stderr]    |
[INFO] [stderr]    = note: `cargo::redundant_homepage` is set to `warn` by default
[INFO] [stderr] help: consider removing `package.homepage`
[INFO] [stderr] warning: `threecpio` (manifest) generated 1 warning
[INFO] [stderr]     Finished `release` profile [optimized] target(s) in 0.02s
[INFO] [stderr]      Running unittests src/lib.rs (/opt/rustwide/target/release/build/threecpio/96266c1b797bf07c/out/threecpio-96266c1b797bf07c)
[INFO] [stdout] 
[INFO] [stdout] running 117 tests
[INFO] [stdout] test compression::tests::test_compression_from_command_line_lz4 ... ok
[INFO] [stdout] test compression::tests::test_compression_from_command_line_xz_6 ... ok
[INFO] [stdout] test compression::tests::test_has_command_not_found ... ok
[INFO] [stdout] test examine::tests::test_format_bytes_kilobytes_without_dot ... ok
[INFO] [stdout] test extract::tests::test_absolute_parent_directory ... ok
[INFO] [stdout] test extract::tests::test_absolute_parent_directory_error ... ok
[INFO] [stdout] test extract::tests::test_read_cpio_and_extract_fifo ... ok
[INFO] [stdout] test examine::tests::test_format_bytes_kilobytes_with_dot ... ok
[INFO] [stdout] test extract::tests::test_extract_cpio_archive_compressed_parts_to_stdout ... ok
[INFO] [stdout] test examine::tests::test_format_bytes_megabytes_two_decimal_places ... ok
[INFO] [stdout] test examine::tests::test_format_bytes_megabytes_one_decimal_place ... ok
[INFO] [stdout] test extract::tests::test_read_cpio_and_extract_path_traversal_to_stdout ... ok
[INFO] [stdout] test examine::tests::test_examine_cpio_content ... FAILED
[INFO] [stdout] test extract::tests::test_extract_cpio_archive_uncompressed_with_pattern ... ok
[INFO] [stdout] test extract::tests::test_write_symbolic_link ... ok
[INFO] [stdout] test extract::tests::test_extract_cpio_archive_with_subdir ... ok
[INFO] [stdout] test compression::tests::test_compression_decompress_program_not_found ... ok
[INFO] [stdout] test extract::tests::test_read_cpio_and_extract_invalid_file_type ... ok
[INFO] [stdout] test header::tests::test_header_read_invalid_magic_number ... ok
[INFO] [stdout] test extract::tests::test_extract_cpio_archive_compressed_to_stdout ... ok
[INFO] [stdout] test extract::tests::test_extract_cpio_archive_compressed_make_directories_with_pattern ... FAILED
[INFO] [stdout] test header::tests::test_header_write ... ok
[INFO] [stdout] test header::tests::test_header_write_filename_too_long ... ok
[INFO] [stdout] test header::tests::test_header_write_with_alignment_near_path_max ... ok
[INFO] [stdout] test header::tests::test_header_write_with_alignment_exceeds_path_max ... ok
[INFO] [stdout] test header::tests::test_hex_str_to_u32_invalid_utf8 ... ok
[INFO] [stdout] test extract::tests::test_read_cpio_and_extract_path_traversal ... FAILED
[INFO] [stdout] test extract::tests::test_write_file_with_setuid ... FAILED
[INFO] [stdout] test header::tests::test_padding_needed_for_is_aligned ... ok
[INFO] [stdout] test header::tests::test_hex_str_to_u32 ... ok
[INFO] [stdout] test header::tests::test_is_root_directory ... ok
[INFO] [stdout] test header::tests::test_padding_needed_for ... ok
[INFO] [stdout] test extract::tests::test_extract_cpio_archive_compressed_with_pattern_to_stdout ... ok
[INFO] [stdout] test extract::tests::test_write_directory_with_setuid ... FAILED
[INFO] [stdout] test extract::tests::test_extract_cpio_archive_compressed_with_pattern ... FAILED
[INFO] [stdout] test extract::tests::test_write_special_file_socket ... FAILED
[INFO] [stdout] test libc::tests::test_set_modified ... ok
[INFO] [stdout] test manifest::tests::test_archive_write ... ok
[INFO] [stdout] test extract::tests::test_write_special_file_fifo ... FAILED
[INFO] [stdout] test header::tests::test_hex_str_to_u32_invalid_hex ... ok
[INFO] [stdout] test header::tests::test_header_read ... ok
[INFO] [stdout] test header::tests::test_header_read_invalid_file_type ... ok
[INFO] [stdout] test extract::tests::test_write_special_file_block_device ... FAILED
[INFO] [stdout] test header::tests::test_is_root_directory_is_file ... ok
[INFO] [stdout] test libc::tests::test_strftime_local_hour ... ok
[INFO] [stdout] test header::tests::test_is_root_directory_not_root_path ... ok
[INFO] [stdout] test manifest::tests::test_file_from_line_empty_file ... ok
[INFO] [stdout] test manifest::tests::test_file_from_line_fields_with_dash ... ok
[INFO] [stdout] test extract::tests::test_write_special_file_character_device ... FAILED
[INFO] [stdout] test manifest::tests::test_archive_write_aligned ... ok
[INFO] [stdout] test manifest::tests::test_file_from_line_full_regular_file ... ok
[INFO] [stdout] test manifest::tests::test_archive_write_hardlinks ... ok
[INFO] [stdout] test manifest::tests::test_file_from_line_empty_fields ... ok
[INFO] [stdout] test manifest::tests::test_file_from_line_location_block_device ... ok
[INFO] [stdout] test manifest::tests::test_file_from_line_location_character_device ... FAILED
[INFO] [stdout] test libc::tests::test_getpwuid_name_root ... ok
[INFO] [stdout] test libc::tests::test_getgrgid_name_root ... ok
[INFO] [stdout] test libc::tests::test_strftime_local_year ... ok
[INFO] [stdout] test manifest::tests::test_file_from_line_location_duplicate_file ... ok
[INFO] [stdout] test manifest::tests::test_file_from_line_full_directory ... ok
[INFO] [stdout] test manifest::tests::test_file_from_line_full_fifo ... ok
[INFO] [stdout] test manifest::tests::test_file_from_line_full_symlink ... ok
[INFO] [stdout] test libc::tests::test_getgrgid_name_non_existing ... ok
[INFO] [stdout] test manifest::tests::test_file_from_line_location_fifo ... ok
[INFO] [stdout] test manifest::tests::test_file_from_line_location_regular_file ... ok
[INFO] [stdout] test manifest::tests::test_file_from_line_location_relative_directory ... FAILED
[INFO] [stdout] test manifest::tests::test_file_from_line_location_hardlink ... ok
[INFO] [stdout] test manifest::tests::test_file_from_line_location_socket ... ok
[INFO] [stdout] test manifest::tests::test_manifest_from_input_file_not_found ... ok
[INFO] [stdout] test manifest::tests::test_manifest_from_input ... ok
[INFO] [stdout] test manifest::tests::test_manifest_from_input_compressed ... ok
[INFO] [stdout] test manifest::tests::test_file_from_line_location_directory ... ok
[INFO] [stdout] test manifest::tests::test_manifest_from_input_unknown_compressor ... ok
[INFO] [stdout] test libc::tests::test_getpwuid_name_non_existing ... ok
[INFO] [stdout] test manifest::tests::test_file_from_line_full_character_device ... ok
[INFO] [stdout] test manifest::tests::test_determine_umask_all_read ... ok
[INFO] [stdout] test manifest::tests::test_file_from_line_location_symlink ... ok
[INFO] [stdout] test manifest::tests::test_determine_umask_only_root ... ok
[INFO] [stdout] test manifest::tests::test_manifest_write_archive_empty_bzip2 ... ok
[INFO] [stdout] test manifest::tests::test_manifest_write_archive_empty_gzip ... ok
[INFO] [stdout] test manifest::tests::test_file_from_line_full_block_device ... ok
[INFO] [stdout] test manifest::tests::test_manifest_from_input_invalid_cpio_directive ... ok
[INFO] [stdout] test manifest::tests::test_manifest_write_archive_empty_lz4 ... FAILED
[INFO] [stdout] test manifest::tests::test_file_from_line_full_socket ... ok
[INFO] [stdout] test manifest::tests::test_manifest_from_input_multiple_uncompressed ... ok
[INFO] [stdout] test manifest::tests::test_sanitize_path_dot ... ok
[INFO] [stdout] test ranges::tests::test_parse_ranges_open_end ... ok
[INFO] [stdout] test manifest::tests::test_sanitize_path_dot_slash_path ... ok
[INFO] [stdout] test manifest::tests::test_sanitize_path_absolute_path ... ok
[INFO] [stdout] test manifest::tests::test_sanitize_path_root ... ok
[INFO] [stdout] test manifest::tests::test_manifest_write_archive_empty_lzma ... ok
[INFO] [stdout] test ranges::tests::test_parse_ranges_error_single ... ok
[INFO] [stdout] test ranges::tests::test_parse_ranges_open_start ... ok
[INFO] [stdout] test ranges::tests::test_parse_ranges_multiple ... ok
[INFO] [stdout] test manifest::tests::test_manifest_write_archive_empty_xz ... ok
[INFO] [stdout] test ranges::tests::test_ranges_has_more ... ok
[INFO] [stdout] test temp_dir::tests::test_base62_encode ... ok
[INFO] [stdout] test ranges::tests::test_ranges_contains ... ok
[INFO] [stdout] test tests::test_list_cpio_content_uncompressed_with_pattern ... ok
[INFO] [stdout] test temp_dir::tests::test_to_alphanumerics ... ok
[INFO] [stdout] test manifest::tests::test_manifest_write_archive_empty_lzop ... ok
[INFO] [stdout] test tests::test_print_cpio_archive_count_compressed ... ok
[INFO] [stdout] test ranges::tests::test_parse_ranges_single ... ok
[INFO] [stdout] test manifest::tests::test_manifest_write_archive_empty_zstd ... FAILED
[INFO] [stdout] test tests::test_read_cpio_and_print_long_format_character_device ... ok
[INFO] [stdout] test tests::test_read_cpio_and_print_long_format_directory ... ok
[INFO] [stdout] test tests::test_read_cpio_and_print_long_format_pattern ... ok
[INFO] [stdout] test tests::test_read_cpio_and_print_long_format_print_ino ... ok
[INFO] [stdout] test tests::test_read_cpio_and_print_long_format_file ... ok
[INFO] [stdout] test manifest::tests::test_manifest_write_fail_compression ... ok
[INFO] [stdout] test ranges::tests::test_parse_ranges_range ... ok
[INFO] [stdout] test tests::test_get_cpio_archive_count_single ... ok
[INFO] [stdout] test tests::test_read_cpio_and_print_long_format_symlink ... ok
[INFO] [stdout] test tests::test_list_cpio_content_compressed_with_pattern ... ok
[INFO] [stdout] test tests::test_list_cpio_content_compressed_parts ... ok
[INFO] [stderr] error: test failed, to rerun pass `--lib`
[INFO] [stdout] test manifest::tests::test_sanitize_path_dot_slash ... ok
[INFO] [stdout] test manifest::tests::test_sanitize_path_relative_path ... ok
[INFO] [stdout] 
[INFO] [stdout] failures:
[INFO] [stdout] 
[INFO] [stdout] ---- examine::tests::test_examine_cpio_content stdout ----
[INFO] [stdout] 
[INFO] [stdout] thread 'examine::tests::test_examine_cpio_content' (277) panicked at src/examine.rs:134:59:
[INFO] [stdout] called `Result::unwrap()` on an `Err` value: Custom { kind: Other, error: "Program 'zstd' not found in PATH." }
[INFO] [stdout] stack backtrace:
[INFO] [stdout]    0:     0x58d15bee9495 - <<std[617be2ca0a6fd877]::sys::backtrace::BacktraceLock>::print::DisplayBacktrace as core[a373ad73a504971]::fmt::Display>::fmt
[INFO] [stdout]    1:     0x58d15becf88a - core[a373ad73a504971]::fmt::write
[INFO] [stdout]    2:     0x58d15bee8b2b - <alloc[2e1b2a31b91974c5]::vec::Vec<u8> as core[a373ad73a504971]::io::write::Write>::write_fmt
[INFO] [stdout]    3:     0x58d15bee860f - std[617be2ca0a6fd877]::panicking::default_hook::{closure#0}
[INFO] [stdout]    4:     0x58d15bee823a - std[617be2ca0a6fd877]::panicking::default_hook
[INFO] [stdout]    5:     0x58d15bee7d75 - std[617be2ca0a6fd877]::panicking::panic_with_hook
[INFO] [stdout]    6:     0x58d15bf0ec21 - std[617be2ca0a6fd877]::panicking::panic_handler::{closure#0}
[INFO] [stdout]    7:     0x58d15bf0ebd9 - std[617be2ca0a6fd877]::sys::backtrace::__rust_end_short_backtrace::<std[617be2ca0a6fd877]::panicking::panic_handler::{closure#0}, !>
[INFO] [stdout]    8:     0x58d15bf0f0dc - __rustc[ea4f61d10b84890b]::rust_begin_unwind
[INFO] [stdout]    9:     0x58d15becf71b - core[a373ad73a504971]::panicking::panic_fmt
[INFO] [stdout]   10:     0x58d15bed2fa1 - core[a373ad73a504971]::result::unwrap_failed
[INFO] [stdout]   11:     0x58d15beb1c32 - <threecpio[89eb9c42097c499f]::examine::tests::test_examine_cpio_content::{closure#0} as core[a373ad73a504971]::ops::function::FnOnce<()>>::call_once
[INFO] [stdout]   12:     0x58d15bf2accb - test[aada8e7e76ba119b]::__rust_begin_short_backtrace::<core[a373ad73a504971]::result::Result<(), alloc[2e1b2a31b91974c5]::string::String>, fn() -> core[a373ad73a504971]::result::Result<(), alloc[2e1b2a31b91974c5]::string::String>>
[INFO] [stdout]   13:     0x58d15bf26760 - test[aada8e7e76ba119b]::run_test::{closure#0}
[INFO] [stdout]   14:     0x58d15bf25e8c - std[617be2ca0a6fd877]::sys::backtrace::__rust_begin_short_backtrace::<test[aada8e7e76ba119b]::run_test::{closure#1}, ()>
[INFO] [stdout]   15:     0x58d15bf4611c - <std[617be2ca0a6fd877]::thread::lifecycle::spawn_unchecked<test[aada8e7e76ba119b]::run_test::{closure#1}, ()>::{closure#1} as core[a373ad73a504971]::ops::function::FnOnce<()>>::call_once::{shim:vtable#0}
[INFO] [stdout]   16:     0x58d15bf10934 - <std[617be2ca0a6fd877]::sys::thread::unix::Thread>::new::thread_start
[INFO] [stdout]   17:     0x722b0664ddfa - <unknown>
[INFO] [stdout]   18:     0x722b066e13d4 - clone
[INFO] [stdout]   19:                0x0 - <unknown>
[INFO] [stdout] 
[INFO] [stdout] ---- extract::tests::test_extract_cpio_archive_compressed_make_directories_with_pattern stdout ----
[INFO] [stdout] 
[INFO] [stdout] thread 'extract::tests::test_extract_cpio_archive_compressed_make_directories_with_pattern' (285) panicked at src/extract.rs:574:10:
[INFO] [stdout] called `Result::unwrap()` on an `Err` value: Custom { kind: Other, error: "Program 'lz4' not found in PATH." }
[INFO] [stdout] stack backtrace:
[INFO] [stdout]    0:     0x58d15bee9495 - <<std[617be2ca0a6fd877]::sys::backtrace::BacktraceLock>::print::DisplayBacktrace as core[a373ad73a504971]::fmt::Display>::fmt
[INFO] [stdout]    1:     0x58d15becf88a - core[a373ad73a504971]::fmt::write
[INFO] [stdout]    2:     0x58d15bee8b2b - <alloc[2e1b2a31b91974c5]::vec::Vec<u8> as core[a373ad73a504971]::io::write::Write>::write_fmt
[INFO] [stdout]    3:     0x58d15bee860f - std[617be2ca0a6fd877]::panicking::default_hook::{closure#0}
[INFO] [stdout]    4:     0x58d15bee823a - std[617be2ca0a6fd877]::panicking::default_hook
[INFO] [stdout]    5:     0x58d15bee7d75 - std[617be2ca0a6fd877]::panicking::panic_with_hook
[INFO] [stdout]    6:     0x58d15bf0ec21 - std[617be2ca0a6fd877]::panicking::panic_handler::{closure#0}
[INFO] [stdout]    7:     0x58d15bf0ebd9 - std[617be2ca0a6fd877]::sys::backtrace::__rust_end_short_backtrace::<std[617be2ca0a6fd877]::panicking::panic_handler::{closure#0}, !>
[INFO] [stdout]    8:     0x58d15bf0f0dc - __rustc[ea4f61d10b84890b]::rust_begin_unwind
[INFO] [stdout]    9:     0x58d15becf71b - core[a373ad73a504971]::panicking::panic_fmt
[INFO] [stdout]   10:     0x58d15bed2fa1 - core[a373ad73a504971]::result::unwrap_failed
[INFO] [stdout]   11:     0x58d15bebc822 - <threecpio[89eb9c42097c499f]::extract::tests::test_extract_cpio_archive_compressed_make_directories_with_pattern::{closure#0} as core[a373ad73a504971]::ops::function::FnOnce<()>>::call_once
[INFO] [stdout]   12:     0x58d15bf2accb - test[aada8e7e76ba119b]::__rust_begin_short_backtrace::<core[a373ad73a504971]::result::Result<(), alloc[2e1b2a31b91974c5]::string::String>, fn() -> core[a373ad73a504971]::result::Result<(), alloc[2e1b2a31b91974c5]::string::String>>
[INFO] [stdout]   13:     0x58d15bf26760 - test[aada8e7e76ba119b]::run_test::{closure#0}
[INFO] [stdout]   14:     0x58d15bf25e8c - std[617be2ca0a6fd877]::sys::backtrace::__rust_begin_short_backtrace::<test[aada8e7e76ba119b]::run_test::{closure#1}, ()>
[INFO] [stdout]   15:     0x58d15bf4611c - <std[617be2ca0a6fd877]::thread::lifecycle::spawn_unchecked<test[aada8e7e76ba119b]::run_test::{closure#1}, ()>::{closure#1} as core[a373ad73a504971]::ops::function::FnOnce<()>>::call_once::{shim:vtable#0}
[INFO] [stdout]   16:     0x58d15bf10934 - <std[617be2ca0a6fd877]::sys::thread::unix::Thread>::new::thread_start
[INFO] [stdout]   17:     0x722b0664ddfa - <unknown>
[INFO] [stdout]   18:     0x722b066e13d4 - clone
[INFO] [stdout]   19:                0x0 - <unknown>
[INFO] [stdout] 
[INFO] [stdout] ---- extract::tests::test_read_cpio_and_extract_path_traversal stdout ----
[INFO] [stdout] 
[INFO] [stdout] thread 'extract::tests::test_read_cpio_and_extract_path_traversal' (294) panicked at src/extract.rs:799:38:
[INFO] [stdout] called `Result::unwrap()` on an `Err` value: PoisonError { .. }
[INFO] [stdout] stack backtrace:
[INFO] [stdout]    0:     0x58d15bee9495 - <<std[617be2ca0a6fd877]::sys::backtrace::BacktraceLock>::print::DisplayBacktrace as core[a373ad73a504971]::fmt::Display>::fmt
[INFO] [stdout]    1:     0x58d15becf88a - core[a373ad73a504971]::fmt::write
[INFO] [stdout]    2:     0x58d15bee8b2b - <alloc[2e1b2a31b91974c5]::vec::Vec<u8> as core[a373ad73a504971]::io::write::Write>::write_fmt
[INFO] [stdout]    3:     0x58d15bee860f - std[617be2ca0a6fd877]::panicking::default_hook::{closure#0}
[INFO] [stdout]    4:     0x58d15bee823a - std[617be2ca0a6fd877]::panicking::default_hook
[INFO] [stdout]    5:     0x58d15bee7d75 - std[617be2ca0a6fd877]::panicking::panic_with_hook
[INFO] [stdout]    6:     0x58d15bf0ec21 - std[617be2ca0a6fd877]::panicking::panic_handler::{closure#0}
[INFO] [stdout]    7:     0x58d15bf0ebd9 - std[617be2ca0a6fd877]::sys::backtrace::__rust_end_short_backtrace::<std[617be2ca0a6fd877]::panicking::panic_handler::{closure#0}, !>
[INFO] [stdout]    8:     0x58d15bf0f0dc - __rustc[ea4f61d10b84890b]::rust_begin_unwind
[INFO] [stdout]    9:     0x58d15becf71b - core[a373ad73a504971]::panicking::panic_fmt
[INFO] [stdout]   10:     0x58d15bed2fa1 - core[a373ad73a504971]::result::unwrap_failed
[INFO] [stdout]   11:     0x58d15beb895a - <threecpio[89eb9c42097c499f]::extract::tests::test_read_cpio_and_extract_path_traversal::{closure#0} as core[a373ad73a504971]::ops::function::FnOnce<()>>::call_once
[INFO] [stdout]   12:     0x58d15bf2accb - test[aada8e7e76ba119b]::__rust_begin_short_backtrace::<core[a373ad73a504971]::result::Result<(), alloc[2e1b2a31b91974c5]::string::String>, fn() -> core[a373ad73a504971]::result::Result<(), alloc[2e1b2a31b91974c5]::string::String>>
[INFO] [stdout]   13:     0x58d15bf26760 - test[aada8e7e76ba119b]::run_test::{closure#0}
[INFO] [stdout]   14:     0x58d15bf25e8c - std[617be2ca0a6fd877]::sys::backtrace::__rust_begin_short_backtrace::<test[aada8e7e76ba119b]::run_test::{closure#1}, ()>
[INFO] [stdout]   15:     0x58d15bf4611c - <std[617be2ca0a6fd877]::thread::lifecycle::spawn_unchecked<test[aada8e7e76ba119b]::run_test::{closure#1}, ()>::{closure#1} as core[a373ad73a504971]::ops::function::FnOnce<()>>::call_once::{shim:vtable#0}
[INFO] [stdout]   16:     0x58d15bf10934 - <std[617be2ca0a6fd877]::sys::thread::unix::Thread>::new::thread_start
[INFO] [stdout]   17:     0x722b0664ddfa - <unknown>
[INFO] [stdout]   18:     0x722b066e13d4 - clone
[INFO] [stdout]   19:                0x0 - <unknown>
[INFO] [stdout] 
[INFO] [stdout] ---- extract::tests::test_write_file_with_setuid stdout ----
[INFO] [stdout] 
[INFO] [stdout] thread 'extract::tests::test_write_file_with_setuid' (298) panicked at src/extract.rs:978:38:
[INFO] [stdout] called `Result::unwrap()` on an `Err` value: PoisonError { .. }
[INFO] [stdout] stack backtrace:
[INFO] [stdout]    0:     0x58d15bee9495 - <<std[617be2ca0a6fd877]::sys::backtrace::BacktraceLock>::print::DisplayBacktrace as core[a373ad73a504971]::fmt::Display>::fmt
[INFO] [stdout]    1:     0x58d15becf88a - core[a373ad73a504971]::fmt::write
[INFO] [stdout]    2:     0x58d15bee8b2b - <alloc[2e1b2a31b91974c5]::vec::Vec<u8> as core[a373ad73a504971]::io::write::Write>::write_fmt
[INFO] [stdout]    3:     0x58d15bee860f - std[617be2ca0a6fd877]::panicking::default_hook::{closure#0}
[INFO] [stdout]    4:     0x58d15bee823a - std[617be2ca0a6fd877]::panicking::default_hook
[INFO] [stdout]    5:     0x58d15bee7d75 - std[617be2ca0a6fd877]::panicking::panic_with_hook
[INFO] [stdout]    6:     0x58d15bf0ec21 - std[617be2ca0a6fd877]::panicking::panic_handler::{closure#0}
[INFO] [stdout]    7:     0x58d15bf0ebd9 - std[617be2ca0a6fd877]::sys::backtrace::__rust_end_short_backtrace::<std[617be2ca0a6fd877]::panicking::panic_handler::{closure#0}, !>
[INFO] [stdout]    8:     0x58d15bf0f0dc - __rustc[ea4f61d10b84890b]::rust_begin_unwind
[INFO] [stdout]    9:     0x58d15becf71b - core[a373ad73a504971]::panicking::panic_fmt
[INFO] [stdout]   10:     0x58d15bed2fa1 - core[a373ad73a504971]::result::unwrap_failed
[INFO] [stdout]   11:     0x58d15beb3602 - <threecpio[89eb9c42097c499f]::extract::tests::test_write_file_with_setuid::{closure#0} as core[a373ad73a504971]::ops::function::FnOnce<()>>::call_once
[INFO] [stdout]   12:     0x58d15bf2accb - test[aada8e7e76ba119b]::__rust_begin_short_backtrace::<core[a373ad73a504971]::result::Result<(), alloc[2e1b2a31b91974c5]::string::String>, fn() -> core[a373ad73a504971]::result::Result<(), alloc[2e1b2a31b91974c5]::string::String>>
[INFO] [stdout]   13:     0x58d15bf26760 - test[aada8e7e76ba119b]::run_test::{closure#0}
[INFO] [stdout]   14:     0x58d15bf25e8c - std[617be2ca0a6fd877]::sys::backtrace::__rust_begin_short_backtrace::<test[aada8e7e76ba119b]::run_test::{closure#1}, ()>
[INFO] [stdout]   15:     0x58d15bf4611c - <std[617be2ca0a6fd877]::thread::lifecycle::spawn_unchecked<test[aada8e7e76ba119b]::run_test::{closure#1}, ()>::{closure#1} as core[a373ad73a504971]::ops::function::FnOnce<()>>::call_once::{shim:vtable#0}
[INFO] [stdout]   16:     0x58d15bf10934 - <std[617be2ca0a6fd877]::sys::thread::unix::Thread>::new::thread_start
[INFO] [stdout]   17:     0x722b0664ddfa - <unknown>
[INFO] [stdout]   18:     0x722b066e13d4 - clone
[INFO] [stdout]   19:                0x0 - <unknown>
[INFO] [stdout] 
[INFO] [stdout] ---- extract::tests::test_write_directory_with_setuid stdout ----
[INFO] [stdout] 
[INFO] [stdout] thread 'extract::tests::test_write_directory_with_setuid' (297) panicked at src/extract.rs:938:38:
[INFO] [stdout] called `Result::unwrap()` on an `Err` value: PoisonError { .. }
[INFO] [stdout] stack backtrace:
[INFO] [stdout]    0:     0x58d15bee9495 - <<std[617be2ca0a6fd877]::sys::backtrace::BacktraceLock>::print::DisplayBacktrace as core[a373ad73a504971]::fmt::Display>::fmt
[INFO] [stdout]    1:     0x58d15becf88a - core[a373ad73a504971]::fmt::write
[INFO] [stdout]    2:     0x58d15bee8b2b - <alloc[2e1b2a31b91974c5]::vec::Vec<u8> as core[a373ad73a504971]::io::write::Write>::write_fmt
[INFO] [stdout]    3:     0x58d15bee860f - std[617be2ca0a6fd877]::panicking::default_hook::{closure#0}
[INFO] [stdout]    4:     0x58d15bee823a - std[617be2ca0a6fd877]::panicking::default_hook
[INFO] [stdout]    5:     0x58d15bee7d75 - std[617be2ca0a6fd877]::panicking::panic_with_hook
[INFO] [stdout]    6:     0x58d15bf0ec21 - std[617be2ca0a6fd877]::panicking::panic_handler::{closure#0}
[INFO] [stdout]    7:     0x58d15bf0ebd9 - std[617be2ca0a6fd877]::sys::backtrace::__rust_end_short_backtrace::<std[617be2ca0a6fd877]::panicking::panic_handler::{closure#0}, !>
[INFO] [stdout]    8:     0x58d15bf0f0dc - __rustc[ea4f61d10b84890b]::rust_begin_unwind
[INFO] [stdout]    9:     0x58d15becf71b - core[a373ad73a504971]::panicking::panic_fmt
[INFO] [stdout]   10:     0x58d15bed2fa1 - core[a373ad73a504971]::result::unwrap_failed
[INFO] [stdout]   11:     0x58d15beb6568 - <threecpio[89eb9c42097c499f]::extract::tests::test_write_directory_with_setuid::{closure#0} as core[a373ad73a504971]::ops::function::FnOnce<()>>::call_once
[INFO] [stdout]   12:     0x58d15bf2accb - test[aada8e7e76ba119b]::__rust_begin_short_backtrace::<core[a373ad73a504971]::result::Result<(), alloc[2e1b2a31b91974c5]::string::String>, fn() -> core[a373ad73a504971]::result::Result<(), alloc[2e1b2a31b91974c5]::string::String>>
[INFO] [stdout]   13:     0x58d15bf26760 - test[aada8e7e76ba119b]::run_test::{closure#0}
[INFO] [stdout]   14:     0x58d15bf25e8c - std[617be2ca0a6fd877]::sys::backtrace::__rust_begin_short_backtrace::<test[aada8e7e76ba119b]::run_test::{closure#1}, ()>
[INFO] [stdout]   15:     0x58d15bf4611c - <std[617be2ca0a6fd877]::thread::lifecycle::spawn_unchecked<test[aada8e7e76ba119b]::run_test::{closure#1}, ()>::{closure#1} as core[a373ad73a504971]::ops::function::FnOnce<()>>::call_once::{shim:vtable#0}
[INFO] [stdout]   16:     0x58d15bf10934 - <std[617be2ca0a6fd877]::sys::thread::unix::Thread>::new::thread_start
[INFO] [stdout]   17:     0x722b0664ddfa - <unknown>
[INFO] [stdout]   18:     0x722b066e13d4 - clone
[INFO] [stdout]   19:                0x0 - <unknown>
[INFO] [stdout] 
[INFO] [stdout] ---- extract::tests::test_extract_cpio_archive_compressed_with_pattern stdout ----
[INFO] [stdout] 
[INFO] [stdout] thread 'extract::tests::test_extract_cpio_archive_compressed_with_pattern' (288) panicked at src/extract.rs:626:38:
[INFO] [stdout] called `Result::unwrap()` on an `Err` value: PoisonError { .. }
[INFO] [stdout] stack backtrace:
[INFO] [stdout]    0:     0x58d15bee9495 - <<std[617be2ca0a6fd877]::sys::backtrace::BacktraceLock>::print::DisplayBacktrace as core[a373ad73a504971]::fmt::Display>::fmt
[INFO] [stdout]    1:     0x58d15becf88a - core[a373ad73a504971]::fmt::write
[INFO] [stdout]    2:     0x58d15bee8b2b - <alloc[2e1b2a31b91974c5]::vec::Vec<u8> as core[a373ad73a504971]::io::write::Write>::write_fmt
[INFO] [stdout]    3:     0x58d15bee860f - std[617be2ca0a6fd877]::panicking::default_hook::{closure#0}
[INFO] [stdout]    4:     0x58d15bee823a - std[617be2ca0a6fd877]::panicking::default_hook
[INFO] [stdout]    5:     0x58d15bee7d75 - std[617be2ca0a6fd877]::panicking::panic_with_hook
[INFO] [stdout]    6:     0x58d15bf0ec21 - std[617be2ca0a6fd877]::panicking::panic_handler::{closure#0}
[INFO] [stdout]    7:     0x58d15bf0ebd9 - std[617be2ca0a6fd877]::sys::backtrace::__rust_end_short_backtrace::<std[617be2ca0a6fd877]::panicking::panic_handler::{closure#0}, !>
[INFO] [stdout]    8:     0x58d15bf0f0dc - __rustc[ea4f61d10b84890b]::rust_begin_unwind
[INFO] [stdout]    9:     0x58d15becf71b - core[a373ad73a504971]::panicking::panic_fmt
[INFO] [stdout]   10:     0x58d15bed2fa1 - core[a373ad73a504971]::result::unwrap_failed
[INFO] [stdout]   11:     0x58d15beb9f9d - <threecpio[89eb9c42097c499f]::extract::tests::test_extract_cpio_archive_compressed_with_pattern::{closure#0} as core[a373ad73a504971]::ops::function::FnOnce<()>>::call_once
[INFO] [stdout]   12:     0x58d15bf2accb - test[aada8e7e76ba119b]::__rust_begin_short_backtrace::<core[a373ad73a504971]::result::Result<(), alloc[2e1b2a31b91974c5]::string::String>, fn() -> core[a373ad73a504971]::result::Result<(), alloc[2e1b2a31b91974c5]::string::String>>
[INFO] [stdout]   13:     0x58d15bf26760 - test[aada8e7e76ba119b]::run_test::{closure#0}
[INFO] [stdout]   14:     0x58d15bf25e8c - std[617be2ca0a6fd877]::sys::backtrace::__rust_begin_short_backtrace::<test[aada8e7e76ba119b]::run_test::{closure#1}, ()>
[INFO] [stdout]   15:     0x58d15bf4611c - <std[617be2ca0a6fd877]::thread::lifecycle::spawn_unchecked<test[aada8e7e76ba119b]::run_test::{closure#1}, ()>::{closure#1} as core[a373ad73a504971]::ops::function::FnOnce<()>>::call_once::{shim:vtable#0}
[INFO] [stdout]   16:     0x58d15bf10934 - <std[617be2ca0a6fd877]::sys::thread::unix::Thread>::new::thread_start
[INFO] [stdout]   17:     0x722b0664ddfa - <unknown>
[INFO] [stdout]   18:     0x722b066e13d4 - clone
[INFO] [stdout]   19:                0x0 - <unknown>
[INFO] [stdout] 
[INFO] [stdout] ---- extract::tests::test_write_special_file_socket stdout ----
[INFO] [stdout] 
[INFO] [stdout] thread 'extract::tests::test_write_special_file_socket' (302) panicked at src/extract.rs:913:38:
[INFO] [stdout] called `Result::unwrap()` on an `Err` value: PoisonError { .. }
[INFO] [stdout] stack backtrace:
[INFO] [stdout]    0:     0x58d15bee9495 - <<std[617be2ca0a6fd877]::sys::backtrace::BacktraceLock>::print::DisplayBacktrace as core[a373ad73a504971]::fmt::Display>::fmt
[INFO] [stdout]    1:     0x58d15becf88a - core[a373ad73a504971]::fmt::write
[INFO] [stdout]    2:     0x58d15bee8b2b - <alloc[2e1b2a31b91974c5]::vec::Vec<u8> as core[a373ad73a504971]::io::write::Write>::write_fmt
[INFO] [stdout]    3:     0x58d15bee860f - std[617be2ca0a6fd877]::panicking::default_hook::{closure#0}
[INFO] [stdout]    4:     0x58d15bee823a - std[617be2ca0a6fd877]::panicking::default_hook
[INFO] [stdout]    5:     0x58d15bee7d75 - std[617be2ca0a6fd877]::panicking::panic_with_hook
[INFO] [stdout]    6:     0x58d15bf0ec21 - std[617be2ca0a6fd877]::panicking::panic_handler::{closure#0}
[INFO] [stdout]    7:     0x58d15bf0ebd9 - std[617be2ca0a6fd877]::sys::backtrace::__rust_end_short_backtrace::<std[617be2ca0a6fd877]::panicking::panic_handler::{closure#0}, !>
[INFO] [stdout]    8:     0x58d15bf0f0dc - __rustc[ea4f61d10b84890b]::rust_begin_unwind
[INFO] [stdout]    9:     0x58d15becf71b - core[a373ad73a504971]::panicking::panic_fmt
[INFO] [stdout]   10:     0x58d15bed2fa1 - core[a373ad73a504971]::result::unwrap_failed
[INFO] [stdout]   11:     0x58d15beb4a11 - <threecpio[89eb9c42097c499f]::extract::tests::test_write_special_file_socket::{closure#0} as core[a373ad73a504971]::ops::function::FnOnce<()>>::call_once
[INFO] [stdout]   12:     0x58d15bf2accb - test[aada8e7e76ba119b]::__rust_begin_short_backtrace::<core[a373ad73a504971]::result::Result<(), alloc[2e1b2a31b91974c5]::string::String>, fn() -> core[a373ad73a504971]::result::Result<(), alloc[2e1b2a31b91974c5]::string::String>>
[INFO] [stdout]   13:     0x58d15bf26760 - test[aada8e7e76ba119b]::run_test::{closure#0}
[INFO] [stdout]   14:     0x58d15bf25e8c - std[617be2ca0a6fd877]::sys::backtrace::__rust_begin_short_backtrace::<test[aada8e7e76ba119b]::run_test::{closure#1}, ()>
[INFO] [stdout]   15:     0x58d15bf4611c - <std[617be2ca0a6fd877]::thread::lifecycle::spawn_unchecked<test[aada8e7e76ba119b]::run_test::{closure#1}, ()>::{closure#1} as core[a373ad73a504971]::ops::function::FnOnce<()>>::call_once::{shim:vtable#0}
[INFO] [stdout]   16:     0x58d15bf10934 - <std[617be2ca0a6fd877]::sys::thread::unix::Thread>::new::thread_start
[INFO] [stdout]   17:     0x722b0664ddfa - <unknown>
[INFO] [stdout]   18:     0x722b066e13d4 - clone
[INFO] [stdout]   19:                0x0 - <unknown>
[INFO] [stdout] 
[INFO] [stdout] ---- extract::tests::test_write_special_file_fifo stdout ----
[INFO] [stdout] 
[INFO] [stdout] thread 'extract::tests::test_write_special_file_fifo' (301) panicked at src/extract.rs:891:38:
[INFO] [stdout] called `Result::unwrap()` on an `Err` value: PoisonError { .. }
[INFO] [stdout] stack backtrace:
[INFO] [stdout]    0:     0x58d15bee9495 - <<std[617be2ca0a6fd877]::sys::backtrace::BacktraceLock>::print::DisplayBacktrace as core[a373ad73a504971]::fmt::Display>::fmt
[INFO] [stdout]    1:     0x58d15becf88a - core[a373ad73a504971]::fmt::write
[INFO] [stdout]    2:     0x58d15bee8b2b - <alloc[2e1b2a31b91974c5]::vec::Vec<u8> as core[a373ad73a504971]::io::write::Write>::write_fmt
[INFO] [stdout]    3:     0x58d15bee860f - std[617be2ca0a6fd877]::panicking::default_hook::{closure#0}
[INFO] [stdout]    4:     0x58d15bee823a - std[617be2ca0a6fd877]::panicking::default_hook
[INFO] [stdout]    5:     0x58d15bee7d75 - std[617be2ca0a6fd877]::panicking::panic_with_hook
[INFO] [stdout]    6:     0x58d15bf0ec21 - std[617be2ca0a6fd877]::panicking::panic_handler::{closure#0}
[INFO] [stdout]    7:     0x58d15bf0ebd9 - std[617be2ca0a6fd877]::sys::backtrace::__rust_end_short_backtrace::<std[617be2ca0a6fd877]::panicking::panic_handler::{closure#0}, !>
[INFO] [stdout]    8:     0x58d15bf0f0dc - __rustc[ea4f61d10b84890b]::rust_begin_unwind
[INFO] [stdout]    9:     0x58d15becf71b - core[a373ad73a504971]::panicking::panic_fmt
[INFO] [stdout]   10:     0x58d15bed2fa1 - core[a373ad73a504971]::result::unwrap_failed
[INFO] [stdout]   11:     0x58d15beb3eaf - <threecpio[89eb9c42097c499f]::extract::tests::test_write_special_file_fifo::{closure#0} as core[a373ad73a504971]::ops::function::FnOnce<()>>::call_once
[INFO] [stdout]   12:     0x58d15bf2accb - test[aada8e7e76ba119b]::__rust_begin_short_backtrace::<core[a373ad73a504971]::result::Result<(), alloc[2e1b2a31b91974c5]::string::String>, fn() -> core[a373ad73a504971]::result::Result<(), alloc[2e1b2a31b91974c5]::string::String>>
[INFO] [stdout]   13:     0x58d15bf26760 - test[aada8e7e76ba119b]::run_test::{closure#0}
[INFO] [stdout]   14:     0x58d15bf25e8c - std[617be2ca0a6fd877]::sys::backtrace::__rust_begin_short_backtrace::<test[aada8e7e76ba119b]::run_test::{closure#1}, ()>
[INFO] [stdout]   15:     0x58d15bf4611c - <std[617be2ca0a6fd877]::thread::lifecycle::spawn_unchecked<test[aada8e7e76ba119b]::run_test::{closure#1}, ()>::{closure#1} as core[a373ad73a504971]::ops::function::FnOnce<()>>::call_once::{shim:vtable#0}
[INFO] [stdout]   16:     0x58d15bf10934 - <std[617be2ca0a6fd877]::sys::thread::unix::Thread>::new::thread_start
[INFO] [stdout]   17:     0x722b0664ddfa - <unknown>
[INFO] [stdout]   18:     0x722b066e13d4 - clone
[INFO] [stdout]   19:                0x0 - <unknown>
[INFO] [stdout] 
[INFO] [stdout] ---- extract::tests::test_write_special_file_block_device stdout ----
[INFO] [stdout] 
[INFO] [stdout] thread 'extract::tests::test_write_special_file_block_device' (299) panicked at src/extract.rs:840:38:
[INFO] [stdout] called `Result::unwrap()` on an `Err` value: PoisonError { .. }
[INFO] [stdout] stack backtrace:
[INFO] [stdout]    0:     0x58d15bee9495 - <<std[617be2ca0a6fd877]::sys::backtrace::BacktraceLock>::print::DisplayBacktrace as core[a373ad73a504971]::fmt::Display>::fmt
[INFO] [stdout]    1:     0x58d15becf88a - core[a373ad73a504971]::fmt::write
[INFO] [stdout]    2:     0x58d15bee8b2b - <alloc[2e1b2a31b91974c5]::vec::Vec<u8> as core[a373ad73a504971]::io::write::Write>::write_fmt
[INFO] [stdout]    3:     0x58d15bee860f - std[617be2ca0a6fd877]::panicking::default_hook::{closure#0}
[INFO] [stdout]    4:     0x58d15bee823a - std[617be2ca0a6fd877]::panicking::default_hook
[INFO] [stdout]    5:     0x58d15bee7d75 - std[617be2ca0a6fd877]::panicking::panic_with_hook
[INFO] [stdout]    6:     0x58d15bf0ec21 - std[617be2ca0a6fd877]::panicking::panic_handler::{closure#0}
[INFO] [stdout]    7:     0x58d15bf0ebd9 - std[617be2ca0a6fd877]::sys::backtrace::__rust_end_short_backtrace::<std[617be2ca0a6fd877]::panicking::panic_handler::{closure#0}, !>
[INFO] [stdout]    8:     0x58d15bf0f0dc - __rustc[ea4f61d10b84890b]::rust_begin_unwind
[INFO] [stdout]    9:     0x58d15becf71b - core[a373ad73a504971]::panicking::panic_fmt
[INFO] [stdout]   10:     0x58d15bed2fa1 - core[a373ad73a504971]::result::unwrap_failed
[INFO] [stdout]   11:     0x58d15beb716d - <threecpio[89eb9c42097c499f]::extract::tests::test_write_special_file_block_device::{closure#0} as core[a373ad73a504971]::ops::function::FnOnce<()>>::call_once
[INFO] [stdout]   12:     0x58d15bf2accb - test[aada8e7e76ba119b]::__rust_begin_short_backtrace::<core[a373ad73a504971]::result::Result<(), alloc[2e1b2a31b91974c5]::string::String>, fn() -> core[a373ad73a504971]::result::Result<(), alloc[2e1b2a31b91974c5]::string::String>>
[INFO] [stdout]   13:     0x58d15bf26760 - test[aada8e7e76ba119b]::run_test::{closure#0}
[INFO] [stdout]   14:     0x58d15bf25e8c - std[617be2ca0a6fd877]::sys::backtrace::__rust_begin_short_backtrace::<test[aada8e7e76ba119b]::run_test::{closure#1}, ()>
[INFO] [stdout]   15:     0x58d15bf4611c - <std[617be2ca0a6fd877]::thread::lifecycle::spawn_unchecked<test[aada8e7e76ba119b]::run_test::{closure#1}, ()>::{closure#1} as core[a373ad73a504971]::ops::function::FnOnce<()>>::call_once::{shim:vtable#0}
[INFO] [stdout]   16:     0x58d15bf10934 - <std[617be2ca0a6fd877]::sys::thread::unix::Thread>::new::thread_start
[INFO] [stdout]   17:     0x722b0664ddfa - <unknown>
[INFO] [stdout]   18:     0x722b066e13d4 - clone
[INFO] [stdout]   19:                0x0 - <unknown>
[INFO] [stdout] 
[INFO] [stdout] ---- extract::tests::test_write_special_file_character_device stdout ----
[INFO] [stdout] 
[INFO] [stdout] thread 'extract::tests::test_write_special_file_character_device' (300) panicked at src/extract.rs:867:38:
[INFO] [stdout] called `Result::unwrap()` on an `Err` value: PoisonError { .. }
[INFO] [stdout] stack backtrace:
[INFO] [stdout]    0:     0x58d15bee9495 - <<std[617be2ca0a6fd877]::sys::backtrace::BacktraceLock>::print::DisplayBacktrace as core[a373ad73a504971]::fmt::Display>::fmt
[INFO] [stdout]    1:     0x58d15becf88a - core[a373ad73a504971]::fmt::write
[INFO] [stdout]    2:     0x58d15bee8b2b - <alloc[2e1b2a31b91974c5]::vec::Vec<u8> as core[a373ad73a504971]::io::write::Write>::write_fmt
[INFO] [stdout]    3:     0x58d15bee860f - std[617be2ca0a6fd877]::panicking::default_hook::{closure#0}
[INFO] [stdout]    4:     0x58d15bee823a - std[617be2ca0a6fd877]::panicking::default_hook
[INFO] [stdout]    5:     0x58d15bee7d75 - std[617be2ca0a6fd877]::panicking::panic_with_hook
[INFO] [stdout]    6:     0x58d15bf0ec21 - std[617be2ca0a6fd877]::panicking::panic_handler::{closure#0}
[INFO] [stdout]    7:     0x58d15bf0ebd9 - std[617be2ca0a6fd877]::sys::backtrace::__rust_end_short_backtrace::<std[617be2ca0a6fd877]::panicking::panic_handler::{closure#0}, !>
[INFO] [stdout]    8:     0x58d15bf0f0dc - __rustc[ea4f61d10b84890b]::rust_begin_unwind
[INFO] [stdout]    9:     0x58d15becf71b - core[a373ad73a504971]::panicking::panic_fmt
[INFO] [stdout]   10:     0x58d15bed2fa1 - core[a373ad73a504971]::result::unwrap_failed
[INFO] [stdout]   11:     0x58d15beb8067 - <threecpio[89eb9c42097c499f]::extract::tests::test_write_special_file_character_device::{closure#0} as core[a373ad73a504971]::ops::function::FnOnce<()>>::call_once
[INFO] [stdout]   12:     0x58d15bf2accb - test[aada8e7e76ba119b]::__rust_begin_short_backtrace::<core[a373ad73a504971]::result::Result<(), alloc[2e1b2a31b91974c5]::string::String>, fn() -> core[a373ad73a504971]::result::Result<(), alloc[2e1b2a31b91974c5]::string::String>>
[INFO] [stdout]   13:     0x58d15bf26760 - test[aada8e7e76ba119b]::run_test::{closure#0}
[INFO] [stdout]   14:     0x58d15bf25e8c - std[617be2ca0a6fd877]::sys::backtrace::__rust_begin_short_backtrace::<test[aada8e7e76ba119b]::run_test::{closure#1}, ()>
[INFO] [stdout]   15:     0x58d15bf4611c - <std[617be2ca0a6fd877]::thread::lifecycle::spawn_unchecked<test[aada8e7e76ba119b]::run_test::{closure#1}, ()>::{closure#1} as core[a373ad73a504971]::ops::function::FnOnce<()>>::call_once::{shim:vtable#0}
[INFO] [stdout]   16:     0x58d15bf10934 - <std[617be2ca0a6fd877]::sys::thread::unix::Thread>::new::thread_start
[INFO] [stdout]   17:     0x722b0664ddfa - <unknown>
[INFO] [stdout]   18:     0x722b066e13d4 - clone
[INFO] [stdout]   19:                0x0 - <unknown>
[INFO] [stdout] 
[INFO] [stdout] ---- manifest::tests::test_file_from_line_location_character_device stdout ----
[INFO] [stdout] 
[INFO] [stdout] thread 'manifest::tests::test_file_from_line_location_character_device' (348) panicked at src/manifest.rs:1163:49:
[INFO] [stdout] called `Result::unwrap()` on an `Err` value: Os { code: 2, kind: NotFound, message: "No such file or directory" }
[INFO] [stdout] stack backtrace:
[INFO] [stdout]    0:     0x58d15bee9495 - <<std[617be2ca0a6fd877]::sys::backtrace::BacktraceLock>::print::DisplayBacktrace as core[a373ad73a504971]::fmt::Display>::fmt
[INFO] [stdout]    1:     0x58d15becf88a - core[a373ad73a504971]::fmt::write
[INFO] [stdout]    2:     0x58d15bee8b2b - <alloc[2e1b2a31b91974c5]::vec::Vec<u8> as core[a373ad73a504971]::io::write::Write>::write_fmt
[INFO] [stdout]    3:     0x58d15bee860f - std[617be2ca0a6fd877]::panicking::default_hook::{closure#0}
[INFO] [stdout]    4:     0x58d15bee823a - std[617be2ca0a6fd877]::panicking::default_hook
[INFO] [stdout]    5:     0x58d15bee7d75 - std[617be2ca0a6fd877]::panicking::panic_with_hook
[INFO] [stdout]    6:     0x58d15bf0ec21 - std[617be2ca0a6fd877]::panicking::panic_handler::{closure#0}
[INFO] [stdout]    7:     0x58d15bf0ebd9 - std[617be2ca0a6fd877]::sys::backtrace::__rust_end_short_backtrace::<std[617be2ca0a6fd877]::panicking::panic_handler::{closure#0}, !>
[INFO] [stdout]    8:     0x58d15bf0f0dc - __rustc[ea4f61d10b84890b]::rust_begin_unwind
[INFO] [stdout]    9:     0x58d15becf71b - core[a373ad73a504971]::panicking::panic_fmt
[INFO] [stdout]   10:     0x58d15bed2fa1 - core[a373ad73a504971]::result::unwrap_failed
[INFO] [stdout]   11:     0x58d15becc8f4 - <threecpio[89eb9c42097c499f]::manifest::tests::test_file_from_line_location_character_device::{closure#0} as core[a373ad73a504971]::ops::function::FnOnce<()>>::call_once
[INFO] [stdout]   12:     0x58d15bf2accb - test[aada8e7e76ba119b]::__rust_begin_short_backtrace::<core[a373ad73a504971]::result::Result<(), alloc[2e1b2a31b91974c5]::string::String>, fn() -> core[a373ad73a504971]::result::Result<(), alloc[2e1b2a31b91974c5]::string::String>>
[INFO] [stdout]   13:     0x58d15bf26760 - test[aada8e7e76ba119b]::run_test::{closure#0}
[INFO] [stdout]   14:     0x58d15bf25e8c - std[617be2ca0a6fd877]::sys::backtrace::__rust_begin_short_backtrace::<test[aada8e7e76ba119b]::run_test::{closure#1}, ()>
[INFO] [stdout]   15:     0x58d15bf4611c - <std[617be2ca0a6fd877]::thread::lifecycle::spawn_unchecked<test[aada8e7e76ba119b]::run_test::{closure#1}, ()>::{closure#1} as core[a373ad73a504971]::ops::function::FnOnce<()>>::call_once::{shim:vtable#0}
[INFO] [stdout]   16:     0x58d15bf10934 - <std[617be2ca0a6fd877]::sys::thread::unix::Thread>::new::thread_start
[INFO] [stdout]   17:     0x722b0664ddfa - <unknown>
[INFO] [stdout]   18:     0x722b066e13d4 - clone
[INFO] [stdout]   19:                0x0 - <unknown>
[INFO] [stdout] 
[INFO] [stdout] ---- manifest::tests::test_file_from_line_location_relative_directory stdout ----
[INFO] [stdout] 
[INFO] [stdout] thread 'manifest::tests::test_file_from_line_location_relative_directory' (354) panicked at src/manifest.rs:1102:38:
[INFO] [stdout] called `Result::unwrap()` on an `Err` value: PoisonError { .. }
[INFO] [stdout] stack backtrace:
[INFO] [stdout]    0:     0x58d15bee9495 - <<std[617be2ca0a6fd877]::sys::backtrace::BacktraceLock>::print::DisplayBacktrace as core[a373ad73a504971]::fmt::Display>::fmt
[INFO] [stdout]    1:     0x58d15becf88a - core[a373ad73a504971]::fmt::write
[INFO] [stdout]    2:     0x58d15bee8b2b - <alloc[2e1b2a31b91974c5]::vec::Vec<u8> as core[a373ad73a504971]::io::write::Write>::write_fmt
[INFO] [stdout]    3:     0x58d15bee860f - std[617be2ca0a6fd877]::panicking::default_hook::{closure#0}
[INFO] [stdout]    4:     0x58d15bee823a - std[617be2ca0a6fd877]::panicking::default_hook
[INFO] [stdout]    5:     0x58d15bee7d75 - std[617be2ca0a6fd877]::panicking::panic_with_hook
[INFO] [stdout]    6:     0x58d15bf0ec21 - std[617be2ca0a6fd877]::panicking::panic_handler::{closure#0}
[INFO] [stdout]    7:     0x58d15bf0ebd9 - std[617be2ca0a6fd877]::sys::backtrace::__rust_end_short_backtrace::<std[617be2ca0a6fd877]::panicking::panic_handler::{closure#0}, !>
[INFO] [stdout]    8:     0x58d15bf0f0dc - __rustc[ea4f61d10b84890b]::rust_begin_unwind
[INFO] [stdout]    9:     0x58d15becf71b - core[a373ad73a504971]::panicking::panic_fmt
[INFO] [stdout]   10:     0x58d15bed2fa1 - core[a373ad73a504971]::result::unwrap_failed
[INFO] [stdout]   11:     0x58d15becd90a - <threecpio[89eb9c42097c499f]::manifest::tests::test_file_from_line_location_relative_directory::{closure#0} as core[a373ad73a504971]::ops::function::FnOnce<()>>::call_once
[INFO] [stdout]   12:     0x58d15bf2accb - test[aada8e7e76ba119b]::__rust_begin_short_backtrace::<core[a373ad73a504971]::result::Result<(), alloc[2e1b2a31b91974c5]::string::String>, fn() -> core[a373ad73a504971]::result::Result<(), alloc[2e1b2a31b91974c5]::string::String>>
[INFO] [stdout]   13:     0x58d15bf26760 - test[aada8e7e76ba119b]::run_test::{closure#0}
[INFO] [stdout]   14:     0x58d15bf25e8c - std[617be2ca0a6fd877]::sys::backtrace::__rust_begin_short_backtrace::<test[aada8e7e76ba119b]::run_test::{closure#1}, ()>
[INFO] [stdout]   15:     0x58d15bf4611c - <std[617be2ca0a6fd877]::thread::lifecycle::spawn_unchecked<test[aada8e7e76ba119b]::run_test::{closure#1}, ()>::{closure#1} as core[a373ad73a504971]::ops::function::FnOnce<()>>::call_once::{shim:vtable#0}
[INFO] [stdout]   16:     0x58d15bf10934 - <std[617be2ca0a6fd877]::sys::thread::unix::Thread>::new::thread_start
[INFO] [stdout]   17:     0x722b0664ddfa - <unknown>
[INFO] [stdout]   18:     0x722b066e13d4 - clone
[INFO] [stdout]   19:                0x0 - <unknown>
[INFO] [stdout] 
[INFO] [stdout] ---- manifest::tests::test_manifest_write_archive_empty_lz4 stdout ----
[INFO] [stdout] 
[INFO] [stdout] thread 'manifest::tests::test_manifest_write_archive_empty_lz4' (365) panicked at src/manifest.rs:1476:14:
[INFO] [stdout] called `Result::unwrap()` on an `Err` value: Custom { kind: Other, error: "Program 'lz4' not found in PATH." }
[INFO] [stdout] stack backtrace:
[INFO] [stdout]    0:     0x58d15bee9495 - <<std[617be2ca0a6fd877]::sys::backtrace::BacktraceLock>::print::DisplayBacktrace as core[a373ad73a504971]::fmt::Display>::fmt
[INFO] [stdout]    1:     0x58d15becf88a - core[a373ad73a504971]::fmt::write
[INFO] [stdout]    2:     0x58d15bee8b2b - <alloc[2e1b2a31b91974c5]::vec::Vec<u8> as core[a373ad73a504971]::io::write::Write>::write_fmt
[INFO] [stdout]    3:     0x58d15bee860f - std[617be2ca0a6fd877]::panicking::default_hook::{closure#0}
[INFO] [stdout]    4:     0x58d15bee823a - std[617be2ca0a6fd877]::panicking::default_hook
[INFO] [stdout]    5:     0x58d15bee7d75 - std[617be2ca0a6fd877]::panicking::panic_with_hook
[INFO] [stdout]    6:     0x58d15bf0ec21 - std[617be2ca0a6fd877]::panicking::panic_handler::{closure#0}
[INFO] [stdout]    7:     0x58d15bf0ebd9 - std[617be2ca0a6fd877]::sys::backtrace::__rust_end_short_backtrace::<std[617be2ca0a6fd877]::panicking::panic_handler::{closure#0}, !>
[INFO] [stdout]    8:     0x58d15bf0f0dc - __rustc[ea4f61d10b84890b]::rust_begin_unwind
[INFO] [stdout]    9:     0x58d15becf71b - core[a373ad73a504971]::panicking::panic_fmt
[INFO] [stdout]   10:     0x58d15bed2fa1 - core[a373ad73a504971]::result::unwrap_failed
[INFO] [stdout]   11:     0x58d15bec4702 - <threecpio[89eb9c42097c499f]::manifest::tests::test_manifest_write_archive_empty_lz4::{closure#0} as core[a373ad73a504971]::ops::function::FnOnce<()>>::call_once
[INFO] [stdout]   12:     0x58d15bf2accb - test[aada8e7e76ba119b]::__rust_begin_short_backtrace::<core[a373ad73a504971]::result::Result<(), alloc[2e1b2a31b91974c5]::string::String>, fn() -> core[a373ad73a504971]::result::Result<(), alloc[2e1b2a31b91974c5]::string::String>>
[INFO] [stdout]   13:     0x58d15bf26760 - test[aada8e7e76ba119b]::run_test::{closure#0}
[INFO] [stdout]   14:     0x58d15bf25e8c - std[617be2ca0a6fd877]::sys::backtrace::__rust_begin_short_backtrace::<test[aada8e7e76ba119b]::run_test::{closure#1}, ()>
[INFO] [stdout]   15:     0x58d15bf4611c - <std[617be2ca0a6fd877]::thread::lifecycle::spawn_unchecked<test[aada8e7e76ba119b]::run_test::{closure#1}, ()>::{closure#1} as core[a373ad73a504971]::ops::function::FnOnce<()>>::call_once::{shim:vtable#0}
[INFO] [stdout]   16:     0x58d15bf10934 - <std[617be2ca0a6fd877]::sys::thread::unix::Thread>::new::thread_start
[INFO] [stdout]   17:     0x722b0664ddfa - <unknown>
[INFO] [stdout]   18:     0x722b066e13d4 - clone
[INFO] [stdout]   19:                0x0 - <unknown>
[INFO] [stdout] 
[INFO] [stdout] ---- manifest::tests::test_manifest_write_archive_empty_zstd stdout ----
[INFO] [stdout] 
[INFO] [stdout] thread 'manifest::tests::test_manifest_write_archive_empty_zstd' (374) panicked at src/manifest.rs:1592:14:
[INFO] [stdout] called `Result::unwrap()` on an `Err` value: Custom { kind: Other, error: "Program 'zstd' not found in PATH." }
[INFO] [stdout] stack backtrace:
[INFO] [stdout]    0:     0x58d15bee9495 - <<std[617be2ca0a6fd877]::sys::backtrace::BacktraceLock>::print::DisplayBacktrace as core[a373ad73a504971]::fmt::Display>::fmt
[INFO] [stdout]    1:     0x58d15becf88a - core[a373ad73a504971]::fmt::write
[INFO] [stdout]    2:     0x58d15bee8b2b - <alloc[2e1b2a31b91974c5]::vec::Vec<u8> as core[a373ad73a504971]::io::write::Write>::write_fmt
[INFO] [stdout]    3:     0x58d15bee860f - std[617be2ca0a6fd877]::panicking::default_hook::{closure#0}
[INFO] [stdout]    4:     0x58d15bee823a - std[617be2ca0a6fd877]::panicking::default_hook
[INFO] [stdout]    5:     0x58d15bee7d75 - std[617be2ca0a6fd877]::panicking::panic_with_hook
[INFO] [stdout]    6:     0x58d15bf0ec21 - std[617be2ca0a6fd877]::panicking::panic_handler::{closure#0}
[INFO] [stdout]    7:     0x58d15bf0ebd9 - std[617be2ca0a6fd877]::sys::backtrace::__rust_end_short_backtrace::<std[617be2ca0a6fd877]::panicking::panic_handler::{closure#0}, !>
[INFO] [stdout]    8:     0x58d15bf0f0dc - __rustc[ea4f61d10b84890b]::rust_begin_unwind
[INFO] [stdout]    9:     0x58d15becf71b - core[a373ad73a504971]::panicking::panic_fmt
[INFO] [stdout]   10:     0x58d15bed2fa1 - core[a373ad73a504971]::result::unwrap_failed
[INFO] [stdout]   11:     0x58d15bec68f2 - <threecpio[89eb9c42097c499f]::manifest::tests::test_manifest_write_archive_empty_zstd::{closure#0} as core[a373ad73a504971]::ops::function::FnOnce<()>>::call_once
[INFO] [stdout]   12:     0x58d15bf2accb - test[aada8e7e76ba119b]::__rust_begin_short_backtrace::<core[a373ad73a504971]::result::Result<(), alloc[2e1b2a31b91974c5]::string::String>, fn() -> core[a373ad73a504971]::result::Result<(), alloc[2e1b2a31b91974c5]::string::String>>
[INFO] [stdout]   13:     0x58d15bf26760 - test[aada8e7e76ba119b]::run_test::{closure#0}
[INFO] [stdout]   14:     0x58d15bf25e8c - std[617be2ca0a6fd877]::sys::backtrace::__rust_begin_short_backtrace::<test[aada8e7e76ba119b]::run_test::{closure#1}, ()>
[INFO] [stdout]   15:     0x58d15bf4611c - <std[617be2ca0a6fd877]::thread::lifecycle::spawn_unchecked<test[aada8e7e76ba119b]::run_test::{closure#1}, ()>::{closure#1} as core[a373ad73a504971]::ops::function::FnOnce<()>>::call_once::{shim:vtable#0}
[INFO] [stdout]   16:     0x58d15bf10934 - <std[617be2ca0a6fd877]::sys::thread::unix::Thread>::new::thread_start
[INFO] [stdout]   17:     0x722b0664ddfa - <unknown>
[INFO] [stdout]   18:     0x722b066e13d4 - clone
[INFO] [stdout]   19:                0x0 - <unknown>
[INFO] [stdout] 
[INFO] [stdout] 
[INFO] [stdout] failures:
[INFO] [stdout]     examine::tests::test_examine_cpio_content
[INFO] [stdout]     extract::tests::test_extract_cpio_archive_compressed_make_directories_with_pattern
[INFO] [stdout]     extract::tests::test_extract_cpio_archive_compressed_with_pattern
[INFO] [stdout]     extract::tests::test_read_cpio_and_extract_path_traversal
[INFO] [stdout]     extract::tests::test_write_directory_with_setuid
[INFO] [stdout]     extract::tests::test_write_file_with_setuid
[INFO] [stdout]     extract::tests::test_write_special_file_block_device
[INFO] [stdout]     extract::tests::test_write_special_file_character_device
[INFO] [stdout]     extract::tests::test_write_special_file_fifo
[INFO] [stdout]     extract::tests::test_write_special_file_socket
[INFO] [stdout]     manifest::tests::test_file_from_line_location_character_device
[INFO] [stdout]     manifest::tests::test_file_from_line_location_relative_directory
[INFO] [stdout]     manifest::tests::test_manifest_write_archive_empty_lz4
[INFO] [stdout]     manifest::tests::test_manifest_write_archive_empty_zstd
[INFO] [stdout] 
[INFO] [stdout] test result: FAILED. 103 passed; 14 failed; 0 ignored; 0 measured; 0 filtered out; finished in 0.18s
[INFO] [stdout] 
[INFO] running `Command { std: "docker" "inspect" "19bbb736fa93254792da5eda4f7cf4a72820c69f1bf9b49aaf5b157e1ad99078", kill_on_drop: false }`
[INFO] running `Command { std: "docker" "rm" "-f" "19bbb736fa93254792da5eda4f7cf4a72820c69f1bf9b49aaf5b157e1ad99078", kill_on_drop: false }`
[INFO] [stdout] 19bbb736fa93254792da5eda4f7cf4a72820c69f1bf9b49aaf5b157e1ad99078
