[INFO] fetching crate threadgroup 0.1.0...
[INFO] testing threadgroup-0.1.0 against 1.100.0-beta.1+cargoflags=--release for beta-release-1.100-2
[INFO] extracting crate threadgroup 0.1.0 into /workspace/builds/worker-5-tc2/source
[INFO] started tweaking crates.io crate threadgroup 0.1.0
[INFO] finished tweaking crates.io crate threadgroup 0.1.0
[INFO] tweaked toml for crates.io crate threadgroup 0.1.0 written to /workspace/builds/worker-5-tc2/source/Cargo.toml
[INFO] validating manifest of crates.io crate threadgroup 0.1.0 on toolchain 1.100.0-beta.1
[INFO] running `Command { std: CARGO_HOME="/workspace/cargo-home" RUSTUP_HOME="/workspace/rustup-home" "/workspace/cargo-home/bin/cargo" "+1.100.0-beta.1" "metadata" "--manifest-path" "Cargo.toml" "--no-deps", kill_on_drop: false }`
[INFO] running `Command { std: CARGO_HOME="/workspace/cargo-home" RUSTUP_HOME="/workspace/rustup-home" "/workspace/cargo-home/bin/cargo" "+1.100.0-beta.1" "generate-lockfile" "--manifest-path" "Cargo.toml", kill_on_drop: false }`
[INFO] running `Command { std: CARGO_HOME="/workspace/cargo-home" RUSTUP_HOME="/workspace/rustup-home" "/workspace/cargo-home/bin/cargo" "+1.100.0-beta.1" "fetch" "--manifest-path" "Cargo.toml", kill_on_drop: false }`
[INFO] [stderr] warning: Cargo.toml: `package.edition` is unspecified, defaulting to `2015` while the latest is `2024`
[INFO] [stderr] warning: `threadgroup` (manifest) generated 1 warning
[INFO] running `Command { std: "docker" "create" "-v" "/var/lib/crater-agent-workspace/builds/worker-5-tc2/source:/opt/rustwide/workdir:ro,Z" "-v" "/var/lib/crater-agent-workspace/builds/worker-5-tc2/target:/opt/rustwide/target:rw,Z" "-v" "/var/lib/crater-agent-workspace/cargo-home:/opt/rustwide/cargo-home:ro,Z" "-v" "/var/lib/crater-agent-workspace/rustup-home:/opt/rustwide/rustup-home:ro,Z" "-m" "1610612736" "--network" "none" "ghcr.io/rust-lang/crates-build-env/linux@sha256:77db811e55d90add9212f6832c23229e3de5f1c1f9905e8cb07319ea15df73ac" "sleep" "infinity", kill_on_drop: false }`
[INFO] [stdout] b1c20cc89f82cbb11f5cff431f538f5b75b03b4ff4a0ec1c41e1c0612afcc24a
[INFO] running `Command { std: "docker" "start" "b1c20cc89f82cbb11f5cff431f538f5b75b03b4ff4a0ec1c41e1c0612afcc24a", kill_on_drop: false }`
[INFO] running `Command { std: "docker" "inspect" "b1c20cc89f82cbb11f5cff431f538f5b75b03b4ff4a0ec1c41e1c0612afcc24a", kill_on_drop: false }`
[INFO] running `Command { std: "docker" "exec" "-e" "SOURCE_DIR=/opt/rustwide/workdir" "-e" "CARGO_HOME=/opt/rustwide/cargo-home" "-e" "RUSTUP_HOME=/opt/rustwide/rustup-home" "-e" "CARGO_TARGET_DIR=/opt/rustwide/target" "-w" "/opt/rustwide/workdir" "--user" "0:0" "b1c20cc89f82cbb11f5cff431f538f5b75b03b4ff4a0ec1c41e1c0612afcc24a" "/opt/rustwide/cargo-home/bin/cargo" "+1.100.0-beta.1" "metadata" "--no-deps" "--format-version=1", kill_on_drop: false }`
[INFO] running `Command { std: "docker" "inspect" "b1c20cc89f82cbb11f5cff431f538f5b75b03b4ff4a0ec1c41e1c0612afcc24a", kill_on_drop: false }`
[INFO] running `Command { std: "docker" "exec" "-e" "SOURCE_DIR=/opt/rustwide/workdir" "-e" "CARGO_HOME=/opt/rustwide/cargo-home" "-e" "RUSTUP_HOME=/opt/rustwide/rustup-home" "-e" "CARGO_TARGET_DIR=/opt/rustwide/target" "-e" "CARGO_INCREMENTAL=0" "-e" "RUST_BACKTRACE=full" "-e" "RUSTFLAGS=--cap-lints=warn" "-e" "RUSTDOCFLAGS=--cap-lints=warn" "-w" "/opt/rustwide/workdir" "--user" "0:0" "b1c20cc89f82cbb11f5cff431f538f5b75b03b4ff4a0ec1c41e1c0612afcc24a" "/opt/rustwide/cargo-home/bin/cargo" "+1.100.0-beta.1" "build" "--frozen" "--message-format=json" "--release", kill_on_drop: false }`
[INFO] [stderr] warning: Cargo.toml: `package.edition` is unspecified, defaulting to `2015` while the latest is `2024`
[INFO] [stderr] warning: `threadgroup` (manifest) generated 1 warning
[INFO] [stderr]    Compiling threadgroup v0.1.0 (/opt/rustwide/workdir)
[INFO] [stderr]     Finished `release` profile [optimized] target(s) in 0.48s
[INFO] running `Command { std: "docker" "inspect" "b1c20cc89f82cbb11f5cff431f538f5b75b03b4ff4a0ec1c41e1c0612afcc24a", kill_on_drop: false }`
[INFO] running `Command { std: "docker" "exec" "-e" "SOURCE_DIR=/opt/rustwide/workdir" "-e" "CARGO_HOME=/opt/rustwide/cargo-home" "-e" "RUSTUP_HOME=/opt/rustwide/rustup-home" "-e" "CARGO_TARGET_DIR=/opt/rustwide/target" "-e" "CARGO_INCREMENTAL=0" "-e" "RUST_BACKTRACE=full" "-e" "RUSTFLAGS=--cap-lints=warn" "-e" "RUSTDOCFLAGS=--cap-lints=warn" "-w" "/opt/rustwide/workdir" "--user" "0:0" "b1c20cc89f82cbb11f5cff431f538f5b75b03b4ff4a0ec1c41e1c0612afcc24a" "/opt/rustwide/cargo-home/bin/cargo" "+1.100.0-beta.1" "test" "--frozen" "--no-run" "--message-format=json" "--release", kill_on_drop: false }`
[INFO] [stderr] warning: Cargo.toml: `package.edition` is unspecified, defaulting to `2015` while the latest is `2024`
[INFO] [stderr] warning: `threadgroup` (manifest) generated 1 warning
[INFO] [stderr]    Compiling threadgroup v0.1.0 (/opt/rustwide/workdir)
[INFO] [stderr]     Finished `release` profile [optimized] target(s) in 1.09s
[INFO] running `Command { std: "docker" "inspect" "b1c20cc89f82cbb11f5cff431f538f5b75b03b4ff4a0ec1c41e1c0612afcc24a", kill_on_drop: false }`
[INFO] running `Command { std: "docker" "exec" "-e" "SOURCE_DIR=/opt/rustwide/workdir" "-e" "CARGO_HOME=/opt/rustwide/cargo-home" "-e" "RUSTUP_HOME=/opt/rustwide/rustup-home" "-e" "CARGO_TARGET_DIR=/opt/rustwide/target" "-e" "CARGO_INCREMENTAL=0" "-e" "RUST_BACKTRACE=full" "-e" "RUSTFLAGS=--cap-lints=warn" "-e" "RUSTDOCFLAGS=--cap-lints=warn" "-w" "/opt/rustwide/workdir" "--user" "0:0" "b1c20cc89f82cbb11f5cff431f538f5b75b03b4ff4a0ec1c41e1c0612afcc24a" "/opt/rustwide/cargo-home/bin/cargo" "+1.100.0-beta.1" "test" "--frozen" "--release", kill_on_drop: false }`
[INFO] [stderr] warning: Cargo.toml: `package.edition` is unspecified, defaulting to `2015` while the latest is `2024`
[INFO] [stderr] warning: `threadgroup` (manifest) generated 1 warning
[INFO] [stderr]     Finished `release` profile [optimized] target(s) in 0.01s
[INFO] [stderr]      Running unittests src/lib.rs (/opt/rustwide/target/release/build/threadgroup/184112196879d1f9/out/threadgroup-184112196879d1f9)
[INFO] [stdout] 
[INFO] [stdout] running 4 tests
[INFO] [stdout] test tests::empty_group ... ok
[INFO] [stdout] test tests::basic_join ... FAILED
[INFO] [stdout] test tests::panic_join ... FAILED
[INFO] [stdout] test tests::timeout_join ... ok
[INFO] [stdout] 
[INFO] [stdout] failures:
[INFO] [stdout] 
[INFO] [stdout] ---- tests::basic_join stdout ----
[INFO] [stdout] 
[INFO] [stdout] thread 'tests::basic_join' (154) panicked at src/lib.rs:229:9:
[INFO] [stdout] assertion `left == right` failed
[INFO] [stdout]   left: 1
[INFO] [stdout]  right: 3
[INFO] [stdout] stack backtrace:
[INFO] [stdout]    0:     0x6347491f9ad1 - <<std[617be2ca0a6fd877]::sys::backtrace::BacktraceLock>::print::DisplayBacktrace as core[a373ad73a504971]::fmt::Display>::fmt
[INFO] [stdout]    1:     0x63474920daaa - core[a373ad73a504971]::fmt::write
[INFO] [stdout]    2:     0x6347491fdd9c - <alloc[2e1b2a31b91974c5]::vec::Vec<u8> as core[a373ad73a504971]::io::write::Write>::write_fmt
[INFO] [stdout]    3:     0x6347491d5e36 - std[617be2ca0a6fd877]::panicking::default_hook::{closure#0}
[INFO] [stdout]    4:     0x6347491f2069 - std[617be2ca0a6fd877]::panicking::default_hook
[INFO] [stdout]    5:     0x63474918e6b0 - test[aada8e7e76ba119b]::test_main_inner::{closure#0}
[INFO] [stdout]    6:     0x6347491f2222 - std[617be2ca0a6fd877]::panicking::panic_with_hook
[INFO] [stdout]    7:     0x6347491d5ee2 - std[617be2ca0a6fd877]::panicking::panic_handler::{closure#0}
[INFO] [stdout]    8:     0x6347491cebc9 - std[617be2ca0a6fd877]::sys::backtrace::__rust_end_short_backtrace::<std[617be2ca0a6fd877]::panicking::panic_handler::{closure#0}, !>
[INFO] [stdout]    9:     0x6347491d6aed - __rustc[ea4f61d10b84890b]::rust_begin_unwind
[INFO] [stdout]   10:     0x63474920e1dc - core[a373ad73a504971]::panicking::panic_fmt
[INFO] [stdout]   11:     0x63474920e0f3 - core[a373ad73a504971]::panicking::assert_failed_inner
[INFO] [stdout]   12:     0x6347491ce78a - core[a373ad73a504971]::panicking::assert_failed::<u32, u32>
[INFO] [stdout]   13:     0x63474917dfc9 - <threadgroup[f8c7911480c7ad6a]::tests::basic_join::{closure#0} as core[a373ad73a504971]::ops::function::FnOnce<()>>::call_once
[INFO] [stdout]   14:     0x634749181afb - test[aada8e7e76ba119b]::__rust_begin_short_backtrace::<core[a373ad73a504971]::result::Result<(), alloc[2e1b2a31b91974c5]::string::String>, fn() -> core[a373ad73a504971]::result::Result<(), alloc[2e1b2a31b91974c5]::string::String>>
[INFO] [stdout]   15:     0x63474918ecd5 - test[aada8e7e76ba119b]::run_test::{closure#0}
[INFO] [stdout]   16:     0x6347491885c4 - std[617be2ca0a6fd877]::sys::backtrace::__rust_begin_short_backtrace::<test[aada8e7e76ba119b]::run_test::{closure#1}, ()>
[INFO] [stdout]   17:     0x634749191d62 - <std[617be2ca0a6fd877]::thread::lifecycle::spawn_unchecked<test[aada8e7e76ba119b]::run_test::{closure#1}, ()>::{closure#1} as core[a373ad73a504971]::ops::function::FnOnce<()>>::call_once::{shim:vtable#0}
[INFO] [stdout]   18:     0x6347491f932f - <std[617be2ca0a6fd877]::sys::thread::unix::Thread>::new::thread_start
[INFO] [stdout]   19:     0x78dee0d49dfa - <unknown>
[INFO] [stdout]   20:     0x78dee0ddd3d4 - clone
[INFO] [stdout]   21:                0x0 - <unknown>
[INFO] [stdout] 
[INFO] [stdout] ---- tests::panic_join stdout ----
[INFO] [stdout] 
[INFO] [stdout] thread '<unnamed>' (163) panicked at src/lib.rs:237:63:
[INFO] [stdout] explicit panic
[INFO] [stdout] stack backtrace:
[INFO] [stdout]    0:     0x6347491f9ad1 - <<std[617be2ca0a6fd877]::sys::backtrace::BacktraceLock>::print::DisplayBacktrace as core[a373ad73a504971]::fmt::Display>::fmt
[INFO] [stdout]    1:     0x63474920daaa - core[a373ad73a504971]::fmt::write
[INFO] [stdout]    2:     0x6347491fdd9c - <alloc[2e1b2a31b91974c5]::vec::Vec<u8> as core[a373ad73a504971]::io::write::Write>::write_fmt
[INFO] [stderr] error: test failed, to rerun pass `--lib`
[INFO] [stdout]    3:     0x6347491d5e36 - std[617be2ca0a6fd877]::panicking::default_hook::{closure#0}
[INFO] [stdout]    4:     0x6347491f2069 - std[617be2ca0a6fd877]::panicking::default_hook
[INFO] [stdout]    5:     0x63474918e6b0 - test[aada8e7e76ba119b]::test_main_inner::{closure#0}
[INFO] [stdout]    6:     0x6347491f2222 - std[617be2ca0a6fd877]::panicking::panic_with_hook
[INFO] [stdout]    7:     0x6347491d54cc - std[617be2ca0a6fd877]::panicking::begin_panic::<&str>::{closure#0}
[INFO] [stdout]    8:     0x6347491ceba9 - std[617be2ca0a6fd877]::sys::backtrace::__rust_end_short_backtrace::<std[617be2ca0a6fd877]::panicking::begin_panic<&str>::{closure#0}, !>
[INFO] [stdout]    9:     0x6347491cc2fb - std[617be2ca0a6fd877]::panicking::begin_panic::<&str>
[INFO] [stdout]   10:     0x63474917d567 - threadgroup[f8c7911480c7ad6a]::tests::panic_join::{closure#0}
[INFO] [stdout]   11:     0x63474917d075 - std[617be2ca0a6fd877]::sys::backtrace::__rust_begin_short_backtrace::<<threadgroup[f8c7911480c7ad6a]::ThreadGroup<u32>>::spawn<threadgroup[f8c7911480c7ad6a]::tests::panic_join::{closure#0}, u32>::{closure#0}, u32>
[INFO] [stdout]   12:     0x63474917b67b - <std[617be2ca0a6fd877]::thread::lifecycle::spawn_unchecked<<threadgroup[f8c7911480c7ad6a]::ThreadGroup<u32>>::spawn<threadgroup[f8c7911480c7ad6a]::tests::panic_join::{closure#0}, u32>::{closure#0}, u32>::{closure#1} as core[a373ad73a504971]::ops::function::FnOnce<()>>::call_once::{shim:vtable#0}
[INFO] [stdout]   13:     0x6347491f932f - <std[617be2ca0a6fd877]::sys::thread::unix::Thread>::new::thread_start
[INFO] [stdout]   14:     0x78dee0d49dfa - <unknown>
[INFO] [stdout]   15:     0x78dee0ddd3d4 - clone
[INFO] [stdout]   16:                0x0 - <unknown>
[INFO] [stdout] 
[INFO] [stdout] thread 'tests::panic_join' (156) panicked at src/lib.rs:239:51:
[INFO] [stdout] called `Result::unwrap()` on an `Err` value: Panicked
[INFO] [stdout] stack backtrace:
[INFO] [stdout]    0:     0x6347491f9ad1 - <<std[617be2ca0a6fd877]::sys::backtrace::BacktraceLock>::print::DisplayBacktrace as core[a373ad73a504971]::fmt::Display>::fmt
[INFO] [stdout]    1:     0x63474920daaa - core[a373ad73a504971]::fmt::write
[INFO] [stdout]    2:     0x6347491fdd9c - <alloc[2e1b2a31b91974c5]::vec::Vec<u8> as core[a373ad73a504971]::io::write::Write>::write_fmt
[INFO] [stdout]    3:     0x6347491d5e36 - std[617be2ca0a6fd877]::panicking::default_hook::{closure#0}
[INFO] [stdout]    4:     0x6347491f2069 - std[617be2ca0a6fd877]::panicking::default_hook
[INFO] [stdout]    5:     0x63474918e6b0 - test[aada8e7e76ba119b]::test_main_inner::{closure#0}
[INFO] [stdout]    6:     0x6347491f2222 - std[617be2ca0a6fd877]::panicking::panic_with_hook
[INFO] [stdout]    7:     0x6347491d5ee2 - std[617be2ca0a6fd877]::panicking::panic_handler::{closure#0}
[INFO] [stdout]    8:     0x6347491cebc9 - std[617be2ca0a6fd877]::sys::backtrace::__rust_end_short_backtrace::<std[617be2ca0a6fd877]::panicking::panic_handler::{closure#0}, !>
[INFO] [stdout]    9:     0x6347491d6aed - __rustc[ea4f61d10b84890b]::rust_begin_unwind
[INFO] [stdout]   10:     0x63474920e1dc - core[a373ad73a504971]::panicking::panic_fmt
[INFO] [stdout]   11:     0x63474920dfb2 - core[a373ad73a504971]::result::unwrap_failed
[INFO] [stdout]   12:     0x63474917e3d3 - <threadgroup[f8c7911480c7ad6a]::tests::panic_join::{closure#0} as core[a373ad73a504971]::ops::function::FnOnce<()>>::call_once
[INFO] [stdout]   13:     0x634749181afb - test[aada8e7e76ba119b]::__rust_begin_short_backtrace::<core[a373ad73a504971]::result::Result<(), alloc[2e1b2a31b91974c5]::string::String>, fn() -> core[a373ad73a504971]::result::Result<(), alloc[2e1b2a31b91974c5]::string::String>>
[INFO] [stdout]   14:     0x63474918ecd5 - test[aada8e7e76ba119b]::run_test::{closure#0}
[INFO] [stdout]   15:     0x6347491885c4 - std[617be2ca0a6fd877]::sys::backtrace::__rust_begin_short_backtrace::<test[aada8e7e76ba119b]::run_test::{closure#1}, ()>
[INFO] [stdout]   16:     0x634749191d62 - <std[617be2ca0a6fd877]::thread::lifecycle::spawn_unchecked<test[aada8e7e76ba119b]::run_test::{closure#1}, ()>::{closure#1} as core[a373ad73a504971]::ops::function::FnOnce<()>>::call_once::{shim:vtable#0}
[INFO] [stdout]   17:     0x6347491f932f - <std[617be2ca0a6fd877]::sys::thread::unix::Thread>::new::thread_start
[INFO] [stdout]   18:     0x78dee0d49dfa - <unknown>
[INFO] [stdout]   19:     0x78dee0ddd3d4 - clone
[INFO] [stdout]   20:                0x0 - <unknown>
[INFO] [stdout] 
[INFO] [stdout] 
[INFO] [stdout] failures:
[INFO] [stdout]     tests::basic_join
[INFO] [stdout]     tests::panic_join
[INFO] [stdout] 
[INFO] [stdout] test result: FAILED. 2 passed; 2 failed; 0 ignored; 0 measured; 0 filtered out; finished in 1.00s
[INFO] [stdout] 
[INFO] running `Command { std: "docker" "inspect" "b1c20cc89f82cbb11f5cff431f538f5b75b03b4ff4a0ec1c41e1c0612afcc24a", kill_on_drop: false }`
[INFO] running `Command { std: "docker" "rm" "-f" "b1c20cc89f82cbb11f5cff431f538f5b75b03b4ff4a0ec1c41e1c0612afcc24a", kill_on_drop: false }`
[INFO] [stdout] b1c20cc89f82cbb11f5cff431f538f5b75b03b4ff4a0ec1c41e1c0612afcc24a
