[INFO] fetching crate thread-priority 3.1.1...
[INFO] testing thread-priority-3.1.1 against 1.99.0-beta.8+cargoflags=--release for beta-release-1.100-2
[INFO] extracting crate thread-priority 3.1.1 into /workspace/builds/worker-0-tc1/source
[INFO] started tweaking crates.io crate thread-priority 3.1.1
[INFO] removed 0 missing tests
[INFO] finished tweaking crates.io crate thread-priority 3.1.1
[INFO] tweaked toml for crates.io crate thread-priority 3.1.1 written to /workspace/builds/worker-0-tc1/source/Cargo.toml
[INFO] validating manifest of crates.io crate thread-priority 3.1.1 on toolchain 1.99.0-beta.8
[INFO] running `Command { std: CARGO_HOME="/workspace/cargo-home" RUSTUP_HOME="/workspace/rustup-home" "/workspace/cargo-home/bin/cargo" "+1.99.0-beta.8" "metadata" "--manifest-path" "Cargo.toml" "--no-deps", kill_on_drop: false }`
[INFO] crate crates.io crate thread-priority 3.1.1 already has a lockfile, it will not be regenerated
[INFO] running `Command { std: CARGO_HOME="/workspace/cargo-home" RUSTUP_HOME="/workspace/rustup-home" "/workspace/cargo-home/bin/cargo" "+1.99.0-beta.8" "fetch" "--manifest-path" "Cargo.toml", kill_on_drop: false }`
[INFO] [stderr]     Blocking waiting for file lock on package cache
[INFO] [stderr]     Updating crates.io index
[INFO] [stderr]  Downloading crates ...
[INFO] [stderr]   Downloaded relative-path v1.9.3
[INFO] [stderr]   Downloaded toml_edit v0.25.12+spec-1.1.0
[INFO] [stderr]   Downloaded rstest v0.26.1
[INFO] [stderr]   Downloaded rstest_macros v0.26.1
[INFO] running `Command { std: "docker" "create" "-v" "/var/lib/crater-agent-workspace/builds/worker-0-tc1/source:/opt/rustwide/workdir:ro,Z" "-v" "/var/lib/crater-agent-workspace/builds/worker-0-tc1/target:/opt/rustwide/target:rw,Z" "-v" "/var/lib/crater-agent-workspace/cargo-home:/opt/rustwide/cargo-home:ro,Z" "-v" "/var/lib/crater-agent-workspace/rustup-home:/opt/rustwide/rustup-home:ro,Z" "-m" "1610612736" "--network" "none" "ghcr.io/rust-lang/crates-build-env/linux@sha256:77db811e55d90add9212f6832c23229e3de5f1c1f9905e8cb07319ea15df73ac" "sleep" "infinity", kill_on_drop: false }`
[INFO] [stdout] a7ac64797b67dff1b6cf92a812a95a8608d5a30b86f07eca436e4dac873a6827
[INFO] running `Command { std: "docker" "start" "a7ac64797b67dff1b6cf92a812a95a8608d5a30b86f07eca436e4dac873a6827", kill_on_drop: false }`
[INFO] running `Command { std: "docker" "inspect" "a7ac64797b67dff1b6cf92a812a95a8608d5a30b86f07eca436e4dac873a6827", kill_on_drop: false }`
[INFO] running `Command { std: "docker" "exec" "-e" "SOURCE_DIR=/opt/rustwide/workdir" "-e" "CARGO_HOME=/opt/rustwide/cargo-home" "-e" "RUSTUP_HOME=/opt/rustwide/rustup-home" "-e" "CARGO_TARGET_DIR=/opt/rustwide/target" "-w" "/opt/rustwide/workdir" "--user" "0:0" "a7ac64797b67dff1b6cf92a812a95a8608d5a30b86f07eca436e4dac873a6827" "/opt/rustwide/cargo-home/bin/cargo" "+1.99.0-beta.8" "metadata" "--no-deps" "--format-version=1", kill_on_drop: false }`
[INFO] running `Command { std: "docker" "inspect" "a7ac64797b67dff1b6cf92a812a95a8608d5a30b86f07eca436e4dac873a6827", kill_on_drop: false }`
[INFO] running `Command { std: "docker" "exec" "-e" "SOURCE_DIR=/opt/rustwide/workdir" "-e" "CARGO_HOME=/opt/rustwide/cargo-home" "-e" "RUSTUP_HOME=/opt/rustwide/rustup-home" "-e" "CARGO_TARGET_DIR=/opt/rustwide/target" "-e" "CARGO_INCREMENTAL=0" "-e" "RUST_BACKTRACE=full" "-e" "RUSTFLAGS=--cap-lints=warn" "-e" "RUSTDOCFLAGS=--cap-lints=warn" "-w" "/opt/rustwide/workdir" "--user" "0:0" "a7ac64797b67dff1b6cf92a812a95a8608d5a30b86f07eca436e4dac873a6827" "/opt/rustwide/cargo-home/bin/cargo" "+1.99.0-beta.8" "build" "--frozen" "--message-format=json" "--release", kill_on_drop: false }`
[INFO] [stderr]    Compiling bitflags v2.13.0
[INFO] [stderr]    Compiling thread-priority v3.1.1 (/opt/rustwide/workdir)
[INFO] [stderr]     Finished `release` profile [optimized] target(s) in 1.09s
[INFO] running `Command { std: "docker" "inspect" "a7ac64797b67dff1b6cf92a812a95a8608d5a30b86f07eca436e4dac873a6827", kill_on_drop: false }`
[INFO] running `Command { std: "docker" "exec" "-e" "SOURCE_DIR=/opt/rustwide/workdir" "-e" "CARGO_HOME=/opt/rustwide/cargo-home" "-e" "RUSTUP_HOME=/opt/rustwide/rustup-home" "-e" "CARGO_TARGET_DIR=/opt/rustwide/target" "-e" "CARGO_INCREMENTAL=0" "-e" "RUST_BACKTRACE=full" "-e" "RUSTFLAGS=--cap-lints=warn" "-e" "RUSTDOCFLAGS=--cap-lints=warn" "-w" "/opt/rustwide/workdir" "--user" "0:0" "a7ac64797b67dff1b6cf92a812a95a8608d5a30b86f07eca436e4dac873a6827" "/opt/rustwide/cargo-home/bin/cargo" "+1.99.0-beta.8" "test" "--frozen" "--no-run" "--message-format=json" "--release", kill_on_drop: false }`
[INFO] [stderr]    Compiling memchr v2.8.2
[INFO] [stderr]    Compiling winnow v1.0.3
[INFO] [stderr]    Compiling toml_datetime v1.1.1+spec-1.1.0
[INFO] [stderr]    Compiling rstest_macros v0.26.1
[INFO] [stderr]    Compiling futures-macro v0.3.32
[INFO] [stderr]    Compiling relative-path v1.9.3
[INFO] [stderr]    Compiling futures-timer v3.0.4
[INFO] [stderr]    Compiling aho-corasick v1.1.4
[INFO] [stderr]    Compiling futures-util v0.3.32
[INFO] [stderr]    Compiling toml_parser v1.1.2+spec-1.1.0
[INFO] [stderr]    Compiling regex-automata v0.4.14
[INFO] [stderr]    Compiling toml_edit v0.25.12+spec-1.1.0
[INFO] [stderr]    Compiling proc-macro-crate v3.5.0
[INFO] [stderr]    Compiling regex v1.12.4
[INFO] [stderr]    Compiling rstest v0.26.1
[INFO] [stderr]    Compiling thread-priority v3.1.1 (/opt/rustwide/workdir)
[INFO] [stderr]     Finished `release` profile [optimized] target(s) in 17.95s
[INFO] running `Command { std: "docker" "inspect" "a7ac64797b67dff1b6cf92a812a95a8608d5a30b86f07eca436e4dac873a6827", kill_on_drop: false }`
[INFO] running `Command { std: "docker" "exec" "-e" "SOURCE_DIR=/opt/rustwide/workdir" "-e" "CARGO_HOME=/opt/rustwide/cargo-home" "-e" "RUSTUP_HOME=/opt/rustwide/rustup-home" "-e" "CARGO_TARGET_DIR=/opt/rustwide/target" "-e" "CARGO_INCREMENTAL=0" "-e" "RUST_BACKTRACE=full" "-e" "RUSTFLAGS=--cap-lints=warn" "-e" "RUSTDOCFLAGS=--cap-lints=warn" "-w" "/opt/rustwide/workdir" "--user" "0:0" "a7ac64797b67dff1b6cf92a812a95a8608d5a30b86f07eca436e4dac873a6827" "/opt/rustwide/cargo-home/bin/cargo" "+1.99.0-beta.8" "test" "--frozen" "--release", kill_on_drop: false }`
[INFO] [stderr]     Finished `release` profile [optimized] target(s) in 0.09s
[INFO] [stderr]      Running unittests src/lib.rs (/opt/rustwide/target/release/deps/thread_priority-95bfd7a1d3b07b5b)
[INFO] [stdout] 
[INFO] [stdout] running 3 tests
[INFO] [stdout] test unix::tests::thread_schedule_policy_param_test ... ok
[INFO] [stdout] test unix::tests::set_deadline_policy ... FAILED
[INFO] [stdout] test unix::tests::change_between_realtime_and_normal_policies_requires_capabilities ... FAILED
[INFO] [stdout] 
[INFO] [stdout] failures:
[INFO] [stdout] 
[INFO] [stdout] ---- unix::tests::set_deadline_policy stdout ----
[INFO] [stdout] 
[INFO] [stdout] thread 'unix::tests::set_deadline_policy' (434) panicked at src/unix.rs:914:9:
[INFO] [stdout] assertion failed: set_thread_priority_and_policy(0,
[INFO] [stdout]         ThreadPriority::Deadline {
[INFO] [stdout]             runtime: Duration::from_millis(1),
[INFO] [stdout]             deadline: Duration::from_millis(10),
[INFO] [stdout]             period: Duration::from_millis(100),
[INFO] [stdout]             flags: DeadlineFlags::RESET_ON_FORK,
[INFO] [stdout]         },
[INFO] [stdout]         ThreadSchedulePolicy::Realtime(RealtimeThreadSchedulePolicy::Deadline)).is_ok()
[INFO] [stdout] stack backtrace:
[INFO] [stdout]    0:     0x56933e4e5eb1 - <<std[70759c8f55707aa4]::sys::backtrace::BacktraceLock>::print::DisplayBacktrace as core[df12db4294e9bfd3]::fmt::Display>::fmt
[INFO] [stdout]    1:     0x56933e4fa17a - core[df12db4294e9bfd3]::fmt::write
[INFO] [stdout]    2:     0x56933e4ea34c - <alloc[2182bb758b4b3781]::vec::Vec<u8> as core[df12db4294e9bfd3]::io::write::Write>::write_fmt
[INFO] [stdout]    3:     0x56933e4c2466 - std[70759c8f55707aa4]::panicking::default_hook::{closure#0}
[INFO] [stdout]    4:     0x56933e4de5d9 - std[70759c8f55707aa4]::panicking::default_hook
[INFO] [stdout]    5:     0x56933e47aa60 - test[9d35eded1c95d3be]::test_main_inner::<test[9d35eded1c95d3be]::test_main_static::{closure#0}>::{closure#0}
[INFO] [stdout]    6:     0x56933e4de792 - std[70759c8f55707aa4]::panicking::panic_with_hook
[INFO] [stdout]    7:     0x56933e4c2544 - std[70759c8f55707aa4]::panicking::panic_handler::{closure#0}
[INFO] [stdout]    8:     0x56933e4bb299 - std[70759c8f55707aa4]::sys::backtrace::__rust_end_short_backtrace::<std[70759c8f55707aa4]::panicking::panic_handler::{closure#0}, !>
[INFO] [stdout]    9:     0x56933e4c310d - __rustc[8fa7c3cbc660c2b3]::rust_begin_unwind
[INFO] [stdout]   10:     0x56933e4fa8ac - core[df12db4294e9bfd3]::panicking::panic_fmt
[INFO] [stdout]   11:     0x56933e4fa872 - core[df12db4294e9bfd3]::panicking::panic
[INFO] [stdout]   12:     0x56933e46d7f2 - <thread_priority[77e1c4f00e64f0b6]::unix::tests::set_deadline_policy::{closure#0} as core[df12db4294e9bfd3]::ops::function::FnOnce<()>>::call_once
[INFO] [stdout]   13:     0x56933e46dd4b - test[9d35eded1c95d3be]::__rust_begin_short_backtrace::<core[df12db4294e9bfd3]::result::Result<(), alloc[2182bb758b4b3781]::string::String>, fn() -> core[df12db4294e9bfd3]::result::Result<(), alloc[2182bb758b4b3781]::string::String>>
[INFO] [stdout]   14:     0x56933e47b3b5 - test[9d35eded1c95d3be]::run_test::{closure#0}
[INFO] [stdout]   15:     0x56933e474c74 - std[70759c8f55707aa4]::sys::backtrace::__rust_begin_short_backtrace::<test[9d35eded1c95d3be]::run_test::{closure#1}, ()>
[INFO] [stdout]   16:     0x56933e47e512 - <std[70759c8f55707aa4]::thread::lifecycle::spawn_unchecked<test[9d35eded1c95d3be]::run_test::{closure#1}, ()>::{closure#1} as core[df12db4294e9bfd3]::ops::function::FnOnce<()>>::call_once::{shim:vtable#0}
[INFO] [stdout]   17:     0x56933e4e5789 - <std[70759c8f55707aa4]::sys::thread::unix::Thread>::new::thread_start
[INFO] [stdout]   18:     0x78508868adfa - <unknown>
[INFO] [stdout]   19:     0x78508871e3d4 - clone
[INFO] [stdout]   20:                0x0 - <unknown>
[INFO] [stdout] 
[INFO] [stdout] ---- unix::tests::change_between_realtime_and_normal_policies_requires_capabilities stdout ----
[INFO] [stdout] 
[INFO] [stdout] thread 'unix::tests::change_between_realtime_and_normal_policies_requires_capabilities' (433) panicked at src/unix.rs:886:14:
[INFO] [stdout] to set realtime fifo policy: OS(1)
[INFO] [stdout] stack backtrace:
[INFO] [stdout]    0:     0x56933e4e5eb1 - <<std[70759c8f55707aa4]::sys::backtrace::BacktraceLock>::print::DisplayBacktrace as core[df12db4294e9bfd3]::fmt::Display>::fmt
[INFO] [stdout]    1:     0x56933e4fa17a - core[df12db4294e9bfd3]::fmt::write
[INFO] [stdout]    2:     0x56933e4ea34c - <alloc[2182bb758b4b3781]::vec::Vec<u8> as core[df12db4294e9bfd3]::io::write::Write>::write_fmt
[INFO] [stdout]    3:     0x56933e4c2466 - std[70759c8f55707aa4]::panicking::default_hook::{closure#0}
[INFO] [stdout]    4:     0x56933e4de5d9 - std[70759c8f55707aa4]::panicking::default_hook
[INFO] [stdout]    5:     0x56933e47aa60 - test[9d35eded1c95d3be]::test_main_inner::<test[9d35eded1c95d3be]::test_main_static::{closure#0}>::{closure#0}
[INFO] [stdout]    6:     0x56933e4de792 - std[70759c8f55707aa4]::panicking::panic_with_hook
[INFO] [stdout]    7:     0x56933e4c2512 - std[70759c8f55707aa4]::panicking::panic_handler::{closure#0}
[INFO] [stdout]    8:     0x56933e4bb299 - std[70759c8f55707aa4]::sys::backtrace::__rust_end_short_backtrace::<std[70759c8f55707aa4]::panicking::panic_handler::{closure#0}, !>
[INFO] [stdout]    9:     0x56933e4c310d - __rustc[8fa7c3cbc660c2b3]::rust_begin_unwind
[INFO] [stdout]   10:     0x56933e4fa8ac - core[df12db4294e9bfd3]::panicking::panic_fmt
[INFO] [stdout]   11:     0x56933e4fa682 - core[df12db4294e9bfd3]::result::unwrap_failed
[INFO] [stdout]   12:     0x56933e46da2f - <thread_priority[77e1c4f00e64f0b6]::unix::tests::change_between_realtime_and_normal_policies_requires_capabilities::{closure#0} as core[df12db4294e9bfd3]::ops::function::FnOnce<()>>::call_once
[INFO] [stdout]   13:     0x56933e46dd4b - test[9d35eded1c95d3be]::__rust_begin_short_backtrace::<core[df12db4294e9bfd3]::result::Result<(), alloc[2182bb758b4b3781]::string::String>, fn() -> core[df12db4294e9bfd3]::result::Result<(), alloc[2182bb758b4b3781]::string::String>>
[INFO] [stdout]   14:     0x56933e47b3b5 - test[9d35eded1c95d3be]::run_test::{closure#0}
[INFO] [stdout]   15:     0x56933e474c74 - std[70759c8f55707aa4]::sys::backtrace::__rust_begin_short_backtrace::<test[9d35eded1c95d3be]::run_test::{closure#1}, ()>
[INFO] [stdout]   16:     0x56933e47e512 - <std[70759c8f55707aa4]::thread::lifecycle::spawn_unchecked<test[9d35eded1c95d3be]::run_test::{closure#1}, ()>::{closure#1} as core[df12db4294e9bfd3]::ops::function::FnOnce<()>>::call_once::{shim:vtable#0}
[INFO] [stdout]   17:     0x56933e4e5789 - <std[70759c8f55707aa4]::sys::thread::unix::Thread>::new::thread_start
[INFO] [stdout]   18:     0x78508868adfa - <unknown>
[INFO] [stdout]   19:     0x78508871e3d4 - clone
[INFO] [stdout]   20:                0x0 - <unknown>
[INFO] [stdout] 
[INFO] [stdout] 
[INFO] [stdout] failures:
[INFO] [stdout]     unix::tests::change_between_realtime_and_normal_policies_requires_capabilities
[INFO] [stdout]     unix::tests::set_deadline_policy
[INFO] [stdout] 
[INFO] [stdout] test result: FAILED. 1 passed; 2 failed; 0 ignored; 0 measured; 0 filtered out; finished in 0.01s
[INFO] [stdout] 
[INFO] [stderr] error: test failed, to rerun pass `--lib`
[INFO] running `Command { std: "docker" "inspect" "a7ac64797b67dff1b6cf92a812a95a8608d5a30b86f07eca436e4dac873a6827", kill_on_drop: false }`
[INFO] running `Command { std: "docker" "rm" "-f" "a7ac64797b67dff1b6cf92a812a95a8608d5a30b86f07eca436e4dac873a6827", kill_on_drop: false }`
[INFO] [stdout] a7ac64797b67dff1b6cf92a812a95a8608d5a30b86f07eca436e4dac873a6827
