[INFO] fetching crate thread-manifest 0.2.2...
[INFO] testing thread-manifest-0.2.2 against 1.99.0-beta.8+cargoflags=--release for beta-release-1.100-2
[INFO] extracting crate thread-manifest 0.2.2 into /workspace/builds/worker-2-tc1/source
[INFO] started tweaking crates.io crate thread-manifest 0.2.2
[INFO] finished tweaking crates.io crate thread-manifest 0.2.2
[INFO] tweaked toml for crates.io crate thread-manifest 0.2.2 written to /workspace/builds/worker-2-tc1/source/Cargo.toml
[INFO] validating manifest of crates.io crate thread-manifest 0.2.2 on toolchain 1.99.0-beta.8
[INFO] running `Command { std: CARGO_HOME="/workspace/cargo-home" RUSTUP_HOME="/workspace/rustup-home" "/workspace/cargo-home/bin/cargo" "+1.99.0-beta.8" "metadata" "--manifest-path" "Cargo.toml" "--no-deps", kill_on_drop: false }`
[INFO] crate crates.io crate thread-manifest 0.2.2 already has a lockfile, it will not be regenerated
[INFO] running `Command { std: CARGO_HOME="/workspace/cargo-home" RUSTUP_HOME="/workspace/rustup-home" "/workspace/cargo-home/bin/cargo" "+1.99.0-beta.8" "fetch" "--manifest-path" "Cargo.toml", kill_on_drop: false }`
[INFO] [stderr]     Blocking waiting for file lock on package cache
[INFO] [stderr]     Updating crates.io index
[INFO] [stderr]  Downloading crates ...
[INFO] [stderr]   Downloaded thread-structured-id v0.2.2
[INFO] running `Command { std: "docker" "create" "-v" "/var/lib/crater-agent-workspace/builds/worker-2-tc1/source:/opt/rustwide/workdir:ro,Z" "-v" "/var/lib/crater-agent-workspace/builds/worker-2-tc1/target:/opt/rustwide/target:rw,Z" "-v" "/var/lib/crater-agent-workspace/cargo-home:/opt/rustwide/cargo-home:ro,Z" "-v" "/var/lib/crater-agent-workspace/rustup-home:/opt/rustwide/rustup-home:ro,Z" "-m" "1610612736" "--network" "none" "ghcr.io/rust-lang/crates-build-env/linux@sha256:77db811e55d90add9212f6832c23229e3de5f1c1f9905e8cb07319ea15df73ac" "sleep" "infinity", kill_on_drop: false }`
[INFO] [stdout] f93637b6218beaf38521a0b31e36b6ffe64adbb8b856056f15edda4f56a33b22
[INFO] running `Command { std: "docker" "start" "f93637b6218beaf38521a0b31e36b6ffe64adbb8b856056f15edda4f56a33b22", kill_on_drop: false }`
[INFO] running `Command { std: "docker" "inspect" "f93637b6218beaf38521a0b31e36b6ffe64adbb8b856056f15edda4f56a33b22", kill_on_drop: false }`
[INFO] running `Command { std: "docker" "exec" "-e" "SOURCE_DIR=/opt/rustwide/workdir" "-e" "CARGO_HOME=/opt/rustwide/cargo-home" "-e" "RUSTUP_HOME=/opt/rustwide/rustup-home" "-e" "CARGO_TARGET_DIR=/opt/rustwide/target" "-w" "/opt/rustwide/workdir" "--user" "0:0" "f93637b6218beaf38521a0b31e36b6ffe64adbb8b856056f15edda4f56a33b22" "/opt/rustwide/cargo-home/bin/cargo" "+1.99.0-beta.8" "metadata" "--no-deps" "--format-version=1", kill_on_drop: false }`
[INFO] running `Command { std: "docker" "inspect" "f93637b6218beaf38521a0b31e36b6ffe64adbb8b856056f15edda4f56a33b22", kill_on_drop: false }`
[INFO] running `Command { std: "docker" "exec" "-e" "SOURCE_DIR=/opt/rustwide/workdir" "-e" "CARGO_HOME=/opt/rustwide/cargo-home" "-e" "RUSTUP_HOME=/opt/rustwide/rustup-home" "-e" "CARGO_TARGET_DIR=/opt/rustwide/target" "-e" "CARGO_INCREMENTAL=0" "-e" "RUST_BACKTRACE=full" "-e" "RUSTFLAGS=--cap-lints=warn" "-e" "RUSTDOCFLAGS=--cap-lints=warn" "-w" "/opt/rustwide/workdir" "--user" "0:0" "f93637b6218beaf38521a0b31e36b6ffe64adbb8b856056f15edda4f56a33b22" "/opt/rustwide/cargo-home/bin/cargo" "+1.99.0-beta.8" "build" "--frozen" "--message-format=json" "--release", kill_on_drop: false }`
[INFO] [stderr]    Compiling proc-macro2 v1.0.107
[INFO] [stderr]    Compiling quote v1.0.47
[INFO] [stderr]    Compiling serde_json v1.0.151
[INFO] [stderr]    Compiling memchr v2.8.3
[INFO] [stderr]    Compiling syn v3.0.3
[INFO] [stderr]    Compiling serde_derive v1.0.229
[INFO] [stderr]    Compiling serde v1.0.229
[INFO] [stderr]    Compiling thread-structured-id v0.2.2
[INFO] [stderr]    Compiling thread-manifest v0.2.2 (/opt/rustwide/workdir)
[INFO] [stdout] warning: function `ang_dist` is never used
[INFO] [stdout]    --> src/markup.rs:436:4
[INFO] [stdout]     |
[INFO] [stdout] 436 | fn ang_dist(a: f32, b: f32) -> f32 {
[INFO] [stdout]     |    ^^^^^^^^
[INFO] [stdout]     |
[INFO] [stdout]     = note: `#[warn(dead_code)]` (part of `#[warn(unused)]`) on by default
[INFO] [stdout] 
[INFO] [stdout] 
[INFO] [stderr]     Finished `release` profile [optimized] target(s) in 18.19s
[INFO] running `Command { std: "docker" "inspect" "f93637b6218beaf38521a0b31e36b6ffe64adbb8b856056f15edda4f56a33b22", kill_on_drop: false }`
[INFO] running `Command { std: "docker" "exec" "-e" "SOURCE_DIR=/opt/rustwide/workdir" "-e" "CARGO_HOME=/opt/rustwide/cargo-home" "-e" "RUSTUP_HOME=/opt/rustwide/rustup-home" "-e" "CARGO_TARGET_DIR=/opt/rustwide/target" "-e" "CARGO_INCREMENTAL=0" "-e" "RUST_BACKTRACE=full" "-e" "RUSTFLAGS=--cap-lints=warn" "-e" "RUSTDOCFLAGS=--cap-lints=warn" "-w" "/opt/rustwide/workdir" "--user" "0:0" "f93637b6218beaf38521a0b31e36b6ffe64adbb8b856056f15edda4f56a33b22" "/opt/rustwide/cargo-home/bin/cargo" "+1.99.0-beta.8" "test" "--frozen" "--no-run" "--message-format=json" "--release", kill_on_drop: false }`
[INFO] [stdout] warning: function `ang_dist` is never used
[INFO] [stdout]    --> src/markup.rs:436:4
[INFO] [stdout]     |
[INFO] [stdout] 436 | fn ang_dist(a: f32, b: f32) -> f32 {
[INFO] [stdout]     |    ^^^^^^^^
[INFO] [stdout]     |
[INFO] [stdout]     = note: `#[warn(dead_code)]` (part of `#[warn(unused)]`) on by default
[INFO] [stdout] 
[INFO] [stdout] 
[INFO] [stderr]    Compiling thread-manifest v0.2.2 (/opt/rustwide/workdir)
[INFO] [stdout] warning: function `ang_dist` is never used
[INFO] [stdout]    --> src/markup.rs:436:4
[INFO] [stdout]     |
[INFO] [stdout] 436 | fn ang_dist(a: f32, b: f32) -> f32 {
[INFO] [stdout]     |    ^^^^^^^^
[INFO] [stdout]     |
[INFO] [stdout]     = note: `#[warn(dead_code)]` (part of `#[warn(unused)]`) on by default
[INFO] [stdout] 
[INFO] [stdout] 
[INFO] [stderr]     Finished `release` profile [optimized] target(s) in 14.01s
[INFO] running `Command { std: "docker" "inspect" "f93637b6218beaf38521a0b31e36b6ffe64adbb8b856056f15edda4f56a33b22", kill_on_drop: false }`
[INFO] running `Command { std: "docker" "exec" "-e" "SOURCE_DIR=/opt/rustwide/workdir" "-e" "CARGO_HOME=/opt/rustwide/cargo-home" "-e" "RUSTUP_HOME=/opt/rustwide/rustup-home" "-e" "CARGO_TARGET_DIR=/opt/rustwide/target" "-e" "CARGO_INCREMENTAL=0" "-e" "RUST_BACKTRACE=full" "-e" "RUSTFLAGS=--cap-lints=warn" "-e" "RUSTDOCFLAGS=--cap-lints=warn" "-w" "/opt/rustwide/workdir" "--user" "0:0" "f93637b6218beaf38521a0b31e36b6ffe64adbb8b856056f15edda4f56a33b22" "/opt/rustwide/cargo-home/bin/cargo" "+1.99.0-beta.8" "test" "--frozen" "--release", kill_on_drop: false }`
[INFO] [stderr] warning: function `ang_dist` is never used
[INFO] [stderr]    --> src/markup.rs:436:4
[INFO] [stderr]     |
[INFO] [stderr] 436 | fn ang_dist(a: f32, b: f32) -> f32 {
[INFO] [stderr]     |    ^^^^^^^^
[INFO] [stderr]     |
[INFO] [stderr]     = note: `#[warn(dead_code)]` (part of `#[warn(unused)]`) on by default
[INFO] [stderr] 
[INFO] [stderr] warning: `thread-manifest` (lib) generated 1 warning
[INFO] [stderr] warning: `thread-manifest` (lib test) generated 1 warning (1 duplicate)
[INFO] [stderr]     Finished `release` profile [optimized] target(s) in 0.03s
[INFO] [stderr]      Running unittests src/lib.rs (/opt/rustwide/target/release/deps/thread_manifest-78f7e5ba2d07f231)
[INFO] [stdout] 
[INFO] [stdout] running 57 tests
[INFO] [stdout] test markup::tests::cascade_color_makes_a_distinct_material ... ok
[INFO] [stdout] test arch::tests::segments_sit_on_the_circle_and_face_tangent ... ok
[INFO] [stdout] test arch::tests::gates_open_even_on_joints ... ok
[INFO] [stdout] test locator::tests::builds_well_known_urls ... ok
[INFO] [stdout] test arch::tests::joints_count_and_convention ... ok
[INFO] [stdout] test locator::tests::parses_full_locator ... ok
[INFO] [stdout] test lint::tests::floating_buried_and_walkin_are_caught ... ok
[INFO] [stdout] test lint::tests::overflow_darkness_scale_and_twins_are_caught ... ok
[INFO] [stdout] test lint::tests::a_clean_world_lints_clean ... ok
[INFO] [stdout] test markup::tests::cascade_mesh_synthesizes_prefab_and_asset ... ok
[INFO] [stdout] test lint::tests::supported_stacks_do_not_flag ... ok
[INFO] [stdout] test markup::tests::emissive_cascades_into_the_material ... ok
[INFO] [stdout] test arch::tests::corridor_frame_points_and_turns_correctly ... ok
[INFO] [stdout] test lint::tests::a_presence_claim_the_addresses_cannot_keep_is_reported ... ok
[INFO] [stdout] test markup::tests::self_closing_and_valued_attrs_parse ... ok
[INFO] [stdout] test locator::tests::rejects_non_thread ... ok
[INFO] [stdout] test markup::tests::lamp_is_geometry_plus_light_in_one_tag ... ok
[INFO] [stdout] test markup::tests::room_children_translate_with_the_room ... ok
[INFO] [stdout] test markup::tests::light_attr_and_style_become_emitters ... ok
[INFO] [stdout] test markup::tests::ring_places_n_facing_the_centre_and_row_interpolates ... ok
[INFO] [stdout] test markup::tests::missing_world_is_an_error ... ok
[INFO] [stdout] test markup::tests::rot_attr_becomes_a_quaternion ... ok
[INFO] [stdout] test markup::tests::room_compiles_to_floor_walls_columns_with_gates ... ok
[INFO] [stdout] test markup::tests::spawn_element_and_default_spawn ... ok
[INFO] [stdout] test markup::tests::text_attrs_carry_inline_hyperlinks ... ok
[INFO] [stdout] test markup::tests::compiles_a_small_world ... ok
[INFO] [stdout] test markup::tests::presence_attr_is_the_whole_setup ... ok
[INFO] [stdout] test markup::tests::unknown_tag_without_a_mesh_rule_errors ... ok
[INFO] [stdout] test markup::tests::wall_element_spans_two_points ... ok
[INFO] [stdout] test plan::tests::a_plan_is_a_bill_of_requirements_and_checks_itself ... ok
[INFO] [stdout] test shape::tests::parses_the_minimal_forms_and_validates ... ok
[INFO] [stdout] test markup::tests::weft_use_binds_a_package_export ... ok
[INFO] [stdout] test markup::tests::world_rules_year_and_description_parse ... ok
[INFO] [stdout] test tests::presence_p2p_declares_rendezvous_with_optional_relay_fallback ... ok
[INFO] [stdout] test tests::presence_relay_list_prefers_relays_and_stays_backward_compatible ... ok
[INFO] [stdout] test tests::nested_placements_iterate_and_validate ... ok
[INFO] [stdout] test tests::declarative_interaction_reads_clean ... ok
[INFO] [stdout] test tests::interaction_validation_rejects_empty_label ... ok
[INFO] [stderr] error: test failed, to rerun pass `--lib`
[INFO] [stdout] test model::tests::defaults_make_the_minimal_model_legal_and_bad_words_fail ... ok
[INFO] [stdout] test markup::tests::sky_presets_and_explicit_sun_parse ... ok
[INFO] [stdout] test tests::styles_cascade_by_type_class_id_with_specificity ... ok
[INFO] [stdout] test locator::tests::parses_host_only_and_roundtrips ... ok
[INFO] [stdout] test tests::rejects_dangling_prefab_reference ... ok
[INFO] [stdout] test shape::tests::bad_trees_fail_loudly ... ok
[INFO] [stdout] test tests::the_json_form_of_the_presence_rule_agrees_with_the_typed_one ... ok
[INFO] [stdout] test tests::a_round_trip_keeps_what_it_does_not_understand ... ok
[INFO] [stdout] test markup::tests::models_stamp_with_transform_and_recursion_is_bounded ... ok
[INFO] [stdout] test tests::example_archive_is_conformant ... FAILED
[INFO] [stdout] test tests::roundtrips_json ... FAILED
[INFO] [stdout] test tests::all_hosted_world_fixtures_are_conformant ... FAILED
[INFO] [stdout] test markup::tests::interaction_longhands_build_full_effects ... ok
[INFO] [stdout] test tests::example_market_is_conformant_and_links_back ... FAILED
[INFO] [stdout] test model::tests::a_flat_op_sequence_folds_into_carved_parts ... ok
[INFO] [stdout] test tests::what_a_world_can_do_beats_what_it_says ... ok
[INFO] [stdout] test markup::tests::codex_url_and_data_attrs_flow_to_the_placement ... ok
[INFO] [stdout] test tests::world_rules_default_off_and_round_trip ... ok
[INFO] [stdout] test texture::tests::minimal_and_full_forms_parse_and_validate ... ok
[INFO] [stdout] 
[INFO] [stdout] failures:
[INFO] [stdout] 
[INFO] [stdout] ---- tests::example_archive_is_conformant stdout ----
[INFO] [stdout] 
[INFO] [stdout] thread 'tests::example_archive_is_conformant' (477) panicked at src/lib.rs:1032:70:
[INFO] [stdout] read /opt/rustwide/workdir/../../worlds/codex-archive/world.json: No such file or directory (os error 2)
[INFO] [stdout] stack backtrace:
[INFO] [stdout]    0:     0x641f7c6f9f51 - <<std[70759c8f55707aa4]::sys::backtrace::BacktraceLock>::print::DisplayBacktrace as core[df12db4294e9bfd3]::fmt::Display>::fmt
[INFO] [stdout]    1:     0x641f7c71067a - core[df12db4294e9bfd3]::fmt::write
[INFO] [stdout]    2:     0x641f7c6fe6dc - <alloc[2182bb758b4b3781]::vec::Vec<u8> as core[df12db4294e9bfd3]::io::write::Write>::write_fmt
[INFO] [stdout]    3:     0x641f7c6d5d76 - std[70759c8f55707aa4]::panicking::default_hook::{closure#0}
[INFO] [stdout]    4:     0x641f7c6f2139 - std[70759c8f55707aa4]::panicking::default_hook
[INFO] [stdout]    5:     0x641f7c68ca90 - test[9d35eded1c95d3be]::test_main_inner::<test[9d35eded1c95d3be]::test_main_static::{closure#0}>::{closure#0}
[INFO] [stdout]    6:     0x641f7c6f22f2 - std[70759c8f55707aa4]::panicking::panic_with_hook
[INFO] [stdout]    7:     0x641f7c6d5e22 - std[70759c8f55707aa4]::panicking::panic_handler::{closure#0}
[INFO] [stdout]    8:     0x641f7c6ce979 - std[70759c8f55707aa4]::sys::backtrace::__rust_end_short_backtrace::<std[70759c8f55707aa4]::panicking::panic_handler::{closure#0}, !>
[INFO] [stdout]    9:     0x641f7c6d6a1d - __rustc[8fa7c3cbc660c2b3]::rust_begin_unwind
[INFO] [stdout]   10:     0x641f7c710dac - core[df12db4294e9bfd3]::panicking::panic_fmt
[INFO] [stdout]   11:     0x641f7c66ca6a - thread_manifest[6b5e5285c2692661]::tests::load::{closure#0}
[INFO] [stdout]   12:     0x641f7c66cd54 - thread_manifest[6b5e5285c2692661]::tests::load
[INFO] [stdout]   13:     0x641f7c66d031 - thread_manifest[6b5e5285c2692661]::tests::example_archive_is_conformant
[INFO] [stdout]   14:     0x641f7c621d09 - <thread_manifest[6b5e5285c2692661]::tests::example_archive_is_conformant::{closure#0} as core[df12db4294e9bfd3]::ops::function::FnOnce<()>>::call_once
[INFO] [stdout]   15:     0x641f7c67fd7b - test[9d35eded1c95d3be]::__rust_begin_short_backtrace::<core[df12db4294e9bfd3]::result::Result<(), alloc[2182bb758b4b3781]::string::String>, fn() -> core[df12db4294e9bfd3]::result::Result<(), alloc[2182bb758b4b3781]::string::String>>
[INFO] [stdout]   16:     0x641f7c68d3e5 - test[9d35eded1c95d3be]::run_test::{closure#0}
[INFO] [stdout]   17:     0x641f7c686ca4 - std[70759c8f55707aa4]::sys::backtrace::__rust_begin_short_backtrace::<test[9d35eded1c95d3be]::run_test::{closure#1}, ()>
[INFO] [stdout]   18:     0x641f7c690542 - <std[70759c8f55707aa4]::thread::lifecycle::spawn_unchecked<test[9d35eded1c95d3be]::run_test::{closure#1}, ()>::{closure#1} as core[df12db4294e9bfd3]::ops::function::FnOnce<()>>::call_once::{shim:vtable#0}
[INFO] [stdout]   19:     0x641f7c6f94b9 - <std[70759c8f55707aa4]::sys::thread::unix::Thread>::new::thread_start
[INFO] [stdout]   20:     0x7c86ba21ddfa - <unknown>
[INFO] [stdout]   21:     0x7c86ba2b13d4 - clone
[INFO] [stdout]   22:                0x0 - <unknown>
[INFO] [stdout] 
[INFO] [stdout] ---- tests::roundtrips_json stdout ----
[INFO] [stdout] 
[INFO] [stdout] thread 'tests::roundtrips_json' (484) panicked at src/lib.rs:1032:70:
[INFO] [stdout] read /opt/rustwide/workdir/../../worlds/market/world.json: No such file or directory (os error 2)
[INFO] [stdout] stack backtrace:
[INFO] [stdout]    0:     0x641f7c6f9f51 - <<std[70759c8f55707aa4]::sys::backtrace::BacktraceLock>::print::DisplayBacktrace as core[df12db4294e9bfd3]::fmt::Display>::fmt
[INFO] [stdout]    1:     0x641f7c71067a - core[df12db4294e9bfd3]::fmt::write
[INFO] [stdout]    2:     0x641f7c6fe6dc - <alloc[2182bb758b4b3781]::vec::Vec<u8> as core[df12db4294e9bfd3]::io::write::Write>::write_fmt
[INFO] [stdout]    3:     0x641f7c6d5d76 - std[70759c8f55707aa4]::panicking::default_hook::{closure#0}
[INFO] [stdout]    4:     0x641f7c6f2139 - std[70759c8f55707aa4]::panicking::default_hook
[INFO] [stdout]    5:     0x641f7c68ca90 - test[9d35eded1c95d3be]::test_main_inner::<test[9d35eded1c95d3be]::test_main_static::{closure#0}>::{closure#0}
[INFO] [stdout]    6:     0x641f7c6f22f2 - std[70759c8f55707aa4]::panicking::panic_with_hook
[INFO] [stdout]    7:     0x641f7c6d5e22 - std[70759c8f55707aa4]::panicking::panic_handler::{closure#0}
[INFO] [stdout]    8:     0x641f7c6ce979 - std[70759c8f55707aa4]::sys::backtrace::__rust_end_short_backtrace::<std[70759c8f55707aa4]::panicking::panic_handler::{closure#0}, !>
[INFO] [stdout]    9:     0x641f7c6d6a1d - __rustc[8fa7c3cbc660c2b3]::rust_begin_unwind
[INFO] [stdout]   10:     0x641f7c710dac - core[df12db4294e9bfd3]::panicking::panic_fmt
[INFO] [stdout]   11:     0x641f7c66ca6a - thread_manifest[6b5e5285c2692661]::tests::load::{closure#0}
[INFO] [stdout]   12:     0x641f7c66cd54 - thread_manifest[6b5e5285c2692661]::tests::load
[INFO] [stdout]   13:     0x641f7c66cdc3 - thread_manifest[6b5e5285c2692661]::tests::roundtrips_json
[INFO] [stdout]   14:     0x641f7c621ce9 - <thread_manifest[6b5e5285c2692661]::tests::roundtrips_json::{closure#0} as core[df12db4294e9bfd3]::ops::function::FnOnce<()>>::call_once
[INFO] [stdout]   15:     0x641f7c67fd7b - test[9d35eded1c95d3be]::__rust_begin_short_backtrace::<core[df12db4294e9bfd3]::result::Result<(), alloc[2182bb758b4b3781]::string::String>, fn() -> core[df12db4294e9bfd3]::result::Result<(), alloc[2182bb758b4b3781]::string::String>>
[INFO] [stdout]   16:     0x641f7c68d3e5 - test[9d35eded1c95d3be]::run_test::{closure#0}
[INFO] [stdout]   17:     0x641f7c686ca4 - std[70759c8f55707aa4]::sys::backtrace::__rust_begin_short_backtrace::<test[9d35eded1c95d3be]::run_test::{closure#1}, ()>
[INFO] [stdout]   18:     0x641f7c690542 - <std[70759c8f55707aa4]::thread::lifecycle::spawn_unchecked<test[9d35eded1c95d3be]::run_test::{closure#1}, ()>::{closure#1} as core[df12db4294e9bfd3]::ops::function::FnOnce<()>>::call_once::{shim:vtable#0}
[INFO] [stdout]   19:     0x641f7c6f94b9 - <std[70759c8f55707aa4]::sys::thread::unix::Thread>::new::thread_start
[INFO] [stdout]   20:     0x7c86ba21ddfa - <unknown>
[INFO] [stdout]   21:     0x7c86ba2b13d4 - clone
[INFO] [stdout]   22:                0x0 - <unknown>
[INFO] [stdout] 
[INFO] [stdout] ---- tests::all_hosted_world_fixtures_are_conformant stdout ----
[INFO] [stdout] 
[INFO] [stdout] thread 'tests::all_hosted_world_fixtures_are_conformant' (475) panicked at src/lib.rs:1198:46:
[INFO] [stdout] called `Result::unwrap()` on an `Err` value: Os { code: 2, kind: NotFound, message: "No such file or directory" }
[INFO] [stdout] stack backtrace:
[INFO] [stdout]    0:     0x641f7c6f9f51 - <<std[70759c8f55707aa4]::sys::backtrace::BacktraceLock>::print::DisplayBacktrace as core[df12db4294e9bfd3]::fmt::Display>::fmt
[INFO] [stdout]    1:     0x641f7c71067a - core[df12db4294e9bfd3]::fmt::write
[INFO] [stdout]    2:     0x641f7c6fe6dc - <alloc[2182bb758b4b3781]::vec::Vec<u8> as core[df12db4294e9bfd3]::io::write::Write>::write_fmt
[INFO] [stdout]    3:     0x641f7c6d5d76 - std[70759c8f55707aa4]::panicking::default_hook::{closure#0}
[INFO] [stdout]    4:     0x641f7c6f2139 - std[70759c8f55707aa4]::panicking::default_hook
[INFO] [stdout]    5:     0x641f7c68ca90 - test[9d35eded1c95d3be]::test_main_inner::<test[9d35eded1c95d3be]::test_main_static::{closure#0}>::{closure#0}
[INFO] [stdout]    6:     0x641f7c6f22f2 - std[70759c8f55707aa4]::panicking::panic_with_hook
[INFO] [stdout]    7:     0x641f7c6d5e22 - std[70759c8f55707aa4]::panicking::panic_handler::{closure#0}
[INFO] [stdout]    8:     0x641f7c6ce979 - std[70759c8f55707aa4]::sys::backtrace::__rust_end_short_backtrace::<std[70759c8f55707aa4]::panicking::panic_handler::{closure#0}, !>
[INFO] [stdout]    9:     0x641f7c6d6a1d - __rustc[8fa7c3cbc660c2b3]::rust_begin_unwind
[INFO] [stdout]   10:     0x641f7c710dac - core[df12db4294e9bfd3]::panicking::panic_fmt
[INFO] [stdout]   11:     0x641f7c710b82 - core[df12db4294e9bfd3]::result::unwrap_failed
[INFO] [stdout]   12:     0x641f7c66f3d5 - thread_manifest[6b5e5285c2692661]::tests::all_hosted_world_fixtures_are_conformant
[INFO] [stdout]   13:     0x641f7c621dc9 - <thread_manifest[6b5e5285c2692661]::tests::all_hosted_world_fixtures_are_conformant::{closure#0} as core[df12db4294e9bfd3]::ops::function::FnOnce<()>>::call_once
[INFO] [stdout]   14:     0x641f7c67fd7b - test[9d35eded1c95d3be]::__rust_begin_short_backtrace::<core[df12db4294e9bfd3]::result::Result<(), alloc[2182bb758b4b3781]::string::String>, fn() -> core[df12db4294e9bfd3]::result::Result<(), alloc[2182bb758b4b3781]::string::String>>
[INFO] [stdout]   15:     0x641f7c68d3e5 - test[9d35eded1c95d3be]::run_test::{closure#0}
[INFO] [stdout]   16:     0x641f7c686ca4 - std[70759c8f55707aa4]::sys::backtrace::__rust_begin_short_backtrace::<test[9d35eded1c95d3be]::run_test::{closure#1}, ()>
[INFO] [stdout]   17:     0x641f7c690542 - <std[70759c8f55707aa4]::thread::lifecycle::spawn_unchecked<test[9d35eded1c95d3be]::run_test::{closure#1}, ()>::{closure#1} as core[df12db4294e9bfd3]::ops::function::FnOnce<()>>::call_once::{shim:vtable#0}
[INFO] [stdout]   18:     0x641f7c6f94b9 - <std[70759c8f55707aa4]::sys::thread::unix::Thread>::new::thread_start
[INFO] [stdout]   19:     0x7c86ba21ddfa - <unknown>
[INFO] [stdout]   20:     0x7c86ba2b13d4 - clone
[INFO] [stdout]   21:                0x0 - <unknown>
[INFO] [stdout] 
[INFO] [stdout] ---- tests::example_market_is_conformant_and_links_back stdout ----
[INFO] [stdout] 
[INFO] [stdout] thread 'tests::example_market_is_conformant_and_links_back' (478) panicked at src/lib.rs:1032:70:
[INFO] [stdout] read /opt/rustwide/workdir/../../worlds/market/world.json: No such file or directory (os error 2)
[INFO] [stdout] stack backtrace:
[INFO] [stdout]    0:     0x641f7c6f9f51 - <<std[70759c8f55707aa4]::sys::backtrace::BacktraceLock>::print::DisplayBacktrace as core[df12db4294e9bfd3]::fmt::Display>::fmt
[INFO] [stdout]    1:     0x641f7c71067a - core[df12db4294e9bfd3]::fmt::write
[INFO] [stdout]    2:     0x641f7c6fe6dc - <alloc[2182bb758b4b3781]::vec::Vec<u8> as core[df12db4294e9bfd3]::io::write::Write>::write_fmt
[INFO] [stdout]    3:     0x641f7c6d5d76 - std[70759c8f55707aa4]::panicking::default_hook::{closure#0}
[INFO] [stdout]    4:     0x641f7c6f2139 - std[70759c8f55707aa4]::panicking::default_hook
[INFO] [stdout]    5:     0x641f7c68ca90 - test[9d35eded1c95d3be]::test_main_inner::<test[9d35eded1c95d3be]::test_main_static::{closure#0}>::{closure#0}
[INFO] [stdout]    6:     0x641f7c6f22f2 - std[70759c8f55707aa4]::panicking::panic_with_hook
[INFO] [stdout]    7:     0x641f7c6d5e22 - std[70759c8f55707aa4]::panicking::panic_handler::{closure#0}
[INFO] [stdout]    8:     0x641f7c6ce979 - std[70759c8f55707aa4]::sys::backtrace::__rust_end_short_backtrace::<std[70759c8f55707aa4]::panicking::panic_handler::{closure#0}, !>
[INFO] [stdout]    9:     0x641f7c6d6a1d - __rustc[8fa7c3cbc660c2b3]::rust_begin_unwind
[INFO] [stdout]   10:     0x641f7c710dac - core[df12db4294e9bfd3]::panicking::panic_fmt
[INFO] [stdout]   11:     0x641f7c66ca6a - thread_manifest[6b5e5285c2692661]::tests::load::{closure#0}
[INFO] [stdout]   12:     0x641f7c66cd54 - thread_manifest[6b5e5285c2692661]::tests::load
[INFO] [stdout]   13:     0x641f7c66f877 - thread_manifest[6b5e5285c2692661]::tests::example_market_is_conformant_and_links_back
[INFO] [stdout]   14:     0x641f7c621e09 - <thread_manifest[6b5e5285c2692661]::tests::example_market_is_conformant_and_links_back::{closure#0} as core[df12db4294e9bfd3]::ops::function::FnOnce<()>>::call_once
[INFO] [stdout]   15:     0x641f7c67fd7b - test[9d35eded1c95d3be]::__rust_begin_short_backtrace::<core[df12db4294e9bfd3]::result::Result<(), alloc[2182bb758b4b3781]::string::String>, fn() -> core[df12db4294e9bfd3]::result::Result<(), alloc[2182bb758b4b3781]::string::String>>
[INFO] [stdout]   16:     0x641f7c68d3e5 - test[9d35eded1c95d3be]::run_test::{closure#0}
[INFO] [stdout]   17:     0x641f7c686ca4 - std[70759c8f55707aa4]::sys::backtrace::__rust_begin_short_backtrace::<test[9d35eded1c95d3be]::run_test::{closure#1}, ()>
[INFO] [stdout]   18:     0x641f7c690542 - <std[70759c8f55707aa4]::thread::lifecycle::spawn_unchecked<test[9d35eded1c95d3be]::run_test::{closure#1}, ()>::{closure#1} as core[df12db4294e9bfd3]::ops::function::FnOnce<()>>::call_once::{shim:vtable#0}
[INFO] [stdout]   19:     0x641f7c6f94b9 - <std[70759c8f55707aa4]::sys::thread::unix::Thread>::new::thread_start
[INFO] [stdout]   20:     0x7c86ba21ddfa - <unknown>
[INFO] [stdout]   21:     0x7c86ba2b13d4 - clone
[INFO] [stdout]   22:                0x0 - <unknown>
[INFO] [stdout] 
[INFO] [stdout] 
[INFO] [stdout] failures:
[INFO] [stdout]     tests::all_hosted_world_fixtures_are_conformant
[INFO] [stdout]     tests::example_archive_is_conformant
[INFO] [stdout]     tests::example_market_is_conformant_and_links_back
[INFO] [stdout]     tests::roundtrips_json
[INFO] [stdout] 
[INFO] [stdout] test result: FAILED. 53 passed; 4 failed; 0 ignored; 0 measured; 0 filtered out; finished in 0.01s
[INFO] [stdout] 
[INFO] running `Command { std: "docker" "inspect" "f93637b6218beaf38521a0b31e36b6ffe64adbb8b856056f15edda4f56a33b22", kill_on_drop: false }`
[INFO] running `Command { std: "docker" "rm" "-f" "f93637b6218beaf38521a0b31e36b6ffe64adbb8b856056f15edda4f56a33b22", kill_on_drop: false }`
[INFO] [stdout] f93637b6218beaf38521a0b31e36b6ffe64adbb8b856056f15edda4f56a33b22
