[INFO] fetching crate thread-amount 0.3.0...
[INFO] testing thread-amount-0.3.0 against 1.100.0-beta.1+cargoflags=--release for beta-release-1.100-2
[INFO] extracting crate thread-amount 0.3.0 into /workspace/builds/worker-0-tc2/source
[INFO] started tweaking crates.io crate thread-amount 0.3.0
[INFO] finished tweaking crates.io crate thread-amount 0.3.0
[INFO] tweaked toml for crates.io crate thread-amount 0.3.0 written to /workspace/builds/worker-0-tc2/source/Cargo.toml
[INFO] validating manifest of crates.io crate thread-amount 0.3.0 on toolchain 1.100.0-beta.1
[INFO] running `Command { std: CARGO_HOME="/workspace/cargo-home" RUSTUP_HOME="/workspace/rustup-home" "/workspace/cargo-home/bin/cargo" "+1.100.0-beta.1" "metadata" "--manifest-path" "Cargo.toml" "--no-deps", kill_on_drop: false }`
[INFO] crate crates.io crate thread-amount 0.3.0 already has a lockfile, it will not be regenerated
[INFO] running `Command { std: CARGO_HOME="/workspace/cargo-home" RUSTUP_HOME="/workspace/rustup-home" "/workspace/cargo-home/bin/cargo" "+1.100.0-beta.1" "fetch" "--manifest-path" "Cargo.toml", kill_on_drop: false }`
[INFO] running `Command { std: "docker" "create" "-v" "/var/lib/crater-agent-workspace/builds/worker-0-tc2/source:/opt/rustwide/workdir:ro,Z" "-v" "/var/lib/crater-agent-workspace/builds/worker-0-tc2/target:/opt/rustwide/target:rw,Z" "-v" "/var/lib/crater-agent-workspace/cargo-home:/opt/rustwide/cargo-home:ro,Z" "-v" "/var/lib/crater-agent-workspace/rustup-home:/opt/rustwide/rustup-home:ro,Z" "-m" "1610612736" "--network" "none" "ghcr.io/rust-lang/crates-build-env/linux@sha256:77db811e55d90add9212f6832c23229e3de5f1c1f9905e8cb07319ea15df73ac" "sleep" "infinity", kill_on_drop: false }`
[INFO] [stdout] f31f70eb0ad33cd2ca14d2fb09d9a153d7f003aa0c531d3790cfe6b597c68787
[INFO] running `Command { std: "docker" "start" "f31f70eb0ad33cd2ca14d2fb09d9a153d7f003aa0c531d3790cfe6b597c68787", kill_on_drop: false }`
[INFO] running `Command { std: "docker" "inspect" "f31f70eb0ad33cd2ca14d2fb09d9a153d7f003aa0c531d3790cfe6b597c68787", kill_on_drop: false }`
[INFO] running `Command { std: "docker" "exec" "-e" "SOURCE_DIR=/opt/rustwide/workdir" "-e" "CARGO_HOME=/opt/rustwide/cargo-home" "-e" "RUSTUP_HOME=/opt/rustwide/rustup-home" "-e" "CARGO_TARGET_DIR=/opt/rustwide/target" "-w" "/opt/rustwide/workdir" "--user" "0:0" "f31f70eb0ad33cd2ca14d2fb09d9a153d7f003aa0c531d3790cfe6b597c68787" "/opt/rustwide/cargo-home/bin/cargo" "+1.100.0-beta.1" "metadata" "--no-deps" "--format-version=1", kill_on_drop: false }`
[INFO] running `Command { std: "docker" "inspect" "f31f70eb0ad33cd2ca14d2fb09d9a153d7f003aa0c531d3790cfe6b597c68787", kill_on_drop: false }`
[INFO] running `Command { std: "docker" "exec" "-e" "SOURCE_DIR=/opt/rustwide/workdir" "-e" "CARGO_HOME=/opt/rustwide/cargo-home" "-e" "RUSTUP_HOME=/opt/rustwide/rustup-home" "-e" "CARGO_TARGET_DIR=/opt/rustwide/target" "-e" "CARGO_INCREMENTAL=0" "-e" "RUST_BACKTRACE=full" "-e" "RUSTFLAGS=--cap-lints=warn" "-e" "RUSTDOCFLAGS=--cap-lints=warn" "-w" "/opt/rustwide/workdir" "--user" "0:0" "f31f70eb0ad33cd2ca14d2fb09d9a153d7f003aa0c531d3790cfe6b597c68787" "/opt/rustwide/cargo-home/bin/cargo" "+1.100.0-beta.1" "build" "--frozen" "--message-format=json" "--release", kill_on_drop: false }`
[INFO] [stderr]    Compiling libc v0.2.178
[INFO] [stderr]    Compiling thread-amount v0.3.0 (/opt/rustwide/workdir)
[INFO] [stderr]     Finished `release` profile [optimized] target(s) in 1.83s
[INFO] running `Command { std: "docker" "inspect" "f31f70eb0ad33cd2ca14d2fb09d9a153d7f003aa0c531d3790cfe6b597c68787", kill_on_drop: false }`
[INFO] running `Command { std: "docker" "exec" "-e" "SOURCE_DIR=/opt/rustwide/workdir" "-e" "CARGO_HOME=/opt/rustwide/cargo-home" "-e" "RUSTUP_HOME=/opt/rustwide/rustup-home" "-e" "CARGO_TARGET_DIR=/opt/rustwide/target" "-e" "CARGO_INCREMENTAL=0" "-e" "RUST_BACKTRACE=full" "-e" "RUSTFLAGS=--cap-lints=warn" "-e" "RUSTDOCFLAGS=--cap-lints=warn" "-w" "/opt/rustwide/workdir" "--user" "0:0" "f31f70eb0ad33cd2ca14d2fb09d9a153d7f003aa0c531d3790cfe6b597c68787" "/opt/rustwide/cargo-home/bin/cargo" "+1.100.0-beta.1" "test" "--frozen" "--no-run" "--message-format=json" "--release", kill_on_drop: false }`
[INFO] [stderr]    Compiling thread-amount v0.3.0 (/opt/rustwide/workdir)
[INFO] [stderr]     Finished `release` profile [optimized] target(s) in 1.09s
[INFO] running `Command { std: "docker" "inspect" "f31f70eb0ad33cd2ca14d2fb09d9a153d7f003aa0c531d3790cfe6b597c68787", kill_on_drop: false }`
[INFO] running `Command { std: "docker" "exec" "-e" "SOURCE_DIR=/opt/rustwide/workdir" "-e" "CARGO_HOME=/opt/rustwide/cargo-home" "-e" "RUSTUP_HOME=/opt/rustwide/rustup-home" "-e" "CARGO_TARGET_DIR=/opt/rustwide/target" "-e" "CARGO_INCREMENTAL=0" "-e" "RUST_BACKTRACE=full" "-e" "RUSTFLAGS=--cap-lints=warn" "-e" "RUSTDOCFLAGS=--cap-lints=warn" "-w" "/opt/rustwide/workdir" "--user" "0:0" "f31f70eb0ad33cd2ca14d2fb09d9a153d7f003aa0c531d3790cfe6b597c68787" "/opt/rustwide/cargo-home/bin/cargo" "+1.100.0-beta.1" "test" "--frozen" "--release", kill_on_drop: false }`
[INFO] [stderr]     Finished `release` profile [optimized] target(s) in 0.03s
[INFO] [stderr]      Running unittests src/lib.rs (/opt/rustwide/target/release/build/thread-amount/b42beee2c3a93f95/out/thread_amount-b42beee2c3a93f95)
[INFO] [stdout] 
[INFO] [stdout] running 11 tests
[INFO] [stdout] test tests::thread_amount_tests::spawn_increases_count ... FAILED
[INFO] [stdout] test tests::thread_amount_tests::panicking_thread_decrements_count ... ok
[INFO] [stdout] test tests::is_single_threaded_tests::test_lifecycle_relative_to_baseline ... FAILED
[INFO] [stdout] test tests::thread_amount_tests::named_threads_are_counted ... FAILED
[INFO] [stdout] test tests::thread_amount_tests::many_threads_simultaneously ... FAILED
[INFO] [stdout] test tests::is_single_threaded_tests::lifecycle_is_relative ... FAILED
[INFO] [stdout] test tests::is_single_threaded_tests::test_state_is_restored_after_panic ... FAILED
[INFO] [stdout] test tests::is_single_threaded_tests::test_state_with_many_threads ... FAILED
[INFO] [stdout] test tests::thread_amount_tests::rapid_churn ... FAILED
[INFO] [stdout] test tests::thread_amount_tests::nested_spawning ... FAILED
[INFO] [stderr] error: test failed, to rerun pass `--lib`
[INFO] [stdout] test tests::thread_amount_tests::count_decreases_after_join ... FAILED
[INFO] [stdout] 
[INFO] [stdout] failures:
[INFO] [stdout] 
[INFO] [stdout] ---- tests::thread_amount_tests::spawn_increases_count stdout ----
[INFO] [stdout] 
[INFO] [stdout] thread 'tests::thread_amount_tests::spawn_increases_count' (203) panicked at src/lib.rs:68:13:
[INFO] [stdout] assertion `left == right` failed
[INFO] [stdout]   left: 35
[INFO] [stdout]  right: 21
[INFO] [stdout] stack backtrace:
[INFO] [stdout]    0:     0x5d51af9ef621 - <<std[617be2ca0a6fd877]::sys::backtrace::BacktraceLock>::print::DisplayBacktrace as core[a373ad73a504971]::fmt::Display>::fmt
[INFO] [stdout]    1:     0x5d51afa041aa - core[a373ad73a504971]::fmt::write
[INFO] [stdout]    2:     0x5d51af9f383c - <alloc[2e1b2a31b91974c5]::vec::Vec<u8> as core[a373ad73a504971]::io::write::Write>::write_fmt
[INFO] [stdout]    3:     0x5d51af9cb4b6 - std[617be2ca0a6fd877]::panicking::default_hook::{closure#0}
[INFO] [stdout]    4:     0x5d51af9e7899 - std[617be2ca0a6fd877]::panicking::default_hook
[INFO] [stdout]    5:     0x5d51af983840 - test[aada8e7e76ba119b]::test_main_inner::{closure#0}
[INFO] [stdout]    6:     0x5d51af9e7a52 - std[617be2ca0a6fd877]::panicking::panic_with_hook
[INFO] [stdout]    7:     0x5d51af9cb562 - std[617be2ca0a6fd877]::panicking::panic_handler::{closure#0}
[INFO] [stdout]    8:     0x5d51af9c40e9 - std[617be2ca0a6fd877]::sys::backtrace::__rust_end_short_backtrace::<std[617be2ca0a6fd877]::panicking::panic_handler::{closure#0}, !>
[INFO] [stdout]    9:     0x5d51af9cc16d - __rustc[ea4f61d10b84890b]::rust_begin_unwind
[INFO] [stdout]   10:     0x5d51afa048dc - core[a373ad73a504971]::panicking::panic_fmt
[INFO] [stdout]   11:     0x5d51afa047f3 - core[a373ad73a504971]::panicking::assert_failed_inner
[INFO] [stdout]   12:     0x5d51afa01078 - core[a373ad73a504971]::panicking::assert_failed::<usize, usize>
[INFO] [stdout]   13:     0x5d51af973d66 - <thread_amount[d934607744e835ea]::tests::thread_amount_tests::spawn_increases_count::{closure#0} as core[a373ad73a504971]::ops::function::FnOnce<()>>::call_once
[INFO] [stdout]   14:     0x5d51af976c8b - test[aada8e7e76ba119b]::__rust_begin_short_backtrace::<core[a373ad73a504971]::result::Result<(), alloc[2e1b2a31b91974c5]::string::String>, fn() -> core[a373ad73a504971]::result::Result<(), alloc[2e1b2a31b91974c5]::string::String>>
[INFO] [stdout]   15:     0x5d51af983e65 - test[aada8e7e76ba119b]::run_test::{closure#0}
[INFO] [stdout]   16:     0x5d51af97d754 - std[617be2ca0a6fd877]::sys::backtrace::__rust_begin_short_backtrace::<test[aada8e7e76ba119b]::run_test::{closure#1}, ()>
[INFO] [stdout]   17:     0x5d51af986ef2 - <std[617be2ca0a6fd877]::thread::lifecycle::spawn_unchecked<test[aada8e7e76ba119b]::run_test::{closure#1}, ()>::{closure#1} as core[a373ad73a504971]::ops::function::FnOnce<()>>::call_once::{shim:vtable#0}
[INFO] [stdout]   18:     0x5d51af9eeb1f - <std[617be2ca0a6fd877]::sys::thread::unix::Thread>::new::thread_start
[INFO] [stdout]   19:     0x7cda37b20dfa - <unknown>
[INFO] [stdout]   20:     0x7cda37bb43d4 - clone
[INFO] [stdout]   21:                0x0 - <unknown>
[INFO] [stdout] 
[INFO] [stdout] ---- tests::is_single_threaded_tests::test_lifecycle_relative_to_baseline stdout ----
[INFO] [stdout] 
[INFO] [stdout] thread 'tests::is_single_threaded_tests::test_lifecycle_relative_to_baseline' (194) panicked at src/lib.rs:248:13:
[INFO] [stdout] Timed out waiting for thread count to stabilize at 13. Last count: 31
[INFO] [stdout] stack backtrace:
[INFO] [stdout]    0:     0x5d51af9ef621 - <<std[617be2ca0a6fd877]::sys::backtrace::BacktraceLock>::print::DisplayBacktrace as core[a373ad73a504971]::fmt::Display>::fmt
[INFO] [stdout]    1:     0x5d51afa041aa - core[a373ad73a504971]::fmt::write
[INFO] [stdout]    2:     0x5d51af9f383c - <alloc[2e1b2a31b91974c5]::vec::Vec<u8> as core[a373ad73a504971]::io::write::Write>::write_fmt
[INFO] [stdout]    3:     0x5d51af9cb4b6 - std[617be2ca0a6fd877]::panicking::default_hook::{closure#0}
[INFO] [stdout]    4:     0x5d51af9e7899 - std[617be2ca0a6fd877]::panicking::default_hook
[INFO] [stdout]    5:     0x5d51af983840 - test[aada8e7e76ba119b]::test_main_inner::{closure#0}
[INFO] [stdout]    6:     0x5d51af9e7a52 - std[617be2ca0a6fd877]::panicking::panic_with_hook
[INFO] [stdout]    7:     0x5d51af9cb562 - std[617be2ca0a6fd877]::panicking::panic_handler::{closure#0}
[INFO] [stdout]    8:     0x5d51af9c40e9 - std[617be2ca0a6fd877]::sys::backtrace::__rust_end_short_backtrace::<std[617be2ca0a6fd877]::panicking::panic_handler::{closure#0}, !>
[INFO] [stdout]    9:     0x5d51af9cc16d - __rustc[ea4f61d10b84890b]::rust_begin_unwind
[INFO] [stdout]   10:     0x5d51afa048dc - core[a373ad73a504971]::panicking::panic_fmt
[INFO] [stdout]   11:     0x5d51af97699b - <thread_amount[d934607744e835ea]::tests::is_single_threaded_tests::test_lifecycle_relative_to_baseline::{closure#0} as core[a373ad73a504971]::ops::function::FnOnce<()>>::call_once
[INFO] [stdout]   12:     0x5d51af976c8b - test[aada8e7e76ba119b]::__rust_begin_short_backtrace::<core[a373ad73a504971]::result::Result<(), alloc[2e1b2a31b91974c5]::string::String>, fn() -> core[a373ad73a504971]::result::Result<(), alloc[2e1b2a31b91974c5]::string::String>>
[INFO] [stdout]   13:     0x5d51af983e65 - test[aada8e7e76ba119b]::run_test::{closure#0}
[INFO] [stdout]   14:     0x5d51af97d754 - std[617be2ca0a6fd877]::sys::backtrace::__rust_begin_short_backtrace::<test[aada8e7e76ba119b]::run_test::{closure#1}, ()>
[INFO] [stdout]   15:     0x5d51af986ef2 - <std[617be2ca0a6fd877]::thread::lifecycle::spawn_unchecked<test[aada8e7e76ba119b]::run_test::{closure#1}, ()>::{closure#1} as core[a373ad73a504971]::ops::function::FnOnce<()>>::call_once::{shim:vtable#0}
[INFO] [stdout]   16:     0x5d51af9eeb1f - <std[617be2ca0a6fd877]::sys::thread::unix::Thread>::new::thread_start
[INFO] [stdout]   17:     0x7cda37b20dfa - <unknown>
[INFO] [stdout]   18:     0x7cda37bb43d4 - clone
[INFO] [stdout]   19:                0x0 - <unknown>
[INFO] [stdout] 
[INFO] [stdout] ---- tests::thread_amount_tests::named_threads_are_counted stdout ----
[INFO] [stdout] 
[INFO] [stdout] thread 'tests::thread_amount_tests::named_threads_are_counted' (199) panicked at src/lib.rs:169:13:
[INFO] [stdout] Timed out waiting for thread count to stabilize at 23. Last count: 31
[INFO] [stdout] stack backtrace:
[INFO] [stdout]    0:     0x5d51af9ef621 - <<std[617be2ca0a6fd877]::sys::backtrace::BacktraceLock>::print::DisplayBacktrace as core[a373ad73a504971]::fmt::Display>::fmt
[INFO] [stdout]    1:     0x5d51afa041aa - core[a373ad73a504971]::fmt::write
[INFO] [stdout]    2:     0x5d51af9f383c - <alloc[2e1b2a31b91974c5]::vec::Vec<u8> as core[a373ad73a504971]::io::write::Write>::write_fmt
[INFO] [stdout]    3:     0x5d51af9cb4b6 - std[617be2ca0a6fd877]::panicking::default_hook::{closure#0}
[INFO] [stdout]    4:     0x5d51af9e7899 - std[617be2ca0a6fd877]::panicking::default_hook
[INFO] [stdout]    5:     0x5d51af983840 - test[aada8e7e76ba119b]::test_main_inner::{closure#0}
[INFO] [stdout]    6:     0x5d51af9e7a52 - std[617be2ca0a6fd877]::panicking::panic_with_hook
[INFO] [stdout]    7:     0x5d51af9cb562 - std[617be2ca0a6fd877]::panicking::panic_handler::{closure#0}
[INFO] [stdout]    8:     0x5d51af9c40e9 - std[617be2ca0a6fd877]::sys::backtrace::__rust_end_short_backtrace::<std[617be2ca0a6fd877]::panicking::panic_handler::{closure#0}, !>
[INFO] [stdout]    9:     0x5d51af9cc16d - __rustc[ea4f61d10b84890b]::rust_begin_unwind
[INFO] [stdout]   10:     0x5d51afa048dc - core[a373ad73a504971]::panicking::panic_fmt
[INFO] [stdout]   11:     0x5d51af97402f - <thread_amount[d934607744e835ea]::tests::thread_amount_tests::named_threads_are_counted::{closure#0} as core[a373ad73a504971]::ops::function::FnOnce<()>>::call_once
[INFO] [stdout]   12:     0x5d51af976c8b - test[aada8e7e76ba119b]::__rust_begin_short_backtrace::<core[a373ad73a504971]::result::Result<(), alloc[2e1b2a31b91974c5]::string::String>, fn() -> core[a373ad73a504971]::result::Result<(), alloc[2e1b2a31b91974c5]::string::String>>
[INFO] [stdout]   13:     0x5d51af983e65 - test[aada8e7e76ba119b]::run_test::{closure#0}
[INFO] [stdout]   14:     0x5d51af97d754 - std[617be2ca0a6fd877]::sys::backtrace::__rust_begin_short_backtrace::<test[aada8e7e76ba119b]::run_test::{closure#1}, ()>
[INFO] [stdout]   15:     0x5d51af986ef2 - <std[617be2ca0a6fd877]::thread::lifecycle::spawn_unchecked<test[aada8e7e76ba119b]::run_test::{closure#1}, ()>::{closure#1} as core[a373ad73a504971]::ops::function::FnOnce<()>>::call_once::{shim:vtable#0}
[INFO] [stdout]   16:     0x5d51af9eeb1f - <std[617be2ca0a6fd877]::sys::thread::unix::Thread>::new::thread_start
[INFO] [stdout]   17:     0x7cda37b20dfa - <unknown>
[INFO] [stdout]   18:     0x7cda37bb43d4 - clone
[INFO] [stdout]   19:                0x0 - <unknown>
[INFO] [stdout] 
[INFO] [stdout] ---- tests::thread_amount_tests::many_threads_simultaneously stdout ----
[INFO] [stdout] 
[INFO] [stdout] thread 'tests::thread_amount_tests::many_threads_simultaneously' (198) panicked at src/lib.rs:93:13:
[INFO] [stdout] Timed out waiting for thread count to stabilize at 20. Last count: 31
[INFO] [stdout] stack backtrace:
[INFO] [stdout]    0:     0x5d51af9ef621 - <<std[617be2ca0a6fd877]::sys::backtrace::BacktraceLock>::print::DisplayBacktrace as core[a373ad73a504971]::fmt::Display>::fmt
[INFO] [stdout]    1:     0x5d51afa041aa - core[a373ad73a504971]::fmt::write
[INFO] [stdout]    2:     0x5d51af9f383c - <alloc[2e1b2a31b91974c5]::vec::Vec<u8> as core[a373ad73a504971]::io::write::Write>::write_fmt
[INFO] [stdout]    3:     0x5d51af9cb4b6 - std[617be2ca0a6fd877]::panicking::default_hook::{closure#0}
[INFO] [stdout]    4:     0x5d51af9e7899 - std[617be2ca0a6fd877]::panicking::default_hook
[INFO] [stdout]    5:     0x5d51af983840 - test[aada8e7e76ba119b]::test_main_inner::{closure#0}
[INFO] [stdout]    6:     0x5d51af9e7a52 - std[617be2ca0a6fd877]::panicking::panic_with_hook
[INFO] [stdout]    7:     0x5d51af9cb562 - std[617be2ca0a6fd877]::panicking::panic_handler::{closure#0}
[INFO] [stdout]    8:     0x5d51af9c40e9 - std[617be2ca0a6fd877]::sys::backtrace::__rust_end_short_backtrace::<std[617be2ca0a6fd877]::panicking::panic_handler::{closure#0}, !>
[INFO] [stdout]    9:     0x5d51af9cc16d - __rustc[ea4f61d10b84890b]::rust_begin_unwind
[INFO] [stdout]   10:     0x5d51afa048dc - core[a373ad73a504971]::panicking::panic_fmt
[INFO] [stdout]   11:     0x5d51af97310e - thread_amount[d934607744e835ea]::tests::thread_amount_tests::many_threads_simultaneously
[INFO] [stdout]   12:     0x5d51af974459 - <thread_amount[d934607744e835ea]::tests::thread_amount_tests::many_threads_simultaneously::{closure#0} as core[a373ad73a504971]::ops::function::FnOnce<()>>::call_once
[INFO] [stdout]   13:     0x5d51af976c8b - test[aada8e7e76ba119b]::__rust_begin_short_backtrace::<core[a373ad73a504971]::result::Result<(), alloc[2e1b2a31b91974c5]::string::String>, fn() -> core[a373ad73a504971]::result::Result<(), alloc[2e1b2a31b91974c5]::string::String>>
[INFO] [stdout]   14:     0x5d51af983e65 - test[aada8e7e76ba119b]::run_test::{closure#0}
[INFO] [stdout]   15:     0x5d51af97d754 - std[617be2ca0a6fd877]::sys::backtrace::__rust_begin_short_backtrace::<test[aada8e7e76ba119b]::run_test::{closure#1}, ()>
[INFO] [stdout]   16:     0x5d51af986ef2 - <std[617be2ca0a6fd877]::thread::lifecycle::spawn_unchecked<test[aada8e7e76ba119b]::run_test::{closure#1}, ()>::{closure#1} as core[a373ad73a504971]::ops::function::FnOnce<()>>::call_once::{shim:vtable#0}
[INFO] [stdout]   17:     0x5d51af9eeb1f - <std[617be2ca0a6fd877]::sys::thread::unix::Thread>::new::thread_start
[INFO] [stdout]   18:     0x7cda37b20dfa - <unknown>
[INFO] [stdout]   19:     0x7cda37bb43d4 - clone
[INFO] [stdout]   20:                0x0 - <unknown>
[INFO] [stdout] 
[INFO] [stdout] ---- tests::is_single_threaded_tests::lifecycle_is_relative stdout ----
[INFO] [stdout] 
[INFO] [stdout] thread 'tests::is_single_threaded_tests::lifecycle_is_relative' (193) panicked at src/lib.rs:210:13:
[INFO] [stdout] Timed out waiting for thread count to stabilize at 15. Last count: 31
[INFO] [stdout] stack backtrace:
[INFO] [stdout]    0:     0x5d51af9ef621 - <<std[617be2ca0a6fd877]::sys::backtrace::BacktraceLock>::print::DisplayBacktrace as core[a373ad73a504971]::fmt::Display>::fmt
[INFO] [stdout]    1:     0x5d51afa041aa - core[a373ad73a504971]::fmt::write
[INFO] [stdout]    2:     0x5d51af9f383c - <alloc[2e1b2a31b91974c5]::vec::Vec<u8> as core[a373ad73a504971]::io::write::Write>::write_fmt
[INFO] [stdout]    3:     0x5d51af9cb4b6 - std[617be2ca0a6fd877]::panicking::default_hook::{closure#0}
[INFO] [stdout]    4:     0x5d51af9e7899 - std[617be2ca0a6fd877]::panicking::default_hook
[INFO] [stdout]    5:     0x5d51af983840 - test[aada8e7e76ba119b]::test_main_inner::{closure#0}
[INFO] [stdout]    6:     0x5d51af9e7a52 - std[617be2ca0a6fd877]::panicking::panic_with_hook
[INFO] [stdout]    7:     0x5d51af9cb562 - std[617be2ca0a6fd877]::panicking::panic_handler::{closure#0}
[INFO] [stdout]    8:     0x5d51af9c40e9 - std[617be2ca0a6fd877]::sys::backtrace::__rust_end_short_backtrace::<std[617be2ca0a6fd877]::panicking::panic_handler::{closure#0}, !>
[INFO] [stdout]    9:     0x5d51af9cc16d - __rustc[ea4f61d10b84890b]::rust_begin_unwind
[INFO] [stdout]   10:     0x5d51afa048dc - core[a373ad73a504971]::panicking::panic_fmt
[INFO] [stdout]   11:     0x5d51af975bf4 - <thread_amount[d934607744e835ea]::tests::is_single_threaded_tests::lifecycle_is_relative::{closure#0} as core[a373ad73a504971]::ops::function::FnOnce<()>>::call_once
[INFO] [stdout]   12:     0x5d51af976c8b - test[aada8e7e76ba119b]::__rust_begin_short_backtrace::<core[a373ad73a504971]::result::Result<(), alloc[2e1b2a31b91974c5]::string::String>, fn() -> core[a373ad73a504971]::result::Result<(), alloc[2e1b2a31b91974c5]::string::String>>
[INFO] [stdout]   13:     0x5d51af983e65 - test[aada8e7e76ba119b]::run_test::{closure#0}
[INFO] [stdout]   14:     0x5d51af97d754 - std[617be2ca0a6fd877]::sys::backtrace::__rust_begin_short_backtrace::<test[aada8e7e76ba119b]::run_test::{closure#1}, ()>
[INFO] [stdout]   15:     0x5d51af986ef2 - <std[617be2ca0a6fd877]::thread::lifecycle::spawn_unchecked<test[aada8e7e76ba119b]::run_test::{closure#1}, ()>::{closure#1} as core[a373ad73a504971]::ops::function::FnOnce<()>>::call_once::{shim:vtable#0}
[INFO] [stdout]   16:     0x5d51af9eeb1f - <std[617be2ca0a6fd877]::sys::thread::unix::Thread>::new::thread_start
[INFO] [stdout]   17:     0x7cda37b20dfa - <unknown>
[INFO] [stdout]   18:     0x7cda37bb43d4 - clone
[INFO] [stdout]   19:                0x0 - <unknown>
[INFO] [stdout] 
[INFO] [stdout] ---- tests::is_single_threaded_tests::test_state_is_restored_after_panic stdout ----
[INFO] [stdout] 
[INFO] [stdout] thread '<unnamed>' (205) panicked at src/lib.rs:274:17:
[INFO] [stdout] Intentional panic to test thread cleanup
[INFO] [stdout] stack backtrace:
[INFO] [stdout]    0:     0x5d51af9ef621 - <<std[617be2ca0a6fd877]::sys::backtrace::BacktraceLock>::print::DisplayBacktrace as core[a373ad73a504971]::fmt::Display>::fmt
[INFO] [stdout]    1:     0x5d51afa041aa - core[a373ad73a504971]::fmt::write
[INFO] [stdout]    2:     0x5d51af9f383c - <alloc[2e1b2a31b91974c5]::vec::Vec<u8> as core[a373ad73a504971]::io::write::Write>::write_fmt
[INFO] [stdout]    3:     0x5d51af9cb4b6 - std[617be2ca0a6fd877]::panicking::default_hook::{closure#0}
[INFO] [stdout]    4:     0x5d51af9e7899 - std[617be2ca0a6fd877]::panicking::default_hook
[INFO] [stdout]    5:     0x5d51af983840 - test[aada8e7e76ba119b]::test_main_inner::{closure#0}
[INFO] [stdout]    6:     0x5d51af9e7a52 - std[617be2ca0a6fd877]::panicking::panic_with_hook
[INFO] [stdout]    7:     0x5d51af9cb594 - std[617be2ca0a6fd877]::panicking::panic_handler::{closure#0}
[INFO] [stdout]    8:     0x5d51af9c40e9 - std[617be2ca0a6fd877]::sys::backtrace::__rust_end_short_backtrace::<std[617be2ca0a6fd877]::panicking::panic_handler::{closure#0}, !>
[INFO] [stdout]    9:     0x5d51af9cc16d - __rustc[ea4f61d10b84890b]::rust_begin_unwind
[INFO] [stdout]   10:     0x5d51afa048dc - core[a373ad73a504971]::panicking::panic_fmt
[INFO] [stdout]   11:     0x5d51af972b2a - thread_amount[d934607744e835ea]::tests::is_single_threaded_tests::test_state_is_restored_after_panic::{closure#0}
[INFO] [stdout]   12:     0x5d51af972a5e - std[617be2ca0a6fd877]::sys::backtrace::__rust_begin_short_backtrace::<thread_amount[d934607744e835ea]::tests::is_single_threaded_tests::test_state_is_restored_after_panic::{closure#0}, !>
[INFO] [stdout]   13:     0x5d51af971331 - std[617be2ca0a6fd877]::thread::lifecycle::spawn_unchecked::<thread_amount[d934607744e835ea]::tests::is_single_threaded_tests::test_state_is_restored_after_panic::{closure#0}, !>::{closure#1}::{closure#0}
[INFO] [stdout]   14:     0x5d51af972606 - <core[a373ad73a504971]::panic::unwind_safe::AssertUnwindSafe<std[617be2ca0a6fd877]::thread::lifecycle::spawn_unchecked<thread_amount[d934607744e835ea]::tests::is_single_threaded_tests::test_state_is_restored_after_panic::{closure#0}, !>::{closure#1}::{closure#0}> as core[a373ad73a504971]::ops::function::FnOnce<()>>::call_once
[INFO] [stdout]   15:     0x5d51af9720ac - <std[617be2ca0a6fd877]::thread::lifecycle::spawn_unchecked<thread_amount[d934607744e835ea]::tests::is_single_threaded_tests::test_state_is_restored_after_panic::{closure#0}, !>::{closure#1} as core[a373ad73a504971]::ops::function::FnOnce<()>>::call_once::{shim:vtable#0}
[INFO] [stdout]   16:     0x5d51af9eeb1f - <std[617be2ca0a6fd877]::sys::thread::unix::Thread>::new::thread_start
[INFO] [stdout]   17:     0x7cda37b20dfa - <unknown>
[INFO] [stdout]   18:     0x7cda37bb43d4 - clone
[INFO] [stdout]   19:                0x0 - <unknown>
[INFO] [stdout] 
[INFO] [stdout] thread 'tests::is_single_threaded_tests::test_state_is_restored_after_panic' (195) panicked at src/lib.rs:281:13:
[INFO] [stdout] Timed out waiting for thread count to stabilize at 12. Last count: 31
[INFO] [stdout] stack backtrace:
[INFO] [stdout]    0:     0x5d51af9ef621 - <<std[617be2ca0a6fd877]::sys::backtrace::BacktraceLock>::print::DisplayBacktrace as core[a373ad73a504971]::fmt::Display>::fmt
[INFO] [stdout]    1:     0x5d51afa041aa - core[a373ad73a504971]::fmt::write
[INFO] [stdout]    2:     0x5d51af9f383c - <alloc[2e1b2a31b91974c5]::vec::Vec<u8> as core[a373ad73a504971]::io::write::Write>::write_fmt
[INFO] [stdout]    3:     0x5d51af9cb4b6 - std[617be2ca0a6fd877]::panicking::default_hook::{closure#0}
[INFO] [stdout]    4:     0x5d51af9e7899 - std[617be2ca0a6fd877]::panicking::default_hook
[INFO] [stdout]    5:     0x5d51af983840 - test[aada8e7e76ba119b]::test_main_inner::{closure#0}
[INFO] [stdout]    6:     0x5d51af9e7a52 - std[617be2ca0a6fd877]::panicking::panic_with_hook
[INFO] [stdout]    7:     0x5d51af9cb562 - std[617be2ca0a6fd877]::panicking::panic_handler::{closure#0}
[INFO] [stdout]    8:     0x5d51af9c40e9 - std[617be2ca0a6fd877]::sys::backtrace::__rust_end_short_backtrace::<std[617be2ca0a6fd877]::panicking::panic_handler::{closure#0}, !>
[INFO] [stdout]    9:     0x5d51af9cc16d - __rustc[ea4f61d10b84890b]::rust_begin_unwind
[INFO] [stdout]   10:     0x5d51afa048dc - core[a373ad73a504971]::panicking::panic_fmt
[INFO] [stdout]   11:     0x5d51af97663f - <thread_amount[d934607744e835ea]::tests::is_single_threaded_tests::test_state_is_restored_after_panic::{closure#0} as core[a373ad73a504971]::ops::function::FnOnce<()>>::call_once
[INFO] [stdout]   12:     0x5d51af976c8b - test[aada8e7e76ba119b]::__rust_begin_short_backtrace::<core[a373ad73a504971]::result::Result<(), alloc[2e1b2a31b91974c5]::string::String>, fn() -> core[a373ad73a504971]::result::Result<(), alloc[2e1b2a31b91974c5]::string::String>>
[INFO] [stdout]   13:     0x5d51af983e65 - test[aada8e7e76ba119b]::run_test::{closure#0}
[INFO] [stdout]   14:     0x5d51af97d754 - std[617be2ca0a6fd877]::sys::backtrace::__rust_begin_short_backtrace::<test[aada8e7e76ba119b]::run_test::{closure#1}, ()>
[INFO] [stdout]   15:     0x5d51af986ef2 - <std[617be2ca0a6fd877]::thread::lifecycle::spawn_unchecked<test[aada8e7e76ba119b]::run_test::{closure#1}, ()>::{closure#1} as core[a373ad73a504971]::ops::function::FnOnce<()>>::call_once::{shim:vtable#0}
[INFO] [stdout]   16:     0x5d51af9eeb1f - <std[617be2ca0a6fd877]::sys::thread::unix::Thread>::new::thread_start
[INFO] [stdout]   17:     0x7cda37b20dfa - <unknown>
[INFO] [stdout]   18:     0x7cda37bb43d4 - clone
[INFO] [stdout]   19:                0x0 - <unknown>
[INFO] [stdout] 
[INFO] [stdout] ---- tests::is_single_threaded_tests::test_state_with_many_threads stdout ----
[INFO] [stdout] 
[INFO] [stdout] thread 'tests::is_single_threaded_tests::test_state_with_many_threads' (196) panicked at src/lib.rs:310:13:
[INFO] [stdout] Timed out waiting for thread count to stabilize at 34. Last count: 31
[INFO] [stdout] stack backtrace:
[INFO] [stdout]    0:     0x5d51af9ef621 - <<std[617be2ca0a6fd877]::sys::backtrace::BacktraceLock>::print::DisplayBacktrace as core[a373ad73a504971]::fmt::Display>::fmt
[INFO] [stdout]    1:     0x5d51afa041aa - core[a373ad73a504971]::fmt::write
[INFO] [stdout]    2:     0x5d51af9f383c - <alloc[2e1b2a31b91974c5]::vec::Vec<u8> as core[a373ad73a504971]::io::write::Write>::write_fmt
[INFO] [stdout]    3:     0x5d51af9cb4b6 - std[617be2ca0a6fd877]::panicking::default_hook::{closure#0}
[INFO] [stdout]    4:     0x5d51af9e7899 - std[617be2ca0a6fd877]::panicking::default_hook
[INFO] [stdout]    5:     0x5d51af983840 - test[aada8e7e76ba119b]::test_main_inner::{closure#0}
[INFO] [stdout]    6:     0x5d51af9e7a52 - std[617be2ca0a6fd877]::panicking::panic_with_hook
[INFO] [stdout]    7:     0x5d51af9cb562 - std[617be2ca0a6fd877]::panicking::panic_handler::{closure#0}
[INFO] [stdout]    8:     0x5d51af9c40e9 - std[617be2ca0a6fd877]::sys::backtrace::__rust_end_short_backtrace::<std[617be2ca0a6fd877]::panicking::panic_handler::{closure#0}, !>
[INFO] [stdout]    9:     0x5d51af9cc16d - __rustc[ea4f61d10b84890b]::rust_begin_unwind
[INFO] [stdout]   10:     0x5d51afa048dc - core[a373ad73a504971]::panicking::panic_fmt
[INFO] [stdout]   11:     0x5d51af976138 - <thread_amount[d934607744e835ea]::tests::is_single_threaded_tests::test_state_with_many_threads::{closure#0} as core[a373ad73a504971]::ops::function::FnOnce<()>>::call_once
[INFO] [stdout]   12:     0x5d51af976c8b - test[aada8e7e76ba119b]::__rust_begin_short_backtrace::<core[a373ad73a504971]::result::Result<(), alloc[2e1b2a31b91974c5]::string::String>, fn() -> core[a373ad73a504971]::result::Result<(), alloc[2e1b2a31b91974c5]::string::String>>
[INFO] [stdout]   13:     0x5d51af983e65 - test[aada8e7e76ba119b]::run_test::{closure#0}
[INFO] [stdout]   14:     0x5d51af97d754 - std[617be2ca0a6fd877]::sys::backtrace::__rust_begin_short_backtrace::<test[aada8e7e76ba119b]::run_test::{closure#1}, ()>
[INFO] [stdout]   15:     0x5d51af986ef2 - <std[617be2ca0a6fd877]::thread::lifecycle::spawn_unchecked<test[aada8e7e76ba119b]::run_test::{closure#1}, ()>::{closure#1} as core[a373ad73a504971]::ops::function::FnOnce<()>>::call_once::{shim:vtable#0}
[INFO] [stdout]   16:     0x5d51af9eeb1f - <std[617be2ca0a6fd877]::sys::thread::unix::Thread>::new::thread_start
[INFO] [stdout]   17:     0x7cda37b20dfa - <unknown>
[INFO] [stdout]   18:     0x7cda37bb43d4 - clone
[INFO] [stdout]   19:                0x0 - <unknown>
[INFO] [stdout] 
[INFO] [stdout] ---- tests::thread_amount_tests::rapid_churn stdout ----
[INFO] [stdout] 
[INFO] [stdout] thread 'tests::thread_amount_tests::rapid_churn' (202) panicked at src/lib.rs:151:13:
[INFO] [stdout] Timed out waiting for thread count to stabilize at 21. Last count: 31
[INFO] [stdout] stack backtrace:
[INFO] [stdout]    0:     0x5d51af9ef621 - <<std[617be2ca0a6fd877]::sys::backtrace::BacktraceLock>::print::DisplayBacktrace as core[a373ad73a504971]::fmt::Display>::fmt
[INFO] [stdout]    1:     0x5d51afa041aa - core[a373ad73a504971]::fmt::write
[INFO] [stdout]    2:     0x5d51af9f383c - <alloc[2e1b2a31b91974c5]::vec::Vec<u8> as core[a373ad73a504971]::io::write::Write>::write_fmt
[INFO] [stdout]    3:     0x5d51af9cb4b6 - std[617be2ca0a6fd877]::panicking::default_hook::{closure#0}
[INFO] [stdout]    4:     0x5d51af9e7899 - std[617be2ca0a6fd877]::panicking::default_hook
[INFO] [stdout]    5:     0x5d51af983840 - test[aada8e7e76ba119b]::test_main_inner::{closure#0}
[INFO] [stdout]    6:     0x5d51af9e7a52 - std[617be2ca0a6fd877]::panicking::panic_with_hook
[INFO] [stdout]    7:     0x5d51af9cb562 - std[617be2ca0a6fd877]::panicking::panic_handler::{closure#0}
[INFO] [stdout]    8:     0x5d51af9c40e9 - std[617be2ca0a6fd877]::sys::backtrace::__rust_end_short_backtrace::<std[617be2ca0a6fd877]::panicking::panic_handler::{closure#0}, !>
[INFO] [stdout]    9:     0x5d51af9cc16d - __rustc[ea4f61d10b84890b]::rust_begin_unwind
[INFO] [stdout]   10:     0x5d51afa048dc - core[a373ad73a504971]::panicking::panic_fmt
[INFO] [stdout]   11:     0x5d51af973779 - <thread_amount[d934607744e835ea]::tests::thread_amount_tests::rapid_churn::{closure#0} as core[a373ad73a504971]::ops::function::FnOnce<()>>::call_once
[INFO] [stdout]   12:     0x5d51af976c8b - test[aada8e7e76ba119b]::__rust_begin_short_backtrace::<core[a373ad73a504971]::result::Result<(), alloc[2e1b2a31b91974c5]::string::String>, fn() -> core[a373ad73a504971]::result::Result<(), alloc[2e1b2a31b91974c5]::string::String>>
[INFO] [stdout]   13:     0x5d51af983e65 - test[aada8e7e76ba119b]::run_test::{closure#0}
[INFO] [stdout]   14:     0x5d51af97d754 - std[617be2ca0a6fd877]::sys::backtrace::__rust_begin_short_backtrace::<test[aada8e7e76ba119b]::run_test::{closure#1}, ()>
[INFO] [stdout]   15:     0x5d51af986ef2 - <std[617be2ca0a6fd877]::thread::lifecycle::spawn_unchecked<test[aada8e7e76ba119b]::run_test::{closure#1}, ()>::{closure#1} as core[a373ad73a504971]::ops::function::FnOnce<()>>::call_once::{shim:vtable#0}
[INFO] [stdout]   16:     0x5d51af9eeb1f - <std[617be2ca0a6fd877]::sys::thread::unix::Thread>::new::thread_start
[INFO] [stdout]   17:     0x7cda37b20dfa - <unknown>
[INFO] [stdout]   18:     0x7cda37bb43d4 - clone
[INFO] [stdout]   19:                0x0 - <unknown>
[INFO] [stdout] 
[INFO] [stdout] ---- tests::thread_amount_tests::nested_spawning stdout ----
[INFO] [stdout] 
[INFO] [stdout] thread 'tests::thread_amount_tests::nested_spawning' (200) panicked at src/lib.rs:121:13:
[INFO] [stdout] Timed out waiting for thread count to stabilize at 26. Last count: 31
[INFO] [stdout] stack backtrace:
[INFO] [stdout]    0:     0x5d51af9ef621 - <<std[617be2ca0a6fd877]::sys::backtrace::BacktraceLock>::print::DisplayBacktrace as core[a373ad73a504971]::fmt::Display>::fmt
[INFO] [stdout]    1:     0x5d51afa041aa - core[a373ad73a504971]::fmt::write
[INFO] [stdout]    2:     0x5d51af9f383c - <alloc[2e1b2a31b91974c5]::vec::Vec<u8> as core[a373ad73a504971]::io::write::Write>::write_fmt
[INFO] [stdout]    3:     0x5d51af9cb4b6 - std[617be2ca0a6fd877]::panicking::default_hook::{closure#0}
[INFO] [stdout]    4:     0x5d51af9e7899 - std[617be2ca0a6fd877]::panicking::default_hook
[INFO] [stdout]    5:     0x5d51af983840 - test[aada8e7e76ba119b]::test_main_inner::{closure#0}
[INFO] [stdout]    6:     0x5d51af9e7a52 - std[617be2ca0a6fd877]::panicking::panic_with_hook
[INFO] [stdout]    7:     0x5d51af9cb562 - std[617be2ca0a6fd877]::panicking::panic_handler::{closure#0}
[INFO] [stdout]    8:     0x5d51af9c40e9 - std[617be2ca0a6fd877]::sys::backtrace::__rust_end_short_backtrace::<std[617be2ca0a6fd877]::panicking::panic_handler::{closure#0}, !>
[INFO] [stdout]    9:     0x5d51af9cc16d - __rustc[ea4f61d10b84890b]::rust_begin_unwind
[INFO] [stdout]   10:     0x5d51afa048dc - core[a373ad73a504971]::panicking::panic_fmt
[INFO] [stdout]   11:     0x5d51af97397e - <thread_amount[d934607744e835ea]::tests::thread_amount_tests::nested_spawning::{closure#0} as core[a373ad73a504971]::ops::function::FnOnce<()>>::call_once
[INFO] [stdout]   12:     0x5d51af976c8b - test[aada8e7e76ba119b]::__rust_begin_short_backtrace::<core[a373ad73a504971]::result::Result<(), alloc[2e1b2a31b91974c5]::string::String>, fn() -> core[a373ad73a504971]::result::Result<(), alloc[2e1b2a31b91974c5]::string::String>>
[INFO] [stdout]   13:     0x5d51af983e65 - test[aada8e7e76ba119b]::run_test::{closure#0}
[INFO] [stdout]   14:     0x5d51af97d754 - std[617be2ca0a6fd877]::sys::backtrace::__rust_begin_short_backtrace::<test[aada8e7e76ba119b]::run_test::{closure#1}, ()>
[INFO] [stdout]   15:     0x5d51af986ef2 - <std[617be2ca0a6fd877]::thread::lifecycle::spawn_unchecked<test[aada8e7e76ba119b]::run_test::{closure#1}, ()>::{closure#1} as core[a373ad73a504971]::ops::function::FnOnce<()>>::call_once::{shim:vtable#0}
[INFO] [stdout]   16:     0x5d51af9eeb1f - <std[617be2ca0a6fd877]::sys::thread::unix::Thread>::new::thread_start
[INFO] [stdout]   17:     0x7cda37b20dfa - <unknown>
[INFO] [stdout]   18:     0x7cda37bb43d4 - clone
[INFO] [stdout]   19:                0x0 - <unknown>
[INFO] [stdout] 
[INFO] [stdout] ---- tests::thread_amount_tests::count_decreases_after_join stdout ----
[INFO] [stdout] 
[INFO] [stdout] thread 'tests::thread_amount_tests::count_decreases_after_join' (197) panicked at src/lib.rs:141:13:
[INFO] [stdout] Timed out waiting for thread count to stabilize at 22. Last count: 26
[INFO] [stdout] stack backtrace:
[INFO] [stdout]    0:     0x5d51af9ef621 - <<std[617be2ca0a6fd877]::sys::backtrace::BacktraceLock>::print::DisplayBacktrace as core[a373ad73a504971]::fmt::Display>::fmt
[INFO] [stdout]    1:     0x5d51afa041aa - core[a373ad73a504971]::fmt::write
[INFO] [stdout]    2:     0x5d51af9f383c - <alloc[2e1b2a31b91974c5]::vec::Vec<u8> as core[a373ad73a504971]::io::write::Write>::write_fmt
[INFO] [stdout]    3:     0x5d51af9cb4b6 - std[617be2ca0a6fd877]::panicking::default_hook::{closure#0}
[INFO] [stdout]    4:     0x5d51af9e7899 - std[617be2ca0a6fd877]::panicking::default_hook
[INFO] [stdout]    5:     0x5d51af983840 - test[aada8e7e76ba119b]::test_main_inner::{closure#0}
[INFO] [stdout]    6:     0x5d51af9e7a52 - std[617be2ca0a6fd877]::panicking::panic_with_hook
[INFO] [stdout]    7:     0x5d51af9cb562 - std[617be2ca0a6fd877]::panicking::panic_handler::{closure#0}
[INFO] [stdout]    8:     0x5d51af9c40e9 - std[617be2ca0a6fd877]::sys::backtrace::__rust_end_short_backtrace::<std[617be2ca0a6fd877]::panicking::panic_handler::{closure#0}, !>
[INFO] [stdout]    9:     0x5d51af9cc16d - __rustc[ea4f61d10b84890b]::rust_begin_unwind
[INFO] [stdout]   10:     0x5d51afa048dc - core[a373ad73a504971]::panicking::panic_fmt
[INFO] [stdout]   11:     0x5d51af97438b - <thread_amount[d934607744e835ea]::tests::thread_amount_tests::count_decreases_after_join::{closure#0} as core[a373ad73a504971]::ops::function::FnOnce<()>>::call_once
[INFO] [stdout]   12:     0x5d51af976c8b - test[aada8e7e76ba119b]::__rust_begin_short_backtrace::<core[a373ad73a504971]::result::Result<(), alloc[2e1b2a31b91974c5]::string::String>, fn() -> core[a373ad73a504971]::result::Result<(), alloc[2e1b2a31b91974c5]::string::String>>
[INFO] [stdout]   13:     0x5d51af983e65 - test[aada8e7e76ba119b]::run_test::{closure#0}
[INFO] [stdout]   14:     0x5d51af97d754 - std[617be2ca0a6fd877]::sys::backtrace::__rust_begin_short_backtrace::<test[aada8e7e76ba119b]::run_test::{closure#1}, ()>
[INFO] [stdout]   15:     0x5d51af986ef2 - <std[617be2ca0a6fd877]::thread::lifecycle::spawn_unchecked<test[aada8e7e76ba119b]::run_test::{closure#1}, ()>::{closure#1} as core[a373ad73a504971]::ops::function::FnOnce<()>>::call_once::{shim:vtable#0}
[INFO] [stdout]   16:     0x5d51af9eeb1f - <std[617be2ca0a6fd877]::sys::thread::unix::Thread>::new::thread_start
[INFO] [stdout]   17:     0x7cda37b20dfa - <unknown>
[INFO] [stdout]   18:     0x7cda37bb43d4 - clone
[INFO] [stdout]   19:                0x0 - <unknown>
[INFO] [stdout] 
[INFO] [stdout] 
[INFO] [stdout] failures:
[INFO] [stdout]     tests::is_single_threaded_tests::lifecycle_is_relative
[INFO] [stdout]     tests::is_single_threaded_tests::test_lifecycle_relative_to_baseline
[INFO] [stdout]     tests::is_single_threaded_tests::test_state_is_restored_after_panic
[INFO] [stdout]     tests::is_single_threaded_tests::test_state_with_many_threads
[INFO] [stdout]     tests::thread_amount_tests::count_decreases_after_join
[INFO] [stdout]     tests::thread_amount_tests::many_threads_simultaneously
[INFO] [stdout]     tests::thread_amount_tests::named_threads_are_counted
[INFO] [stdout]     tests::thread_amount_tests::nested_spawning
[INFO] [stdout]     tests::thread_amount_tests::rapid_churn
[INFO] [stdout]     tests::thread_amount_tests::spawn_increases_count
[INFO] [stdout] 
[INFO] [stdout] test result: FAILED. 1 passed; 10 failed; 0 ignored; 0 measured; 0 filtered out; finished in 2.60s
[INFO] [stdout] 
[INFO] running `Command { std: "docker" "inspect" "f31f70eb0ad33cd2ca14d2fb09d9a153d7f003aa0c531d3790cfe6b597c68787", kill_on_drop: false }`
[INFO] running `Command { std: "docker" "rm" "-f" "f31f70eb0ad33cd2ca14d2fb09d9a153d7f003aa0c531d3790cfe6b597c68787", kill_on_drop: false }`
[INFO] [stdout] f31f70eb0ad33cd2ca14d2fb09d9a153d7f003aa0c531d3790cfe6b597c68787
