[INFO] fetching crate thormotion 0.4.2...
[INFO] testing thormotion-0.4.2 against 1.99.0-beta.8+cargoflags=--release for beta-release-1.100-2
[INFO] extracting crate thormotion 0.4.2 into /workspace/builds/worker-2-tc1/source
[INFO] started tweaking crates.io crate thormotion 0.4.2
[INFO] finished tweaking crates.io crate thormotion 0.4.2
[INFO] tweaked toml for crates.io crate thormotion 0.4.2 written to /workspace/builds/worker-2-tc1/source/Cargo.toml
[INFO] validating manifest of crates.io crate thormotion 0.4.2 on toolchain 1.99.0-beta.8
[INFO] running `Command { std: CARGO_HOME="/workspace/cargo-home" RUSTUP_HOME="/workspace/rustup-home" "/workspace/cargo-home/bin/cargo" "+1.99.0-beta.8" "metadata" "--manifest-path" "Cargo.toml" "--no-deps", kill_on_drop: false }`
[INFO] crate crates.io crate thormotion 0.4.2 already has a lockfile, it will not be regenerated
[INFO] running `Command { std: CARGO_HOME="/workspace/cargo-home" RUSTUP_HOME="/workspace/rustup-home" "/workspace/cargo-home/bin/cargo" "+1.99.0-beta.8" "fetch" "--manifest-path" "Cargo.toml", kill_on_drop: false }`
[INFO] [stderr]     Updating crates.io index
[INFO] [stderr]  Downloading crates ...
[INFO] [stderr]   Downloaded thormacros v0.1.0
[INFO] [stderr]   Downloaded pyo3-build-config v0.27.1
[INFO] [stderr]   Downloaded pyo3-macros v0.27.1
[INFO] [stderr]   Downloaded pyo3-macros-backend v0.27.1
[INFO] [stderr]   Downloaded target-lexicon v0.13.3
[INFO] [stderr]   Downloaded nusb v0.1.14
[INFO] [stderr]   Downloaded jiff-static v0.2.15
[INFO] [stderr]   Downloaded pyo3-ffi v0.27.1
[INFO] [stderr]   Downloaded jiff v0.2.15
[INFO] [stderr]   Downloaded pyo3 v0.27.1
[INFO] running `Command { std: "docker" "create" "-v" "/var/lib/crater-agent-workspace/builds/worker-2-tc1/source:/opt/rustwide/workdir:ro,Z" "-v" "/var/lib/crater-agent-workspace/builds/worker-2-tc1/target:/opt/rustwide/target:rw,Z" "-v" "/var/lib/crater-agent-workspace/cargo-home:/opt/rustwide/cargo-home:ro,Z" "-v" "/var/lib/crater-agent-workspace/rustup-home:/opt/rustwide/rustup-home:ro,Z" "-m" "1610612736" "--network" "none" "ghcr.io/rust-lang/crates-build-env/linux@sha256:77db811e55d90add9212f6832c23229e3de5f1c1f9905e8cb07319ea15df73ac" "sleep" "infinity", kill_on_drop: false }`
[INFO] [stdout] f89ad916ccac173638bbc018cb15ca6dac9632501525b2bf704fc526d41890cb
[INFO] running `Command { std: "docker" "start" "f89ad916ccac173638bbc018cb15ca6dac9632501525b2bf704fc526d41890cb", kill_on_drop: false }`
[INFO] running `Command { std: "docker" "inspect" "f89ad916ccac173638bbc018cb15ca6dac9632501525b2bf704fc526d41890cb", kill_on_drop: false }`
[INFO] running `Command { std: "docker" "exec" "-e" "SOURCE_DIR=/opt/rustwide/workdir" "-e" "CARGO_HOME=/opt/rustwide/cargo-home" "-e" "RUSTUP_HOME=/opt/rustwide/rustup-home" "-e" "CARGO_TARGET_DIR=/opt/rustwide/target" "-w" "/opt/rustwide/workdir" "--user" "0:0" "f89ad916ccac173638bbc018cb15ca6dac9632501525b2bf704fc526d41890cb" "/opt/rustwide/cargo-home/bin/cargo" "+1.99.0-beta.8" "metadata" "--no-deps" "--format-version=1", kill_on_drop: false }`
[INFO] running `Command { std: "docker" "inspect" "f89ad916ccac173638bbc018cb15ca6dac9632501525b2bf704fc526d41890cb", kill_on_drop: false }`
[INFO] running `Command { std: "docker" "exec" "-e" "SOURCE_DIR=/opt/rustwide/workdir" "-e" "CARGO_HOME=/opt/rustwide/cargo-home" "-e" "RUSTUP_HOME=/opt/rustwide/rustup-home" "-e" "CARGO_TARGET_DIR=/opt/rustwide/target" "-e" "CARGO_INCREMENTAL=0" "-e" "RUST_BACKTRACE=full" "-e" "RUSTFLAGS=--cap-lints=warn" "-e" "RUSTDOCFLAGS=--cap-lints=warn" "-w" "/opt/rustwide/workdir" "--user" "0:0" "f89ad916ccac173638bbc018cb15ca6dac9632501525b2bf704fc526d41890cb" "/opt/rustwide/cargo-home/bin/cargo" "+1.99.0-beta.8" "build" "--frozen" "--message-format=json" "--release", kill_on_drop: false }`
[INFO] [stderr]    Compiling event-listener v5.4.1
[INFO] [stderr]    Compiling rustix v1.1.2
[INFO] [stderr]    Compiling linux-raw-sys v0.11.0
[INFO] [stderr]    Compiling rustix v0.38.44
[INFO] [stderr]    Compiling futures-lite v2.6.1
[INFO] [stderr]    Compiling piper v0.2.4
[INFO] [stderr]    Compiling linux-raw-sys v0.4.15
[INFO] [stderr]    Compiling log v0.4.28
[INFO] [stderr]    Compiling quote v1.0.41
[INFO] [stderr]    Compiling ahash v0.8.12
[INFO] [stderr]    Compiling syn v2.0.108
[INFO] [stderr]    Compiling event-listener-strategy v0.5.4
[INFO] [stderr]    Compiling async-channel v2.5.0
[INFO] [stderr]    Compiling async-lock v3.4.1
[INFO] [stderr]    Compiling async-broadcast v0.7.2
[INFO] [stderr]    Compiling blocking v1.6.2
[INFO] [stderr]    Compiling async-executor v1.13.3
[INFO] [stderr]    Compiling async-fs v2.2.0
[INFO] [stderr]    Compiling thormacros v0.1.0
[INFO] [stderr]    Compiling nusb v0.1.14
[INFO] [stderr]    Compiling polling v3.11.0
[INFO] [stderr]    Compiling async-io v2.6.0
[INFO] [stderr]    Compiling async-signal v0.2.13
[INFO] [stderr]    Compiling async-net v2.0.0
[INFO] [stderr]    Compiling async-process v2.5.0
[INFO] [stderr]    Compiling smol v2.0.2
[INFO] [stderr]    Compiling thormotion v0.4.2 (/opt/rustwide/workdir)
[INFO] [stdout] warning: unused variable: `response`
[INFO] [stdout]   --> src/functions/move_relative.rs:37:9
[INFO] [stdout]    |
[INFO] [stdout] 37 |     let response = rx.receive().await;
[INFO] [stdout]    |         ^^^^^^^^ help: if this is intentional, prefix it with an underscore: `_response`
[INFO] [stdout]    |
[INFO] [stdout]    = note: `#[warn(unused_variables)]` (part of `#[warn(unused)]`) on by default
[INFO] [stdout] 
[INFO] [stdout] 
[INFO] [stdout] warning: type `UsbPrimitive<1>` is more private than the item `<KDC101 as ThorlabsDevice<CH>>::inner`
[INFO] [stdout]    --> src/devices/kdc101.rs:233:5
[INFO] [stdout]     |
[INFO] [stdout] 233 |     fn inner(&self) -> &UsbPrimitive<1> {
[INFO] [stdout]     |     ^^^^^^^^^^^^^^^^^^^^^^^^^^^^^^^^^^^ method `<KDC101 as ThorlabsDevice<CH>>::inner` is reachable at visibility `pub`
[INFO] [stdout]     |
[INFO] [stdout] note: but type `UsbPrimitive<1>` is only usable at visibility `pub(crate)`
[INFO] [stdout]    --> src/devices/usb_primitive/mod.rs:31:1
[INFO] [stdout]     |
[INFO] [stdout]  31 | pub(crate) struct UsbPrimitive<const CHANNELS: usize> {
[INFO] [stdout]     | ^^^^^^^^^^^^^^^^^^^^^^^^^^^^^^^^^^^^^^^^^^^^^^^^^^^^^
[INFO] [stdout]     = note: `#[warn(private_interfaces)]` on by default
[INFO] [stdout] 
[INFO] [stdout] 
[INFO] [stdout] warning: type `UsbPrimitive<CH>` is more private than the item `ThorlabsDevice::inner`
[INFO] [stdout]   --> src/traits/thorlabs_device.rs:18:5
[INFO] [stdout]    |
[INFO] [stdout] 18 |     fn inner(&self) -> &UsbPrimitive<CH>;
[INFO] [stdout]    |     ^^^^^^^^^^^^^^^^^^^^^^^^^^^^^^^^^^^^^ method `ThorlabsDevice::inner` is reachable at visibility `pub`
[INFO] [stdout]    |
[INFO] [stdout] note: but type `UsbPrimitive<CH>` is only usable at visibility `pub(crate)`
[INFO] [stdout]   --> src/devices/usb_primitive/mod.rs:31:1
[INFO] [stdout]    |
[INFO] [stdout] 31 | pub(crate) struct UsbPrimitive<const CHANNELS: usize> {
[INFO] [stdout]    | ^^^^^^^^^^^^^^^^^^^^^^^^^^^^^^^^^^^^^^^^^^^^^^^^^^^^^
[INFO] [stdout] 
[INFO] [stdout] 
[INFO] [stdout] warning: method `abort` is never used
[INFO] [stdout]    --> src/devices/usb_primitive/mod.rs:144:14
[INFO] [stdout]     |
[INFO] [stdout]  49 | impl<const CHANNELS: usize> UsbPrimitive<CHANNELS> {
[INFO] [stdout]     | -------------------------------------------------- method in this implementation
[INFO] [stdout] ...
[INFO] [stdout] 144 |     async fn abort(&self) {
[INFO] [stdout]     |              ^^^^^
[INFO] [stdout]     |
[INFO] [stdout]     = note: `#[warn(dead_code)]` (part of `#[warn(unused)]`) on by default
[INFO] [stdout] 
[INFO] [stdout] 
[INFO] [stdout] warning: function `abort_device` is never used
[INFO] [stdout]    --> src/devices/utils.rs:109:15
[INFO] [stdout]     |
[INFO] [stdout] 109 | pub(super) fn abort_device(serial_number: &str) {
[INFO] [stdout]     |               ^^^^^^^^^^^^
[INFO] [stdout] 
[INFO] [stdout] 
[INFO] [stdout] warning: function `leak_device` is never used
[INFO] [stdout]    --> src/devices/utils.rs:123:4
[INFO] [stdout]     |
[INFO] [stdout] 123 | fn leak_device(serial_number: &str) {
[INFO] [stdout]     |    ^^^^^^^^^^^
[INFO] [stdout] 
[INFO] [stdout] 
[INFO] [stdout] warning: field `id` is never read
[INFO] [stdout]   --> src/messages/command.rs:62:16
[INFO] [stdout]    |
[INFO] [stdout] 60 | pub(crate) struct Command<const CH: usize> {
[INFO] [stdout]    |                   ------- field in this struct
[INFO] [stdout] 61 |     /// Unique two-byte identifier for the command
[INFO] [stdout] 62 |     pub(super) id: [u8; 2],
[INFO] [stdout]    |                ^^
[INFO] [stdout]    |
[INFO] [stdout]    = note: `Command` has a derived impl for the trait `Debug`, but this is intentionally ignored during dead code analysis
[INFO] [stdout] 
[INFO] [stdout] 
[INFO] [stdout] warning: variant `Acceleration` is never constructed
[INFO] [stdout]   --> src/traits/unit_conversion.rs:16:5
[INFO] [stdout]    |
[INFO] [stdout] 13 | pub(crate) enum Units {
[INFO] [stdout]    |                 ----- variant in this enum
[INFO] [stdout] ...
[INFO] [stdout] 16 |     Acceleration([u8; 4]),
[INFO] [stdout]    |     ^^^^^^^^^^^^
[INFO] [stdout] 
[INFO] [stdout] 
[INFO] [stdout] warning: associated function `acceleration_from_slice` is never used
[INFO] [stdout]   --> src/traits/unit_conversion.rs:54:19
[INFO] [stdout]    |
[INFO] [stdout] 19 | impl Units {
[INFO] [stdout]    | ---------- associated function in this implementation
[INFO] [stdout] ...
[INFO] [stdout] 54 |     pub(crate) fn acceleration_from_slice(slice: &[u8]) -> Units {
[INFO] [stdout]    |                   ^^^^^^^^^^^^^^^^^^^^^^^
[INFO] [stdout] 
[INFO] [stdout] 
[INFO] [stdout] warning: associated functions `velocity_from_f64` and `acceleration_from_f64` are never used
[INFO] [stdout]    --> src/traits/unit_conversion.rs:133:8
[INFO] [stdout]     |
[INFO] [stdout] 115 | pub(crate) trait UnitConversion {
[INFO] [stdout]     |                  -------------- associated functions in this trait
[INFO] [stdout] ...
[INFO] [stdout] 133 |     fn velocity_from_f64(velocity: f64) -> Units {
[INFO] [stdout]     |        ^^^^^^^^^^^^^^^^^
[INFO] [stdout] ...
[INFO] [stdout] 142 |     fn acceleration_from_f64(acceleration: f64) -> Units {
[INFO] [stdout]     |        ^^^^^^^^^^^^^^^^^^^^^
[INFO] [stdout] 
[INFO] [stdout] 
[INFO] [stderr]     Finished `release` profile [optimized] target(s) in 24.13s
[INFO] running `Command { std: "docker" "inspect" "f89ad916ccac173638bbc018cb15ca6dac9632501525b2bf704fc526d41890cb", kill_on_drop: false }`
[INFO] running `Command { std: "docker" "exec" "-e" "SOURCE_DIR=/opt/rustwide/workdir" "-e" "CARGO_HOME=/opt/rustwide/cargo-home" "-e" "RUSTUP_HOME=/opt/rustwide/rustup-home" "-e" "CARGO_TARGET_DIR=/opt/rustwide/target" "-e" "CARGO_INCREMENTAL=0" "-e" "RUST_BACKTRACE=full" "-e" "RUSTFLAGS=--cap-lints=warn" "-e" "RUSTDOCFLAGS=--cap-lints=warn" "-w" "/opt/rustwide/workdir" "--user" "0:0" "f89ad916ccac173638bbc018cb15ca6dac9632501525b2bf704fc526d41890cb" "/opt/rustwide/cargo-home/bin/cargo" "+1.99.0-beta.8" "test" "--frozen" "--no-run" "--message-format=json" "--release", kill_on_drop: false }`
[INFO] [stderr]    Compiling memchr v2.7.6
[INFO] [stderr]    Compiling log v0.4.28
[INFO] [stderr]    Compiling jiff v0.2.15
[INFO] [stderr]    Compiling anstream v0.6.21
[INFO] [stderr]    Compiling nusb v0.1.14
[INFO] [stderr]    Compiling aho-corasick v1.1.4
[INFO] [stderr]    Compiling thormotion v0.4.2 (/opt/rustwide/workdir)
[INFO] [stdout] warning: unused variable: `response`
[INFO] [stdout]   --> src/functions/move_relative.rs:37:9
[INFO] [stdout]    |
[INFO] [stdout] 37 |     let response = rx.receive().await;
[INFO] [stdout]    |         ^^^^^^^^ help: if this is intentional, prefix it with an underscore: `_response`
[INFO] [stdout]    |
[INFO] [stdout]    = note: `#[warn(unused_variables)]` (part of `#[warn(unused)]`) on by default
[INFO] [stdout] 
[INFO] [stdout] 
[INFO] [stdout] warning: type `UsbPrimitive<1>` is more private than the item `<KDC101 as ThorlabsDevice<CH>>::inner`
[INFO] [stdout]    --> src/devices/kdc101.rs:233:5
[INFO] [stdout]     |
[INFO] [stdout] 233 |     fn inner(&self) -> &UsbPrimitive<1> {
[INFO] [stdout]     |     ^^^^^^^^^^^^^^^^^^^^^^^^^^^^^^^^^^^ method `<KDC101 as ThorlabsDevice<CH>>::inner` is reachable at visibility `pub`
[INFO] [stdout]     |
[INFO] [stdout] note: but type `UsbPrimitive<1>` is only usable at visibility `pub(crate)`
[INFO] [stdout]    --> src/devices/usb_primitive/mod.rs:31:1
[INFO] [stdout]     |
[INFO] [stdout]  31 | pub(crate) struct UsbPrimitive<const CHANNELS: usize> {
[INFO] [stdout]     | ^^^^^^^^^^^^^^^^^^^^^^^^^^^^^^^^^^^^^^^^^^^^^^^^^^^^^
[INFO] [stdout]     = note: `#[warn(private_interfaces)]` on by default
[INFO] [stdout] 
[INFO] [stdout] 
[INFO] [stdout] warning: type `UsbPrimitive<CH>` is more private than the item `ThorlabsDevice::inner`
[INFO] [stdout]   --> src/traits/thorlabs_device.rs:18:5
[INFO] [stdout]    |
[INFO] [stdout] 18 |     fn inner(&self) -> &UsbPrimitive<CH>;
[INFO] [stdout]    |     ^^^^^^^^^^^^^^^^^^^^^^^^^^^^^^^^^^^^^ method `ThorlabsDevice::inner` is reachable at visibility `pub`
[INFO] [stdout]    |
[INFO] [stdout] note: but type `UsbPrimitive<CH>` is only usable at visibility `pub(crate)`
[INFO] [stdout]   --> src/devices/usb_primitive/mod.rs:31:1
[INFO] [stdout]    |
[INFO] [stdout] 31 | pub(crate) struct UsbPrimitive<const CHANNELS: usize> {
[INFO] [stdout]    | ^^^^^^^^^^^^^^^^^^^^^^^^^^^^^^^^^^^^^^^^^^^^^^^^^^^^^
[INFO] [stdout] 
[INFO] [stdout] 
[INFO] [stdout] warning: method `abort` is never used
[INFO] [stdout]    --> src/devices/usb_primitive/mod.rs:144:14
[INFO] [stdout]     |
[INFO] [stdout]  49 | impl<const CHANNELS: usize> UsbPrimitive<CHANNELS> {
[INFO] [stdout]     | -------------------------------------------------- method in this implementation
[INFO] [stdout] ...
[INFO] [stdout] 144 |     async fn abort(&self) {
[INFO] [stdout]     |              ^^^^^
[INFO] [stdout]     |
[INFO] [stdout]     = note: `#[warn(dead_code)]` (part of `#[warn(unused)]`) on by default
[INFO] [stdout] 
[INFO] [stdout] 
[INFO] [stdout] warning: function `abort_device` is never used
[INFO] [stdout]    --> src/devices/utils.rs:109:15
[INFO] [stdout]     |
[INFO] [stdout] 109 | pub(super) fn abort_device(serial_number: &str) {
[INFO] [stdout]     |               ^^^^^^^^^^^^
[INFO] [stdout] 
[INFO] [stdout] 
[INFO] [stdout] warning: function `leak_device` is never used
[INFO] [stdout]    --> src/devices/utils.rs:123:4
[INFO] [stdout]     |
[INFO] [stdout] 123 | fn leak_device(serial_number: &str) {
[INFO] [stdout]     |    ^^^^^^^^^^^
[INFO] [stdout] 
[INFO] [stdout] 
[INFO] [stdout] warning: field `id` is never read
[INFO] [stdout]   --> src/messages/command.rs:62:16
[INFO] [stdout]    |
[INFO] [stdout] 60 | pub(crate) struct Command<const CH: usize> {
[INFO] [stdout]    |                   ------- field in this struct
[INFO] [stdout] 61 |     /// Unique two-byte identifier for the command
[INFO] [stdout] 62 |     pub(super) id: [u8; 2],
[INFO] [stdout]    |                ^^
[INFO] [stdout]    |
[INFO] [stdout]    = note: `Command` has a derived impl for the trait `Debug`, but this is intentionally ignored during dead code analysis
[INFO] [stdout] 
[INFO] [stdout] 
[INFO] [stdout] warning: variant `Acceleration` is never constructed
[INFO] [stdout]   --> src/traits/unit_conversion.rs:16:5
[INFO] [stdout]    |
[INFO] [stdout] 13 | pub(crate) enum Units {
[INFO] [stdout]    |                 ----- variant in this enum
[INFO] [stdout] ...
[INFO] [stdout] 16 |     Acceleration([u8; 4]),
[INFO] [stdout]    |     ^^^^^^^^^^^^
[INFO] [stdout] 
[INFO] [stdout] 
[INFO] [stdout] warning: associated function `acceleration_from_slice` is never used
[INFO] [stdout]   --> src/traits/unit_conversion.rs:54:19
[INFO] [stdout]    |
[INFO] [stdout] 19 | impl Units {
[INFO] [stdout]    | ---------- associated function in this implementation
[INFO] [stdout] ...
[INFO] [stdout] 54 |     pub(crate) fn acceleration_from_slice(slice: &[u8]) -> Units {
[INFO] [stdout]    |                   ^^^^^^^^^^^^^^^^^^^^^^^
[INFO] [stdout] 
[INFO] [stdout] 
[INFO] [stdout] warning: associated functions `velocity_from_f64` and `acceleration_from_f64` are never used
[INFO] [stdout]    --> src/traits/unit_conversion.rs:133:8
[INFO] [stdout]     |
[INFO] [stdout] 115 | pub(crate) trait UnitConversion {
[INFO] [stdout]     |                  -------------- associated functions in this trait
[INFO] [stdout] ...
[INFO] [stdout] 133 |     fn velocity_from_f64(velocity: f64) -> Units {
[INFO] [stdout]     |        ^^^^^^^^^^^^^^^^^
[INFO] [stdout] ...
[INFO] [stdout] 142 |     fn acceleration_from_f64(acceleration: f64) -> Units {
[INFO] [stdout]     |        ^^^^^^^^^^^^^^^^^^^^^
[INFO] [stdout] 
[INFO] [stdout] 
[INFO] [stderr]    Compiling regex-automata v0.4.13
[INFO] [stderr]    Compiling regex v1.12.2
[INFO] [stderr]    Compiling env_filter v0.1.4
[INFO] [stderr]    Compiling env_logger v0.11.8
[INFO] [stdout] warning: unused variable: `response`
[INFO] [stdout]   --> src/functions/move_relative.rs:37:9
[INFO] [stdout]    |
[INFO] [stdout] 37 |     let response = rx.receive().await;
[INFO] [stdout]    |         ^^^^^^^^ help: if this is intentional, prefix it with an underscore: `_response`
[INFO] [stdout]    |
[INFO] [stdout]    = note: `#[warn(unused_variables)]` (part of `#[warn(unused)]`) on by default
[INFO] [stdout] 
[INFO] [stdout] 
[INFO] [stdout] warning: type `UsbPrimitive<1>` is more private than the item `<kdc101::KDC101 as ThorlabsDevice<CH>>::inner`
[INFO] [stdout]    --> src/devices/kdc101.rs:233:5
[INFO] [stdout]     |
[INFO] [stdout] 233 |     fn inner(&self) -> &UsbPrimitive<1> {
[INFO] [stdout]     |     ^^^^^^^^^^^^^^^^^^^^^^^^^^^^^^^^^^^ method `<kdc101::KDC101 as ThorlabsDevice<CH>>::inner` is reachable at visibility `pub`
[INFO] [stdout]     |
[INFO] [stdout] note: but type `UsbPrimitive<1>` is only usable at visibility `pub(crate)`
[INFO] [stdout]    --> src/devices/usb_primitive/mod.rs:31:1
[INFO] [stdout]     |
[INFO] [stdout]  31 | pub(crate) struct UsbPrimitive<const CHANNELS: usize> {
[INFO] [stdout]     | ^^^^^^^^^^^^^^^^^^^^^^^^^^^^^^^^^^^^^^^^^^^^^^^^^^^^^
[INFO] [stdout]     = note: `#[warn(private_interfaces)]` on by default
[INFO] [stdout] 
[INFO] [stdout] 
[INFO] [stdout] warning: type `UsbPrimitive<CH>` is more private than the item `ThorlabsDevice::inner`
[INFO] [stdout]   --> src/traits/thorlabs_device.rs:18:5
[INFO] [stdout]    |
[INFO] [stdout] 18 |     fn inner(&self) -> &UsbPrimitive<CH>;
[INFO] [stdout]    |     ^^^^^^^^^^^^^^^^^^^^^^^^^^^^^^^^^^^^^ method `ThorlabsDevice::inner` is reachable at visibility `pub`
[INFO] [stdout]    |
[INFO] [stdout] note: but type `UsbPrimitive<CH>` is only usable at visibility `pub(crate)`
[INFO] [stdout]   --> src/devices/usb_primitive/mod.rs:31:1
[INFO] [stdout]    |
[INFO] [stdout] 31 | pub(crate) struct UsbPrimitive<const CHANNELS: usize> {
[INFO] [stdout]    | ^^^^^^^^^^^^^^^^^^^^^^^^^^^^^^^^^^^^^^^^^^^^^^^^^^^^^
[INFO] [stdout] 
[INFO] [stdout] 
[INFO] [stdout] warning: method `abort` is never used
[INFO] [stdout]    --> src/devices/usb_primitive/mod.rs:144:14
[INFO] [stdout]     |
[INFO] [stdout]  49 | impl<const CHANNELS: usize> UsbPrimitive<CHANNELS> {
[INFO] [stdout]     | -------------------------------------------------- method in this implementation
[INFO] [stdout] ...
[INFO] [stdout] 144 |     async fn abort(&self) {
[INFO] [stdout]     |              ^^^^^
[INFO] [stdout]     |
[INFO] [stdout]     = note: `#[warn(dead_code)]` (part of `#[warn(unused)]`) on by default
[INFO] [stdout] 
[INFO] [stdout] 
[INFO] [stdout] warning: function `abort_device` is never used
[INFO] [stdout]    --> src/devices/utils.rs:109:15
[INFO] [stdout]     |
[INFO] [stdout] 109 | pub(super) fn abort_device(serial_number: &str) {
[INFO] [stdout]     |               ^^^^^^^^^^^^
[INFO] [stdout] 
[INFO] [stdout] 
[INFO] [stdout] warning: function `leak_device` is never used
[INFO] [stdout]    --> src/devices/utils.rs:123:4
[INFO] [stdout]     |
[INFO] [stdout] 123 | fn leak_device(serial_number: &str) {
[INFO] [stdout]     |    ^^^^^^^^^^^
[INFO] [stdout] 
[INFO] [stdout] 
[INFO] [stdout] warning: field `id` is never read
[INFO] [stdout]   --> src/messages/command.rs:62:16
[INFO] [stdout]    |
[INFO] [stdout] 60 | pub(crate) struct Command<const CH: usize> {
[INFO] [stdout]    |                   ------- field in this struct
[INFO] [stdout] 61 |     /// Unique two-byte identifier for the command
[INFO] [stdout] 62 |     pub(super) id: [u8; 2],
[INFO] [stdout]    |                ^^
[INFO] [stdout]    |
[INFO] [stdout]    = note: `Command` has a derived impl for the trait `Debug`, but this is intentionally ignored during dead code analysis
[INFO] [stdout] 
[INFO] [stdout] 
[INFO] [stdout] warning: variant `Acceleration` is never constructed
[INFO] [stdout]   --> src/traits/unit_conversion.rs:16:5
[INFO] [stdout]    |
[INFO] [stdout] 13 | pub(crate) enum Units {
[INFO] [stdout]    |                 ----- variant in this enum
[INFO] [stdout] ...
[INFO] [stdout] 16 |     Acceleration([u8; 4]),
[INFO] [stdout]    |     ^^^^^^^^^^^^
[INFO] [stdout] 
[INFO] [stdout] 
[INFO] [stdout] warning: associated function `acceleration_from_slice` is never used
[INFO] [stdout]   --> src/traits/unit_conversion.rs:54:19
[INFO] [stdout]    |
[INFO] [stdout] 19 | impl Units {
[INFO] [stdout]    | ---------- associated function in this implementation
[INFO] [stdout] ...
[INFO] [stdout] 54 |     pub(crate) fn acceleration_from_slice(slice: &[u8]) -> Units {
[INFO] [stdout]    |                   ^^^^^^^^^^^^^^^^^^^^^^^
[INFO] [stdout] 
[INFO] [stdout] 
[INFO] [stdout] warning: associated functions `velocity_from_f64` and `acceleration_from_f64` are never used
[INFO] [stdout]    --> src/traits/unit_conversion.rs:133:8
[INFO] [stdout]     |
[INFO] [stdout] 115 | pub(crate) trait UnitConversion {
[INFO] [stdout]     |                  -------------- associated functions in this trait
[INFO] [stdout] ...
[INFO] [stdout] 133 |     fn velocity_from_f64(velocity: f64) -> Units {
[INFO] [stdout]     |        ^^^^^^^^^^^^^^^^^
[INFO] [stdout] ...
[INFO] [stdout] 142 |     fn acceleration_from_f64(acceleration: f64) -> Units {
[INFO] [stdout]     |        ^^^^^^^^^^^^^^^^^^^^^
[INFO] [stdout] 
[INFO] [stdout] 
[INFO] [stderr]     Finished `release` profile [optimized] target(s) in 24.70s
[INFO] running `Command { std: "docker" "inspect" "f89ad916ccac173638bbc018cb15ca6dac9632501525b2bf704fc526d41890cb", kill_on_drop: false }`
[INFO] running `Command { std: "docker" "exec" "-e" "SOURCE_DIR=/opt/rustwide/workdir" "-e" "CARGO_HOME=/opt/rustwide/cargo-home" "-e" "RUSTUP_HOME=/opt/rustwide/rustup-home" "-e" "CARGO_TARGET_DIR=/opt/rustwide/target" "-e" "CARGO_INCREMENTAL=0" "-e" "RUST_BACKTRACE=full" "-e" "RUSTFLAGS=--cap-lints=warn" "-e" "RUSTDOCFLAGS=--cap-lints=warn" "-w" "/opt/rustwide/workdir" "--user" "0:0" "f89ad916ccac173638bbc018cb15ca6dac9632501525b2bf704fc526d41890cb" "/opt/rustwide/cargo-home/bin/cargo" "+1.99.0-beta.8" "test" "--frozen" "--release", kill_on_drop: false }`
[INFO] [stderr] warning: unused variable: `response`
[INFO] [stderr]   --> src/functions/move_relative.rs:37:9
[INFO] [stderr]    |
[INFO] [stderr] 37 |     let response = rx.receive().await;
[INFO] [stderr]    |         ^^^^^^^^ help: if this is intentional, prefix it with an underscore: `_response`
[INFO] [stderr]    |
[INFO] [stderr]    = note: `#[warn(unused_variables)]` (part of `#[warn(unused)]`) on by default
[INFO] [stderr] 
[INFO] [stderr] warning: type `UsbPrimitive<1>` is more private than the item `<KDC101 as ThorlabsDevice<CH>>::inner`
[INFO] [stderr]    --> src/devices/kdc101.rs:233:5
[INFO] [stderr]     |
[INFO] [stderr] 233 |     fn inner(&self) -> &UsbPrimitive<1> {
[INFO] [stderr]     |     ^^^^^^^^^^^^^^^^^^^^^^^^^^^^^^^^^^^ method `<KDC101 as ThorlabsDevice<CH>>::inner` is reachable at visibility `pub`
[INFO] [stderr]     |
[INFO] [stderr] note: but type `UsbPrimitive<1>` is only usable at visibility `pub(crate)`
[INFO] [stderr]    --> src/devices/usb_primitive/mod.rs:31:1
[INFO] [stderr]     |
[INFO] [stderr]  31 | pub(crate) struct UsbPrimitive<const CHANNELS: usize> {
[INFO] [stderr]     | ^^^^^^^^^^^^^^^^^^^^^^^^^^^^^^^^^^^^^^^^^^^^^^^^^^^^^
[INFO] [stderr]     = note: `#[warn(private_interfaces)]` on by default
[INFO] [stderr] 
[INFO] [stderr] warning: type `UsbPrimitive<CH>` is more private than the item `ThorlabsDevice::inner`
[INFO] [stderr]   --> src/traits/thorlabs_device.rs:18:5
[INFO] [stderr]    |
[INFO] [stderr] 18 |     fn inner(&self) -> &UsbPrimitive<CH>;
[INFO] [stderr]    |     ^^^^^^^^^^^^^^^^^^^^^^^^^^^^^^^^^^^^^ method `ThorlabsDevice::inner` is reachable at visibility `pub`
[INFO] [stderr]    |
[INFO] [stderr] note: but type `UsbPrimitive<CH>` is only usable at visibility `pub(crate)`
[INFO] [stderr]   --> src/devices/usb_primitive/mod.rs:31:1
[INFO] [stderr]    |
[INFO] [stderr] 31 | pub(crate) struct UsbPrimitive<const CHANNELS: usize> {
[INFO] [stderr]    | ^^^^^^^^^^^^^^^^^^^^^^^^^^^^^^^^^^^^^^^^^^^^^^^^^^^^^
[INFO] [stderr] 
[INFO] [stderr] warning: method `abort` is never used
[INFO] [stderr]    --> src/devices/usb_primitive/mod.rs:144:14
[INFO] [stderr]     |
[INFO] [stderr]  49 | impl<const CHANNELS: usize> UsbPrimitive<CHANNELS> {
[INFO] [stderr]     | -------------------------------------------------- method in this implementation
[INFO] [stderr] ...
[INFO] [stderr] 144 |     async fn abort(&self) {
[INFO] [stderr]     |              ^^^^^
[INFO] [stderr]     |
[INFO] [stderr]     = note: `#[warn(dead_code)]` (part of `#[warn(unused)]`) on by default
[INFO] [stderr] 
[INFO] [stderr] warning: function `abort_device` is never used
[INFO] [stderr]    --> src/devices/utils.rs:109:15
[INFO] [stderr]     |
[INFO] [stderr] 109 | pub(super) fn abort_device(serial_number: &str) {
[INFO] [stderr]     |               ^^^^^^^^^^^^
[INFO] [stderr] 
[INFO] [stderr] warning: function `leak_device` is never used
[INFO] [stderr]    --> src/devices/utils.rs:123:4
[INFO] [stderr]     |
[INFO] [stderr] 123 | fn leak_device(serial_number: &str) {
[INFO] [stderr]     |    ^^^^^^^^^^^
[INFO] [stderr] 
[INFO] [stderr] warning: field `id` is never read
[INFO] [stderr]   --> src/messages/command.rs:62:16
[INFO] [stderr]    |
[INFO] [stderr] 60 | pub(crate) struct Command<const CH: usize> {
[INFO] [stderr]    |                   ------- field in this struct
[INFO] [stderr] 61 |     /// Unique two-byte identifier for the command
[INFO] [stderr] 62 |     pub(super) id: [u8; 2],
[INFO] [stderr]    |                ^^
[INFO] [stderr]    |
[INFO] [stderr]    = note: `Command` has a derived impl for the trait `Debug`, but this is intentionally ignored during dead code analysis
[INFO] [stderr] 
[INFO] [stderr] warning: variant `Acceleration` is never constructed
[INFO] [stderr]   --> src/traits/unit_conversion.rs:16:5
[INFO] [stderr]    |
[INFO] [stderr] 13 | pub(crate) enum Units {
[INFO] [stderr]    |                 ----- variant in this enum
[INFO] [stderr] ...
[INFO] [stderr] 16 |     Acceleration([u8; 4]),
[INFO] [stderr]    |     ^^^^^^^^^^^^
[INFO] [stderr] 
[INFO] [stderr] warning: associated function `acceleration_from_slice` is never used
[INFO] [stderr]   --> src/traits/unit_conversion.rs:54:19
[INFO] [stderr]    |
[INFO] [stderr] 19 | impl Units {
[INFO] [stderr]    | ---------- associated function in this implementation
[INFO] [stderr] ...
[INFO] [stderr] 54 |     pub(crate) fn acceleration_from_slice(slice: &[u8]) -> Units {
[INFO] [stderr]    |                   ^^^^^^^^^^^^^^^^^^^^^^^
[INFO] [stderr] 
[INFO] [stderr] warning: associated functions `velocity_from_f64` and `acceleration_from_f64` are never used
[INFO] [stderr]    --> src/traits/unit_conversion.rs:133:8
[INFO] [stderr]     |
[INFO] [stderr] 115 | pub(crate) trait UnitConversion {
[INFO] [stderr]     |                  -------------- associated functions in this trait
[INFO] [stderr] ...
[INFO] [stderr] 133 |     fn velocity_from_f64(velocity: f64) -> Units {
[INFO] [stderr]     |        ^^^^^^^^^^^^^^^^^
[INFO] [stderr] ...
[INFO] [stderr] 142 |     fn acceleration_from_f64(acceleration: f64) -> Units {
[INFO] [stderr]     |        ^^^^^^^^^^^^^^^^^^^^^
[INFO] [stderr] 
[INFO] [stderr] warning: type `UsbPrimitive<1>` is more private than the item `<kdc101::KDC101 as ThorlabsDevice<CH>>::inner`
[INFO] [stderr]    --> src/devices/kdc101.rs:233:5
[INFO] [stderr]     |
[INFO] [stderr] 233 |     fn inner(&self) -> &UsbPrimitive<1> {
[INFO] [stderr]     |     ^^^^^^^^^^^^^^^^^^^^^^^^^^^^^^^^^^^ method `<kdc101::KDC101 as ThorlabsDevice<CH>>::inner` is reachable at visibility `pub`
[INFO] [stderr]     |
[INFO] [stderr] note: but type `UsbPrimitive<1>` is only usable at visibility `pub(crate)`
[INFO] [stderr]    --> src/devices/usb_primitive/mod.rs:31:1
[INFO] [stderr]     |
[INFO] [stderr]  31 | pub(crate) struct UsbPrimitive<const CHANNELS: usize> {
[INFO] [stderr]     | ^^^^^^^^^^^^^^^^^^^^^^^^^^^^^^^^^^^^^^^^^^^^^^^^^^^^^
[INFO] [stderr]     = note: `#[warn(private_interfaces)]` on by default
[INFO] [stderr] 
[INFO] [stderr] warning: `thormotion` (lib) generated 10 warnings (run `cargo fix --lib -p thormotion` to apply 1 suggestion)
[INFO] [stderr] warning: `thormotion` (lib test) generated 10 warnings (9 duplicates)
[INFO] [stderr]     Finished `release` profile [optimized] target(s) in 0.11s
[INFO] [stderr]      Running unittests src/lib.rs (/opt/rustwide/target/release/deps/thormotion-ad1e5f04d98ba1f4)
[INFO] [stdout] 
[INFO] [stdout] running 1 test
[INFO] [stdout] test tests::kdc101 ... FAILED
[INFO] [stdout] 
[INFO] [stdout] failures:
[INFO] [stdout] 
[INFO] [stdout] ---- tests::kdc101 stdout ----
[INFO] [stdout] 
[INFO] [stdout] thread 'tests::kdc101' (848) panicked at src/lib.rs:59:47:
[INFO] [stdout] called `Result::unwrap()` on an `Err` value: Invalid("27XXX")
[INFO] [stdout] stack backtrace:
[INFO] [stdout]    0:     0x58893b751c61 - <<std[70759c8f55707aa4]::sys::backtrace::BacktraceLock>::print::DisplayBacktrace as core[df12db4294e9bfd3]::fmt::Display>::fmt
[INFO] [stdout]    1:     0x58893b76926a - core[df12db4294e9bfd3]::fmt::write
[INFO] [stdout]    2:     0x58893b757d3c - <alloc[2182bb758b4b3781]::vec::Vec<u8> as core[df12db4294e9bfd3]::io::write::Write>::write_fmt
[INFO] [stdout]    3:     0x58893b72d166 - std[70759c8f55707aa4]::panicking::default_hook::{closure#0}
[INFO] [stdout]    4:     0x58893b749c19 - std[70759c8f55707aa4]::panicking::default_hook
[INFO] [stdout]    5:     0x58893b6b38e0 - test[9d35eded1c95d3be]::test_main_inner::<test[9d35eded1c95d3be]::test_main_static::{closure#0}>::{closure#0}
[INFO] [stdout]    6:     0x58893b749dd2 - std[70759c8f55707aa4]::panicking::panic_with_hook
[INFO] [stdout]    7:     0x58893b72d212 - std[70759c8f55707aa4]::panicking::panic_handler::{closure#0}
[INFO] [stdout]    8:     0x58893b725d39 - std[70759c8f55707aa4]::sys::backtrace::__rust_end_short_backtrace::<std[70759c8f55707aa4]::panicking::panic_handler::{closure#0}, !>
[INFO] [stdout]    9:     0x58893b72de0d - __rustc[8fa7c3cbc660c2b3]::rust_begin_unwind
[INFO] [stdout]   10:     0x58893b769a4c - core[df12db4294e9bfd3]::panicking::panic_fmt
[INFO] [stdout]   11:     0x58893b769822 - core[df12db4294e9bfd3]::result::unwrap_failed
[INFO] [stdout]   12:     0x58893b5cacc7 - thormotion[c48147717791dece]::tests::kdc101
[INFO] [stdout]   13:     0x58893b5cff59 - <thormotion[c48147717791dece]::tests::kdc101::{closure#0} as core[df12db4294e9bfd3]::ops::function::FnOnce<()>>::call_once
[INFO] [stdout]   14:     0x58893b6a6bcb - test[9d35eded1c95d3be]::__rust_begin_short_backtrace::<core[df12db4294e9bfd3]::result::Result<(), alloc[2182bb758b4b3781]::string::String>, fn() -> core[df12db4294e9bfd3]::result::Result<(), alloc[2182bb758b4b3781]::string::String>>
[INFO] [stdout]   15:     0x58893b6b4235 - test[9d35eded1c95d3be]::run_test::{closure#0}
[INFO] [stdout]   16:     0x58893b6adaf4 - std[70759c8f55707aa4]::sys::backtrace::__rust_begin_short_backtrace::<test[9d35eded1c95d3be]::run_test::{closure#1}, ()>
[INFO] [stdout]   17:     0x58893b6b7392 - <std[70759c8f55707aa4]::thread::lifecycle::spawn_unchecked<test[9d35eded1c95d3be]::run_test::{closure#1}, ()>::{closure#1} as core[df12db4294e9bfd3]::ops::function::FnOnce<()>>::call_once::{shim:vtable#0}
[INFO] [stdout]   18:     0x58893b751199 - <std[70759c8f55707aa4]::sys::thread::unix::Thread>::new::thread_start
[INFO] [stdout]   19:     0x7b0f03562dfa - <unknown>
[INFO] [stdout]   20:     0x7b0f035f63d4 - clone
[INFO] [stdout]   21:                0x0 - <unknown>
[INFO] [stdout] 
[INFO] [stdout] 
[INFO] [stdout] failures:
[INFO] [stdout]     tests::kdc101
[INFO] [stdout] 
[INFO] [stdout] test result: FAILED. 0 passed; 1 failed; 0 ignored; 0 measured; 0 filtered out; finished in 0.00s
[INFO] [stdout] 
[INFO] [stderr] error: test failed, to rerun pass `--lib`
[INFO] running `Command { std: "docker" "inspect" "f89ad916ccac173638bbc018cb15ca6dac9632501525b2bf704fc526d41890cb", kill_on_drop: false }`
[INFO] running `Command { std: "docker" "rm" "-f" "f89ad916ccac173638bbc018cb15ca6dac9632501525b2bf704fc526d41890cb", kill_on_drop: false }`
[INFO] [stdout] f89ad916ccac173638bbc018cb15ca6dac9632501525b2bf704fc526d41890cb
