[INFO] fetching crate think-tool 0.1.7...
[INFO] testing think-tool-0.1.7 against 1.100.0-beta.1+cargoflags=--release for beta-release-1.100-2
[INFO] extracting crate think-tool 0.1.7 into /workspace/builds/worker-7-tc2/source
[INFO] started tweaking crates.io crate think-tool 0.1.7
[INFO] removed 0 missing tests
[INFO] finished tweaking crates.io crate think-tool 0.1.7
[INFO] tweaked toml for crates.io crate think-tool 0.1.7 written to /workspace/builds/worker-7-tc2/source/Cargo.toml
[INFO] validating manifest of crates.io crate think-tool 0.1.7 on toolchain 1.100.0-beta.1
[INFO] running `Command { std: CARGO_HOME="/workspace/cargo-home" RUSTUP_HOME="/workspace/rustup-home" "/workspace/cargo-home/bin/cargo" "+1.100.0-beta.1" "metadata" "--manifest-path" "Cargo.toml" "--no-deps", kill_on_drop: false }`
[INFO] crate crates.io crate think-tool 0.1.7 already has a lockfile, it will not be regenerated
[INFO] running `Command { std: CARGO_HOME="/workspace/cargo-home" RUSTUP_HOME="/workspace/rustup-home" "/workspace/cargo-home/bin/cargo" "+1.100.0-beta.1" "fetch" "--manifest-path" "Cargo.toml", kill_on_drop: false }`
[INFO] running `Command { std: "docker" "create" "-v" "/var/lib/crater-agent-workspace/builds/worker-7-tc2/source:/opt/rustwide/workdir:ro,Z" "-v" "/var/lib/crater-agent-workspace/builds/worker-7-tc2/target:/opt/rustwide/target:rw,Z" "-v" "/var/lib/crater-agent-workspace/cargo-home:/opt/rustwide/cargo-home:ro,Z" "-v" "/var/lib/crater-agent-workspace/rustup-home:/opt/rustwide/rustup-home:ro,Z" "-m" "1610612736" "--network" "none" "ghcr.io/rust-lang/crates-build-env/linux@sha256:77db811e55d90add9212f6832c23229e3de5f1c1f9905e8cb07319ea15df73ac" "sleep" "infinity", kill_on_drop: false }`
[INFO] [stdout] aeb89b1cf7c0c314ba4f92824bb9a698c3a4dc76b265fbcc94dfb1a12dbd3dcd
[INFO] running `Command { std: "docker" "start" "aeb89b1cf7c0c314ba4f92824bb9a698c3a4dc76b265fbcc94dfb1a12dbd3dcd", kill_on_drop: false }`
[INFO] running `Command { std: "docker" "inspect" "aeb89b1cf7c0c314ba4f92824bb9a698c3a4dc76b265fbcc94dfb1a12dbd3dcd", kill_on_drop: false }`
[INFO] running `Command { std: "docker" "exec" "-e" "SOURCE_DIR=/opt/rustwide/workdir" "-e" "CARGO_HOME=/opt/rustwide/cargo-home" "-e" "RUSTUP_HOME=/opt/rustwide/rustup-home" "-e" "CARGO_TARGET_DIR=/opt/rustwide/target" "-w" "/opt/rustwide/workdir" "--user" "0:0" "aeb89b1cf7c0c314ba4f92824bb9a698c3a4dc76b265fbcc94dfb1a12dbd3dcd" "/opt/rustwide/cargo-home/bin/cargo" "+1.100.0-beta.1" "metadata" "--no-deps" "--format-version=1", kill_on_drop: false }`
[INFO] running `Command { std: "docker" "inspect" "aeb89b1cf7c0c314ba4f92824bb9a698c3a4dc76b265fbcc94dfb1a12dbd3dcd", kill_on_drop: false }`
[INFO] running `Command { std: "docker" "exec" "-e" "SOURCE_DIR=/opt/rustwide/workdir" "-e" "CARGO_HOME=/opt/rustwide/cargo-home" "-e" "RUSTUP_HOME=/opt/rustwide/rustup-home" "-e" "CARGO_TARGET_DIR=/opt/rustwide/target" "-e" "CARGO_INCREMENTAL=0" "-e" "RUST_BACKTRACE=full" "-e" "RUSTFLAGS=--cap-lints=warn" "-e" "RUSTDOCFLAGS=--cap-lints=warn" "-w" "/opt/rustwide/workdir" "--user" "0:0" "aeb89b1cf7c0c314ba4f92824bb9a698c3a4dc76b265fbcc94dfb1a12dbd3dcd" "/opt/rustwide/cargo-home/bin/cargo" "+1.100.0-beta.1" "build" "--frozen" "--message-format=json" "--release", kill_on_drop: false }`
[INFO] [stderr]    Compiling thiserror v2.0.20
[INFO] [stderr]    Compiling itertools v0.14.0
[INFO] [stderr]    Compiling instability v0.3.13
[INFO] [stderr]    Compiling syn v3.0.5
[INFO] [stderr]    Compiling syn v2.0.119
[INFO] [stderr]    Compiling lru v0.18.4
[INFO] [stderr]    Compiling smallvec v1.16.0
[INFO] [stderr]    Compiling critical-section v1.2.0
[INFO] [stderr]    Compiling mio v1.2.3
[INFO] [stderr]    Compiling compact_str v0.9.1
[INFO] [stderr]    Compiling signal-hook v0.3.18
[INFO] [stderr]    Compiling time v0.3.55
[INFO] [stderr]    Compiling nix v0.28.0
[INFO] [stderr]    Compiling line-clipping v0.3.8
[INFO] [stderr]    Compiling clap_builder v4.6.6
[INFO] [stderr]    Compiling getrandom v0.4.3
[INFO] [stderr]    Compiling getrandom v0.3.4
[INFO] [stderr]    Compiling serial2 v0.2.38
[INFO] [stderr]    Compiling shell-words v1.1.1
[INFO] [stderr]    Compiling parking_lot_core v0.9.12
[INFO] [stderr]    Compiling jiff-core v0.1.0
[INFO] [stderr]    Compiling serde_json v1.0.151
[INFO] [stderr]    Compiling parking_lot v0.12.5
[INFO] [stderr]    Compiling tempfile v3.27.0
[INFO] [stderr]    Compiling toml v1.1.5+spec-1.1.0
[INFO] [stderr]    Compiling rand v0.10.2
[INFO] [stderr]    Compiling signal-hook-mio v0.2.5
[INFO] [stderr]    Compiling which v8.0.6
[INFO] [stderr]    Compiling jiff v0.2.35
[INFO] [stderr]    Compiling unicode-truncate v2.0.1
[INFO] [stderr]    Compiling strum_macros v0.28.0
[INFO] [stderr]    Compiling derive_more-impl v2.1.1
[INFO] [stderr]    Compiling thiserror-impl v1.0.69
[INFO] [stderr]    Compiling derive_more v2.1.1
[INFO] [stderr]    Compiling crossterm v0.29.0
[INFO] [stderr]    Compiling thiserror v1.0.69
[INFO] [stderr]    Compiling filedescriptor v0.8.3
[INFO] [stderr]    Compiling portable-pty v0.9.0
[INFO] [stderr]    Compiling strum v0.28.0
[INFO] [stderr]    Compiling darling_core v0.24.1
[INFO] [stderr]    Compiling thiserror-impl v2.0.20
[INFO] [stderr]    Compiling serde_derive v1.0.229
[INFO] [stderr]    Compiling clap_derive v4.6.4
[INFO] [stderr]    Compiling kasuari v0.4.12
[INFO] [stderr]    Compiling ratatui-core v0.1.2
[INFO] [stderr]    Compiling clap v4.6.6
[INFO] [stderr]    Compiling darling_macro v0.24.1
[INFO] [stderr]    Compiling darling v0.24.1
[INFO] [stderr]    Compiling serde v1.0.229
[INFO] [stderr]    Compiling ratatui-widgets v0.3.2
[INFO] [stderr]    Compiling ratatui-crossterm v0.1.2
[INFO] [stderr]    Compiling ratatui-macros v0.7.2
[INFO] [stderr]    Compiling ratatui v0.30.2
[INFO] [stderr]    Compiling think-tool v0.1.7 (/opt/rustwide/workdir)
[INFO] [stderr] warning: unused dependency `portable-pty`
[INFO] [stderr]   --> Cargo.toml:21:15
[INFO] [stderr]    |
[INFO] [stderr] 21 | [dependencies.portable-pty]
[INFO] [stderr]    |               ^^^^^^^^^^^^^
[INFO] [stderr]    |
[INFO] [stderr]    = note: `cargo::unused_dependencies` is set to `warn` by default
[INFO] [stderr] help: consider removing the dependency on `portable-pty`
[INFO] [stderr] warning: `think-tool` (manifest) generated 1 warning
[INFO] [stderr]     Finished `release` profile [optimized] target(s) in 1m 04s
[INFO] [stderr] warning: the following packages contain code that will be rejected by a future version of Rust: nix v0.28.0
[INFO] [stderr] note: to see what the problems were, use the option `--future-incompat-report`, or run `cargo report future-incompatibilities --id 6`
[INFO] running `Command { std: "docker" "inspect" "aeb89b1cf7c0c314ba4f92824bb9a698c3a4dc76b265fbcc94dfb1a12dbd3dcd", kill_on_drop: false }`
[INFO] running `Command { std: "docker" "exec" "-e" "SOURCE_DIR=/opt/rustwide/workdir" "-e" "CARGO_HOME=/opt/rustwide/cargo-home" "-e" "RUSTUP_HOME=/opt/rustwide/rustup-home" "-e" "CARGO_TARGET_DIR=/opt/rustwide/target" "-e" "CARGO_INCREMENTAL=0" "-e" "RUST_BACKTRACE=full" "-e" "RUSTFLAGS=--cap-lints=warn" "-e" "RUSTDOCFLAGS=--cap-lints=warn" "-w" "/opt/rustwide/workdir" "--user" "0:0" "aeb89b1cf7c0c314ba4f92824bb9a698c3a4dc76b265fbcc94dfb1a12dbd3dcd" "/opt/rustwide/cargo-home/bin/cargo" "+1.100.0-beta.1" "test" "--frozen" "--no-run" "--message-format=json" "--release", kill_on_drop: false }`
[INFO] [stderr]    Compiling think-tool v0.1.7 (/opt/rustwide/workdir)
[INFO] [stderr]     Finished `release` profile [optimized] target(s) in 15.45s
[INFO] [stderr] warning: the following packages contain code that will be rejected by a future version of Rust: nix v0.28.0
[INFO] [stderr] note: to see what the problems were, use the option `--future-incompat-report`, or run `cargo report future-incompatibilities --id 6`
[INFO] running `Command { std: "docker" "inspect" "aeb89b1cf7c0c314ba4f92824bb9a698c3a4dc76b265fbcc94dfb1a12dbd3dcd", kill_on_drop: false }`
[INFO] running `Command { std: "docker" "exec" "-e" "SOURCE_DIR=/opt/rustwide/workdir" "-e" "CARGO_HOME=/opt/rustwide/cargo-home" "-e" "RUSTUP_HOME=/opt/rustwide/rustup-home" "-e" "CARGO_TARGET_DIR=/opt/rustwide/target" "-e" "CARGO_INCREMENTAL=0" "-e" "RUST_BACKTRACE=full" "-e" "RUSTFLAGS=--cap-lints=warn" "-e" "RUSTDOCFLAGS=--cap-lints=warn" "-w" "/opt/rustwide/workdir" "--user" "0:0" "aeb89b1cf7c0c314ba4f92824bb9a698c3a4dc76b265fbcc94dfb1a12dbd3dcd" "/opt/rustwide/cargo-home/bin/cargo" "+1.100.0-beta.1" "test" "--frozen" "--release", kill_on_drop: false }`
[INFO] [stderr]     Finished `release` profile [optimized] target(s) in 0.17s
[INFO] [stderr] warning: the following packages contain code that will be rejected by a future version of Rust: nix v0.28.0
[INFO] [stderr] note: to see what the problems were, use the option `--future-incompat-report`, or run `cargo report future-incompatibilities --id 6`
[INFO] [stderr]      Running unittests src/main.rs (/opt/rustwide/target/release/build/think-tool/9535b71e95e544a5/out/think-9535b71e95e544a5)
[INFO] [stdout] 
[INFO] [stdout] running 33 tests
[INFO] [stdout] test app::tests::agent_counter_ignores_roles_and_spacers ... ok
[INFO] [stdout] test input::editor::tests::cancellation_errors_are_detectable_through_context ... ok
[INFO] [stdout] test config::tests::parses_codex_provider_config ... ok
[INFO] [stdout] test backend::tests::steer_status_tracks_pending_and_last_sent ... ok
[INFO] [stdout] test app::tests::agent_history_context_includes_prior_prompts_and_transcripts ... ok
[INFO] [stdout] test config::tests::parses_infinite_parallelism ... ok
[INFO] [stdout] test app::tests::attach_transcript_parser_finds_reply_and_thinking_blocks ... ok
[INFO] [stdout] test app::tests::raw_pty_exit_files_are_recovered_for_existing_projects ... ok
[INFO] [stdout] test provider::codex::tests::account_selection_skips_waiting_active_account ... ok
[INFO] [stdout] test provider::codex::tests::parses_visible_model_catalog ... ok
[INFO] [stdout] test input::view::tests::cursor_row_is_not_offset_by_later_lines ... ok
[INFO] [stdout] test input::view::tests::inline_cursor_marker_wraps_at_boundary ... ok
[INFO] [stdout] test input::view::tests::wraps_long_input_rows ... ok
[INFO] [stdout] test input::view::tests::scroll_tracks_cursor_in_wrapped_rows ... ok
[INFO] [stdout] test selection::tests::agent_spec_rejects_multiple_slashes ... ok
[INFO] [stdout] test provider::codex::tests::removing_active_account_selects_remaining_account ... ok
[INFO] [stdout] test app::tests::agent_history_context_falls_back_to_transcript_tail ... ok
[INFO] [stdout] test app::tests::notice_reader_rejects_placeholder_status_lines ... ok
[INFO] [stdout] test transcript::tests::parses_codex_transcript_blocks ... ok
[INFO] [stdout] test selection::tests::agent_spec_accepts_bare_agent_or_role_qualified_agent ... ok
[INFO] [stdout] test state::tests::natural_sort_orders_embedded_numbers_by_value ... ok
[INFO] [stdout] test provider::codex::tests::parses_nested_codex_rate_limit_events ... ok
[INFO] [stdout] test tui::tests::finds_query_matches ... ok
[INFO] [stdout] test state::tests::roles_sort_by_display_priority_then_slug ... ok
[INFO] [stdout] test state::tests::agents_are_listed_only_after_their_state_is_committed ... ok
[INFO] [stdout] test time::tests::formats_short_durations ... ok
[INFO] [stdout] test app::tests::user_paused_agent_is_not_woken_by_active_role ... ok
[INFO] [stdout] test tui::tests::wraps_styled_lines_without_dropping_text ... ok
[INFO] [stdout] test app::tests::wake_cleanup_removes_inert_stale_orchestrator_locks ... ok
[INFO] [stdout] test config::tests::parses_flat_trigger_launches ... ok
[INFO] [stdout] test input::editor::tests::editor_history_recalls_last_prompt_and_restores_draft ... ok
[INFO] [stdout] test app::tests::transcript_scroll_clamps_to_last_full_viewport ... ok
[INFO] [stdout] test attach::tests::marker_index_tracks_current_scroll_position ... ok
[INFO] [stdout] 
[INFO] [stdout] test result: ok. 33 passed; 0 failed; 0 ignored; 0 measured; 0 filtered out; finished in 0.01s
[INFO] [stdout] 
[INFO] [stderr]      Running tests/cli_smoke.rs (/opt/rustwide/target/release/build/think-tool/2885e6de37c35023/out/cli_smoke-2885e6de37c35023)
[INFO] [stdout] 
[INFO] [stdout] running 24 tests
[INFO] [stdout] test episodes_math_project_has_compact_episode_defaults ... FAILED
[INFO] [stdout] test manual_and_idle_triggers_start_prefixed_auto_archived_supervisors ... FAILED
[INFO] [stdout] test invalid_manifest_is_reported_to_agent_and_retried ... FAILED
[INFO] [stdout] test agent_selectors_accept_role_qualified_form_and_reject_ambiguous_bare_ids ... FAILED
[INFO] [stdout] test bare_think_shows_status_and_more_new_creates_default_role_agent ... FAILED
[INFO] [stdout] test episodes_code_project_has_branch_merge_defaults ... FAILED
[INFO] [stdout] test assist_prompt_exposes_project_and_cli_context ... FAILED
[INFO] [stdout] test corrupted_agent_state_is_restored_reported_and_retried ... FAILED
[INFO] [stdout] test more_starts_thread_when_app_server_thread_metadata_is_unavailable ... FAILED
[INFO] [stdout] test missing_reply_is_reported_to_agent_and_retried ... FAILED
[INFO] [stdout] test project_new_registers_project_in_think_home ... FAILED
[INFO] [stdout] test more_resumes_the_recorded_backend_thread_id ... FAILED
[INFO] [stdout] test open_command_invokes_system_open_on_project_root ... FAILED
[INFO] [stdout] test status_reads_existing_raw_pty_exit_files ... FAILED
[INFO] [stdout] test status_all_includes_archived_agents_with_summary_before_status ... FAILED
[INFO] [stdout] test retry_updates_active_waiting_supervisors ... FAILED
[INFO] [stdout] test supervisor_restarts_after_sigkill_oom_like_exit ... FAILED
[INFO] [stdout] test status_uses_manifest_disposition_for_resumed_agents ... FAILED
[INFO] [stdout] test supervisor_records_failed_app_server_turn ... FAILED
[INFO] [stdout] test top_level_help_hides_advanced_namespaces_until_all ... ok
[INFO] [stdout] test queued_triggers_start_agents_with_trigger_context ... FAILED
[INFO] [stdout] test blank_agent_prompt_cancels_create ... FAILED
[INFO] [stdout] test status_surfaces_invalid_manifest_without_failing ... FAILED
[INFO] [stdout] test invalid_channel_outbox_is_reported_to_agent_and_retried ... FAILED
[INFO] [stdout] 
[INFO] [stdout] failures:
[INFO] [stdout] 
[INFO] [stdout] ---- episodes_math_project_has_compact_episode_defaults stdout ----
[INFO] [stdout] Error: "command failed with status exit status: 1\nstdout:\n\nstderr:\nFailed to create the initial commit in channel `/tmp/.tmpT7Lxw2/project/channels/alerts`. Fix git identity and rerun the command.: git -C /tmp/.tmpT7Lxw2/project/channels/alerts -c commit.gpgsign=false -c tag.gpgsign=false commit -m chore: initialize think channel failed\nstdout:\n\nstderr:\nAuthor identity unknown\n\n*** Please tell me who you are.\n\nRun\n\n  git config --global user.email \"you@example.com\"\n  git config --global user.name \"Your Name\"\n\nto set your account's default identity.\nOmit --global to set the identity only in this repository.\n\nfatal: unable to auto-detect email address (got 'root@aeb89b1cf7c0.(none)')\n\n"
[INFO] [stdout] 
[INFO] [stdout] ---- manual_and_idle_triggers_start_prefixed_auto_archived_supervisors stdout ----
[INFO] [stdout] Error: "command failed with status exit status: 1\nstdout:\n\nstderr:\nFailed to create the initial commit in channel `/tmp/.tmpclT3sy/project/channels/alerts`. Fix git identity and rerun the command.: git -C /tmp/.tmpclT3sy/project/channels/alerts -c commit.gpgsign=false -c tag.gpgsign=false commit -m chore: initialize think channel failed\nstdout:\n\nstderr:\nAuthor identity unknown\n\n*** Please tell me who you are.\n\nRun\n\n  git config --global user.email \"you@example.com\"\n  git config --global user.name \"Your Name\"\n\nto set your account's default identity.\nOmit --global to set the identity only in this repository.\n\nfatal: unable to auto-detect email address (got 'root@aeb89b1cf7c0.(none)')\n\n"
[INFO] [stdout] 
[INFO] [stdout] ---- invalid_manifest_is_reported_to_agent_and_retried stdout ----
[INFO] [stdout] Error: "command failed with status exit status: 1\nstdout:\n\nstderr:\nFailed to create the initial commit in channel `/tmp/.tmp9ccciH/project/channels/alerts`. Fix git identity and rerun the command.: git -C /tmp/.tmp9ccciH/project/channels/alerts -c commit.gpgsign=false -c tag.gpgsign=false commit -m chore: initialize think channel failed\nstdout:\n\nstderr:\nAuthor identity unknown\n\n*** Please tell me who you are.\n\nRun\n\n  git config --global user.email \"you@example.com\"\n  git config --global user.name \"Your Name\"\n\nto set your account's default identity.\nOmit --global to set the identity only in this repository.\n\nfatal: unable to auto-detect email address (got 'root@aeb89b1cf7c0.(none)')\n\n"
[INFO] [stdout] 
[INFO] [stdout] ---- agent_selectors_accept_role_qualified_form_and_reject_ambiguous_bare_ids stdout ----
[INFO] [stdout] Error: "command failed with status exit status: 1\nstdout:\n\nstderr:\nFailed to create the initial commit in channel `/tmp/.tmpwqMSia/project/channels/alerts`. Fix git identity and rerun the command.: git -C /tmp/.tmpwqMSia/project/channels/alerts -c commit.gpgsign=false -c tag.gpgsign=false commit -m chore: initialize think channel failed\nstdout:\n\nstderr:\nAuthor identity unknown\n\n*** Please tell me who you are.\n\nRun\n\n  git config --global user.email \"you@example.com\"\n  git config --global user.name \"Your Name\"\n\nto set your account's default identity.\nOmit --global to set the identity only in this repository.\n\nfatal: unable to auto-detect email address (got 'root@aeb89b1cf7c0.(none)')\n\n"
[INFO] [stdout] 
[INFO] [stdout] ---- bare_think_shows_status_and_more_new_creates_default_role_agent stdout ----
[INFO] [stdout] Error: "command failed with status exit status: 1\nstdout:\n\nstderr:\nFailed to create the initial commit in channel `/tmp/.tmpqOFHfZ/project/channels/alerts`. Fix git identity and rerun the command.: git -C /tmp/.tmpqOFHfZ/project/channels/alerts -c commit.gpgsign=false -c tag.gpgsign=false commit -m chore: initialize think channel failed\nstdout:\n\nstderr:\nAuthor identity unknown\n\n*** Please tell me who you are.\n\nRun\n\n  git config --global user.email \"you@example.com\"\n  git config --global user.name \"Your Name\"\n\nto set your account's default identity.\nOmit --global to set the identity only in this repository.\n\nfatal: unable to auto-detect email address (got 'root@aeb89b1cf7c0.(none)')\n\n"
[INFO] [stdout] 
[INFO] [stdout] ---- episodes_code_project_has_branch_merge_defaults stdout ----
[INFO] [stdout] Error: "command failed with status exit status: 1\nstdout:\n\nstderr:\nFailed to create the initial commit in channel `/tmp/.tmpNa11BB/project/channels/alerts`. Fix git identity and rerun the command.: git -C /tmp/.tmpNa11BB/project/channels/alerts -c commit.gpgsign=false -c tag.gpgsign=false commit -m chore: initialize think channel failed\nstdout:\n\nstderr:\nAuthor identity unknown\n\n*** Please tell me who you are.\n\nRun\n\n  git config --global user.email \"you@example.com\"\n  git config --global user.name \"Your Name\"\n\nto set your account's default identity.\nOmit --global to set the identity only in this repository.\n\nfatal: unable to auto-detect email address (got 'root@aeb89b1cf7c0.(none)')\n\n"
[INFO] [stdout] 
[INFO] [stdout] ---- assist_prompt_exposes_project_and_cli_context stdout ----
[INFO] [stdout] Error: "command failed with status exit status: 1\nstdout:\n\nstderr:\nFailed to create the initial commit in channel `/tmp/.tmph812dz/project/channels/alerts`. Fix git identity and rerun the command.: git -C /tmp/.tmph812dz/project/channels/alerts -c commit.gpgsign=false -c tag.gpgsign=false commit -m chore: initialize think channel failed\nstdout:\n\nstderr:\nAuthor identity unknown\n\n*** Please tell me who you are.\n\nRun\n\n  git config --global user.email \"you@example.com\"\n  git config --global user.name \"Your Name\"\n\nto set your account's default identity.\nOmit --global to set the identity only in this repository.\n\nfatal: unable to auto-detect email address (got 'root@aeb89b1cf7c0.(none)')\n\n"
[INFO] [stdout] 
[INFO] [stdout] ---- corrupted_agent_state_is_restored_reported_and_retried stdout ----
[INFO] [stdout] Error: "command failed with status exit status: 1\nstdout:\n\nstderr:\nFailed to create the initial commit in channel `/tmp/.tmp0THtly/project/channels/alerts`. Fix git identity and rerun the command.: git -C /tmp/.tmp0THtly/project/channels/alerts -c commit.gpgsign=false -c tag.gpgsign=false commit -m chore: initialize think channel failed\nstdout:\n\nstderr:\nAuthor identity unknown\n\n*** Please tell me who you are.\n\nRun\n\n  git config --global user.email \"you@example.com\"\n  git config --global user.name \"Your Name\"\n\nto set your account's default identity.\nOmit --global to set the identity only in this repository.\n\nfatal: unable to auto-detect email address (got 'root@aeb89b1cf7c0.(none)')\n\n"
[INFO] [stdout] 
[INFO] [stdout] ---- more_starts_thread_when_app_server_thread_metadata_is_unavailable stdout ----
[INFO] [stdout] Error: "command failed with status exit status: 1\nstdout:\n\nstderr:\nFailed to create the initial commit in channel `/tmp/.tmpveee7g/project/channels/alerts`. Fix git identity and rerun the command.: git -C /tmp/.tmpveee7g/project/channels/alerts -c commit.gpgsign=false -c tag.gpgsign=false commit -m chore: initialize think channel failed\nstdout:\n\nstderr:\nAuthor identity unknown\n\n*** Please tell me who you are.\n\nRun\n\n  git config --global user.email \"you@example.com\"\n  git config --global user.name \"Your Name\"\n\nto set your account's default identity.\nOmit --global to set the identity only in this repository.\n\nfatal: unable to auto-detect email address (got 'root@aeb89b1cf7c0.(none)')\n\n"
[INFO] [stdout] 
[INFO] [stdout] ---- missing_reply_is_reported_to_agent_and_retried stdout ----
[INFO] [stdout] Error: "command failed with status exit status: 1\nstdout:\n\nstderr:\nFailed to create the initial commit in channel `/tmp/.tmpmIJ2oD/project/channels/alerts`. Fix git identity and rerun the command.: git -C /tmp/.tmpmIJ2oD/project/channels/alerts -c commit.gpgsign=false -c tag.gpgsign=false commit -m chore: initialize think channel failed\nstdout:\n\nstderr:\nAuthor identity unknown\n\n*** Please tell me who you are.\n\nRun\n\n  git config --global user.email \"you@example.com\"\n  git config --global user.name \"Your Name\"\n\nto set your account's default identity.\nOmit --global to set the identity only in this repository.\n\nfatal: unable to auto-detect email address (got 'root@aeb89b1cf7c0.(none)')\n\n"
[INFO] [stdout] 
[INFO] [stdout] ---- project_new_registers_project_in_think_home stdout ----
[INFO] [stdout] Error: "command failed with status exit status: 1\nstdout:\n\nstderr:\nFailed to create the initial commit in channel `/tmp/.tmp2vilMY/project/channels/alerts`. Fix git identity and rerun the command.: git -C /tmp/.tmp2vilMY/project/channels/alerts -c commit.gpgsign=false -c tag.gpgsign=false commit -m chore: initialize think channel failed\nstdout:\n\nstderr:\nAuthor identity unknown\n\n*** Please tell me who you are.\n\nRun\n\n  git config --global user.email \"you@example.com\"\n  git config --global user.name \"Your Name\"\n\nto set your account's default identity.\nOmit --global to set the identity only in this repository.\n\nfatal: unable to auto-detect email address (got 'root@aeb89b1cf7c0.(none)')\n\n"
[INFO] [stdout] 
[INFO] [stdout] ---- more_resumes_the_recorded_backend_thread_id stdout ----
[INFO] [stdout] Error: "command failed with status exit status: 1\nstdout:\n\nstderr:\nFailed to create the initial commit in channel `/tmp/.tmpljVbB9/project/channels/alerts`. Fix git identity and rerun the command.: git -C /tmp/.tmpljVbB9/project/channels/alerts -c commit.gpgsign=false -c tag.gpgsign=false commit -m chore: initialize think channel failed\nstdout:\n\nstderr:\nAuthor identity unknown\n\n*** Please tell me who you are.\n\nRun\n\n  git config --global user.email \"you@example.com\"\n  git config --global user.name \"Your Name\"\n\nto set your account's default identity.\nOmit --global to set the identity only in this repository.\n\nfatal: unable to auto-detect email address (got 'root@aeb89b1cf7c0.(none)')\n\n"
[INFO] [stdout] 
[INFO] [stdout] ---- open_command_invokes_system_open_on_project_root stdout ----
[INFO] [stdout] Error: "command failed with status exit status: 1\nstdout:\n\nstderr:\nFailed to create the initial commit in channel `/tmp/.tmpyLaqAw/project/channels/alerts`. Fix git identity and rerun the command.: git -C /tmp/.tmpyLaqAw/project/channels/alerts -c commit.gpgsign=false -c tag.gpgsign=false commit -m chore: initialize think channel failed\nstdout:\n\nstderr:\nAuthor identity unknown\n\n*** Please tell me who you are.\n\nRun\n\n  git config --global user.email \"you@example.com\"\n  git config --global user.name \"Your Name\"\n\nto set your account's default identity.\nOmit --global to set the identity only in this repository.\n\nfatal: unable to auto-detect email address (got 'root@aeb89b1cf7c0.(none)')\n\n"
[INFO] [stdout] 
[INFO] [stdout] ---- status_reads_existing_raw_pty_exit_files stdout ----
[INFO] [stdout] Error: "command failed with status exit status: 1\nstdout:\n\nstderr:\nFailed to create the initial commit in channel `/tmp/.tmp8wqtLF/project/channels/alerts`. Fix git identity and rerun the command.: git -C /tmp/.tmp8wqtLF/project/channels/alerts -c commit.gpgsign=false -c tag.gpgsign=false commit -m chore: initialize think channel failed\nstdout:\n\nstderr:\nAuthor identity unknown\n\n*** Please tell me who you are.\n\nRun\n\n  git config --global user.email \"you@example.com\"\n  git config --global user.name \"Your Name\"\n\nto set your account's default identity.\nOmit --global to set the identity only in this repository.\n\nfatal: unable to auto-detect email address (got 'root@aeb89b1cf7c0.(none)')\n\n"
[INFO] [stdout] 
[INFO] [stdout] ---- status_all_includes_archived_agents_with_summary_before_status stdout ----
[INFO] [stdout] Error: "command failed with status exit status: 1\nstdout:\n\nstderr:\nFailed to create the initial commit in channel `/tmp/.tmpoM1Z6m/project/channels/alerts`. Fix git identity and rerun the command.: git -C /tmp/.tmpoM1Z6m/project/channels/alerts -c commit.gpgsign=false -c tag.gpgsign=false commit -m chore: initialize think channel failed\nstdout:\n\nstderr:\nAuthor identity unknown\n\n*** Please tell me who you are.\n\nRun\n\n  git config --global user.email \"you@example.com\"\n  git config --global user.name \"Your Name\"\n\nto set your account's default identity.\nOmit --global to set the identity only in this repository.\n\nfatal: unable to auto-detect email address (got 'root@aeb89b1cf7c0.(none)')\n\n"
[INFO] [stdout] 
[INFO] [stdout] ---- retry_updates_active_waiting_supervisors stdout ----
[INFO] [stdout] Error: "command failed with status exit status: 1\nstdout:\n\nstderr:\nFailed to create the initial commit in channel `/tmp/.tmpabgKNC/project/channels/alerts`. Fix git identity and rerun the command.: git -C /tmp/.tmpabgKNC/project/channels/alerts -c commit.gpgsign=false -c tag.gpgsign=false commit -m chore: initialize think channel failed\nstdout:\n\nstderr:\nAuthor identity unknown\n\n*** Please tell me who you are.\n\nRun\n\n  git config --global user.email \"you@example.com\"\n  git config --global user.name \"Your Name\"\n\nto set your account's default identity.\nOmit --global to set the identity only in this repository.\n\nfatal: unable to auto-detect email address (got 'root@aeb89b1cf7c0.(none)')\n\n"
[INFO] [stdout] 
[INFO] [stdout] ---- supervisor_restarts_after_sigkill_oom_like_exit stdout ----
[INFO] [stdout] Error: "command failed with status exit status: 1\nstdout:\n\nstderr:\nFailed to create the initial commit in channel `/tmp/.tmpBgHSpA/project/channels/alerts`. Fix git identity and rerun the command.: git -C /tmp/.tmpBgHSpA/project/channels/alerts -c commit.gpgsign=false -c tag.gpgsign=false commit -m chore: initialize think channel failed\nstdout:\n\nstderr:\nAuthor identity unknown\n\n*** Please tell me who you are.\n\nRun\n\n  git config --global user.email \"you@example.com\"\n  git config --global user.name \"Your Name\"\n\nto set your account's default identity.\nOmit --global to set the identity only in this repository.\n\nfatal: unable to auto-detect email address (got 'root@aeb89b1cf7c0.(none)')\n\n"
[INFO] [stdout] 
[INFO] [stdout] ---- status_uses_manifest_disposition_for_resumed_agents stdout ----
[INFO] [stdout] Error: "command failed with status exit status: 1\nstdout:\n\nstderr:\nFailed to create the initial commit in channel `/tmp/.tmpxdmMNh/project/channels/alerts`. Fix git identity and rerun the command.: git -C /tmp/.tmpxdmMNh/project/channels/alerts -c commit.gpgsign=false -c tag.gpgsign=false commit -m chore: initialize think channel failed\nstdout:\n\nstderr:\nAuthor identity unknown\n\n*** Please tell me who you are.\n\nRun\n\n  git config --global user.email \"you@example.com\"\n  git config --global user.name \"Your Name\"\n\nto set your account's default identity.\nOmit --global to set the identity only in this repository.\n\nfatal: unable to auto-detect email address (got 'root@aeb89b1cf7c0.(none)')\n\n"
[INFO] [stdout] 
[INFO] [stdout] ---- supervisor_records_failed_app_server_turn stdout ----
[INFO] [stdout] Error: "command failed with status exit status: 1\nstdout:\n\nstderr:\nFailed to create the initial commit in channel `/tmp/.tmpeF2N88/project/channels/alerts`. Fix git identity and rerun the command.: git -C /tmp/.tmpeF2N88/project/channels/alerts -c commit.gpgsign=false -c tag.gpgsign=false commit -m chore: initialize think channel failed\nstdout:\n\nstderr:\nAuthor identity unknown\n\n*** Please tell me who you are.\n\nRun\n\n  git config --global user.email \"you@example.com\"\n  git config --global user.name \"Your Name\"\n\nto set your account's default identity.\nOmit --global to set the identity only in this repository.\n\nfatal: unable to auto-detect email address (got 'root@aeb89b1cf7c0.(none)')\n\n"
[INFO] [stdout] 
[INFO] [stdout] ---- queued_triggers_start_agents_with_trigger_context stdout ----
[INFO] [stdout] Error: "command failed with status exit status: 1\nstdout:\n\nstderr:\nFailed to create the initial commit in channel `/tmp/.tmphbph7Q/project/channels/alerts`. Fix git identity and rerun the command.: git -C /tmp/.tmphbph7Q/project/channels/alerts -c commit.gpgsign=false -c tag.gpgsign=false commit -m chore: initialize think channel failed\nstdout:\n\nstderr:\nAuthor identity unknown\n\n*** Please tell me who you are.\n\nRun\n\n  git config --global user.email \"you@example.com\"\n  git config --global user.name \"Your Name\"\n\nto set your account's default identity.\nOmit --global to set the identity only in this repository.\n\nfatal: unable to auto-detect email address (got 'root@aeb89b1cf7c0.(none)')\n\n"
[INFO] [stdout] 
[INFO] [stdout] ---- blank_agent_prompt_cancels_create stdout ----
[INFO] [stdout] Error: "command failed with status exit status: 1\nstdout:\n\nstderr:\nFailed to create the initial commit in channel `/tmp/.tmpkiNXww/project/channels/alerts`. Fix git identity and rerun the command.: git -C /tmp/.tmpkiNXww/project/channels/alerts -c commit.gpgsign=false -c tag.gpgsign=false commit -m chore: initialize think channel failed\nstdout:\n\nstderr:\nAuthor identity unknown\n\n*** Please tell me who you are.\n\nRun\n\n  git config --global user.email \"you@example.com\"\n  git config --global user.name \"Your Name\"\n\nto set your account's default identity.\nOmit --global to set the identity only in this repository.\n\nfatal: unable to auto-detect email address (got 'root@aeb89b1cf7c0.(none)')\n\n"
[INFO] [stdout] 
[INFO] [stdout] ---- status_surfaces_invalid_manifest_without_failing stdout ----
[INFO] [stdout] Error: "command failed with status exit status: 1\nstdout:\n\nstderr:\nFailed to create the initial commit in channel `/tmp/.tmpxj78nQ/project/channels/alerts`. Fix git identity and rerun the command.: git -C /tmp/.tmpxj78nQ/project/channels/alerts -c commit.gpgsign=false -c tag.gpgsign=false commit -m chore: initialize think channel failed\nstdout:\n\nstderr:\nAuthor identity unknown\n\n*** Please tell me who you are.\n\nRun\n\n  git config --global user.email \"you@example.com\"\n  git config --global user.name \"Your Name\"\n\nto set your account's default identity.\nOmit --global to set the identity only in this repository.\n\nfatal: unable to auto-detect email address (got 'root@aeb89b1cf7c0.(none)')\n\n"
[INFO] [stdout] 
[INFO] [stdout] ---- invalid_channel_outbox_is_reported_to_agent_and_retried stdout ----
[INFO] [stdout] Error: "command failed with status exit status: 1\nstdout:\n\nstderr:\nFailed to create the initial commit in channel `/tmp/.tmp5GM5bT/project/channels/alerts`. Fix git identity and rerun the command.: git -C /tmp/.tmp5GM5bT/project/channels/alerts -c commit.gpgsign=false -c tag.gpgsign=false commit -m chore: initialize think channel failed\nstdout:\n\nstderr:\nAuthor identity unknown\n\n*** Please tell me who you are.\n\nRun\n\n  git config --global user.email \"you@example.com\"\n  git config --global user.name \"Your Name\"\n\nto set your account's default identity.\nOmit --global to set the identity only in this repository.\n\nfatal: unable to auto-detect email address (got 'root@aeb89b1cf7c0.(none)')\n\n"
[INFO] [stdout] 
[INFO] [stdout] 
[INFO] [stdout] failures:
[INFO] [stdout]     agent_selectors_accept_role_qualified_form_and_reject_ambiguous_bare_ids
[INFO] [stdout]     assist_prompt_exposes_project_and_cli_context
[INFO] [stdout]     bare_think_shows_status_and_more_new_creates_default_role_agent
[INFO] [stdout]     blank_agent_prompt_cancels_create
[INFO] [stdout]     corrupted_agent_state_is_restored_reported_and_retried
[INFO] [stdout]     episodes_code_project_has_branch_merge_defaults
[INFO] [stdout]     episodes_math_project_has_compact_episode_defaults
[INFO] [stdout]     invalid_channel_outbox_is_reported_to_agent_and_retried
[INFO] [stdout]     invalid_manifest_is_reported_to_agent_and_retried
[INFO] [stdout]     manual_and_idle_triggers_start_prefixed_auto_archived_supervisors
[INFO] [stdout]     missing_reply_is_reported_to_agent_and_retried
[INFO] [stdout]     more_resumes_the_recorded_backend_thread_id
[INFO] [stdout]     more_starts_thread_when_app_server_thread_metadata_is_unavailable
[INFO] [stdout]     open_command_invokes_system_open_on_project_root
[INFO] [stdout]     project_new_registers_project_in_think_home
[INFO] [stdout]     queued_triggers_start_agents_with_trigger_context
[INFO] [stdout]     retry_updates_active_waiting_supervisors
[INFO] [stdout]     status_all_includes_archived_agents_with_summary_before_status
[INFO] [stdout]     status_reads_existing_raw_pty_exit_files
[INFO] [stdout]     status_surfaces_invalid_manifest_without_failing
[INFO] [stdout]     status_uses_manifest_disposition_for_resumed_agents
[INFO] [stdout]     supervisor_records_failed_app_server_turn
[INFO] [stdout]     supervisor_restarts_after_sigkill_oom_like_exit
[INFO] [stdout] 
[INFO] [stdout] test result: FAILED. 1 passed; 23 failed; 0 ignored; 0 measured; 0 filtered out; finished in 0.15s
[INFO] [stdout] 
[INFO] [stderr] error: test failed, to rerun pass `--test cli_smoke`
[INFO] running `Command { std: "docker" "inspect" "aeb89b1cf7c0c314ba4f92824bb9a698c3a4dc76b265fbcc94dfb1a12dbd3dcd", kill_on_drop: false }`
[INFO] running `Command { std: "docker" "rm" "-f" "aeb89b1cf7c0c314ba4f92824bb9a698c3a4dc76b265fbcc94dfb1a12dbd3dcd", kill_on_drop: false }`
[INFO] [stdout] aeb89b1cf7c0c314ba4f92824bb9a698c3a4dc76b265fbcc94dfb1a12dbd3dcd
