[INFO] fetching crate things3-cloud 0.10.0...
[INFO] testing things3-cloud-0.10.0 against 1.100.0-beta.1+cargoflags=--release for beta-release-1.100-2
[INFO] extracting crate things3-cloud 0.10.0 into /workspace/builds/worker-5-tc2/source
[INFO] started tweaking crates.io crate things3-cloud 0.10.0
[INFO] removed 0 missing tests
[INFO] finished tweaking crates.io crate things3-cloud 0.10.0
[INFO] tweaked toml for crates.io crate things3-cloud 0.10.0 written to /workspace/builds/worker-5-tc2/source/Cargo.toml
[INFO] validating manifest of crates.io crate things3-cloud 0.10.0 on toolchain 1.100.0-beta.1
[INFO] running `Command { std: CARGO_HOME="/workspace/cargo-home" RUSTUP_HOME="/workspace/rustup-home" "/workspace/cargo-home/bin/cargo" "+1.100.0-beta.1" "metadata" "--manifest-path" "Cargo.toml" "--no-deps", kill_on_drop: false }`
[INFO] crate crates.io crate things3-cloud 0.10.0 already has a lockfile, it will not be regenerated
[INFO] running `Command { std: CARGO_HOME="/workspace/cargo-home" RUSTUP_HOME="/workspace/rustup-home" "/workspace/cargo-home/bin/cargo" "+1.100.0-beta.1" "fetch" "--manifest-path" "Cargo.toml", kill_on_drop: false }`
[INFO] [stderr] warning: `package.homepage` is redundant with `package.repository`
[INFO] [stderr]    --> Cargo.toml:103:12
[INFO] [stderr]     |
[INFO] [stderr] 103 | homepage = "https://github.com/evanpurkhiser/things3-cloud"
[INFO] [stderr]     |            ^^^^^^^^^^^^^^^^^^^^^^^^^^^^^^^^^^^^^^^^^^^^^^^^
[INFO] [stderr] ...
[INFO] [stderr] 108 | repository = "https://github.com/evanpurkhiser/things3-cloud"
[INFO] [stderr]     |              ------------------------------------------------
[INFO] [stderr]     |
[INFO] [stderr]     = note: `cargo::redundant_homepage` is set to `warn` by default
[INFO] [stderr] help: consider removing `package.homepage`
[INFO] [stderr] warning: `things3-cloud` (manifest) generated 1 warning
[INFO] running `Command { std: "docker" "create" "-v" "/var/lib/crater-agent-workspace/builds/worker-5-tc2/source:/opt/rustwide/workdir:ro,Z" "-v" "/var/lib/crater-agent-workspace/builds/worker-5-tc2/target:/opt/rustwide/target:rw,Z" "-v" "/var/lib/crater-agent-workspace/cargo-home:/opt/rustwide/cargo-home:ro,Z" "-v" "/var/lib/crater-agent-workspace/rustup-home:/opt/rustwide/rustup-home:ro,Z" "-m" "1610612736" "--network" "none" "ghcr.io/rust-lang/crates-build-env/linux@sha256:77db811e55d90add9212f6832c23229e3de5f1c1f9905e8cb07319ea15df73ac" "sleep" "infinity", kill_on_drop: false }`
[INFO] [stdout] 81ae2cad750456359021dcaa09da75fd0f809e002110eb5b6b42dbe8f66e7bc1
[INFO] running `Command { std: "docker" "start" "81ae2cad750456359021dcaa09da75fd0f809e002110eb5b6b42dbe8f66e7bc1", kill_on_drop: false }`
[INFO] running `Command { std: "docker" "inspect" "81ae2cad750456359021dcaa09da75fd0f809e002110eb5b6b42dbe8f66e7bc1", kill_on_drop: false }`
[INFO] running `Command { std: "docker" "exec" "-e" "SOURCE_DIR=/opt/rustwide/workdir" "-e" "CARGO_HOME=/opt/rustwide/cargo-home" "-e" "RUSTUP_HOME=/opt/rustwide/rustup-home" "-e" "CARGO_TARGET_DIR=/opt/rustwide/target" "-w" "/opt/rustwide/workdir" "--user" "0:0" "81ae2cad750456359021dcaa09da75fd0f809e002110eb5b6b42dbe8f66e7bc1" "/opt/rustwide/cargo-home/bin/cargo" "+1.100.0-beta.1" "metadata" "--no-deps" "--format-version=1", kill_on_drop: false }`
[INFO] running `Command { std: "docker" "inspect" "81ae2cad750456359021dcaa09da75fd0f809e002110eb5b6b42dbe8f66e7bc1", kill_on_drop: false }`
[INFO] running `Command { std: "docker" "exec" "-e" "SOURCE_DIR=/opt/rustwide/workdir" "-e" "CARGO_HOME=/opt/rustwide/cargo-home" "-e" "RUSTUP_HOME=/opt/rustwide/rustup-home" "-e" "CARGO_TARGET_DIR=/opt/rustwide/target" "-e" "CARGO_INCREMENTAL=0" "-e" "RUST_BACKTRACE=full" "-e" "RUSTFLAGS=--cap-lints=warn" "-e" "RUSTDOCFLAGS=--cap-lints=warn" "-w" "/opt/rustwide/workdir" "--user" "0:0" "81ae2cad750456359021dcaa09da75fd0f809e002110eb5b6b42dbe8f66e7bc1" "/opt/rustwide/cargo-home/bin/cargo" "+1.100.0-beta.1" "build" "--frozen" "--message-format=json" "--release", kill_on_drop: false }`
[INFO] [stderr] warning: `package.homepage` is redundant with `package.repository`
[INFO] [stderr]    --> Cargo.toml:103:12
[INFO] [stderr]     |
[INFO] [stderr] 103 | homepage = "https://github.com/evanpurkhiser/things3-cloud"
[INFO] [stderr]     |            ^^^^^^^^^^^^^^^^^^^^^^^^^^^^^^^^^^^^^^^^^^^^^^^^
[INFO] [stderr] ...
[INFO] [stderr] 108 | repository = "https://github.com/evanpurkhiser/things3-cloud"
[INFO] [stderr]     |              ------------------------------------------------
[INFO] [stderr]     |
[INFO] [stderr]     = note: `cargo::redundant_homepage` is set to `warn` by default
[INFO] [stderr] help: consider removing `package.homepage`
[INFO] [stderr] warning: `things3-cloud` (manifest) generated 1 warning
[INFO] [stderr]    Compiling quote v1.0.45
[INFO] [stderr]    Compiling unicode-ident v1.0.24
[INFO] [stderr]    Compiling libc v0.2.183
[INFO] [stderr]    Compiling futures-core v0.3.32
[INFO] [stderr]    Compiling futures-sink v0.3.32
[INFO] [stderr]    Compiling aws-lc-rs v1.16.2
[INFO] [stderr]    Compiling futures-task v0.3.32
[INFO] [stderr]    Compiling futures-io v0.3.32
[INFO] [stderr]    Compiling proc-macro2 v1.0.106
[INFO] [stderr]    Compiling http v1.4.0
[INFO] [stderr]    Compiling futures-channel v0.3.32
[INFO] [stderr]    Compiling rustls v0.23.37
[INFO] [stderr]    Compiling zmij v1.0.21
[INFO] [stderr]    Compiling num-traits v0.2.19
[INFO] [stderr]    Compiling proc-macro2-diagnostics v0.10.1
[INFO] [stderr]    Compiling hashbrown v0.16.1
[INFO] [stderr]    Compiling getrandom v0.4.2
[INFO] [stderr]    Compiling equivalent v1.0.2
[INFO] [stderr]    Compiling serde_json v1.0.149
[INFO] [stderr]    Compiling bitflags v2.11.0
[INFO] [stderr]    Compiling winnow v1.0.0
[INFO] [stderr]    Compiling anstyle-parse v1.0.0
[INFO] [stderr]    Compiling syn v2.0.117
[INFO] [stderr]    Compiling slotmap v1.1.1
[INFO] [stderr]    Compiling colorchoice v1.0.5
[INFO] [stderr]    Compiling indexmap v2.13.0
[INFO] [stderr]    Compiling rand_core v0.10.0
[INFO] [stderr]    Compiling http-body v1.0.1
[INFO] [stderr]    Compiling yansi v1.0.1
[INFO] [stderr]    Compiling toml_datetime v1.1.0+spec-1.1.0
[INFO] [stderr]    Compiling mio v1.1.1
[INFO] [stderr]    Compiling socket2 v0.6.3
[INFO] [stderr]    Compiling errno v0.3.14
[INFO] [stderr]    Compiling signal-hook-registry v1.4.8
[INFO] [stderr]    Compiling jobserver v0.1.34
[INFO] [stderr]    Compiling cc v1.2.57
[INFO] [stderr]    Compiling tokio v1.50.0
[INFO] [stderr]    Compiling toml_parser v1.1.0+spec-1.1.0
[INFO] [stderr]    Compiling parking_lot_core v0.9.12
[INFO] [stderr]    Compiling anstyle v1.0.14
[INFO] [stderr]    Compiling is_terminal_polyfill v1.70.2
[INFO] [stderr]    Compiling anstyle-query v1.1.5
[INFO] [stderr]    Compiling rustix v0.38.44
[INFO] [stderr]    Compiling anstream v1.0.0
[INFO] [stderr]    Compiling toml_edit v0.25.8+spec-1.1.0
[INFO] [stderr]    Compiling parking_lot v0.12.5
[INFO] [stderr]    Compiling signal-hook v0.3.18
[INFO] [stderr]    Compiling cmake v0.1.58
[INFO] [stderr]    Compiling sync_wrapper v1.0.2
[INFO] [stderr]    Compiling uncased v0.9.10
[INFO] [stderr]    Compiling linux-raw-sys v0.4.15
[INFO] [stderr]    Compiling ipnet v2.12.0
[INFO] [stderr]    Compiling regex-syntax v0.8.10
[INFO] [stderr]    Compiling clap_lex v1.1.0
[INFO] [stderr]    Compiling aws-lc-sys v0.39.1
[INFO] [stderr]    Compiling strsim v0.11.1
[INFO] [stderr]    Compiling clap_builder v4.6.0
[INFO] [stderr]    Compiling regex-automata v0.4.14
[INFO] [stderr]    Compiling synstructure v0.13.2
[INFO] [stderr]    Compiling rustls-native-certs v0.8.3
[INFO] [stderr]    Compiling proc-macro-crate v3.5.0
[INFO] [stderr]    Compiling signal-hook-mio v0.2.5
[INFO] [stderr]    Compiling uuid v1.22.0
[INFO] [stderr]    Compiling zerofrom-derive v0.1.6
[INFO] [stderr]    Compiling yoke-derive v0.8.1
[INFO] [stderr]    Compiling zerovec-derive v0.11.2
[INFO] [stderr]    Compiling zerofrom v0.1.6
[INFO] [stderr]    Compiling displaydoc v0.2.5
[INFO] [stderr]    Compiling yoke v0.8.1
[INFO] [stderr]    Compiling futures-macro v0.3.32
[INFO] [stderr]    Compiling zerovec v0.11.5
[INFO] [stderr]    Compiling zerotrie v0.2.3
[INFO] [stderr]    Compiling serde_derive v1.0.228
[INFO] [stderr]    Compiling futures-util v0.3.32
[INFO] [stderr]    Compiling tinystr v0.8.2
[INFO] [stderr]    Compiling icu_locale_core v2.1.1
[INFO] [stderr]    Compiling potential_utf v0.1.4
[INFO] [stderr]    Compiling icu_collections v2.1.1
[INFO] [stderr]    Compiling icu_provider v2.1.1
[INFO] [stderr]    Compiling tracing-attributes v0.1.31
[INFO] [stderr]    Compiling icu_properties v2.1.2
[INFO] [stderr]    Compiling icu_normalizer v2.1.1
[INFO] [stderr]    Compiling serde v1.0.228
[INFO] [stderr]    Compiling hyper v1.8.1
[INFO] [stderr]    Compiling tracing v0.1.44
[INFO] [stderr]    Compiling futures-executor v0.3.32
[INFO] [stderr]    Compiling idna_adapter v1.2.1
[INFO] [stderr]    Compiling idna v1.1.0
[INFO] [stderr]    Compiling tower v0.5.3
[INFO] [stderr]    Compiling pear_codegen v0.2.9
[INFO] [stderr]    Compiling hyper-util v0.1.20
[INFO] [stderr]    Compiling clap_derive v4.6.0
[INFO] [stderr]    Compiling form_urlencoded v1.2.2
[INFO] [stderr]    Compiling figment v0.10.19
[INFO] [stderr]    Compiling iri-string v0.7.11
[INFO] [stderr]    Compiling anyhow v1.0.102
[INFO] [stderr]    Compiling arrayvec v0.7.6
[INFO] [stderr]    Compiling inlinable_string v0.1.15
[INFO] [stderr]    Compiling cpufeatures v0.3.0
[INFO] [stderr]    Compiling pear v0.2.9
[INFO] [stderr]    Compiling chacha20 v0.10.0
[INFO] [stderr]    Compiling taffy v0.5.2
[INFO] [stderr]    Compiling tower-http v0.6.8
[INFO] [stderr]    Compiling dirs-sys v0.5.0
[INFO] [stderr]    Compiling clap v4.6.0
[INFO] [stderr]    Compiling url v2.5.8
[INFO] [stderr]    Compiling digest v0.10.7
[INFO] [stderr]    Compiling futures v0.3.32
[INFO] [stderr]    Compiling tracing-serde v0.2.0
[INFO] [stderr]    Compiling matchers v0.2.0
[INFO] [stderr]    Compiling iocraft-macros v0.2.3
[INFO] [stderr]    Compiling num_enum_derive v0.7.6
[INFO] [stderr]    Compiling strum_macros v0.28.0
[INFO] [stderr]    Compiling crossterm v0.28.1
[INFO] [stderr]    Compiling generational-box v0.5.6
[INFO] [stderr]    Compiling rtoolbox v0.0.3
[INFO] [stderr]    Compiling http-body-util v0.1.3
[INFO] [stderr]    Compiling tracing-log v0.2.0
[INFO] [stderr]    Compiling httpdate v1.0.3
[INFO] [stderr]    Compiling ascii v1.1.0
[INFO] [stderr]    Compiling unicode-width v0.2.0
[INFO] [stderr]    Compiling chunked_transfer v1.5.0
[INFO] [stderr]    Compiling sha1 v0.10.6
[INFO] [stderr]    Compiling console v0.15.11
[INFO] [stderr]    Compiling tiny_http v0.12.0
[INFO] [stderr]    Compiling iocraft v0.7.18
[INFO] [stderr]    Compiling chrono v0.4.44
[INFO] [stderr]    Compiling strum v0.28.0
[INFO] [stderr]    Compiling tracing-subscriber v0.3.23
[INFO] [stderr]    Compiling rpassword v7.4.0
[INFO] [stderr]    Compiling num_enum v0.7.6
[INFO] [stderr]    Compiling clap_complete v4.6.0
[INFO] [stderr]    Compiling dirs v6.0.0
[INFO] [stderr]    Compiling rand v0.10.0
[INFO] [stderr]    Compiling rustls-webpki v0.103.10
[INFO] [stderr]    Compiling tokio-rustls v0.26.4
[INFO] [stderr]    Compiling rustls-platform-verifier v0.6.2
[INFO] [stderr]    Compiling hyper-rustls v0.27.7
[INFO] [stderr]    Compiling reqwest v0.13.2
[INFO] [stderr]    Compiling things3-cloud v0.10.0 (/opt/rustwide/workdir)
[INFO] [stderr]     Finished `release` profile [optimized] target(s) in 5m 56s
[INFO] running `Command { std: "docker" "inspect" "81ae2cad750456359021dcaa09da75fd0f809e002110eb5b6b42dbe8f66e7bc1", kill_on_drop: false }`
[INFO] running `Command { std: "docker" "exec" "-e" "SOURCE_DIR=/opt/rustwide/workdir" "-e" "CARGO_HOME=/opt/rustwide/cargo-home" "-e" "RUSTUP_HOME=/opt/rustwide/rustup-home" "-e" "CARGO_TARGET_DIR=/opt/rustwide/target" "-e" "CARGO_INCREMENTAL=0" "-e" "RUST_BACKTRACE=full" "-e" "RUSTFLAGS=--cap-lints=warn" "-e" "RUSTDOCFLAGS=--cap-lints=warn" "-w" "/opt/rustwide/workdir" "--user" "0:0" "81ae2cad750456359021dcaa09da75fd0f809e002110eb5b6b42dbe8f66e7bc1" "/opt/rustwide/cargo-home/bin/cargo" "+1.100.0-beta.1" "test" "--frozen" "--no-run" "--message-format=json" "--release", kill_on_drop: false }`
[INFO] [stderr] warning: `package.homepage` is redundant with `package.repository`
[INFO] [stderr]    --> Cargo.toml:103:12
[INFO] [stderr]     |
[INFO] [stderr] 103 | homepage = "https://github.com/evanpurkhiser/things3-cloud"
[INFO] [stderr]     |            ^^^^^^^^^^^^^^^^^^^^^^^^^^^^^^^^^^^^^^^^^^^^^^^^
[INFO] [stderr] ...
[INFO] [stderr] 108 | repository = "https://github.com/evanpurkhiser/things3-cloud"
[INFO] [stderr]     |              ------------------------------------------------
[INFO] [stderr]     |
[INFO] [stderr]     = note: `cargo::redundant_homepage` is set to `warn` by default
[INFO] [stderr] help: consider removing `package.homepage`
[INFO] [stderr] warning: `things3-cloud` (manifest) generated 1 warning
[INFO] [stderr]    Compiling serde_core v1.0.228
[INFO] [stderr]    Compiling crossbeam-utils v0.8.21
[INFO] [stderr]    Compiling rustix v1.1.4
[INFO] [stderr]    Compiling anstyle-parse v0.2.7
[INFO] [stderr]    Compiling fastrand v2.3.0
[INFO] [stderr]    Compiling hashbrown v0.16.1
[INFO] [stderr]    Compiling winnow v1.0.0
[INFO] [stderr]    Compiling similar v2.7.0
[INFO] [stderr]    Compiling anstream v0.6.21
[INFO] [stderr]    Compiling os_pipe v1.2.3
[INFO] [stderr]    Compiling snapbox-macros v0.4.0
[INFO] [stderr]    Compiling toml_parser v1.1.0+spec-1.1.0
[INFO] [stderr]    Compiling wait-timeout v0.2.1
[INFO] [stderr]    Compiling filetime v0.2.27
[INFO] [stderr]    Compiling crossbeam-epoch v0.9.18
[INFO] [stderr]    Compiling indexmap v2.13.0
[INFO] [stderr]    Compiling content_inspector v0.2.4
[INFO] [stderr]    Compiling winnow v0.7.15
[INFO] [stderr]    Compiling dunce v1.0.5
[INFO] [stderr]    Compiling crossbeam-deque v0.8.6
[INFO] [stderr]    Compiling normalize-line-endings v0.3.0
[INFO] [stderr]    Compiling rayon-core v1.13.0
[INFO] [stderr]    Compiling either v1.15.0
[INFO] [stderr]    Compiling humantime v2.3.0
[INFO] [stderr]    Compiling toml_writer v1.1.0+spec-1.1.0
[INFO] [stderr]    Compiling rayon v1.11.0
[INFO] [stderr]    Compiling automod v1.0.16
[INFO] [stderr]    Compiling shlex v1.3.0
[INFO] [stderr]    Compiling tempfile v3.27.0
[INFO] [stderr]    Compiling glob v0.3.3
[INFO] [stderr]    Compiling snapbox v0.6.24
[INFO] [stderr]    Compiling insta v1.46.3
[INFO] [stderr]    Compiling serde v1.0.228
[INFO] [stderr]    Compiling serde_json v1.0.149
[INFO] [stderr]    Compiling toml_datetime v0.7.5+spec-1.1.0
[INFO] [stderr]    Compiling serde_spanned v1.1.0
[INFO] [stderr]    Compiling toml_edit v0.23.10+spec-1.0.0
[INFO] [stderr]    Compiling tracing-serde v0.2.0
[INFO] [stderr]    Compiling humantime-serde v1.1.1
[INFO] [stderr]    Compiling figment v0.10.19
[INFO] [stderr]    Compiling reqwest v0.13.2
[INFO] [stderr]    Compiling tracing-subscriber v0.3.23
[INFO] [stderr]    Compiling trycmd v0.15.11
[INFO] [stderr]    Compiling things3-cloud v0.10.0 (/opt/rustwide/workdir)
[INFO] [stderr]     Finished `release` profile [optimized] target(s) in 3m 13s
[INFO] running `Command { std: "docker" "inspect" "81ae2cad750456359021dcaa09da75fd0f809e002110eb5b6b42dbe8f66e7bc1", kill_on_drop: false }`
[INFO] running `Command { std: "docker" "exec" "-e" "SOURCE_DIR=/opt/rustwide/workdir" "-e" "CARGO_HOME=/opt/rustwide/cargo-home" "-e" "RUSTUP_HOME=/opt/rustwide/rustup-home" "-e" "CARGO_TARGET_DIR=/opt/rustwide/target" "-e" "CARGO_INCREMENTAL=0" "-e" "RUST_BACKTRACE=full" "-e" "RUSTFLAGS=--cap-lints=warn" "-e" "RUSTDOCFLAGS=--cap-lints=warn" "-w" "/opt/rustwide/workdir" "--user" "0:0" "81ae2cad750456359021dcaa09da75fd0f809e002110eb5b6b42dbe8f66e7bc1" "/opt/rustwide/cargo-home/bin/cargo" "+1.100.0-beta.1" "test" "--frozen" "--release", kill_on_drop: false }`
[INFO] [stderr] warning: `package.homepage` is redundant with `package.repository`
[INFO] [stderr]    --> Cargo.toml:103:12
[INFO] [stderr]     |
[INFO] [stderr] 103 | homepage = "https://github.com/evanpurkhiser/things3-cloud"
[INFO] [stderr]     |            ^^^^^^^^^^^^^^^^^^^^^^^^^^^^^^^^^^^^^^^^^^^^^^^^
[INFO] [stderr] ...
[INFO] [stderr] 108 | repository = "https://github.com/evanpurkhiser/things3-cloud"
[INFO] [stderr]     |              ------------------------------------------------
[INFO] [stderr]     |
[INFO] [stderr]     = note: `cargo::redundant_homepage` is set to `warn` by default
[INFO] [stderr] help: consider removing `package.homepage`
[INFO] [stderr] warning: `things3-cloud` (manifest) generated 1 warning
[INFO] [stderr]     Finished `release` profile [optimized] target(s) in 0.45s
[INFO] [stderr]      Running unittests src/lib.rs (/opt/rustwide/target/release/build/things3-cloud/6404810dd51ebd3d/out/things3_cloud-6404810dd51ebd3d)
[INFO] [stdout] 
[INFO] [stdout] running 106 tests
[INFO] [stdout] test commands::edit::tests::checklist_patch_has_expected_fields ... ok
[INFO] [stdout] test commands::edit::tests::checklist_single_task_constraint_and_empty_title ... ok
[INFO] [stdout] test commands::edit::tests::edit_move_target_ambiguous ... ok
[INFO] [stdout] test commands::edit::tests::edit_no_changes_project_and_move_errors ... ok
[INFO] [stdout] test commands::edit::tests::edit_checklist_mutations ... ok
[INFO] [stdout] test commands::edit::tests::edit_multi_id_move_and_rejections ... ok
[INFO] [stdout] test auth::tests::auth_file_is_created_private ... ok
[INFO] [stdout] test commands::edit::tests::edit_move_targets_payload ... ok
[INFO] [stdout] test auth::tests::password_is_not_written_through_a_planted_symlink ... ok
[INFO] [stdout] test commands::areas::tests::areas_edit_payload_and_errors ... ok
[INFO] [stdout] test commands::delete::tests::delete_payloads_match_snapshot_cases ... ok
[INFO] [stdout] test commands::mark::tests::mark_recurring_rejection_cases ... ok
[INFO] [stdout] test commands::edit::tests::edit_tag_payloads ... ok
[INFO] [stdout] test commands::edit::tests::edit_title_and_notes_payloads ... ok
[INFO] [stdout] test commands::mark::tests::mark_accepts_task7_and_rejects_opaque_repeaters ... ok
[INFO] [stdout] test commands::mark::tests::mark_checklist_payloads ... ok
[INFO] [stdout] test commands::mark::tests::mark_status_payloads ... ok
[INFO] [stdout] test commands::new::tests::new_after_gap_and_rebalance ... ok
[INFO] [stdout] test commands::new::tests::new_payload_parity_cases ... ok
[INFO] [stdout] test commands::schedule::tests::schedule_when_variants_payloads ... ok
[INFO] [stdout] test commands::tags::tests::tags_edit_payloads_and_errors ... ok
[INFO] [stdout] test commands::new::tests::new_rejections ... ok
[INFO] [stdout] test commands::projects::tests::projects_edit_payload_variants ... ok
[INFO] [stdout] test commands::reorder::tests::reorder_rebalance_and_errors ... ok
[INFO] [stdout] test commands::webserver::tests::normalize_args_trims_entries ... ok
[INFO] [stdout] test common::tests::today_uses_the_local_date_after_utc_midnight ... ok
[INFO] [stdout] test commands::projects::tests::projects_edit_tags_and_errors ... ok
[INFO] [stdout] test commands::reorder::tests::reorder_before_after_and_today_payloads ... ok
[INFO] [stdout] test dirs::tests::creates_the_directory_private ... ok
[INFO] [stdout] test ids::matching::tests::empty_input ... ok
[INFO] [stdout] test ids::matching::tests::longest_shortest_prefix_len_drives_fixed_width_unique_rendering ... ok
[INFO] [stdout] test commands::schedule::tests::schedule_deadline_and_clear_payloads ... ok
[INFO] [stdout] test commands::schedule::tests::schedule_rejections ... ok
[INFO] [stdout] test commands::webserver::tests::normalize_args_defaults_to_today ... ok
[INFO] [stdout] test dirs::tests::narrows_an_existing_world_readable_directory ... ok
[INFO] [stdout] test ids::things_id::tests::display_roundtrip ... ok
[INFO] [stdout] test ids::things_id::tests::base58_encode_fixed_preserves_sort_order ... ok
[INFO] [stdout] test ids::things_id::tests::base58_roundtrip_for_internal_bytes ... ok
[INFO] [stdout] test ids::matching::tests::single_id ... ok
[INFO] [stdout] test ids::things_id::tests::as_ref_bytes ... ok
[INFO] [stdout] test ids::things_id::tests::parse_compact_preserved ... ok
[INFO] [stdout] test ids::things_id::tests::parse_legacy_action_group_id_as_its_uuid ... ok
[INFO] [stdout] test ids::things_id::tests::random_is_compact_length ... ok
[INFO] [stdout] test ids::things_id::tests::parse_legacy_uuid_lowercase ... ok
[INFO] [stdout] test ids::things_id::tests::base58_encode_fixed_matches_display_encoding ... ok
[INFO] [stdout] test ids::things_id::tests::parse_legacy_uuid_uppercase ... ok
[INFO] [stdout] test ids::things_id::tests::rejects_invalid_compact_id ... ok
[INFO] [stdout] test ids::things_id::tests::serde_deserialize_from_legacy_uuid ... ok
[INFO] [stdout] test ids::things_id::tests::serde_deserialize_legacy_action_group_id ... ok
[INFO] [stdout] test ids::things_id::tests::serde_roundtrip_compact ... ok
[INFO] [stdout] test log_cache::tests::fold_state_reports_the_offset_and_parse_error ... ok
[INFO] [stdout] test ids::things_id::tests::empty_string_is_error ... ok
[INFO] [stdout] test log_cache::tests::fold_state_ignores_trailing_partial_line ... ok
[INFO] [stdout] test ids::things_id::tests::random_is_unique ... ok
[INFO] [stdout] test ids::things_id::tests::into_string ... ok
[INFO] [stdout] test store::state::tests::invalid_structured_note_delta_preserves_the_existing_note ... ok
[INFO] [stdout] test store::state::tests::malformed_task7_patch_is_preserved_as_unknown_and_ignored ... ok
[INFO] [stdout] test store::state::tests::recurrence_maintenance_updates_are_folded_into_task_state ... ok
[INFO] [stdout] test store::state::tests::structured_note_delta_updates_the_existing_note ... ok
[INFO] [stdout] test store::state::tests::checklist_stop_date_updates_are_folded_and_clearable ... ok
[INFO] [stdout] test store::state::tests::explicit_null_modification_date_clears_task_state ... ok
[INFO] [stdout] test store::state::tests::unknown_future_task_update_does_not_destroy_known_state ... ok
[INFO] [stdout] test wire::notes::tests::applies_delta_positions_as_utf8_byte_offsets ... ok
[INFO] [stdout] test log_cache::tests::state_cache_version_change_refolds_the_append_log ... ok
[INFO] [stdout] test wire::recurrence::tests::describes_after_completion_schedules ... ok
[INFO] [stdout] test wire::notes::tests::rejects_a_delta_with_the_wrong_checksum ... ok
[INFO] [stdout] test store::state::tests::task7_update_preserves_task_state_and_promotes_entity ... ok
[INFO] [stdout] test wire::recurrence::tests::describes_fixed_daily_schedule ... ok
[INFO] [stdout] test wire::recurrence::tests::describes_fixed_monthly_day_and_weekday_schedules ... ok
[INFO] [stdout] test wire::recurrence::tests::describes_start_and_end_conditions ... ok
[INFO] [stdout] test wire::recurrence::tests::rejects_invalid_end_conditions_and_dates ... ok
[INFO] [stdout] test wire::recurrence::tests::rejects_unrecognized_offset_shapes ... ok
[INFO] [stdout] test wire::recurrence::tests::rust_default_matches_an_empty_wire_rule ... ok
[INFO] [stdout] test wire_tests::tests::checklist_item_accepts_null_lt_as_default_false ... ok
[INFO] [stdout] test wire::recurrence::tests::describes_fixed_yearly_schedule ... ok
[INFO] [stdout] test log_cache::tests::fold_state_accepts_legacy_action_group_ids ... ok
[INFO] [stdout] test wire::notes::tests::applies_historical_suffix_delta_at_its_utf8_byte_offset ... ok
[INFO] [stdout] test wire::notes::tests::rejects_a_delta_that_splits_a_utf8_character ... ok
[INFO] [stdout] test wire::recurrence::tests::describes_fixed_weekly_schedule_with_multiple_days ... ok
[INFO] [stdout] test ids::matching::tests::shortest_unique_prefixes_are_actually_unique ... ok
[INFO] [stdout] test wire_tests::tests::checklist_patch_preserves_explicit_null_stop_date ... ok
[INFO] [stdout] test wire_tests::tests::checklist_item_accepts_single_task_id_wire_shape ... ok
[INFO] [stdout] test wire_tests::tests::malformed_non_task_payloads_still_fail_deserialization ... ok
[INFO] [stdout] test wire_tests::tests::checklist_item_create_omits_unset_optional_fields ... ok
[INFO] [stdout] test wire_tests::tests::operation_enum_serializes_to_wire_integer ... ok
[INFO] [stdout] test wire_tests::tests::recurrence_frequency_units_match_wire_values ... ok
[INFO] [stdout] test wire_tests::tests::recurrence_rule_defaults_match_protocol ... ok
[INFO] [stdout] test wire_tests::tests::entity_type_distinguishes_known_and_future_tasks ... ok
[INFO] [stdout] test wire_tests::tests::checklist_item_accepts_task_ids_list_wire_shape ... ok
[INFO] [stdout] test wire_tests::tests::recurrence_rule_maps_all_legacy_wire_fields ... ok
[INFO] [stdout] test wire_tests::tests::tag_create_wire_object_matches_historical_shape ... ok
[INFO] [stdout] test wire_tests::tests::task7_create_materializes_in_the_store ... ok
[INFO] [stdout] test wire_tests::tests::tag_update_wire_object_keeps_null_shortcut_clear ... ok
[INFO] [stdout] test wire_tests::tests::task7_dispatches_to_typed_task_properties ... ok
[INFO] [stdout] test wire_tests::tests::task_patch_preserves_explicit_null_for_clearable_fields ... ok
[INFO] [stdout] test wire_tests::tests::task_props_accepts_null_for_defaulted_scalar_fields ... ok
[INFO] [stdout] test wire_tests::tests::typed_properties_dispatch_for_task_create ... ok
[INFO] [stdout] test wire_tests::tests::unknown_entity_values_round_trip ... ok
[INFO] [stdout] test wire_tests::tests::unknown_numeric_enum_values_round_trip ... ok
[INFO] [stdout] test wire_tests::tests::wire_object_deserializes_with_wire_keys ... ok
[INFO] [stdout] test wire_tests::tests::task_props_maps_legacy_instance_creation_fields ... ok
[INFO] [stdout] test wire_tests::tests::task_props_maps_readable_fields_to_wire_names ... ok
[INFO] [stdout] test wire_tests::tests::task_update_wire_object_keeps_null_clears ... ok
[INFO] [stdout] test wire_tests::tests::typed_properties_dispatch_for_delete ... ok
[INFO] [stdout] test wire_tests::tests::tag_patch_preserves_explicit_null_for_shortcut ... ok
[INFO] [stdout] test ids::matching::tests::shortest_unique_prefixes_are_minimal ... ok
[INFO] [stderr]      Running unittests src/main.rs (/opt/rustwide/target/release/build/things3-cloud/336f7c05e4314ce9/out/things3-336f7c05e4314ce9)
[INFO] [stdout] 
[INFO] [stdout] test result: ok. 106 passed; 0 failed; 0 ignored; 0 measured; 0 filtered out; finished in 0.09s
[INFO] [stdout] 
[INFO] [stdout] 
[INFO] [stdout] running 0 tests
[INFO] [stdout] 
[INFO] [stdout] test result: ok. 0 passed; 0 failed; 0 ignored; 0 measured; 0 filtered out; finished in 0.00s
[INFO] [stdout] 
[INFO] [stderr]      Running tests/cli_trycmd.rs (/opt/rustwide/target/release/build/things3-cloud/3cb0a4720d2b2627/out/cli_trycmd-3cb0a4720d2b2627)
[INFO] [stdout] 
[INFO] [stdout] running 18 tests
[INFO] [stderr] Testing trycmd/logbook/empty.trycmd:2 ... failed 59ms 539us 374ns
[INFO] [stderr] Exit: success
[INFO] [stderr] 
[INFO] [stderr] ---- expected: stdout
[INFO] [stderr] ++++ actual:   stdout
[INFO] [stderr]    1    1 | Logbook is empty.
[INFO] [stderr]         2 + /opt/rustwide/workdir/trycmd/run.sh: line 84: jq: command not found
[INFO] [stderr] stderr:
[INFO] [stderr] 
[INFO] [stderr] Testing trycmd/logbook/detailed_mode_renders_notes_and_checklist.trycmd:2 ... failed 66ms 117us 744ns
[INFO] [stderr] Exit: success
[INFO] [stderr] 
[INFO] [stderr] ---- expected: stdout
[INFO] [stderr] ++++ actual:   stdout
[INFO] [stderr]    1    1 | ✓ Logbook  (2 tasks)
[INFO] [stderr]    2    2 | 
[INFO] [stderr]    3    3 |   2025-03-16
[INFO] [stderr]    4    4 |     7 ◼ Write retro
[INFO] [stderr]    5    5 |       │ Capture wins
[INFO] [stderr]    6    6 |       └ Capture risks
[INFO] [stderr]    7    7 |     2 ◼ Pack launch checklist
[INFO] [stderr]    8    8 |       │ Before handoff
[INFO] [stderr]    9    9 |       │
[INFO] [stderr]   10   10 |     9 ├╴○ Verify docs
[INFO] [stderr]   11   11 |     Y └╴● Post update
[INFO] [stderr]        12 + /opt/rustwide/workdir/trycmd/run.sh: line 84: jq: command not found
[INFO] [stderr] stderr:
[INFO] [stderr] 
[INFO] [stderr] Testing trycmd/logbook/date_filter_options__logbook___to_2025_03_14.trycmd:2 ... failed 66ms 206us 164ns
[INFO] [stderr] Exit: success
[INFO] [stderr] 
[INFO] [stderr] ---- expected: stdout
[INFO] [stderr] ++++ actual:   stdout
[INFO] [stderr]    1    1 | ✓ Logbook  (1 tasks)
[INFO] [stderr]    2    2 | 
[INFO] [stderr]    3    3 |   2025-03-14
[INFO] [stderr]    4    4 |     H ◼ Archive notes
[INFO] [stderr]         5 + /opt/rustwide/workdir/trycmd/run.sh: line 84: jq: command not found
[INFO] [stderr] stderr:
[INFO] [stderr] 
[INFO] [stderr] Testing trycmd/delete/multiple.trycmd:2 ... failed 74ms 16us 54ns
[INFO] [stderr] Exit: success
[INFO] [stderr] 
[INFO] [stderr] ---- expected: stdout
[INFO] [stderr] ++++ actual:   stdout
[INFO] [stderr]    1    1 | × Deleted Alpha  A7h5eCi24RvAWKC3Hv3muf
[INFO] [stderr]    2    2 | × Deleted Work  MpkEei6ybkFS2n6SXvwfLf
[INFO] [stderr]    3      - {
[INFO] [stderr]    4      -   "ancestor_index": 0,
[INFO] [stderr]    5      -   "changes": {
[INFO] [stderr]    6      -     "A7h5eCi24RvAWKC3Hv3muf": {
[INFO] [stderr]    7      -       "e": "Task7",
[INFO] [stderr]    8      -       "p": {},
[INFO] [stderr]    9      -       "t": 2
[INFO] [stderr]   10      -     },
[INFO] [stderr]   11      -     "MpkEei6ybkFS2n6SXvwfLf": {
[INFO] [stderr]   12      -       "e": "Area3",
[INFO] [stderr]   13      -       "p": {},
[INFO] [stderr]   14      -       "t": 2
[INFO] [stderr]   15      -     }
[INFO] [stderr]   16      -   }
[INFO] [stderr]   17      - }
[INFO] [stderr]         3 + /opt/rustwide/workdir/trycmd/run.sh: line 84: jq: command not found
[INFO] [stderr]         4 + {"timestamp":"2026-10-18T18:51:35.489217Z","level":"DEBUG","message":"cloud commit request","event":"cloud.commit.request","change_count":2,"uuids":"[/"A7h5eCi24RvAWKC3Hv3muf/", /"MpkEei6ybkFS2n6SXvwfLf/"]","request_json":"{/"ancestor_index/":0,/"changes/":{/"A7h5eCi24RvAWKC3Hv3muf/":{/"e/":/"Task7/",/"p/":{},/"t/":2},/"MpkEei6ybkFS2n6SXvwfLf/":{/"e/":/"Area3/",/"p/":{},/"t/":2}}}","target":"things_cli::cloud_commit::request","filename":"src/cloud_writer.rs","line_number":45}
[INFO] [stderr] stderr:
[INFO] [stderr] 
[INFO] [stderr] Testing trycmd/logbook/groups_by_completion_day_with_completed_and_canceled_items.trycmd:2 ... failed 70ms 647us 184ns
[INFO] [stderr] Exit: success
[INFO] [stderr] 
[INFO] [stderr] ---- expected: stdout
[INFO] [stderr] ++++ actual:   stdout
[INFO] [stderr]    1    1 | ✓ Logbook  (3 tasks)
[INFO] [stderr]    2    2 | 
[INFO] [stderr]    3    3 |   2025-03-15
[INFO] [stderr]    4    4 |     M ◼ Ship release
[INFO] [stderr]    5    5 |     N ☒ Skip sync
[INFO] [stderr]    6    6 | 
[INFO] [stderr]    7    7 |   2025-03-14
[INFO] [stderr]    8    8 |     H ◼ Archive notes
[INFO] [stderr]         9 + /opt/rustwide/workdir/trycmd/run.sh: line 84: jq: command not found
[INFO] [stderr] stderr:
[INFO] [stderr] 
[INFO] [stderr] Testing trycmd/logbook/date_filter_options__logbook___from_2025_03_15.trycmd:2 ... failed 96ms 311us 906ns
[INFO] [stderr] Exit: success
[INFO] [stderr] 
[INFO] [stderr] ---- expected: stdout
[INFO] [stderr] ++++ actual:   stdout
[INFO] [stderr]    1    1 | ✓ Logbook  (2 tasks)
[INFO] [stderr]    2    2 | 
[INFO] [stderr]    3    3 |   2025-03-15
[INFO] [stderr]    4    4 |     M ◼ Ship release
[INFO] [stderr]    5    5 |     N ☒ Skip sync
[INFO] [stderr]         6 + /opt/rustwide/workdir/trycmd/run.sh: line 84: jq: command not found
[INFO] [stderr] stderr:
[INFO] [stderr] 
[INFO] [stderr] Testing trycmd/anytime/detailed_with_notes_and_checklist.trycmd:2 ... failed 35ms 643us 592ns
[INFO] [stderr] Exit: success
[INFO] [stderr] 
[INFO] [stderr] ---- expected: stdout
[INFO] [stderr] ++++ actual:   stdout
[INFO] [stderr]    1    1 | ≋ Anytime  (1 tasks)
[INFO] [stderr]    2    2 | 
[INFO] [stderr]    3    3 |   6 ▢ Prepare trip plan
[INFO] [stderr]    4    4 |     │ Book train tickets
[INFO] [stderr]    5    5 |     │ Pack carry-on only
[INFO] [stderr]    6    6 |     │
[INFO] [stderr]    7    7 |   L ├╴○ Confirm passport expiry
[INFO] [stderr]    8    8 |   C └╴● Download offline maps
[INFO] [stderr]         9 + /opt/rustwide/workdir/trycmd/run.sh: line 84: jq: command not found
[INFO] [stderr] stderr:
[INFO] [stderr] 
[INFO] [stderr] Testing trycmd/anytime/filters_someday_future_trashed_and_completed.trycmd:2 ... failed 76ms 396us 595ns
[INFO] [stderr] Exit: success
[INFO] [stderr] 
[INFO] [stderr] ---- expected: stdout
[INFO] [stderr] ++++ actual:   stdout
[INFO] [stderr]    1    1 | ≋ Anytime  (1 tasks)
[INFO] [stderr]    2    2 | 
[INFO] [stderr]    3    3 |   6 ▢ Visible anytime task
[INFO] [stderr]         4 + /opt/rustwide/workdir/trycmd/run.sh: line 84: jq: command not found
[INFO] [stderr] stderr:
[INFO] [stderr] 
[INFO] [stderr] Testing trycmd/delete/single.trycmd:2 ... failed 171ms 750us 742ns
[INFO] [stderr] Exit: success
[INFO] [stderr] 
[INFO] [stderr] ---- expected: stdout
[INFO] [stderr] ++++ actual:   stdout
[INFO] [stderr]    1    1 | × Deleted Alpha  A7h5eCi24RvAWKC3Hv3muf
[INFO] [stderr]    2      - {
[INFO] [stderr]    3      -   "ancestor_index": 0,
[INFO] [stderr]    4      -   "changes": {
[INFO] [stderr]    5      -     "A7h5eCi24RvAWKC3Hv3muf": {
[INFO] [stderr]    6      -       "e": "Task7",
[INFO] [stderr]    7      -       "p": {},
[INFO] [stderr]    8      -       "t": 2
[INFO] [stderr]    9      -     }
[INFO] [stderr]   10      -   }
[INFO] [stderr]   11      - }
[INFO] [stderr]         2 + /opt/rustwide/workdir/trycmd/run.sh: line 84: jq: command not found
[INFO] [stderr]         3 + {"timestamp":"2026-10-18T18:51:35.543261Z","level":"DEBUG","message":"cloud commit request","event":"cloud.commit.request","change_count":1,"uuids":"[/"A7h5eCi24RvAWKC3Hv3muf/"]","request_json":"{/"ancestor_index/":0,/"changes/":{/"A7h5eCi24RvAWKC3Hv3muf/":{/"e/":/"Task7/",/"p/":{},/"t/":2}}}","target":"things_cli::cloud_commit::request","filename":"src/cloud_writer.rs","line_number":45}
[INFO] [stderr] stderr:
[INFO] [stderr] 
[INFO] [stderr] Testing trycmd/areas/basic_list_orders_by_index.trycmd:2 ... failed 77ms 960us 765ns
[INFO] [stderr] Exit: success
[INFO] [stderr] 
[INFO] [stderr] ---- expected: stdout
[INFO] [stderr] ++++ actual:   stdout
[INFO] [stderr]    1    1 | ◆ Areas  (3)
[INFO] [stderr]    2    2 | 
[INFO] [stderr]    3    3 |   A ◆ Home
[INFO] [stderr]    4    4 |   D ◆ Errands
[INFO] [stderr]    5    5 |   T ◆ Work
[INFO] [stderr]         6 + /opt/rustwide/workdir/trycmd/run.sh: line 84: jq: command not found
[INFO] [stderr] stderr:
[INFO] [stderr] 
[INFO] [stderr] Testing trycmd/areas/empty.trycmd:2 ... failed 86ms 724us 856ns
[INFO] [stderr] Exit: success
[INFO] [stderr] 
[INFO] [stderr] ---- expected: stdout
[INFO] [stderr] ++++ actual:   stdout
[INFO] [stderr]    1    1 | No areas.
[INFO] [stderr]         2 + /opt/rustwide/workdir/trycmd/run.sh: line 84: jq: command not found
[INFO] [stderr] stderr:
[INFO] [stderr] 
[INFO] [stderr] Testing trycmd/anytime/groups_by_area_and_project_with_hiding.trycmd:2 ... failed 130ms 573us 689ns
[INFO] [stderr] Exit: success
[INFO] [stderr] 
[INFO] [stderr] ---- expected: stdout
[INFO] [stderr] ++++ actual:   stdout
[INFO] [stderr]    1    1 | ≋ Anytime  (8 tasks)
[INFO] [stderr]    2    2 | 
[INFO] [stderr]    3    3 |   AK ▢ Loose task
[INFO] [stderr]    4    4 | 
[INFO] [stderr]    5    5 |   Px ● Errands
[INFO] [stderr]    6    6 |     AE ▢ Project-only task 1
[INFO] [stderr]    7    7 |     JM ▢ Project-only task 2
[INFO] [stderr]    8    8 | 
[INFO] [stderr]    9    9 |   By ◆ Home
[INFO] [stderr]   10   10 |     Dr ▢ Area task
[INFO] [stderr]   11   11 |     Cr ● Renovation
[INFO] [stderr]   12   12 |       Ee ▢ Project task 1
[INFO] [stderr]   13   13 |       Fe ▢ Project task 2
[INFO] [stderr]   14   14 |       Gf ▢ Project task 3
[INFO] [stderr]   15   15 |       Hiding 1 more
[INFO] [stderr]        16 + /opt/rustwide/workdir/trycmd/run.sh: line 84: jq: command not found
[INFO] [stderr] stderr:
[INFO] [stderr] 
[INFO] [stderr] Testing trycmd/anytime/area_sublist_hides_extra_tasks.trycmd:2 ... failed 215ms 804us 694ns
[INFO] [stderr] Exit: success
[INFO] [stderr] 
[INFO] [stderr] ---- expected: stdout
[INFO] [stderr] ++++ actual:   stdout
[INFO] [stderr]    1    1 | ≋ Anytime  (4 tasks)
[INFO] [stderr]    2    2 | 
[INFO] [stderr]    3    3 |   B ◆ Home
[INFO] [stderr]    4    4 |     D ▢ Area task 1
[INFO] [stderr]    5    5 |     E ▢ Area task 2
[INFO] [stderr]    6    6 |     F ▢ Area task 3
[INFO] [stderr]    7    7 |     Hiding 1 more
[INFO] [stderr]         8 + /opt/rustwide/workdir/trycmd/run.sh: line 84: jq: command not found
[INFO] [stderr] stderr:
[INFO] [stderr] 
[INFO] [stderr] Testing trycmd/anytime/empty.trycmd:2 ... failed 175ms 614us 851ns
[INFO] [stderr] Exit: success
[INFO] [stderr] 
[INFO] [stderr] ---- expected: stdout
[INFO] [stderr] ++++ actual:   stdout
[INFO] [stderr]    1    1 | Anytime is empty.
[INFO] [stderr]         2 + /opt/rustwide/workdir/trycmd/run.sh: line 84: jq: command not found
[INFO] [stderr] stderr:
[INFO] [stderr] 
[INFO] [stderr] Testing trycmd/anytime/basic_list.trycmd:2 ... failed 188ms 644us 232ns
[INFO] [stderr] Exit: success
[INFO] [stderr] 
[INFO] [stderr] ---- expected: stdout
[INFO] [stderr] ++++ actual:   stdout
[INFO] [stderr]    1    1 | ≋ Anytime  (2 tasks)
[INFO] [stderr]    2    2 | 
[INFO] [stderr]    3    3 |   6 ▢ Draft roadmap
[INFO] [stderr]    4    4 |   3 ▢ ⭑ Pay rent
[INFO] [stderr]         5 + /opt/rustwide/workdir/trycmd/run.sh: line 84: jq: command not found
[INFO] [stderr] stderr:
[INFO] [stderr] 
[INFO] [stderr] Testing trycmd/areas/renders_tag_titles.trycmd:2 ... failed 122ms 899us 128ns
[INFO] [stderr] Exit: success
[INFO] [stderr] 
[INFO] [stderr] ---- expected: stdout
[INFO] [stderr] ++++ actual:   stdout
[INFO] [stderr]    1    1 | ◆ Areas  (1)
[INFO] [stderr]    2    2 | 
[INFO] [stderr]    3    3 |   A ◆ Home  [focus, chores]
[INFO] [stderr]         4 + /opt/rustwide/workdir/trycmd/run.sh: line 84: jq: command not found
[INFO] [stderr] stderr:
[INFO] [stderr] 
[INFO] [stderr] Testing trycmd/edit/add_checklist_payload_shape.trycmd:2 ... failed 151ms 902us 910ns
[INFO] [stderr] Exit: success
[INFO] [stderr] 
[INFO] [stderr] ---- expected: stdout
[INFO] [stderr] ++++ actual:   stdout
[INFO] [stderr]    1    1 | ✓ Edited Task with checklist  A7h5eCi24RvAWKC3Hv3muf (add-checklist)
[INFO] [stderr]    2      - {
[INFO] [stderr]    3      -   "ancestor_index": 0,
[INFO] [stderr]    4      -   "changes": {
[INFO] [stderr]    5      -     "[..]": {
[INFO] [stderr]    6      -       "e": "ChecklistItem3",
[INFO] [stderr]    7      -       "p": {
[INFO] [stderr]    8      -         "cd": 1700000111.0,
[INFO] [stderr]    9      -         "ix": 2,
[INFO] [stderr]   10      -         "md": 1700000111.0,
[INFO] [stderr]   11      -         "ss": 0,
[INFO] [stderr]   12      -         "ts": [
[INFO] [stderr]   13      -           "A7h5eCi24RvAWKC3Hv3muf"
[INFO] [stderr]   14      -         ],
[INFO] [stderr]   15      -         "tt": "Step three"
[INFO] [stderr]   16      -       },
[INFO] [stderr]   17      -       "t": 0
[INFO] [stderr]   18      -     }
[INFO] [stderr]   19      -   }
[INFO] [stderr]   20      - }
[INFO] [stderr]         2 + /opt/rustwide/workdir/trycmd/run.sh: line 84: jq: command not found
[INFO] [stderr]         3 + {"timestamp":"2026-10-18T18:51:35.710553Z","level":"DEBUG","message":"cloud commit request","event":"cloud.commit.request","change_count":1,"uuids":"[/"XKmu72CB4eAAHYyMuPsXuY/"]","request_json":"{/"ancestor_index/":0,/"changes/":{/"XKmu72CB4eAAHYyMuPsXuY/":{/"e/":/"ChecklistItem3/",/"p/":{/"cd/":1700000111.0,/"ix/":2,/"md/":1700000111.0,/"ss/":0,/"ts/":[/"A7h5eCi24RvAWKC3Hv3muf/"],/"tt/":/"Step three/"},/"t/":0}}}","target":"things_cli::cloud_commit::request","filename":"src/cloud_writer.rs","line_number":45}
[INFO] [stderr] stderr:
[INFO] [stderr] 
[INFO] [stderr] Testing trycmd/edit/remove_checklist_payload.trycmd:2 ... failed 130ms 806us 968ns
[INFO] [stderr] Exit: success
[INFO] [stderr] 
[INFO] [stderr] ---- expected: stdout
[INFO] [stderr] ++++ actual:   stdout
[INFO] [stderr]    1    1 | ✓ Edited Task with checklist  A7h5eCi24RvAWKC3Hv3muf (remove-checklist)
[INFO] [stderr]    2      - {
[INFO] [stderr]    3      -   "ancestor_index": 0,
[INFO] [stderr]    4      -   "changes": {
[INFO] [stderr]    5      -     "MpkEei6ybkFS2n6SXvwfLf": {
[INFO] [stderr]    6      -       "e": "ChecklistItem3",
[INFO] [stderr]    7      -       "p": {},
[INFO] [stderr]    8      -       "t": 2
[INFO] [stderr]    9      -     }
[INFO] [stderr]   10      -   }
[INFO] [stderr]   11      - }
[INFO] [stderr]         2 + /opt/rustwide/workdir/trycmd/run.sh: line 84: jq: command not found
[INFO] [stderr]         3 + {"timestamp":"2026-10-18T18:51:35.710435Z","level":"DEBUG","message":"cloud commit request","event":"cloud.commit.request","change_count":1,"uuids":"[/"MpkEei6ybkFS2n6SXvwfLf/"]","request_json":"{/"ancestor_index/":0,/"changes/":{/"MpkEei6ybkFS2n6SXvwfLf/":{/"e/":/"ChecklistItem3/",/"p/":{},/"t/":2}}}","target":"things_cli::cloud_commit::request","filename":"src/cloud_writer.rs","line_number":45}
[INFO] [stderr] stderr:
[INFO] [stderr] 
[INFO] [stderr] Testing trycmd/area/all_includes_completed_tasks_and_projects_0.trycmd:2 ... failed 116ms 421us 818ns
[INFO] [stderr] Exit: success
[INFO] [stderr] 
[INFO] [stderr] ---- expected: stdout
[INFO] [stderr] ++++ actual:   stdout
[INFO] [stderr]    1    1 | ◆ Work  (1 project, 1 task)
[INFO] [stderr]    2    2 | 
[INFO] [stderr]    3    3 |   K ▢ Draft roadmap
[INFO] [stderr]    4    4 | 
[INFO] [stderr]    5    5 |   5 ◯ Q2 planning
[INFO] [stderr]         6 + /opt/rustwide/workdir/trycmd/run.sh: line 84: jq: command not found
[INFO] [stderr] stderr:
[INFO] [stderr] 
[INFO] [stderr] Testing trycmd/area/detailed_shows_task_and_project_notes_with_checklist.trycmd:2 ... failed 124ms 365us 578ns
[INFO] [stderr] Exit: success
[INFO] [stderr] 
[INFO] [stderr] ---- expected: stdout
[INFO] [stderr] ++++ actual:   stdout
[INFO] [stderr]    1    1 | ◆ Personal  (1 project, 1 task)
[INFO] [stderr]    2    2 | 
[INFO] [stderr]    3    3 |   8 ▢ Plan weekend
[INFO] [stderr]    4    4 |     │ Book hotel
[INFO] [stderr]    5    5 |     │ Pack bags
[INFO] [stderr]    6    6 |     │
[INFO] [stderr]    7    7 |   F ├╴○ Charge camera
[INFO] [stderr]    8    8 |   T └╴● Print tickets
[INFO] [stderr]    9    9 | 
[INFO] [stderr]   10   10 |   9 ◯ Spring cleaning
[INFO] [stderr]   11   11 |     │ Closet first
[INFO] [stderr]   12   12 |     └ Then garage
[INFO] [stderr]        13 + /opt/rustwide/workdir/trycmd/run.sh: line 84: jq: command not found
[INFO] [stderr] stderr:
[INFO] [stderr] 
[INFO] [stderr] Testing trycmd/area/lists_loose_tasks_and_projects.trycmd:2 ... failed 119ms 178us 417ns
[INFO] [stderr] Exit: success
[INFO] [stderr] 
[INFO] [stderr] ---- expected: stdout
[INFO] [stderr] ++++ actual:   stdout
[INFO] [stderr]    1    1 | ◆ Home Ops  (2 projects, 2 tasks)
[INFO] [stderr]    2    2 | 
[INFO] [stderr]    3    3 |   T ▢ Replace air filter
[INFO] [stderr]    4    4 |   H ▢ Schedule plumber
[INFO] [stderr]    5    5 | 
[INFO] [stderr]    6    6 |   2 ◯ Kitchen Refresh
[INFO] [stderr]    7    7 |   Q ◯ Garage Cleanup
[INFO] [stderr]         8 + /opt/rustwide/workdir/trycmd/run.sh: line 84: jq: command not found
[INFO] [stderr] stderr:
[INFO] [stderr] 
[INFO] [stderr] Testing trycmd/area/all_includes_completed_tasks_and_projects_1.trycmd:2 ... failed 65ms 471us 974ns
[INFO] [stderr] Exit: success
[INFO] [stderr] 
[INFO] [stderr] ---- expected: stdout
[INFO] [stderr] ++++ actual:   stdout
[INFO] [stderr]    1    1 | ◆ Work  (2 projects, 2 tasks)
[INFO] [stderr]    2    2 | 
[INFO] [stderr]    3    3 |   K ▢ Draft roadmap
[INFO] [stderr]    4    4 |   S ◼ Archive old docs
[INFO] [stderr]    5    5 | 
[INFO] [stderr]    6    6 |   5 ◯ Q2 planning
[INFO] [stderr]    7    7 |   T ◯ Legacy migration
[INFO] [stderr]         8 + /opt/rustwide/workdir/trycmd/run.sh: line 84: jq: command not found
[INFO] [stderr] stderr:
[INFO] [stderr] 
[INFO] [stderr] Testing trycmd/area/header_shows_tags.trycmd:2 ... failed 139ms 947us 429ns
[INFO] [stderr] Exit: success
[INFO] [stderr] 
[INFO] [stderr] ---- expected: stdout
[INFO] [stderr] ++++ actual:   stdout
[INFO] [stderr]    1    1 | ◆ Work [Focus, Admin]
[INFO] [stderr]         2 + /opt/rustwide/workdir/trycmd/run.sh: line 84: jq: command not found
[INFO] [stderr] stderr:
[INFO] [stderr] 
[INFO] [stderr] Testing trycmd/find/inbox_flag.trycmd:2 ... failed 62ms 181us 104ns
[INFO] [stderr] Exit: success
[INFO] [stderr] 
[INFO] [stderr] ---- expected: stdout
[INFO] [stderr] ++++ actual:   stdout
[INFO] [stderr]    1    1 | ⌕ Find  (1 task)
[INFO] [stderr]    2    2 | 
[INFO] [stderr]    3    3 |   A ▢ Inbox task
[INFO] [stderr]         4 + /opt/rustwide/workdir/trycmd/run.sh: line 84: jq: command not found
[INFO] [stderr] stderr:
[INFO] [stderr] 
[INFO] [stderr] Testing trycmd/areas/blank_title_tags_fall_back_to_tag_ids.trycmd:2 ... failed 269ms 545us 877ns
[INFO] [stderr] Exit: success
[INFO] [stderr] 
[INFO] [stderr] ---- expected: stdout
[INFO] [stderr] ++++ actual:   stdout
[INFO] [stderr]    1    1 | ◆ Areas  (1)
[INFO] [stderr]    2    2 | 
[INFO] [stderr]    3    3 |   H ◆ Ops  [active, 7fTdNw446YPi1bXzHtudjm, 7sZ73dPdLCHdzLnyVZC3KF]
[INFO] [stderr]         4 + /opt/rustwide/workdir/trycmd/run.sh: line 84: jq: command not found
[INFO] [stderr] stderr:
[INFO] [stderr] 
[INFO] [stderr] Testing trycmd/edit/rename_checklist_payload.trycmd:2 ... failed 239ms 381us 765ns
[INFO] [stderr] Exit: success
[INFO] [stderr] 
[INFO] [stderr] ---- expected: stdout
[INFO] [stderr] ++++ actual:   stdout
[INFO] [stderr]    1    1 | ✓ Edited Task with checklist  A7h5eCi24RvAWKC3Hv3muf (rename-checklist)
[INFO] [stderr]    2      - {
[INFO] [stderr]    3      -   "ancestor_index": 0,
[INFO] [stderr]    4      -   "changes": {
[INFO] [stderr]    5      -     "MpkEei6ybkFS2n6SXvwfLf": {
[INFO] [stderr]    6      -       "e": "ChecklistItem3",
[INFO] [stderr]    7      -       "p": {
[INFO] [stderr]    8      -         "md": 1700000111.0,
[INFO] [stderr]    9      -         "tt": "Renamed step"
[INFO] [stderr]   10      -       },
[INFO] [stderr]   11      -       "t": 1
[INFO] [stderr]   12      -     }
[INFO] [stderr]   13      -   }
[INFO] [stderr]   14      - }
[INFO] [stderr]         2 + /opt/rustwide/workdir/trycmd/run.sh: line 84: jq: command not found
[INFO] [stderr]         3 + {"timestamp":"2026-10-18T18:51:35.769234Z","level":"DEBUG","message":"cloud commit request","event":"cloud.commit.request","change_count":1,"uuids":"[/"MpkEei6ybkFS2n6SXvwfLf/"]","request_json":"{/"ancestor_index/":0,/"changes/":{/"MpkEei6ybkFS2n6SXvwfLf/":{/"e/":/"ChecklistItem3/",/"p/":{/"md/":1700000111.0,/"tt/":/"Renamed step/"},/"t/":1}}}","target":"things_cli::cloud_commit::request","filename":"src/cloud_writer.rs","line_number":45}
[INFO] [stderr] stderr:
[INFO] [stderr] 
[INFO] [stderr] Testing trycmd/find/completed_flag.trycmd:2 ... failed 84ms 975us 66ns
[INFO] [stderr] Exit: success
[INFO] [stderr] 
[INFO] [stderr] ---- expected: stdout
[INFO] [stderr] ++++ actual:   stdout
[INFO] [stderr]    1    1 | ⌕ Find  (1 task)
[INFO] [stderr]    2    2 | 
[INFO] [stderr]    3    3 |   B ◼ Done task
[INFO] [stderr]         4 + /opt/rustwide/workdir/trycmd/run.sh: line 84: jq: command not found
[INFO] [stderr] stderr:
[INFO] [stderr] 
[INFO] [stderr] Testing trycmd/find/checklists_case_insensitive.trycmd:2 ... failed 104ms 778us 387ns
[INFO] [stderr] Exit: success
[INFO] [stderr] 
[INFO] [stderr] ---- expected: stdout
[INFO] [stderr] ++++ actual:   stdout
[INFO] [stderr]    1    1 | ⌕ Find  (1 task)
[INFO] [stderr]    2    2 | 
[INFO] [stderr]    3    3 |   A ▢ Parent task
[INFO] [stderr]    4    4 |   C └╴○ Book Dentist
[INFO] [stderr]         5 + /opt/rustwide/workdir/trycmd/run.sh: line 84: jq: command not found
[INFO] [stderr] stderr:
[INFO] [stderr] 
[INFO] [stderr] Testing trycmd/find/invalid_date_expr.trycmd:2 ... failed 95ms 425us 796ns
[INFO] [stderr] Exit: success
[INFO] [stderr] 
[INFO] [stderr] ---- expected: stdout
[INFO] [stderr] ++++ actual:   stdout
[INFO] [stderr]         1 + /opt/rustwide/workdir/trycmd/run.sh: line 84: jq: command not found
[INFO] [stderr]    1    2 | Invalid date expression for --deadline: "bad-expr". Expected an operator prefix: >, <, >=, <=, or =  (e.g. '<=2026-03-31')
[INFO] [stderr] stderr:
[INFO] [stderr] 
[INFO] [stderr] Testing trycmd/find/any_status.trycmd:2 ... failed 198ms 26us 363ns
[INFO] [stderr] Exit: success
[INFO] [stderr] 
[INFO] [stderr] ---- expected: stdout
[INFO] [stderr] ++++ actual:   stdout
[INFO] [stderr]    1    1 | ⌕ Find  (3 tasks)
[INFO] [stderr]    2    2 | 
[INFO] [stderr]    3    3 |   C ☒ Canceled task
[INFO] [stderr]    4    4 |   A ▢ Open task
[INFO] [stderr]    5    5 |   B ◼ Done task
[INFO] [stderr]         6 + /opt/rustwide/workdir/trycmd/run.sh: line 84: jq: command not found
[INFO] [stderr] stderr:
[INFO] [stderr] 
[INFO] [stderr] Testing trycmd/find/status_plus_area.trycmd:2 ... failed 139ms 694us 100ns
[INFO] [stderr] Exit: success
[INFO] [stderr] 
[INFO] [stderr] ---- expected: stdout
[INFO] [stderr] ++++ actual:   stdout
[INFO] [stderr]    1    1 | ⌕ Find  (1 task)
[INFO] [stderr]    2    2 | 
[INFO] [stderr]    3    3 |   As ◼ Done health task
[INFO] [stderr]         4 + /opt/rustwide/workdir/trycmd/run.sh: line 84: jq: command not found
[INFO] [stderr] stderr:
[INFO] [stderr] 
[INFO] [stderr] Testing trycmd/find/completed_on_implies_completed.trycmd:2 ... failed 91ms 501us 716ns
[INFO] [stderr] Exit: success
[INFO] [stderr] 
[INFO] [stderr] ---- expected: stdout
[INFO] [stderr] ++++ actual:   stdout
[INFO] [stderr]    1    1 | ⌕ Find  (1 task)
[INFO] [stderr]    2    2 | 
[INFO] [stderr]    3    3 |   A ◼ Done task
[INFO] [stderr]         4 + /opt/rustwide/workdir/trycmd/run.sh: line 84: jq: command not found
[INFO] [stderr] stderr:
[INFO] [stderr] 
[INFO] [stderr] Testing trycmd/find/recurring_flag.trycmd:2 ... failed 236ms 863us 575ns
[INFO] [stderr] Exit: success
[INFO] [stderr] 
[INFO] [stderr] ---- expected: stdout
[INFO] [stderr] ++++ actual:   stdout
[INFO] [stderr]    1    1 | ⌕ Find  (1 task)
[INFO] [stderr]    2    2 | 
[INFO] [stderr]    3    3 |   A ▢ Weekly review
[INFO] [stderr]         4 + /opt/rustwide/workdir/trycmd/run.sh: line 84: jq: command not found
[INFO] [stderr] stderr:
[INFO] [stderr] 
[INFO] [stderr] Testing trycmd/find/deadline_lt.trycmd:2 ... failed 192ms 596us 663ns
[INFO] [stderr] Exit: success
[INFO] [stderr] 
[INFO] [stderr] ---- expected: stdout
[INFO] [stderr] ++++ actual:   stdout
[INFO] [stderr]    1    1 | ⌕ Find  (1 task)
[INFO] [stderr]    2    2 | 
[INFO] [stderr]    3    3 |   A ▢ Past due  ⚑ due by 2025-01-01
[INFO] [stderr]         4 + /opt/rustwide/workdir/trycmd/run.sh: line 84: jq: command not found
[INFO] [stderr] stderr:
[INFO] [stderr] 
[INFO] [stderr] Testing trycmd/find/tag_not_found_error.trycmd:2 ... failed 200ms 208us 353ns
[INFO] [stderr] Exit: success
[INFO] [stderr] 
[INFO] [stderr] ---- expected: stdout
[INFO] [stderr] ++++ actual:   stdout
[INFO] [stderr]         1 + /opt/rustwide/workdir/trycmd/run.sh: line 84: jq: command not found
[INFO] [stderr]    1    2 | Tag not found: NoSuchTag
[INFO] [stderr] stderr:
[INFO] [stderr] 
[INFO] [stderr] Testing trycmd/find/checklists_match_implies_detailed.trycmd:2 ... failed 146ms 368us 969ns
[INFO] [stderr] Exit: success
[INFO] [stderr] 
[INFO] [stderr] ---- expected: stdout
[INFO] [stderr] ++++ actual:   stdout
[INFO] [stderr]    1    1 | ⌕ Find  (1 task)
[INFO] [stderr]    2    2 | 
[INFO] [stderr]    3    3 |   A ▢ Parent task
[INFO] [stderr]    4    4 |   C └╴○ dentist appointment
[INFO] [stderr]         5 + /opt/rustwide/workdir/trycmd/run.sh: line 84: jq: command not found
[INFO] [stderr] stderr:
[INFO] [stderr] 
[INFO] [stderr] Testing trycmd/find/no_deadline.trycmd:2 ... failed 156ms 920us 900ns
[INFO] [stderr] Exit: success
[INFO] [stderr] 
[INFO] [stderr] ---- expected: stdout
[INFO] [stderr] ++++ actual:   stdout
[INFO] [stderr]    1    1 | ⌕ Find  (1 task)
[INFO] [stderr]    2    2 | 
[INFO] [stderr]    3    3 |   B ▢ No deadline
[INFO] [stderr]         4 + /opt/rustwide/workdir/trycmd/run.sh: line 84: jq: command not found
[INFO] [stderr] stderr:
[INFO] [stderr] 
[INFO] [stderr] Testing trycmd/find/tag_case_insensitive.trycmd:2 ... failed 165ms 640us 350ns
[INFO] [stderr] Exit: success
[INFO] [stderr] 
[INFO] [stderr] ---- expected: stdout
[INFO] [stderr] ++++ actual:   stdout
[INFO] [stderr]    1    1 | ⌕ Find  (1 task)
[INFO] [stderr]    2    2 | 
[INFO] [stderr]    3    3 |   A ▢ Work report  [Work]
[INFO] [stderr]         4 + /opt/rustwide/workdir/trycmd/run.sh: line 84: jq: command not found
[INFO] [stderr] stderr:
[INFO] [stderr] 
[INFO] [stderr] Testing trycmd/find/area_filter_by_title_substring.trycmd:2 ... failed 191ms 433us 842ns
[INFO] [stderr] Exit: success
[INFO] [stderr] 
[INFO] [stderr] ---- expected: stdout
[INFO] [stderr] ++++ actual:   stdout
[INFO] [stderr]    1    1 | ⌕ Find  (1 task)
[INFO] [stderr]    2    2 | 
[INFO] [stderr]    3    3 |   As ▢ Read book
[INFO] [stderr]         4 + /opt/rustwide/workdir/trycmd/run.sh: line 84: jq: command not found
[INFO] [stderr] stderr:
[INFO] [stderr] 
[INFO] [stderr] Testing trycmd/find/completed_on_range.trycmd:2 ... failed 174ms 272us 691ns
[INFO] [stderr] Exit: success
[INFO] [stderr] 
[INFO] [stderr] ---- expected: stdout
[INFO] [stderr] ++++ actual:   stdout
[INFO] [stderr]    1    1 | ⌕ Find  (1 task)
[INFO] [stderr]    2    2 | 
[INFO] [stderr]    3    3 |   B ◼ Mid done
[INFO] [stderr]         4 + /opt/rustwide/workdir/trycmd/run.sh: line 84: jq: command not found
[INFO] [stderr] stderr:
[INFO] [stderr] 
[INFO] [stderr] Testing trycmd/find/title_query_case_insensitive.trycmd:2 ... failed 98ms 131us 66ns
[INFO] [stderr] Exit: success
[INFO] [stderr] 
[INFO] [stderr] ---- expected: stdout
[INFO] [stderr] ++++ actual:   stdout
[INFO] [stderr]    1    1 | ⌕ Find  (2 tasks)
[INFO] [stderr]    2    2 | 
[INFO] [stderr]    3    3 |   A ▢ Buy Groceries
[INFO] [stderr]    4    4 |   C ▢ grocery run
[INFO] [stderr]         5 + /opt/rustwide/workdir/trycmd/run.sh: line 84: jq: command not found
[INFO] [stderr] stderr:
[INFO] [stderr] 
[INFO] [stderr] Testing trycmd/find/checklists_not_searched_by_default.trycmd:2 ... failed 115ms 128us 678ns
[INFO] [stderr] Exit: success
[INFO] [stderr] 
[INFO] [stderr] ---- expected: stdout
[INFO] [stderr] ++++ actual:   stdout
[INFO] [stderr]    1    1 | No matching tasks.
[INFO] [stderr]         2 + /opt/rustwide/workdir/trycmd/run.sh: line 84: jq: command not found
[INFO] [stderr] stderr:
[INFO] [stderr] 
[INFO] [stderr] Testing trycmd/find/deadline_lte.trycmd:2 ... failed 152ms 502us 390ns
[INFO] [stderr] Exit: success
[INFO] [stderr] 
[INFO] [stderr] ---- expected: stdout
[INFO] [stderr] ++++ actual:   stdout
[INFO] [stderr]    1    1 | ⌕ Find  (2 tasks)
[INFO] [stderr]    2    2 | 
[INFO] [stderr]    3    3 |   A ▢ On the date  ⚑ due by 2026-04-01
[INFO] [stderr]    4    4 |   B ▢ Before  ⚑ due by 2026-03-31
[INFO] [stderr]         5 + /opt/rustwide/workdir/trycmd/run.sh: line 84: jq: command not found
[INFO] [stderr] stderr:
[INFO] [stderr] 
[INFO] [stderr] Testing trycmd/find/scheduled_gte.trycmd:2 ... failed 226ms 366us 475ns
[INFO] [stderr] Exit: success
[INFO] [stderr] 
[INFO] [stderr] ---- expected: stdout
[INFO] [stderr] ++++ actual:   stdout
[INFO] [stderr]    1    1 | ⌕ Find  (1 task)
[INFO] [stderr]    2    2 | 
[INFO] [stderr]    3    3 |   A ▢ Future scheduled
[INFO] [stderr]         4 + /opt/rustwide/workdir/trycmd/run.sh: line 84: jq: command not found
[INFO] [stderr] stderr:
[INFO] [stderr] 
[INFO] [stderr] Testing trycmd/find/area_filter_no_match.trycmd:2 ... failed 171ms 44us 471ns
[INFO] [stderr] Exit: success
[INFO] [stderr] 
[INFO] [stderr] ---- expected: stdout
[INFO] [stderr] ++++ actual:   stdout
[INFO] [stderr]    1    1 | No matching tasks.
[INFO] [stderr]         2 + /opt/rustwide/workdir/trycmd/run.sh: line 84: jq: command not found
[INFO] [stderr] stderr:
[INFO] [stderr] 
[INFO] [stderr] Testing trycmd/find/no_results_empty_store.trycmd:2 ... failed 205ms 485us 963ns
[INFO] [stderr] Exit: success
[INFO] [stderr] 
[INFO] [stderr] ---- expected: stdout
[INFO] [stderr] ++++ actual:   stdout
[INFO] [stderr]    1    1 | No matching tasks.
[INFO] [stderr]         2 + /opt/rustwide/workdir/trycmd/run.sh: line 84: jq: command not found
[INFO] [stderr] stderr:
[INFO] [stderr] 
[INFO] [stderr] Testing trycmd/find/tag_filter_by_title.trycmd:2 ... failed 185ms 624us 131ns
[INFO] [stderr] Exit: success
[INFO] [stderr] 
[INFO] [stderr] ---- expected: stdout
[INFO] [stderr] ++++ actual:   stdout
[INFO] [stderr]    1    1 | ⌕ Find  (1 task)
[INFO] [stderr]    2    2 | 
[INFO] [stderr]    3    3 |   A ▢ Work report  [Work]
[INFO] [stderr]         4 + /opt/rustwide/workdir/trycmd/run.sh: line 84: jq: command not found
[INFO] [stderr] stderr:
[INFO] [stderr] 
[INFO] [stderr] Testing trycmd/find/created_range.trycmd:2 ... failed 166ms 91us 241ns
[INFO] [stderr] Exit: success
[INFO] [stderr] 
[INFO] [stderr] ---- expected: stdout
[INFO] [stderr] ++++ actual:   stdout
[INFO] [stderr]    1    1 | ⌕ Find  (1 task)
[INFO] [stderr]    2    2 | 
[INFO] [stderr]    3    3 |   B ▢ Feb task
[INFO] [stderr]         4 + /opt/rustwide/workdir/trycmd/run.sh: line 84: jq: command not found
[INFO] [stderr] stderr:
[INFO] [stderr] 
[INFO] [stderr] Testing trycmd/find/scheduled_lt.trycmd:2 ... failed 104ms 660us 887ns
[INFO] [stderr] Exit: success
[INFO] [stderr] 
[INFO] [stderr] ---- expected: stdout
[INFO] [stderr] ++++ actual:   stdout
[INFO] [stderr]    1    1 | ⌕ Find  (1 task)
[INFO] [stderr]    2    2 | 
[INFO] [stderr]    3    3 |   A ▢ ⭑ Old
[INFO] [stderr]         4 + /opt/rustwide/workdir/trycmd/run.sh: line 84: jq: command not found
[INFO] [stderr] stderr:
[INFO] [stderr] 
[INFO] [stderr] Testing trycmd/find/deadline_range.trycmd:2 ... failed 143ms 229us 709ns
[INFO] [stderr] Exit: success
[INFO] [stderr] 
[INFO] [stderr] ---- expected: stdout
[INFO] [stderr] ++++ actual:   stdout
[INFO] [stderr]    1    1 | ⌕ Find  (1 task)
[INFO] [stderr]    2    2 | 
[INFO] [stderr]    3    3 |   A ▢ In range  ⚑ due by 2026-03-15
[INFO] [stderr]         4 + /opt/rustwide/workdir/trycmd/run.sh: line 84: jq: command not found
[INFO] [stderr] stderr:
[INFO] [stderr] 
[INFO] [stderr] Testing trycmd/find/checklists_partial_match.trycmd:2 ... failed 175ms 86us 971ns
[INFO] [stderr] Exit: success
[INFO] [stderr] 
[INFO] [stderr] ---- expected: stdout
[INFO] [stderr] ++++ actual:   stdout
[INFO] [stderr]    1    1 | ⌕ Find  (1 task)
[INFO] [stderr]    2    2 | 
[INFO] [stderr]    3    3 |   A ▢ Task with dentist item
[INFO] [stderr]         4 + /opt/rustwide/workdir/trycmd/run.sh: line 84: jq: command not found
[INFO] [stderr] stderr:
[INFO] [stderr] 
[INFO] [stderr] Testing trycmd/find/title_query_partial_match.trycmd:2 ... failed 247ms 142us 76ns
[INFO] [stderr] Exit: success
[INFO] [stderr] 
[INFO] [stderr] ---- expected: stdout
[INFO] [stderr] ++++ actual:   stdout
[INFO] [stderr]    1    1 | ⌕ Find  (2 tasks)
[INFO] [stderr]    2    2 | 
[INFO] [stderr]    3    3 |   A ▢ Ship release v1.0
[INFO] [stderr]    4    4 |   B ▢ Release notes
[INFO] [stderr]         5 + /opt/rustwide/workdir/trycmd/run.sh: line 84: jq: command not found
[INFO] [stderr] stderr:
[INFO] [stderr] 
[INFO] [stderr] Testing trycmd/find/notes_not_searched_by_default.trycmd:2 ... failed 133ms 381us 649ns
[INFO] [stderr] Exit: success
[INFO] [stderr] 
[INFO] [stderr] ---- expected: stdout
[INFO] [stderr] ++++ actual:   stdout
[INFO] [stderr]    1    1 | ⌕ Find  (1 task)
[INFO] [stderr]    2    2 | 
[INFO] [stderr]    3    3 |   B ▢ dentist appointment
[INFO] [stderr]         4 + /opt/rustwide/workdir/trycmd/run.sh: line 84: jq: command not found
[INFO] [stderr] stderr:
[INFO] [stderr] 
[INFO] [stderr] Testing trycmd/find/shows_count_in_header.trycmd:2 ... failed 99ms 430us 886ns
[INFO] [stderr] Exit: success
[INFO] [stderr] 
[INFO] [stderr] ---- expected: stdout
[INFO] [stderr] ++++ actual:   stdout
[INFO] [stderr]    1    1 | ⌕ Find  (2 tasks)
[INFO] [stderr]    2    2 | 
[INFO] [stderr]    3    3 |   A ▢ Task one
[INFO] [stderr]    4    4 |   B ▢ Task two
[INFO] [stderr]         5 + /opt/rustwide/workdir/trycmd/run.sh: line 84: jq: command not found
[INFO] [stderr] stderr:
[INFO] [stderr] 
[INFO] [stderr] Testing trycmd/find/tag_multiple_or.trycmd:2 ... failed 147ms 760us 160ns
[INFO] [stderr] Exit: success
[INFO] [stderr] 
[INFO] [stderr] ---- expected: stdout
[INFO] [stderr] ++++ actual:   stdout
[INFO] [stderr]    1    1 | ⌕ Find  (2 tasks)
[INFO] [stderr]    2    2 | 
[INFO] [stderr]    3    3 |   A ▢ Work task  [Work]
[INFO] [stderr]    4    4 |   B ▢ Urgent task  [Urgent]
[INFO] [stderr]         5 + /opt/rustwide/workdir/trycmd/run.sh: line 84: jq: command not found
[INFO] [stderr] stderr:
[INFO] [stderr] 
[INFO] [stderr] Testing trycmd/find/default_shows_only_incomplete.trycmd:2 ... failed 120ms 678us 288ns
[INFO] [stderr] Exit: success
[INFO] [stderr] 
[INFO] [stderr] ---- expected: stdout
[INFO] [stderr] ++++ actual:   stdout
[INFO] [stderr]    1    1 | ⌕ Find  (1 task)
[INFO] [stderr]    2    2 | 
[INFO] [stderr]    3    3 |   A ▢ Open task
[INFO] [stderr]         4 + /opt/rustwide/workdir/trycmd/run.sh: line 84: jq: command not found
[INFO] [stderr] stderr:
[INFO] [stderr] 
[INFO] [stderr] Testing trycmd/find/deadline_eq.trycmd:2 ... failed 170ms 600us 231ns
[INFO] [stderr] Exit: success
[INFO] [stderr] 
[INFO] [stderr] ---- expected: stdout
[INFO] [stderr] ++++ actual:   stdout
[INFO] [stderr]    1    1 | ⌕ Find  (1 task)
[INFO] [stderr]    2    2 | 
[INFO] [stderr]    3    3 |   A ▢ Exact match  ⚑ due by 2026-04-01
[INFO] [stderr]         4 + /opt/rustwide/workdir/trycmd/run.sh: line 84: jq: command not found
[INFO] [stderr] stderr:
[INFO] [stderr] 
[INFO] [stderr] Testing trycmd/find/area_filter_partial_match.trycmd:2 ... failed 229ms 789us 65ns
[INFO] [stderr] Exit: success
[INFO] [stderr] 
[INFO] [stderr] ---- expected: stdout
[INFO] [stderr] ++++ actual:   stdout
[INFO] [stderr]    1    1 | ⌕ Find  (1 task)
[INFO] [stderr]    2    2 | 
[INFO] [stderr]    3    3 |   As ▢ Write spec
[INFO] [stderr]         4 + /opt/rustwide/workdir/trycmd/run.sh: line 84: jq: command not found
[INFO] [stderr] stderr:
[INFO] [stderr] 
[INFO] [stderr] Testing trycmd/find/checklists_searched_with_flag.trycmd:2 ... failed 224ms 593us 735ns
[INFO] [stderr] Exit: success
[INFO] [stderr] 
[INFO] [stderr] ---- expected: stdout
[INFO] [stderr] ++++ actual:   stdout
[INFO] [stderr]    1    1 | ⌕ Find  (1 task)
[INFO] [stderr]    2    2 | 
[INFO] [stderr]    3    3 |   A ▢ Parent task
[INFO] [stderr]    4    4 |   C └╴○ dentist appointment
[INFO] [stderr]         5 + /opt/rustwide/workdir/trycmd/run.sh: line 84: jq: command not found
[INFO] [stderr] stderr:
[INFO] [stderr] 
[INFO] [stderr] Testing trycmd/find/shows_project_in_task_line.trycmd:2 ... failed 144ms 327us 39ns
[INFO] [stderr] Exit: success
[INFO] [stderr] 
[INFO] [stderr] ---- expected: stdout
[INFO] [stderr] ++++ actual:   stdout
[INFO] [stderr]    1    1 | ⌕ Find  (2 tasks)
[INFO] [stderr]    2    2 | 
[INFO] [stderr]    3    3 |   P ◯ My Project
[INFO] [stderr]    4    4 |   A ▢ Project task  [● My Project]
[INFO] [stderr]         5 + /opt/rustwide/workdir/trycmd/run.sh: line 84: jq: command not found
[INFO] [stderr] stderr:
[INFO] [stderr] 
[INFO] [stderr] Testing trycmd/find/trashed_tasks_excluded.trycmd:2 ... failed 177ms 264us 412ns
[INFO] [stderr] Exit: success
[INFO] [stderr] 
[INFO] [stderr] ---- expected: stdout
[INFO] [stderr] ++++ actual:   stdout
[INFO] [stderr]    1    1 | No matching tasks.
[INFO] [stderr]         2 + /opt/rustwide/workdir/trycmd/run.sh: line 84: jq: command not found
[INFO] [stderr] stderr:
[INFO] [stderr] 
[INFO] [stderr] Testing trycmd/find/detailed_shows_notes.trycmd:2 ... failed 141ms 938us 179ns
[INFO] [stderr] Exit: success
[INFO] [stderr] 
[INFO] [stderr] ---- expected: stdout
[INFO] [stderr] ++++ actual:   stdout
[INFO] [stderr]    1    1 | ⌕ Find  (1 task)
[INFO] [stderr]    2    2 | 
[INFO] [stderr]    3    3 |   A ▢ Task with note
[INFO] [stderr]    4    4 |     └ important detail
[INFO] [stderr]         5 + /opt/rustwide/workdir/trycmd/run.sh: line 84: jq: command not found
[INFO] [stderr] stderr:
[INFO] [stderr] 
[INFO] [stderr] Testing trycmd/find/deadline_gt.trycmd:2 ... failed 122ms 349us 108ns
[INFO] [stderr] Exit: success
[INFO] [stderr] 
[INFO] [stderr] ---- expected: stdout
[INFO] [stderr] ++++ actual:   stdout
[INFO] [stderr]    1    1 | ⌕ Find  (1 task)
[INFO] [stderr]    2    2 | 
[INFO] [stderr]    3    3 |   A ▢ Future  ⚑ due by 2027-01-01
[INFO] [stderr]         4 + /opt/rustwide/workdir/trycmd/run.sh: line 84: jq: command not found
[INFO] [stderr] stderr:
[INFO] [stderr] 
[INFO] [stderr] Testing trycmd/find/notes_searched_with_flag.trycmd:2 ... failed 214ms 27us 184ns
[INFO] [stderr] Exit: success
[INFO] [stderr] 
[INFO] [stderr] ---- expected: stdout
[INFO] [stderr] ++++ actual:   stdout
[INFO] [stderr]    1    1 | ⌕ Find  (2 tasks)
[INFO] [stderr]    2    2 | 
[INFO] [stderr]    3    3 |   A ▢ Task A
[INFO] [stderr]    4    4 |   B ▢ dentist appointment
[INFO] [stderr]         5 + /opt/rustwide/workdir/trycmd/run.sh: line 84: jq: command not found
[INFO] [stderr] stderr:
[INFO] [stderr] 
[INFO] [stderr] Testing trycmd/find/evening_flag.trycmd:2 ... failed 81ms 891us 775ns
[INFO] [stderr] Exit: success
[INFO] [stderr] 
[INFO] [stderr] ---- expected: stdout
[INFO] [stderr] ++++ actual:   stdout
[INFO] [stderr]    1    1 | ⌕ Find  (1 task)
[INFO] [stderr]    2    2 | 
[INFO] [stderr]    3    3 |   A ▢ ☽ Evening walk
[INFO] [stderr]         4 + /opt/rustwide/workdir/trycmd/run.sh: line 84: jq: command not found
[INFO] [stderr] stderr:
[INFO] [stderr] 
[INFO] [stderr] Testing trycmd/find/checklists_title_match_does_not_force_detailed.trycmd:2 ... failed 219ms 428us 304ns
[INFO] [stderr] Exit: success
[INFO] [stderr] 
[INFO] [stderr] ---- expected: stdout
[INFO] [stderr] ++++ actual:   stdout
[INFO] [stderr]    1    1 | ⌕ Find  (1 task)
[INFO] [stderr]    2    2 | 
[INFO] [stderr]    3    3 |   A ▢ dentist task
[INFO] [stderr]         4 + /opt/rustwide/workdir/trycmd/run.sh: line 84: jq: command not found
[INFO] [stderr] stderr:
[INFO] [stderr] 
[INFO] [stderr] Testing trycmd/find/has_deadline.trycmd:2 ... failed 111ms 642us 407ns
[INFO] [stderr] Exit: success
[INFO] [stderr] 
[INFO] [stderr] ---- expected: stdout
[INFO] [stderr] ++++ actual:   stdout
[INFO] [stderr]    1    1 | ⌕ Find  (1 task)
[INFO] [stderr]    2    2 | 
[INFO] [stderr]    3    3 |   A ▢ With deadline  ⚑ due by 2026-06-01
[INFO] [stderr]         4 + /opt/rustwide/workdir/trycmd/run.sh: line 84: jq: command not found
[INFO] [stderr] stderr:
[INFO] [stderr] 
[INFO] [stderr] Testing trycmd/find/deadline_gte.trycmd:2 ... failed 83ms 18us 835ns
[INFO] [stderr] Exit: success
[INFO] [stderr] 
[INFO] [stderr] ---- expected: stdout
[INFO] [stderr] ++++ actual:   stdout
[INFO] [stderr]    1    1 | ⌕ Find  (2 tasks)
[INFO] [stderr]    2    2 | 
[INFO] [stderr]    3    3 |   A ▢ On the date  ⚑ due by 2026-04-01
[INFO] [stderr]    4    4 |   B ▢ After  ⚑ due by 2026-04-02
[INFO] [stderr]         5 + /opt/rustwide/workdir/trycmd/run.sh: line 84: jq: command not found
[INFO] [stderr] stderr:
[INFO] [stderr] 
[INFO] [stderr] Testing trycmd/find/singular_task_label.trycmd:2 ... failed 130ms 531us 739ns
[INFO] [stderr] Exit: success
[INFO] [stderr] 
[INFO] [stderr] ---- expected: stdout
[INFO] [stderr] ++++ actual:   stdout
[INFO] [stderr]    1    1 | ⌕ Find  (1 task)
[INFO] [stderr]    2    2 | 
[INFO] [stderr]    3    3 |   A ▢ Only task
[INFO] [stderr]         4 + /opt/rustwide/workdir/trycmd/run.sh: line 84: jq: command not found
[INFO] [stderr] stderr:
[INFO] [stderr] 
[INFO] [stderr] Testing trycmd/find/area_plus_tag.trycmd:2 ... failed 138ms 67us 549ns
[INFO] [stderr] Exit: success
[INFO] [stderr] 
[INFO] [stderr] ---- expected: stdout
[INFO] [stderr] ++++ actual:   stdout
[INFO] [stderr]    1    1 | ⌕ Find  (1 task)
[INFO] [stderr]    2    2 | 
[INFO] [stderr]    3    3 |   As ▢ Urgent work task  [Urgent]
[INFO] [stderr]         4 + /opt/rustwide/workdir/trycmd/run.sh: line 84: jq: command not found
[INFO] [stderr] stderr:
[INFO] [stderr] 
[INFO] [stderr] Testing trycmd/find/someday_flag.trycmd:2 ... failed 75ms 402us 475ns
[INFO] [stderr] Exit: success
[INFO] [stderr] 
[INFO] [stderr] ---- expected: stdout
[INFO] [stderr] ++++ actual:   stdout
[INFO] [stderr]    1    1 | ⌕ Find  (1 task)
[INFO] [stderr]    2    2 | 
[INFO] [stderr]    3    3 |   A ⬚ Someday dream
[INFO] [stderr]         4 + /opt/rustwide/workdir/trycmd/run.sh: line 84: jq: command not found
[INFO] [stderr] stderr:
[INFO] [stderr] 
[INFO] [stderr] Testing trycmd/find/canceled_flag.trycmd:2 ... failed 85ms 983us 655ns
[INFO] [stderr] Exit: success
[INFO] [stderr] 
[INFO] [stderr] ---- expected: stdout
[INFO] [stderr] ++++ actual:   stdout
[INFO] [stderr]    1    1 | ⌕ Find  (1 task)
[INFO] [stderr]    2    2 | 
[INFO] [stderr]    3    3 |   C ☒ Canceled task
[INFO] [stderr]         4 + /opt/rustwide/workdir/trycmd/run.sh: line 84: jq: command not found
[INFO] [stderr] stderr:
[INFO] [stderr] 
[INFO] [stderr] Testing trycmd/find/area_multiple_or.trycmd:2 ... failed 248ms 247us 76ns
[INFO] [stderr] Exit: success
[INFO] [stderr] 
[INFO] [stderr] ---- expected: stdout
[INFO] [stderr] ++++ actual:   stdout
[INFO] [stderr]    1    1 | ⌕ Find  (2 tasks)
[INFO] [stderr]    2    2 | 
[INFO] [stderr]    3    3 |   As ▢ Work task
[INFO] [stderr]    4    4 |   B1 ▢ Personal task
[INFO] [stderr]         5 + /opt/rustwide/workdir/trycmd/run.sh: line 84: jq: command not found
[INFO] [stderr] stderr:
[INFO] [stderr] 
[INFO] [stderr] Testing trycmd/find/headings_excluded.trycmd:2 ... failed 135ms 263us 99ns
[INFO] [stderr] Exit: success
[INFO] [stderr] 
[INFO] [stderr] ---- expected: stdout
[INFO] [stderr] ++++ actual:   stdout
[INFO] [stderr]    1    1 | No matching tasks.
[INFO] [stderr]         2 + /opt/rustwide/workdir/trycmd/run.sh: line 84: jq: command not found
[INFO] [stderr] stderr:
[INFO] [stderr] 
[INFO] [stderr] Testing trycmd/find/checklists_title_match_with_detailed_shows_checklist.trycmd:2 ... failed 135ms 579us 279ns
[INFO] [stderr] Exit: success
[INFO] [stderr] 
[INFO] [stderr] ---- expected: stdout
[INFO] [stderr] ++++ actual:   stdout
[INFO] [stderr]    1    1 | ⌕ Find  (1 task)
[INFO] [stderr]    2    2 | 
[INFO] [stderr]    3    3 |   A ▢ dentist task
[INFO] [stderr]    4    4 |   C └╴○ call to confirm
[INFO] [stderr]         5 + /opt/rustwide/workdir/trycmd/run.sh: line 84: jq: command not found
[INFO] [stderr] stderr:
[INFO] [stderr] 
[INFO] [stderr] Testing trycmd/find/query_plus_deadline_range.trycmd:2 ... failed 56ms 59us 124ns
[INFO] [stderr] Exit: success
[INFO] [stderr] 
[INFO] [stderr] ---- expected: stdout
[INFO] [stderr] ++++ actual:   stdout
[INFO] [stderr]    1    1 | ⌕ Find  (1 task)
[INFO] [stderr]    2    2 | 
[INFO] [stderr]    3    3 |   A ▢ File taxes  ⚑ due by 2026-04-15
[INFO] [stderr]         4 + /opt/rustwide/workdir/trycmd/run.sh: line 84: jq: command not found
[INFO] [stderr] stderr:
[INFO] [stderr] 
[INFO] [stderr] Testing trycmd/find/query_no_match.trycmd:2 ... failed 61ms 271us 254ns
[INFO] [stderr] Exit: success
[INFO] [stderr] 
[INFO] [stderr] ---- expected: stdout
[INFO] [stderr] ++++ actual:   stdout
[INFO] [stderr]    1    1 | No matching tasks.
[INFO] [stderr]         2 + /opt/rustwide/workdir/trycmd/run.sh: line 84: jq: command not found
[INFO] [stderr] stderr:
[INFO] [stderr] 
[INFO] [stderr] Testing trycmd/find/query_plus_tag.trycmd:2 ... failed 74ms 31us 525ns
[INFO] [stderr] Exit: success
[INFO] [stderr] 
[INFO] [stderr] ---- expected: stdout
[INFO] [stderr] ++++ actual:   stdout
[INFO] [stderr]    1    1 | ⌕ Find  (1 task)
[INFO] [stderr]    2    2 | 
[INFO] [stderr]    3    3 |   A ▢ Write report  [Work]
[INFO] [stderr]         4 + /opt/rustwide/workdir/trycmd/run.sh: line 84: jq: command not found
[INFO] [stderr] stderr:
[INFO] [stderr] 
[INFO] [stderr] Testing trycmd/find/project_filter_no_match.trycmd:2 ... failed 175ms 255us 821ns
[INFO] [stderr] Exit: success
[INFO] [stderr] 
[INFO] [stderr] ---- expected: stdout
[INFO] [stderr] ++++ actual:   stdout
[INFO] [stderr]    1    1 | No matching tasks.
[INFO] [stderr]         2 + /opt/rustwide/workdir/trycmd/run.sh: line 84: jq: command not found
[INFO] [stderr] stderr:
[INFO] [stderr] 
[INFO] [stderr] Testing trycmd/inbox/basic_list.trycmd:2 ... failed 84ms 389us 635ns
[INFO] [stderr] Exit: success
[INFO] [stderr] 
[INFO] [stderr] ---- expected: stdout
[INFO] [stderr] ++++ actual:   stdout
[INFO] [stderr]    1    1 | ⬓ Inbox  (2 tasks)
[INFO] [stderr]    2    2 | 
[INFO] [stderr]    3    3 |   X ▢ Buy oat milk
[INFO] [stderr]    4    4 |   E ▢ Email landlord
[INFO] [stderr]         5 + /opt/rustwide/workdir/trycmd/run.sh: line 84: jq: command not found
[INFO] [stderr] stderr:
[INFO] [stderr] 
[INFO] [stderr] Testing trycmd/find/project_filter_by_title_substring.trycmd:2 ... failed 280ms 225us 308ns
[INFO] [stderr] Exit: success
[INFO] [stderr] 
[INFO] [stderr] ---- expected: stdout
[INFO] [stderr] ++++ actual:   stdout
[INFO] [stderr]    1    1 | ⌕ Find  (1 task)
[INFO] [stderr]    2    2 | 
[INFO] [stderr]    3    3 |   A ▢ Write spec  [● Q1 Launch]
[INFO] [stderr]         4 + /opt/rustwide/workdir/trycmd/run.sh: line 84: jq: command not found
[INFO] [stderr] stderr:
[INFO] [stderr] 
[INFO] [stderr] Testing trycmd/inbox/ignores_project_and_area_scoped_tasks.trycmd:2 ... failed 77ms 683us 295ns
[INFO] [stderr] Exit: success
[INFO] [stderr] 
[INFO] [stderr] ---- expected: stdout
[INFO] [stderr] ++++ actual:   stdout
[INFO] [stderr]    1    1 | ⬓ Inbox  (1 tasks)
[INFO] [stderr]    2    2 | 
[INFO] [stderr]    3    3 |   N ▢ Top-level inbox task
[INFO] [stderr]         4 + /opt/rustwide/workdir/trycmd/run.sh: line 84: jq: command not found
[INFO] [stderr] stderr:
[INFO] [stderr] 
[INFO] [stderr] Testing trycmd/find/query_matches_project_title.trycmd:2 ... failed 195ms 376us 492ns
[INFO] [stderr] Exit: success
[INFO] [stderr] 
[INFO] [stderr] ---- expected: stdout
[INFO] [stderr] ++++ actual:   stdout
[INFO] [stderr]    1    1 | ⌕ Find  (2 tasks)
[INFO] [stderr]    2    2 | 
[INFO] [stderr]    3    3 |   P ◯ Launch Project
[INFO] [stderr]    4    4 |   A ▢ Launch task
[INFO] [stderr]         5 + /opt/rustwide/workdir/trycmd/run.sh: line 84: jq: command not found
[INFO] [stderr] stderr:
[INFO] [stderr] 
[INFO] [stderr] Testing trycmd/find/projects_included_by_default.trycmd:2 ... failed 164ms 928us 61ns
[INFO] [stderr] Exit: success
[INFO] [stderr] 
[INFO] [stderr] ---- expected: stdout
[INFO] [stderr] ++++ actual:   stdout
[INFO] [stderr]    1    1 | ⌕ Find  (2 tasks)
[INFO] [stderr]    2    2 | 
[INFO] [stderr]    3    3 |   P ◯ Big Project
[INFO] [stderr]    4    4 |   A ▢ A task
[INFO] [stderr]         5 + /opt/rustwide/workdir/trycmd/run.sh: line 84: jq: command not found
[INFO] [stderr] stderr:
[INFO] [stderr] 
[INFO] [stderr] Testing trycmd/find/project_multiple_or.trycmd:2 ... failed 166ms 357us 461ns
[INFO] [stderr] Exit: success
[INFO] [stderr] 
[INFO] [stderr] ---- expected: stdout
[INFO] [stderr] ++++ actual:   stdout
[INFO] [stderr]    1    1 | ⌕ Find  (2 tasks)
[INFO] [stderr]    2    2 | 
[INFO] [stderr]    3    3 |   A ▢ Alpha task  [● Alpha Project]
[INFO] [stderr]    4    4 |   B ▢ Beta task  [● Beta Project]
[INFO] [stderr]         5 + /opt/rustwide/workdir/trycmd/run.sh: line 84: jq: command not found
[INFO] [stderr] stderr:
[INFO] [stderr] 
[INFO] [stderr] Testing trycmd/inbox/empty.trycmd:2 ... failed 146ms 409us 600ns
[INFO] [stderr] Exit: success
[INFO] [stderr] 
[INFO] [stderr] ---- expected: stdout
[INFO] [stderr] ++++ actual:   stdout
[INFO] [stderr]    1    1 | Inbox is empty.
[INFO] [stderr]         2 + /opt/rustwide/workdir/trycmd/run.sh: line 84: jq: command not found
[INFO] [stderr] stderr:
[INFO] [stderr] 
[INFO] [stderr] Testing trycmd/inbox/shows_notes_only_tasks.trycmd:2 ... failed 114ms 75us 747ns
[INFO] [stderr] Exit: success
[INFO] [stderr] 
[INFO] [stderr] ---- expected: stdout
[INFO] [stderr] ++++ actual:   stdout
[INFO] [stderr]    1    1 | ⬓ Inbox  (3 tasks)
[INFO] [stderr]    2    2 | 
[INFO] [stderr]    3    3 |   X ▢ Buy oat milk
[INFO] [stderr]    4    4 |   E ▢ (untitled)
[INFO] [stderr]    5    5 |   W ▢ (untitled)
[INFO] [stderr]         6 + /opt/rustwide/workdir/trycmd/run.sh: line 84: jq: command not found
[INFO] [stderr] stderr:
[INFO] [stderr] 
[INFO] [stderr] Testing trycmd/inbox/detailed_mode_shows_notes_and_checklist.trycmd:2 ... failed 109ms 414us 607ns
[INFO] [stderr] Exit: success
[INFO] [stderr] 
[INFO] [stderr] ---- expected: stdout
[INFO] [stderr] ++++ actual:   stdout
[INFO] [stderr]    1    1 | ⬓ Inbox  (2 tasks)
[INFO] [stderr]    2    2 | 
[INFO] [stderr]    3    3 |   T ▢ Plan weekend trip
[INFO] [stderr]    4    4 |     │ Book train
[INFO] [stderr]    5    5 |     └ Pack light
[INFO] [stderr]    6    6 |   5 ▢ Grocery prep
[INFO] [stderr]    7    7 |     │ For taco night
[INFO] [stderr]    8    8 |     │
[INFO] [stderr]    9    9 |   B ├╴○ Tortillas
[INFO] [stderr]   10   10 |   L └╴● Salsa
[INFO] [stderr]        11 + /opt/rustwide/workdir/trycmd/run.sh: line 84: jq: command not found
[INFO] [stderr] stderr:
[INFO] [stderr] 
[INFO] [stdout] test cli_trycmd_inbox ... FAILED
[INFO] [stderr] Update snapshots with `TRYCMD=overwrite`
[INFO] [stdout] test cli_trycmd_area ... FAILED
[INFO] [stderr] Debug output with `TRYCMD=dump`
[INFO] [stdout] test cli_trycmd_find ... FAILED
[INFO] [stderr] Update snapshots with `TRYCMD=overwrite`
[INFO] [stdout] test cli_trycmd_delete ... FAILED
[INFO] [stderr] Debug output with `TRYCMD=dump`
[INFO] [stdout] test cli_trycmd_areas ... FAILED
[INFO] [stderr] Update snapshots with `TRYCMD=overwrite`
[INFO] [stderr] Debug output with `TRYCMD=dump`
[INFO] [stderr] Update snapshots with `TRYCMD=overwrite`
[INFO] [stderr] Debug output with `TRYCMD=dump`
[INFO] [stderr] Update snapshots with `TRYCMD=overwrite`
[INFO] [stderr] Debug output with `TRYCMD=dump`
[INFO] [stdout] test cli_trycmd_edit ... FAILED
[INFO] [stderr] Update snapshots with `TRYCMD=overwrite`
[INFO] [stderr] Debug output with `TRYCMD=dump`
[INFO] [stderr] Update snapshots with `TRYCMD=overwrite`
[INFO] [stderr] Debug output with `TRYCMD=dump`
[INFO] [stderr] Update snapshots with `TRYCMD=overwrite`
[INFO] [stderr] Debug output with `TRYCMD=dump`
[INFO] [stdout] test cli_trycmd_anytime ... FAILED
[INFO] [stdout] test cli_trycmd_logbook ... FAILED
[INFO] [stderr] Testing trycmd/schedule/deadline.trycmd:2 ... failed 32ms 27us 452ns
[INFO] [stderr] Exit: success
[INFO] [stderr] 
[INFO] [stderr] ---- expected: stdout
[INFO] [stderr] ++++ actual:   stdout
[INFO] [stderr]    1    1 | ✓ Scheduled Schedule me  A7h5eCi24RvAWKC3Hv3muf (deadline=2034-02-01)
[INFO] [stderr]    2      - {
[INFO] [stderr]    3      -   "ancestor_index": 0,
[INFO] [stderr]    4      -   "changes": {
[INFO] [stderr]    5      -     "A7h5eCi24RvAWKC3Hv3muf": {
[INFO] [stderr]    6      -       "e": "Task7",
[INFO] [stderr]    7      -       "p": {
[INFO] [stderr]    8      -         "dd": 2022364800.0,
[INFO] [stderr]    9      -         "md": 1700000333.0
[INFO] [stderr]   10      -       },
[INFO] [stderr]   11      -       "t": 1
[INFO] [stderr]   12      -     }
[INFO] [stderr]   13      -   }
[INFO] [stderr]   14      - }
[INFO] [stderr]         2 + /opt/rustwide/workdir/trycmd/run.sh: line 84: jq: command not found
[INFO] [stderr]         3 + {"timestamp":"2026-10-18T18:51:37.094726Z","level":"DEBUG","message":"cloud commit request","event":"cloud.commit.request","change_count":1,"uuids":"[/"A7h5eCi24RvAWKC3Hv3muf/"]","request_json":"{/"ancestor_index/":0,/"changes/":{/"A7h5eCi24RvAWKC3Hv3muf/":{/"e/":/"Task7/",/"p/":{/"dd/":2022364800.0,/"md/":1700000333.0},/"t/":1}}}","target":"things_cli::cloud_commit::request","filename":"src/cloud_writer.rs","line_number":45}
[INFO] [stderr] stderr:
[INFO] [stderr] 
[INFO] [stderr] Testing trycmd/new/when_today.trycmd:2 ... failed 37ms 880us 492ns
[INFO] [stderr] Exit: success
[INFO] [stderr] 
[INFO] [stderr] ---- expected: stdout
[INFO] [stderr] ++++ actual:   stdout
[INFO] [stderr]    1    1 | ✓ Created Task today  [..]
[INFO] [stderr]    2      - {
[INFO] [stderr]    3      -   "ancestor_index": 0,
[INFO] [stderr]    4      -   "changes": {
[INFO] [stderr]    5      -     "[..]": {
[INFO] [stderr]    6      -       "e": "Task7",
[INFO] [stderr]    7      -       "p": {
[INFO] [stderr]    8      -         "acrd": null,
[INFO] [stderr]    9      -         "agr": [],
[INFO] [stderr]   10      -         "ar": [],
[INFO] [stderr]   11      -         "ato": null,
[INFO] [stderr]   12      -         "cd": 1700000000.0,
[INFO] [stderr]   13      -         "dd": null,
[INFO] [stderr]   14      -         "dds": null,
[INFO] [stderr]   15      -         "dl": [],
[INFO] [stderr]   16      -         "do": 0,
[INFO] [stderr]   17      -         "icc": 0,
[INFO] [stderr]   18      -         "icp": false,
[INFO] [stderr]   19      -         "icsd": null,
[INFO] [stderr]   20      -         "ix": 0,
[INFO] [stderr]   21      -         "lai": null,
[INFO] [stderr]   22      -         "lt": false,
[INFO] [stderr]   23      -         "md": 1700000000.0,
[INFO] [stderr]   24      -         "nt": null,
[INFO] [stderr]   25      -         "pr": [],
[INFO] [stderr]   26      -         "rmd": null,
[INFO] [stderr]   27      -         "rp": null,
[INFO] [stderr]   28      -         "rr": null,
[INFO] [stderr]   29      -         "rt": [],
[INFO] [stderr]   30      -         "sb": 0,
[INFO] [stderr]   31      -         "sp": null,
[INFO] [stderr]   32      -         "sr": 1699920000,
[INFO] [stderr]   33      -         "ss": 0,
[INFO] [stderr]   34      -         "st": 1,
[INFO] [stderr]   35      -         "tg": [],
[INFO] [stderr]   36      -         "ti": 0,
[INFO] [stderr]   37      -         "tir": 1699920000,
[INFO] [stderr]   38      -         "tp": 0,
[INFO] [stderr]   39      -         "tr": false,
[INFO] [stderr]   40      -         "tt": "Task today",
[INFO] [stderr]   41      -         "xx": {
[INFO] [stderr]   42      -           "_t": "oo",
[INFO] [stderr]   43      -           "sn": {}
[INFO] [stderr]   44      -         }
[INFO] [stderr]   45      -       },
[INFO] [stderr]   46      -       "t": 0
[INFO] [stderr]   47      -     }
[INFO] [stderr]   48      -   }
[INFO] [stderr]   49      - }
[INFO] [stderr]         2 + /opt/rustwide/workdir/trycmd/run.sh: line 84: jq: command not found
[INFO] [stderr]         3 + {"timestamp":"2026-10-18T18:51:37.093537Z","level":"DEBUG","message":"cloud commit request","event":"cloud.commit.request","change_count":1,"uuids":"[/"TQQ5FQ2q1zio73KfYEvQFy/"]","request_json":"{/"ancestor_index/":0,/"changes/":{/"TQQ5FQ2q1zio73KfYEvQFy/":{/"e/":/"Task7/",/"p/":{/"acrd/":null,/"agr/":[],/"ar/":[],/"ato/":null,/"cd/":1700000000.0,/"dd/":null,/"dds/":null,/"dl/":[],/"do/":0,/"icc/":0,/"icp/":false,/"icsd/":null,/"ix/":0,/"lai/":null,/"lt/":false,/"md/":1700000000.0,/"nt/":null,/"pr/":[],/"rmd/":null,/"rp/":null,/"rr/":null,/"rt/":[],/"sb/":0,/"sp/":null,/"sr/":1699920000,/"ss/":0,/"st/":1,/"tg/":[],/"ti/":0,/"tir/":1699920000,/"tp/":0,/"tr/":false,/"tt/":/"Task today/",/"xx/":{/"_t/":/"oo/",/"sn/":{}}},/"t/":0}}}","target":"things_cli::cloud_commit::request","filename":"src/cloud_writer.rs","line_number":45}
[INFO] [stderr] stderr:
[INFO] [stderr] 
[INFO] [stderr] Testing trycmd/new/bare_create.trycmd:2 ... failed 63ms 43us 614ns
[INFO] [stderr] Exit: success
[INFO] [stderr] 
[INFO] [stderr] ---- expected: stdout
[INFO] [stderr] ++++ actual:   stdout
[INFO] [stderr]    1    1 | ✓ Created Ship release  [..]
[INFO] [stderr]    2      - {
[INFO] [stderr]    3      -   "ancestor_index": 0,
[INFO] [stderr]    4      -   "changes": {
[INFO] [stderr]    5      -     "[..]": {
[INFO] [stderr]    6      -       "e": "Task7",
[INFO] [stderr]    7      -       "p": {
[INFO] [stderr]    8      -         "acrd": null,
[INFO] [stderr]    9      -         "agr": [],
[INFO] [stderr]   10      -         "ar": [],
[INFO] [stderr]   11      -         "ato": null,
[INFO] [stderr]   12      -         "cd": 1700000000.0,
[INFO] [stderr]   13      -         "dd": null,
[INFO] [stderr]   14      -         "dds": null,
[INFO] [stderr]   15      -         "dl": [],
[INFO] [stderr]   16      -         "do": 0,
[INFO] [stderr]   17      -         "icc": 0,
[INFO] [stderr]   18      -         "icp": false,
[INFO] [stderr]   19      -         "icsd": null,
[INFO] [stderr]   20      -         "ix": 0,
[INFO] [stderr]   21      -         "lai": null,
[INFO] [stderr]   22      -         "lt": false,
[INFO] [stderr]   23      -         "md": 1700000000.0,
[INFO] [stderr]   24      -         "nt": null,
[INFO] [stderr]   25      -         "pr": [],
[INFO] [stderr]   26      -         "rmd": null,
[INFO] [stderr]   27      -         "rp": null,
[INFO] [stderr]   28      -         "rr": null,
[INFO] [stderr]   29      -         "rt": [],
[INFO] [stderr]   30      -         "sb": 0,
[INFO] [stderr]   31      -         "sp": null,
[INFO] [stderr]   32      -         "sr": null,
[INFO] [stderr]   33      -         "ss": 0,
[INFO] [stderr]   34      -         "st": 0,
[INFO] [stderr]   35      -         "tg": [],
[INFO] [stderr]   36      -         "ti": 0,
[INFO] [stderr]   37      -         "tir": null,
[INFO] [stderr]   38      -         "tp": 0,
[INFO] [stderr]   39      -         "tr": false,
[INFO] [stderr]   40      -         "tt": "Ship release",
[INFO] [stderr]   41      -         "xx": {
[INFO] [stderr]   42      -           "_t": "oo",
[INFO] [stderr]   43      -           "sn": {}
[INFO] [stderr]   44      -         }
[INFO] [stderr]   45      -       },
[INFO] [stderr]   46      -       "t": 0
[INFO] [stderr]   47      -     }
[INFO] [stderr]   48      -   }
[INFO] [stderr]   49      - }
[INFO] [stderr]         2 + /opt/rustwide/workdir/trycmd/run.sh: line 84: jq: command not found
[INFO] [stderr]         3 + {"timestamp":"2026-10-18T18:51:37.118359Z","level":"DEBUG","message":"cloud commit request","event":"cloud.commit.request","change_count":1,"uuids":"[/"RPVTJuT2oQFWbafu3hkd7N/"]","request_json":"{/"ancestor_index/":0,/"changes/":{/"RPVTJuT2oQFWbafu3hkd7N/":{/"e/":/"Task7/",/"p/":{/"acrd/":null,/"agr/":[],/"ar/":[],/"ato/":null,/"cd/":1700000000.0,/"dd/":null,/"dds/":null,/"dl/":[],/"do/":0,/"icc/":0,/"icp/":false,/"icsd/":null,/"ix/":0,/"lai/":null,/"lt/":false,/"md/":1700000000.0,/"nt/":null,/"pr/":[],/"rmd/":null,/"rp/":null,/"rr/":null,/"rt/":[],/"sb/":0,/"sp/":null,/"sr/":null,/"ss/":0,/"st/":0,/"tg/":[],/"ti/":0,/"tir/":null,/"tp/":0,/"tr/":false,/"tt/":/"Ship release/",/"xx/":{/"_t/":/"oo/",/"sn/":{}}},/"t/":0}}}","target":"things_cli::cloud_commit::request","filename":"src/cloud_writer.rs","line_number":45}
[INFO] [stderr] stderr:
[INFO] [stderr] 
[INFO] [stderr] Testing trycmd/mark/checklist_check.trycmd:2 ... failed 67ms 541us 44ns
[INFO] [stderr] Exit: success
[INFO] [stderr] 
[INFO] [stderr] ---- expected: stdout
[INFO] [stderr] ++++ actual:   stdout
[INFO] [stderr]    1    1 | ● Checked One  MpkEei6ybkFS2n6SXvwfLf
[INFO] [stderr]    2      - {
[INFO] [stderr]    3      -   "ancestor_index": 0,
[INFO] [stderr]    4      -   "changes": {
[INFO] [stderr]    5      -     "MpkEei6ybkFS2n6SXvwfLf": {
[INFO] [stderr]    6      -       "e": "ChecklistItem3",
[INFO] [stderr]    7      -       "p": {
[INFO] [stderr]    8      -         "md": 1700000111.0,
[INFO] [stderr]    9      -         "ss": 3
[INFO] [stderr]   10      -       },
[INFO] [stderr]   11      -       "t": 1
[INFO] [stderr]   12      -     }
[INFO] [stderr]   13      -   }
[INFO] [stderr]   14      - }
[INFO] [stderr]         2 + /opt/rustwide/workdir/trycmd/run.sh: line 84: jq: command not found
[INFO] [stderr]         3 + {"timestamp":"2026-10-18T18:51:37.119260Z","level":"DEBUG","message":"cloud commit request","event":"cloud.commit.request","change_count":1,"uuids":"[/"MpkEei6ybkFS2n6SXvwfLf/"]","request_json":"{/"ancestor_index/":0,/"changes/":{/"MpkEei6ybkFS2n6SXvwfLf/":{/"e/":/"ChecklistItem3/",/"p/":{/"md/":1700000111.0,/"ss/":3},/"t/":1}}}","target":"things_cli::cloud_commit::request","filename":"src/cloud_writer.rs","line_number":45}
[INFO] [stderr] stderr:
[INFO] [stderr] 
[INFO] [stderr] Testing trycmd/mark/done_single.trycmd:2 ... failed 68ms 312us 554ns
[INFO] [stderr] Exit: success
[INFO] [stderr] 
[INFO] [stderr] ---- expected: stdout
[INFO] [stderr] ++++ actual:   stdout
[INFO] [stderr]    1    1 | ✓ Done Alpha  A7h5eCi24RvAWKC3Hv3muf
[INFO] [stderr]    2      - {
[INFO] [stderr]    3      -   "ancestor_index": 0,
[INFO] [stderr]    4      -   "changes": {
[INFO] [stderr]    5      -     "A7h5eCi24RvAWKC3Hv3muf": {
[INFO] [stderr]    6      -       "e": "Task7",
[INFO] [stderr]    7      -       "p": {
[INFO] [stderr]    8      -         "md": 1700000111.0,
[INFO] [stderr]    9      -         "sp": 1700000111.0,
[INFO] [stderr]   10      -         "ss": 3
[INFO] [stderr]   11      -       },
[INFO] [stderr]   12      -       "t": 1
[INFO] [stderr]   13      -     }
[INFO] [stderr]   14      -   }
[INFO] [stderr]   15      - }
[INFO] [stderr]         2 + /opt/rustwide/workdir/trycmd/run.sh: line 84: jq: command not found
[INFO] [stderr]         3 + {"timestamp":"2026-10-18T18:51:37.126016Z","level":"DEBUG","message":"cloud commit request","event":"cloud.commit.request","change_count":1,"uuids":"[/"A7h5eCi24RvAWKC3Hv3muf/"]","request_json":"{/"ancestor_index/":0,/"changes/":{/"A7h5eCi24RvAWKC3Hv3muf/":{/"e/":/"Task7/",/"p/":{/"md/":1700000111.0,/"sp/":1700000111.0,/"ss/":3},/"t/":1}}}","target":"things_cli::cloud_commit::request","filename":"src/cloud_writer.rs","line_number":45}
[INFO] [stderr] stderr:
[INFO] [stderr] 
[INFO] [stderr] Testing trycmd/someday/empty.trycmd:2 ... failed 33ms 665us 272ns
[INFO] [stdout] test cli_trycmd_mark ... FAILED
[INFO] [stderr] Exit: success
[INFO] [stderr] 
[INFO] [stderr] ---- expected: stdout
[INFO] [stderr] ++++ actual:   stdout
[INFO] [stderr]    1    1 | Someday is empty.
[INFO] [stderr]         2 + /opt/rustwide/workdir/trycmd/run.sh: line 84: jq: command not found
[INFO] [stderr] stderr:
[INFO] [stderr] 
[INFO] [stderr] Update snapshots with `TRYCMD=overwrite`
[INFO] [stderr] Debug output with `TRYCMD=dump`
[INFO] [stderr] Testing trycmd/someday/detailed_shows_notes_and_checklist.trycmd:2 ... failed 65ms 495us 534ns
[INFO] [stderr] Exit: success
[INFO] [stderr] 
[INFO] [stderr] ---- expected: stdout
[INFO] [stderr] ++++ actual:   stdout
[INFO] [stderr]    1    1 | ⬚ Someday  (2 items)
[INFO] [stderr]    2    2 | 
[INFO] [stderr]    3    3 |   H ◌ Long-term writing goals
[INFO] [stderr]    4    4 |     └ Outline two themes
[INFO] [stderr]    5    5 | 
[INFO] [stderr]    6    6 |   L ⬚ Build a someday reading list
[INFO] [stderr]    7    7 |     │ Focus on classics
[INFO] [stderr]    8    8 |     │ Keep it fun
[INFO] [stderr]    9    9 |     │
[INFO] [stderr]   10   10 |   T ├╴○ Pick five titles
[INFO] [stderr]   11   11 |   K └╴● Borrow one book
[INFO] [stderr]        12 + /opt/rustwide/workdir/trycmd/run.sh: line 84: jq: command not found
[INFO] [stderr] stderr:
[INFO] [stderr] 
[INFO] [stderr] Testing trycmd/reorder/before.trycmd:2 ... failed 126ms 719us 158ns
[INFO] [stderr] Exit: success
[INFO] [stderr] 
[INFO] [stderr] ---- expected: stdout
[INFO] [stderr] ++++ actual:   stdout
[INFO] [stderr]    1    1 | ✓ Reordered C  MpkEei6ybkFS2n6SXvwfLf (before=B, index=1536)
[INFO] [stderr]    2      - {
[INFO] [stderr]    3      -   "ancestor_index": 0,
[INFO] [stderr]    4      -   "changes": {
[INFO] [stderr]    5      -     "MpkEei6ybkFS2n6SXvwfLf": {
[INFO] [stderr]    6      -       "e": "Task7",
[INFO] [stderr]    7      -       "p": {
[INFO] [stderr]    8      -         "ix": 1536,
[INFO] [stderr]    9      -         "md": 1700000444.0
[INFO] [stderr]   10      -       },
[INFO] [stderr]   11      -       "t": 1
[INFO] [stderr]   12      -     }
[INFO] [stderr]   13      -   }
[INFO] [stderr]   14      - }
[INFO] [stderr]         2 + /opt/rustwide/workdir/trycmd/run.sh: line 84: jq: command not found
[INFO] [stderr]         3 + {"timestamp":"2026-10-18T18:51:37.183715Z","level":"DEBUG","message":"cloud commit request","event":"cloud.commit.request","change_count":1,"uuids":"[/"MpkEei6ybkFS2n6SXvwfLf/"]","request_json":"{/"ancestor_index/":0,/"changes/":{/"MpkEei6ybkFS2n6SXvwfLf/":{/"e/":/"Task7/",/"p/":{/"ix/":1536,/"md/":1700000444.0},/"t/":1}}}","target":"things_cli::cloud_commit::request","filename":"src/cloud_writer.rs","line_number":45}
[INFO] [stderr] stderr:
[INFO] [stderr] 
[INFO] [stderr] Testing trycmd/tags/basic_list.trycmd:2 ... failed 41ms 194us 82ns
[INFO] [stderr] Exit: success
[INFO] [stderr] 
[INFO] [stderr] ---- expected: stdout
[INFO] [stderr] ++++ actual:   stdout
[INFO] [stderr]    1    1 | ⌗ Tags  (2)
[INFO] [stderr]    2    2 | 
[INFO] [stderr]    3    3 |   ⌗ Home
[INFO] [stderr]    4    4 |   ⌗ Work
[INFO] [stderr]         5 + /opt/rustwide/workdir/trycmd/run.sh: line 84: jq: command not found
[INFO] [stderr] stderr:
[INFO] [stderr] 
[INFO] [stderr] Testing trycmd/tags/renders_shortcuts.trycmd:2 ... failed 38ms 397us 732ns
[INFO] [stderr] Exit: success
[INFO] [stderr] 
[INFO] [stderr] ---- expected: stdout
[INFO] [stderr] ++++ actual:   stdout
[INFO] [stderr]    1    1 | ⌗ Tags  (3)
[INFO] [stderr]    2    2 | 
[INFO] [stderr]    3    3 |   ⌗ Focus  [f]
[INFO] [stderr]    4    4 |   ⌗ Home
[INFO] [stderr]    5    5 |   ⌗ Errands  [e]
[INFO] [stderr]         6 + /opt/rustwide/workdir/trycmd/run.sh: line 84: jq: command not found
[INFO] [stderr] stderr:
[INFO] [stderr] 
[INFO] [stderr] Testing trycmd/schedule/when_today.trycmd:2 ... failed 123ms 110us 918ns
[INFO] [stdout] test cli_trycmd_schedule ... FAILED
[INFO] [stderr] Exit: success
[INFO] [stderr] 
[INFO] [stderr] ---- expected: stdout
[INFO] [stderr] ++++ actual:   stdout
[INFO] [stderr]    1    1 | ✓ Scheduled Schedule me  A7h5eCi24RvAWKC3Hv3muf (today)
[INFO] [stderr]    2      - {
[INFO] [stderr]    3      -   "ancestor_index": 0,
[INFO] [stderr]    4      -   "changes": {
[INFO] [stderr]    5      -     "A7h5eCi24RvAWKC3Hv3muf": {
[INFO] [stderr]    6      -       "e": "Task7",
[INFO] [stderr]    7      -       "p": {
[INFO] [stderr]    8      -         "md": 1700000333.0,
[INFO] [stderr]    9      -         "sb": 0,
[INFO] [stderr]   10      -         "sr": 1699920000,
[INFO] [stderr]   11      -         "st": 1,
[INFO] [stderr]   12      -         "tir": 1699920000
[INFO] [stderr]   13      -       },
[INFO] [stderr]   14      -       "t": 1
[INFO] [stderr]   15      -     }
[INFO] [stderr]   16      -   }
[INFO] [stderr]   17      - }
[INFO] [stderr]         2 + /opt/rustwide/workdir/trycmd/run.sh: line 84: jq: command not found
[INFO] [stderr]         3 + {"timestamp":"2026-10-18T18:51:37.189227Z","level":"DEBUG","message":"cloud commit request","event":"cloud.commit.request","change_count":1,"uuids":"[/"A7h5eCi24RvAWKC3Hv3muf/"]","request_json":"{/"ancestor_index/":0,/"changes/":{/"A7h5eCi24RvAWKC3Hv3muf/":{/"e/":/"Task7/",/"p/":{/"md/":1700000333.0,/"sb/":0,/"sr/":1699920000,/"st/":1,/"tir/":1699920000},/"t/":1}}}","target":"things_cli::cloud_commit::request","filename":"src/cloud_writer.rs","line_number":45}
[INFO] [stderr] stderr:
[INFO] [stderr] 
[INFO] [stderr] Update snapshots with `TRYCMD=overwrite`
[INFO] [stderr] Debug output with `TRYCMD=dump`
[INFO] [stderr] Testing trycmd/someday/mixed_projects_and_tasks_ordering.trycmd:2 ... failed 103ms 963us 27ns
[INFO] [stderr] Exit: success
[INFO] [stderr] 
[INFO] [stderr] ---- expected: stdout
[INFO] [stderr] ++++ actual:   stdout
[INFO] [stderr]    1    1 | ⬚ Someday  (3 items)
[INFO] [stderr]    2    2 | 
[INFO] [stderr]    3    3 |   H ◌ Home office redesign
[INFO] [stderr]    4    4 | 
[INFO] [stderr]    5    5 |   B ⬚ Brainstorm blog ideas
[INFO] [stderr]    6    6 |   L ⬚ Try a new bread recipe
[INFO] [stderr]         7 + /opt/rustwide/workdir/trycmd/run.sh: line 84: jq: command not found
[INFO] [stderr] stderr:
[INFO] [stderr] 
[INFO] [stderr] Testing trycmd/tags/subtags_two_levels_deep.trycmd:2 ... failed 36ms 329us 982ns
[INFO] [stderr] Exit: success
[INFO] [stderr] 
[INFO] [stderr] ---- expected: stdout
[INFO] [stderr] ++++ actual:   stdout
[INFO] [stderr]    1    1 | ⌗ Tags  (6)
[INFO] [stderr]    2    2 | 
[INFO] [stderr]    3    3 |   ⌗ Places
[INFO] [stderr]    4    4 |   ├╴⌗ Restaurants
[INFO] [stderr]    5    5 |   │ ├╴⌗ Fine Dining
[INFO] [stderr]    6    6 |   │ └╴⌗ Casual
[INFO] [stderr]    7    7 |   └╴⌗ Cafes
[INFO] [stderr]    8    8 |   ⌗ Errands
[INFO] [stderr]         9 + /opt/rustwide/workdir/trycmd/run.sh: line 84: jq: command not found
[INFO] [stderr] stderr:
[INFO] [stderr] 
[INFO] [stderr] Testing trycmd/tags/empty.trycmd:2 ... failed 72ms 537us 395ns
[INFO] [stderr] Exit: success
[INFO] [stderr] 
[INFO] [stderr] ---- expected: stdout
[INFO] [stderr] ++++ actual:   stdout
[INFO] [stderr]    1    1 | No tags.
[INFO] [stderr]         2 + /opt/rustwide/workdir/trycmd/run.sh: line 84: jq: command not found
[INFO] [stderr] stderr:
[INFO] [stderr] 
[INFO] [stderr] Testing trycmd/someday/filters_future_scheduled_templates_and_project_tasks.trycmd:2 ... failed 139ms 889us 979ns
[INFO] [stderr] Exit: success
[INFO] [stderr] 
[INFO] [stderr] ---- expected: stdout
[INFO] [stderr] ++++ actual:   stdout
[INFO] [stderr]    1    1 | ⬚ Someday  (2 items)
[INFO] [stderr]    2    2 | 
[INFO] [stderr]    3    3 |   H ◌ Cabin renovation
[INFO] [stderr]    4    4 | 
[INFO] [stderr]    5    5 |   B ⬚ Read design books
[INFO] [stderr]         6 + /opt/rustwide/workdir/trycmd/run.sh: line 84: jq: command not found
[INFO] [stderr] stderr:
[INFO] [stderr] 
[INFO] [stderr] Testing trycmd/reorder/rebalance_payload_and_ancestors.trycmd:2 ... failed 201ms 726us 453ns
[INFO] [stderr] Exit: success
[INFO] [stderr] 
[INFO] [stderr] ---- expected: stdout
[INFO] [stderr] ++++ actual:   stdout
[INFO] [stderr]    1    1 | ✓ Reordered C  MpkEei6ybkFS2n6SXvwfLf (after=A, index=2048)
[INFO] [stderr]    2      - {
[INFO] [stderr]    3      -   "ancestor_index": 0,
[INFO] [stderr]    4      -   "changes": {
[INFO] [stderr]    5      -     "MpkEei6ybkFS2n6SXvwfLf": {
[INFO] [stderr]    6      -       "e": "Task7",
[INFO] [stderr]    7      -       "p": {
[INFO] [stderr]    8      -         "ix": 2048,
[INFO] [stderr]    9      -         "md": 1700000444.0
[INFO] [stderr]   10      -       },
[INFO] [stderr]   11      -       "t": 1
[INFO] [stderr]   12      -     }
[INFO] [stderr]   13      -   }
[INFO] [stderr]   14      - }
[INFO] [stderr]   15      - {
[INFO] [stderr]   16      -   "ancestor_index": 1,
[INFO] [stderr]   17      -   "changes": {
[INFO] [stderr]   18      -     "KGvAPpMrzHAKMdgMiERP1V": {
[INFO] [stderr]   19      -       "e": "Task7",
[INFO] [stderr]   20      -       "p": {
[INFO] [stderr]   21      -         "ix": 3072,
[INFO] [stderr]   22      -         "md": 1700000444.0
[INFO] [stderr]   23      -       },
[INFO] [stderr]   24      -       "t": 1
[INFO] [stderr]   25      -     }
[INFO] [stderr]   26      -   }
[INFO] [stderr]   27      - }
[INFO] [stderr]         2 + /opt/rustwide/workdir/trycmd/run.sh: line 84: jq: command not found
[INFO] [stderr]         3 + {"timestamp":"2026-10-18T18:51:37.200232Z","level":"DEBUG","message":"cloud commit request","event":"cloud.commit.request","change_count":1,"uuids":"[/"MpkEei6ybkFS2n6SXvwfLf/"]","request_json":"{/"ancestor_index/":0,/"changes/":{/"MpkEei6ybkFS2n6SXvwfLf/":{/"e/":/"Task7/",/"p/":{/"ix/":2048,/"md/":1700000444.0},/"t/":1}}}","target":"things_cli::cloud_commit::request","filename":"src/cloud_writer.rs","line_number":45}
[INFO] [stderr]         4 + {"timestamp":"2026-10-18T18:51:37.200281Z","level":"DEBUG","message":"cloud commit request","event":"cloud.commit.request","ancestor_index":1,"change_count":1,"uuids":"[/"KGvAPpMrzHAKMdgMiERP1V/"]","request_json":"{/"ancestor_index/":1,/"changes/":{/"KGvAPpMrzHAKMdgMiERP1V/":{/"e/":/"Task7/",/"p/":{/"ix/":3072,/"md/":1700000444.0},/"t/":1}}}","target":"things_cli::cloud_commit::request","filename":"src/cloud_writer.rs","line_number":45}
[INFO] [stderr] stderr:
[INFO] [stderr] 
[INFO] [stderr] Testing trycmd/tags/subtags_orphan_falls_back_to_top_level.trycmd:2 ... failed 80ms 320us 586ns
[INFO] [stderr] Exit: success
[INFO] [stderr] 
[INFO] [stderr] ---- expected: stdout
[INFO] [stderr] ++++ actual:   stdout
[INFO] [stderr]    1    1 | ⌗ Tags  (6)
[INFO] [stderr]    2    2 | 
[INFO] [stderr]    3    3 |   ⌗ Places
[INFO] [stderr]    4    4 |   ├╴⌗ Cafe
[INFO] [stderr]    5    5 |   ├╴⌗ Restaurant
[INFO] [stderr]    6    6 |   └╴⌗ Bar
[INFO] [stderr]    7    7 |   ⌗ Orphan
[INFO] [stderr]    8    8 |   ⌗ Errands
[INFO] [stderr]         9 + /opt/rustwide/workdir/trycmd/run.sh: line 84: jq: command not found
[INFO] [stderr] stderr:
[INFO] [stderr] 
[INFO] [stderr] Testing trycmd/tags/subtags_under_single_parent.trycmd:2 ... failed 68ms 500us 784ns
[INFO] [stderr] Exit: success
[INFO] [stderr] 
[INFO] [stderr] ---- expected: stdout
[INFO] [stderr] ++++ actual:   stdout
[INFO] [stderr]    1    1 | ⌗ Tags  (4)
[INFO] [stderr]    2    2 | 
[INFO] [stderr]    3    3 |   ⌗ Work
[INFO] [stderr]    4    4 |   ├╴⌗ Meetings
[INFO] [stderr]    5    5 |   └╴⌗ Projects
[INFO] [stderr]    6    6 |   ⌗ Personal
[INFO] [stderr]         7 + /opt/rustwide/workdir/trycmd/run.sh: line 84: jq: command not found
[INFO] [stderr] stderr:
[INFO] [stderr] 
[INFO] [stderr] Testing trycmd/new/after_gap.trycmd:2 ... failed 253ms 35us 136ns
[INFO] [stderr] Exit: success
[INFO] [stderr] 
[INFO] [stderr] ---- expected: stdout
[INFO] [stderr] ++++ actual:   stdout
[INFO] [stderr]    1    1 | ✓ Created Inserted  [..]
[INFO] [stderr]    2      - {
[INFO] [stderr]    3      -   "ancestor_index": 0,
[INFO] [stderr]    4      -   "changes": {
[INFO] [stderr]    5      -     "[..]": {
[INFO] [stderr]    6      -       "e": "Task7",
[INFO] [stderr]    7      -       "p": {
[INFO] [stderr]    8      -         "acrd": null,
[INFO] [stderr]    9      -         "agr": [],
[INFO] [stderr]   10      -         "ar": [],
[INFO] [stderr]   11      -         "ato": null,
[INFO] [stderr]   12      -         "cd": 1700000000.0,
[INFO] [stderr]   13      -         "dd": null,
[INFO] [stderr]   14      -         "dds": null,
[INFO] [stderr]   15      -         "dl": [],
[INFO] [stderr]   16      -         "do": 0,
[INFO] [stderr]   17      -         "icc": 0,
[INFO] [stderr]   18      -         "icp": false,
[INFO] [stderr]   19      -         "icsd": null,
[INFO] [stderr]   20      -         "ix": 1536,
[INFO] [stderr]   21      -         "lai": null,
[INFO] [stderr]   22      -         "lt": false,
[INFO] [stderr]   23      -         "md": 1700000000.0,
[INFO] [stderr]   24      -         "nt": null,
[INFO] [stderr]   25      -         "pr": [],
[INFO] [stderr]   26      -         "rmd": null,
[INFO] [stderr]   27      -         "rp": null,
[INFO] [stderr]   28      -         "rr": null,
[INFO] [stderr]   29      -         "rt": [],
[INFO] [stderr]   30      -         "sb": 0,
[INFO] [stderr]   31      -         "sp": null,
[INFO] [stderr]   32      -         "sr": null,
[INFO] [stderr]   33      -         "ss": 0,
[INFO] [stderr]   34      -         "st": 0,
[INFO] [stderr]   35      -         "tg": [],
[INFO] [stderr]   36      -         "ti": 0,
[INFO] [stderr]   37      -         "tir": null,
[INFO] [stderr]   38      -         "tp": 0,
[INFO] [stderr]   39      -         "tr": false,
[INFO] [stderr]   40      -         "tt": "Inserted",
[INFO] [stderr]   41      -         "xx": {
[INFO] [stderr]   42      -           "_t": "oo",
[INFO] [stderr]   43      -           "sn": {}
[INFO] [stderr]   44      -         }
[INFO] [stderr]   45      -       },
[INFO] [stderr]   46      -       "t": 0
[INFO] [stderr]   47      -     }
[INFO] [stderr]   48      -   }
[INFO] [stderr]   49      - }
[INFO] [stderr]         2 + /opt/rustwide/workdir/trycmd/run.sh: line 84: jq: command not found
[INFO] [stderr]         3 + {"timestamp":"2026-10-18T18:51:37.235251Z","level":"DEBUG","message":"cloud commit request","event":"cloud.commit.request","change_count":1,"uuids":"[/"XJcNcnAD1i2rQmhDibhZgC/"]","request_json":"{/"ancestor_index/":0,/"changes/":{/"XJcNcnAD1i2rQmhDibhZgC/":{/"e/":/"Task7/",/"p/":{/"acrd/":null,/"agr/":[],/"ar/":[],/"ato/":null,/"cd/":1700000000.0,/"dd/":null,/"dds/":null,/"dl/":[],/"do/":0,/"icc/":0,/"icp/":false,/"icsd/":null,/"ix/":1536,/"lai/":null,/"lt/":false,/"md/":1700000000.0,/"nt/":null,/"pr/":[],/"rmd/":null,/"rp/":null,/"rr/":null,/"rt/":[],/"sb/":0,/"sp/":null,/"sr/":null,/"ss/":0,/"st/":0,/"tg/":[],/"ti/":0,/"tir/":null,/"tp/":0,/"tr/":false,/"tt/":/"Inserted/",/"xx/":{/"_t/":/"oo/",/"sn/":{}}},/"t/":0}}}","target":"things_cli::cloud_commit::request","filename":"src/cloud_writer.rs","line_number":45}
[INFO] [stderr] stderr:
[INFO] [stderr] 
[INFO] [stderr] Update snapshots with `TRYCMD=overwrite`
[INFO] [stdout] test cli_trycmd_new ... FAILED
[INFO] [stderr] Debug output with `TRYCMD=dump`
[INFO] [stderr] Testing trycmd/project/grouped_with_progress_counts.trycmd:2 ... failed 61ms 324us 224ns
[INFO] [stderr] Exit: success
[INFO] [stderr] 
[INFO] [stderr] ---- expected: stdout
[INFO] [stderr] ++++ actual:   stdout
[INFO] [stderr]    1    1 | ◔ Release Plan (1/4)
[INFO] [stderr]    2    2 | 
[INFO] [stderr]    3    3 |   Lk ▢ Draft announcement
[INFO] [stderr]    4    4 |   7W ◼ Publish release notes
[INFO] [stderr]    5    5 | 
[INFO] [stderr]    6    6 |   Quality Assurance
[INFO] [stderr]    7    7 |     DT ▢ Run regression suite
[INFO] [stderr]    8    8 |     XU ▢ Capture screenshots
[INFO] [stderr]         9 + /opt/rustwide/workdir/trycmd/run.sh: line 84: jq: command not found
[INFO] [stderr] stderr:
[INFO] [stderr] 
[INFO] [stderr] Testing trycmd/projects/basic_grouped_by_area.trycmd:2 ... failed 33ms 149us 32ns
[INFO] [stderr] Exit: success
[INFO] [stderr] 
[INFO] [stderr] ---- expected: stdout
[INFO] [stderr] ++++ actual:   stdout
[INFO] [stderr]    1    1 | ● Projects  (3)
[INFO] [stderr]    2    2 | 
[INFO] [stderr]    3    3 |   P ◯ Unsorted Project
[INFO] [stderr]    4    4 | 
[INFO] [stderr]    5    5 |   L ◆ Home
[INFO] [stderr]    6    6 |     G ◯ Kitchen Refresh
[INFO] [stderr]    7    7 | 
[INFO] [stderr]    8    8 |   A ◆ Work
[INFO] [stderr]    9    9 |     N ◯ Q2 Planning
[INFO] [stderr]        10 + /opt/rustwide/workdir/trycmd/run.sh: line 84: jq: command not found
[INFO] [stderr] stderr:
[INFO] [stderr] 
[INFO] [stderr] Testing trycmd/project/empty.trycmd:2 ... failed 113ms 436us 357ns
[INFO] [stderr] Exit: success
[INFO] [stderr] 
[INFO] [stderr] ---- expected: stdout
[INFO] [stderr] ++++ actual:   stdout
[INFO] [stderr]    1    1 | ◯ Backyard Renovation (0/0)
[INFO] [stderr]    2    2 |   No tasks.
[INFO] [stderr]         3 + /opt/rustwide/workdir/trycmd/run.sh: line 84: jq: command not found
[INFO] [stderr] stderr:
[INFO] [stderr] 
[INFO] [stderr] Testing trycmd/projects/progress_markers_from_child_tasks.trycmd:2 ... failed 62ms 84us 414ns
[INFO] [stderr] Exit: success
[INFO] [stderr] 
[INFO] [stderr] ---- expected: stdout
[INFO] [stderr] ++++ actual:   stdout
[INFO] [stderr]    1    1 | ● Projects  (3)
[INFO] [stderr]    2    2 | 
[INFO] [stderr]    3    3 |   5 ◑ Alpha Project
[INFO] [stderr]    4    4 |   4 ◉ Beta Project
[INFO] [stderr]    5    5 |   9 ◯ Gamma Project
[INFO] [stderr]         6 + /opt/rustwide/workdir/trycmd/run.sh: line 84: jq: command not found
[INFO] [stderr] stderr:
[INFO] [stderr] 
[INFO] [stderr] Testing trycmd/tags/filters_blank_and_whitespace_titles.trycmd:2 ... failed 183ms 56us 922ns
[INFO] [stderr] Exit: success
[INFO] [stderr] 
[INFO] [stderr] ---- expected: stdout
[INFO] [stderr] ++++ actual:   stdout
[INFO] [stderr]    1    1 | ⌗ Tags  (2)
[INFO] [stderr]    2    2 | 
[INFO] [stderr]    3    3 |   ⌗ Errands
[INFO] [stderr]    4    4 |   ⌗ Personal
[INFO] [stderr]         5 + /opt/rustwide/workdir/trycmd/run.sh: line 84: jq: command not found
[INFO] [stderr] stderr:
[INFO] [stderr] 
[INFO] [stderr] Testing trycmd/project/not_found_has_no_stdout.trycmd:2 ... failed 136ms 390us 449ns
[INFO] [stderr] Exit: success
[INFO] [stderr] 
[INFO] [stderr] ---- expected: stdout
[INFO] [stderr] ++++ actual:   stdout
[INFO] [stderr]         1 + /opt/rustwide/workdir/trycmd/run.sh: line 84: jq: command not found
[INFO] [stderr]    1    2 | Item not found: zzzzz
[INFO] [stderr] stderr:
[INFO] [stderr] 
[INFO] [stderr] Testing trycmd/project/detailed_with_notes_and_checklist.trycmd:2 ... failed 150ms 345us 160ns
[INFO] [stderr] Exit: success
[INFO] [stderr] 
[INFO] [stderr] ---- expected: stdout
[INFO] [stderr] ++++ actual:   stdout
[INFO] [stderr]    1    1 | ◯ Conference Trip (0/1)
[INFO] [stderr]    2    2 | 
[INFO] [stderr]    3    3 |   G ▢ Finalize packing
[INFO] [stderr]    4    4 |     │ Bring carry-on only
[INFO] [stderr]    5    5 |     │ Charge battery pack
[INFO] [stderr]    6    6 |     │
[INFO] [stderr]    7    7 |   9 ├╴○ Passport
[INFO] [stderr]    8    8 |   S └╴● Headphones
[INFO] [stderr]         9 + /opt/rustwide/workdir/trycmd/run.sh: line 84: jq: command not found
[INFO] [stderr] stderr:
[INFO] [stderr] 
[INFO] [stderr] Testing trycmd/projects/new_compatible_payload.trycmd:2 ... failed 113ms 202us 37ns
[INFO] [stderr] Exit: success
[INFO] [stderr] 
[INFO] [stderr] ---- expected: stdout
[INFO] [stderr] ++++ actual:   stdout
[INFO] [stderr]    1    1 | ✓ Created HV-MRF-01  [..]
[INFO] [stderr]    2      - {
[INFO] [stderr]    3      -   "ancestor_index": 0,
[INFO] [stderr]    4      -   "changes": {
[INFO] [stderr]    5      -     "[..]": {
[INFO] [stderr]    6      -       "e": "Task7",
[INFO] [stderr]    7      -       "p": {
[INFO] [stderr]    8      -         "acrd": null,
[INFO] [stderr]    9      -         "agr": [],
[INFO] [stderr]   10      -         "ar": [],
[INFO] [stderr]   11      -         "ato": null,
[INFO] [stderr]   12      -         "cd": 1700000000.0,
[INFO] [stderr]   13      -         "dd": null,
[INFO] [stderr]   14      -         "dds": null,
[INFO] [stderr]   15      -         "dl": [],
[INFO] [stderr]   16      -         "do": 0,
[INFO] [stderr]   17      -         "icc": 0,
[INFO] [stderr]   18      -         "icp": false,
[INFO] [stderr]   19      -         "icsd": null,
[INFO] [stderr]   20      -         "ix": 0,
[INFO] [stderr]   21      -         "lai": null,
[INFO] [stderr]   22      -         "lt": false,
[INFO] [stderr]   23      -         "md": 1700000000.0,
[INFO] [stderr]   24      -         "nt": {
[INFO] [stderr]   25      -           "_t": "tx",
[INFO] [stderr]   26      -           "ch": 0,
[INFO] [stderr]   27      -           "t": 1,
[INFO] [stderr]   28      -           "v": ""
[INFO] [stderr]   29      -         },
[INFO] [stderr]   30      -         "pr": [],
[INFO] [stderr]   31      -         "rmd": null,
[INFO] [stderr]   32      -         "rp": null,
[INFO] [stderr]   33      -         "rr": null,
[INFO] [stderr]   34      -         "rt": [],
[INFO] [stderr]   35      -         "sb": 0,
[INFO] [stderr]   36      -         "sp": null,
[INFO] [stderr]   37      -         "sr": null,
[INFO] [stderr]   38      -         "ss": 0,
[INFO] [stderr]   39      -         "st": 1,
[INFO] [stderr]   40      -         "tg": [],
[INFO] [stderr]   41      -         "ti": 0,
[INFO] [stderr]   42      -         "tir": null,
[INFO] [stderr]   43      -         "tp": 1,
[INFO] [stderr]   44      -         "tr": false,
[INFO] [stderr]   45      -         "tt": "HV-MRF-01",
[INFO] [stderr]   46      -         "xx": {
[INFO] [stderr]   47      -           "_t": "oo",
[INFO] [stderr]   48      -           "sn": {}
[INFO] [stderr]   49      -         }
[INFO] [stderr]   50      -       },
[INFO] [stderr]   51      -       "t": 0
[INFO] [stderr]   52      -     }
[INFO] [stderr]   53      -   }
[INFO] [stderr]   54      - }
[INFO] [stderr]         2 + [CWD]/trycmd/run.sh: line 84: jq: command not found
[INFO] [stderr]         3 + {"timestamp":"2026-10-18T18:51:37.413366Z","level":"DEBUG","message":"cloud commit request","event":"cloud.commit.request","change_count":1,"uuids":"[/"Qbgy6WNWjX4MwmjoKd7g5h/"]","request_json":"{/"ancestor_index/":0,/"changes/":{/"Qbgy6WNWjX4MwmjoKd7g5h/":{/"e/":/"Task7/",/"p/":{/"acrd/":null,/"agr/":[],/"ar/":[],/"ato/":null,/"cd/":1700000000.0,/"dd/":null,/"dds/":null,/"dl/":[],/"do/":0,/"icc/":0,/"icp/":false,/"icsd/":null,/"ix/":0,/"lai/":null,/"lt/":false,/"md/":1700000000.0,/"nt/":{/"_t/":/"tx/",/"ch/":0,/"t/":1,/"v/":/"/"},/"pr/":[],/"rmd/":null,/"rp/":null,/"rr/":null,/"rt/":[],/"sb/":0,/"sp/":null,/"sr/":null,/"ss/":0,/"st/":1,/"tg/":[],/"ti/":0,/"tir/":null,/"tp/":1,/"tr/":false,/"tt/":/"HV-MRF-01/",/"xx/":{/"_t/":/"oo/",/"sn/":{}}},/"t/":0}}}","target":"things_cli::cloud_commit::request","filename":"src/cloud_writer.rs","line_number":45}
[INFO] [stderr] stderr:
[INFO] [stderr] 
[INFO] [stderr] Update snapshots with `TRYCMD=overwrite`
[INFO] [stderr] Debug output with `TRYCMD=dump`
[INFO] [stdout] test cli_trycmd_reorder ... FAILED
[INFO] [stderr] Testing trycmd/projects/detailed_shows_project_notes.trycmd:2 ... failed 190ms 627us 112ns
[INFO] [stderr] Exit: success
[INFO] [stderr] 
[INFO] [stderr] ---- expected: stdout
[INFO] [stderr] ++++ actual:   stdout
[INFO] [stderr]    1    1 | ● Projects  (2)
[INFO] [stderr]    2    2 | 
[INFO] [stderr]    3    3 |   5 ◯ Reading List
[INFO] [stderr]    4    4 |     └ Pick 3 biographies
[INFO] [stderr]    5    5 | 
[INFO] [stderr]    6    6 |   N ◆ Personal
[INFO] [stderr]    7    7 |     K ◯ Trip Planning
[INFO] [stderr]    8    8 |       │ Book flights
[INFO] [stderr]    9    9 |       └ Renew passport
[INFO] [stderr]        10 + /opt/rustwide/workdir/trycmd/run.sh: line 84: jq: command not found
[INFO] [stderr] stderr:
[INFO] [stderr] 
[INFO] [stderr] Testing trycmd/today/basic_list.trycmd:2 ... failed 189ms 191us 942ns
[INFO] [stderr] Exit: success
[INFO] [stderr] 
[INFO] [stderr] ---- expected: stdout
[INFO] [stderr] ++++ actual:   stdout
[INFO] [stderr]    1    1 | ⭑ Today  (2 tasks)
[INFO] [stderr]    2    2 | 
[INFO] [stderr]    3    3 |   A ▢ Morning workout
[INFO] [stderr]    4    4 |   K ▢ Read email
[INFO] [stderr]         5 + /opt/rustwide/workdir/trycmd/run.sh: line 84: jq: command not found
[INFO] [stderr] stderr:
[INFO] [stderr] 
[INFO] [stderr] Testing trycmd/projects/empty.trycmd:2 ... failed 269ms 784us 597ns
[INFO] [stderr] Exit: success
[INFO] [stderr] 
[INFO] [stderr] ---- expected: stdout
[INFO] [stderr] ++++ actual:   stdout
[INFO] [stderr]    1    1 | No active projects.
[INFO] [stderr]         2 + /opt/rustwide/workdir/trycmd/run.sh: line 84: jq: command not found
[INFO] [stderr] stderr:
[INFO] [stderr] 
[INFO] [stderr] Testing trycmd/today/groups_by_area_and_project.trycmd:2 ... failed 174ms 207us 12ns
[INFO] [stderr] Exit: success
[INFO] [stderr] 
[INFO] [stderr] ---- expected: stdout
[INFO] [stderr] ++++ actual:   stdout
[INFO] [stderr]    1    1 | ⭑ Today  (4 tasks)
[INFO] [stderr]    2    2 | 
[INFO] [stderr]    3    3 |   AK ▢ Loose task
[INFO] [stderr]    4    4 | 
[INFO] [stderr]    5    5 |   Px ● Errands
[INFO] [stderr]    6    6 |     AE ▢ Project-only task
[INFO] [stderr]    7    7 | 
[INFO] [stderr]    8    8 |   Cr ● Renovation
[INFO] [stderr]    9    9 |     Ee ▢ Project task
[INFO] [stderr]   10   10 | 
[INFO] [stderr]   11   11 |   By ◆ Home
[INFO] [stderr]   12   12 |     Dr ▢ Area task
[INFO] [stderr]        13 + /opt/rustwide/workdir/trycmd/run.sh: line 84: jq: command not found
[INFO] [stderr] stderr:
[INFO] [stderr] 
[INFO] [stderr] Update snapshots with `TRYCMD=overwrite`
[INFO] [stderr] Debug output with `TRYCMD=dump`
[INFO] [stdout] test cli_trycmd_project ... FAILED
[INFO] [stderr] Testing trycmd/today/detailed_with_notes_and_checklist.trycmd:2 ... failed 185ms 973us 682ns
[INFO] [stderr] Exit: success
[INFO] [stderr] 
[INFO] [stderr] ---- expected: stdout
[INFO] [stderr] ++++ actual:   stdout
[INFO] [stderr]    1    1 | ⭑ Today  (1 tasks)
[INFO] [stderr]    2    2 | 
[INFO] [stderr]    3    3 |   A ▢ Ship release
[INFO] [stderr]    4    4 |     │ Prep checklist
[INFO] [stderr]    5    5 |     │ Notify stakeholders
[INFO] [stderr]    6    6 |     │
[INFO] [stderr]    7    7 |   M ├╴○ Confirm changelog
[INFO] [stderr]    8    8 |   J └╴● Tag release commit
[INFO] [stderr]         9 + /opt/rustwide/workdir/trycmd/run.sh: line 84: jq: command not found
[INFO] [stderr] stderr:
[INFO] [stderr] 
[INFO] [stderr] Testing trycmd/today/evening_section_split.trycmd:2 ... failed 217ms 581us 104ns
[INFO] [stderr] Exit: success
[INFO] [stderr] 
[INFO] [stderr] ---- expected: stdout
[INFO] [stderr] ++++ actual:   stdout
[INFO] [stderr]    1    1 | ⭑ Today  (2 tasks)
[INFO] [stderr]    2    2 | 
[INFO] [stderr]    3    3 |   A ▢ Plan day
[INFO] [stderr]    4    4 | 
[INFO] [stderr]    5    5 | ☽ This Evening
[INFO] [stderr]    6    6 | 
[INFO] [stderr]    7    7 |   K ▢ Review finances
[INFO] [stderr]         8 + /opt/rustwide/workdir/trycmd/run.sh: line 84: jq: command not found
[INFO] [stderr] stderr:
[INFO] [stderr] 
[INFO] [stderr] Testing trycmd/today/respects_null_patch_clearing_schedule_fields.trycmd:2 ... failed 103ms 47us 287ns
[INFO] [stderr] Exit: success
[INFO] [stderr] 
[INFO] [stderr] ---- expected: stdout
[INFO] [stderr] ++++ actual:   stdout
[INFO] [stderr]    1    1 | ⭑ Today  (1 tasks)
[INFO] [stderr]    2    2 | 
[INFO] [stderr]    3    3 |   K ▢ Still in today
[INFO] [stderr]         4 + /opt/rustwide/workdir/trycmd/run.sh: line 84: jq: command not found
[INFO] [stderr] stderr:
[INFO] [stderr] 
[INFO] [stderr] Testing trycmd/today/empty.trycmd:2 ... failed 52ms 88us 563ns
[INFO] [stderr] Exit: success
[INFO] [stderr] 
[INFO] [stderr] ---- expected: stdout
[INFO] [stderr] ++++ actual:   stdout
[INFO] [stderr]    1    1 | No tasks for today.
[INFO] [stderr]         2 + /opt/rustwide/workdir/trycmd/run.sh: line 84: jq: command not found
[INFO] [stderr] stderr:
[INFO] [stderr] 
[INFO] [stdout] test cli_trycmd_upcoming ... FAILED
[INFO] [stderr] Testing trycmd/today/evening_flat_with_context_labels.trycmd:2 ... failed 65ms 129us 245ns
[INFO] [stderr] Exit: success
[INFO] [stderr] 
[INFO] [stderr] ---- expected: stdout
[INFO] [stderr] ++++ actual:   stdout
[INFO] [stderr]    1    1 | ⭑ Today  (3 tasks)
[INFO] [stderr]    2    2 | 
[INFO] [stderr]    3    3 | ☽ This Evening
[INFO] [stderr]    4    4 | 
[INFO] [stderr]    5    5 |   L ▢ Project evening task  [● Renovation]
[INFO] [stderr]    6    6 |   A ▢ Area evening task  [◆ Home]
[INFO] [stderr]    7    7 |   K ▢ Loose evening task
[INFO] [stderr]         8 + /opt/rustwide/workdir/trycmd/run.sh: line 84: jq: command not found
[INFO] [stderr] stderr:
[INFO] [stderr] 
[INFO] [stderr] Testing trycmd/upcoming/empty.trycmd:2 ... failed 39ms 693us 522ns
[INFO] [stderr] Exit: success
[INFO] [stderr] 
[INFO] [stderr] ---- expected: stdout
[INFO] [stderr] ++++ actual:   stdout
[INFO] [stderr]    1    1 | No upcoming tasks.
[INFO] [stderr]         2 + /opt/rustwide/workdir/trycmd/run.sh: line 84: jq: command not found
[INFO] [stderr] stderr:
[INFO] [stderr] 
[INFO] [stderr] Testing trycmd/upcoming/basic_grouped_by_future_date.trycmd:2 ... failed 49ms 216us 434ns
[INFO] [stderr] Exit: success
[INFO] [stderr] 
[INFO] [stderr] ---- expected: stdout
[INFO] [stderr] ++++ actual:   stdout
[INFO] [stderr]    1    1 | ▷ Upcoming  (3 tasks)
[INFO] [stderr]    2    2 | 
[INFO] [stderr]    3    3 |   2099-01-05
[INFO] [stderr]    4    4 |     RT ▢ Prepare quarterly plan
[INFO] [stderr]    5    5 |     Sh ▢ Send kickoff email
[INFO] [stderr]    6    6 | 
[INFO] [stderr]    7    7 |   2099-01-07
[INFO] [stderr]    8    8 |     Rb ▢ Book team retro
[INFO] [stderr]         9 + /opt/rustwide/workdir/trycmd/run.sh: line 84: jq: command not found
[INFO] [stderr] stderr:
[INFO] [stderr] 
[INFO] [stderr] Testing trycmd/upcoming/detailed_with_notes_and_checklist.trycmd:2 ... failed 52ms 84us 54ns
[INFO] [stderr] Exit: success
[INFO] [stderr] 
[INFO] [stderr] ---- expected: stdout
[INFO] [stderr] ++++ actual:   stdout
[INFO] [stderr]    1    1 | ▷ Upcoming  (1 tasks)
[INFO] [stderr]    2    2 | 
[INFO] [stderr]    3    3 |   2099-02-10
[INFO] [stderr]    4    4 |     6 ▢ Finalize launch plan
[INFO] [stderr]    5    5 |       │ Draft timeline
[INFO] [stderr]    6    6 |       │ Confirm stakeholders
[INFO] [stderr]    7    7 |       │
[INFO] [stderr]    8    8 |     3 ├╴○ Write announcement
[INFO] [stderr]    9    9 |     H └╴● Get legal sign-off
[INFO] [stderr]        10 + /opt/rustwide/workdir/trycmd/run.sh: line 84: jq: command not found
[INFO] [stderr] stderr:
[INFO] [stderr] 
[INFO] [stderr] Update snapshots with `TRYCMD=overwrite`
[INFO] [stderr] Debug output with `TRYCMD=dump`
[INFO] [stderr] Testing trycmd/today/marks_staged_someday_items.trycmd:2 ... failed 272ms 301us 708ns
[INFO] [stderr] Exit: success
[INFO] [stderr] 
[INFO] [stderr] ---- expected: stdout
[INFO] [stderr] ++++ actual:   stdout
[INFO] [stderr]    1    1 | ⭑ Today  (2 tasks)
[INFO] [stderr]    2    2 | 
[INFO] [stderr]    3    3 |   A ▢ ● Call back eye doctor
[INFO] [stderr]    4    4 |   K ▢ Set up git config to use GitHub auth token on server
[INFO] [stderr]         5 + /opt/rustwide/workdir/trycmd/run.sh: line 84: jq: command not found
[INFO] [stderr] stderr:
[INFO] [stderr] 
[INFO] [stderr] Testing trycmd/today/no_args_defaults_to_today.trycmd:2 ... failed 179ms 488us 512ns
[INFO] [stderr] Exit: success
[INFO] [stderr] 
[INFO] [stderr] ---- expected: stdout
[INFO] [stderr] ++++ actual:   stdout
[INFO] [stderr]    1    1 | No tasks for today.
[INFO] [stderr]         2 + /opt/rustwide/workdir/trycmd/run.sh: line 84: jq: command not found
[INFO] [stderr] stderr:
[INFO] [stderr] 
[INFO] [stderr] Update snapshots with `TRYCMD=overwrite`
[INFO] [stdout] test cli_trycmd_someday ... FAILED
[INFO] [stderr] Debug output with `TRYCMD=dump`
[INFO] [stdout] test cli_trycmd_projects ... FAILED
[INFO] [stderr] Update snapshots with `TRYCMD=overwrite`
[INFO] [stdout] test cli_trycmd_tags ... FAILED
[INFO] [stderr] Debug output with `TRYCMD=dump`
[INFO] [stderr] Update snapshots with `TRYCMD=overwrite`
[INFO] [stderr] Debug output with `TRYCMD=dump`
[INFO] [stderr] Testing trycmd/today/checklist_id_width_mismatch.trycmd:2 ... failed 104ms 952us 307ns
[INFO] [stdout] test cli_trycmd_today ... FAILED
[INFO] [stderr] Exit: success
[INFO] [stdout] 
[INFO] [stderr] 
[INFO] [stdout] failures:
[INFO] [stderr] ---- expected: stdout
[INFO] [stdout] 
[INFO] [stderr] ++++ actual:   stdout
[INFO] [stdout] ---- cli_trycmd_inbox stdout ----
[INFO] [stderr]    1    1 | ⭑ Today  (2 tasks)
[INFO] [stdout] 
[INFO] [stderr]    2    2 | 
[INFO] [stdout] thread 'cli_trycmd_inbox' (4674) panicked at /opt/rustwide/cargo-home/registry/src/index.crates.io-1949cf8c6b5b557f/trycmd-0.15.11/src/runner.rs:123:17:
[INFO] [stderr]    3    3 |   A7 ▢ Ship release
[INFO] [stdout] 5 of 5 tests failed
[INFO] [stderr]    4    4 |      │ Prep checklist
[INFO] [stdout] stack backtrace:
[INFO] [stderr]    5    5 |      │
[INFO] [stdout]    0:     0x64339a5efb11 - <<std[617be2ca0a6fd877]::sys::backtrace::BacktraceLock>::print::DisplayBacktrace as core[a373ad73a504971]::fmt::Display>::fmt
[INFO] [stderr]    6    6 |    M ├╴○ Confirm changelog
[INFO] [stdout]    1:     0x64339a605f2a - core[a373ad73a504971]::fmt::write
[INFO] [stderr]    7    7 |    J └╴● Tag release commit
[INFO] [stdout]    2:     0x64339a5f4d2c - <alloc[2e1b2a31b91974c5]::vec::Vec<u8> as core[a373ad73a504971]::io::write::Write>::write_fmt
[INFO] [stderr]    8    8 |   Ab ▢ Write docs
[INFO] [stdout]    3:     0x64339a5c7096 - std[617be2ca0a6fd877]::panicking::default_hook::{closure#0}
[INFO] [stderr]         9 + /opt/rustwide/workdir/trycmd/run.sh: line 84: jq: command not found
[INFO] [stdout]    4:     0x64339a5e5cd9 - std[617be2ca0a6fd877]::panicking::default_hook
[INFO] [stderr] stderr:
[INFO] [stdout]    5:     0x64339a57e8c0 - test[aada8e7e76ba119b]::test_main_inner::{closure#0}
[INFO] [stderr] 
[INFO] [stdout]    6:     0x64339a5e6002 - std[617be2ca0a6fd877]::panicking::panic_with_hook
[INFO] [stderr] Update snapshots with `TRYCMD=overwrite`
[INFO] [stdout]    7:     0x64339a5c7142 - std[617be2ca0a6fd877]::panicking::panic_handler::{closure#0}
[INFO] [stderr] Debug output with `TRYCMD=dump`
[INFO] [stdout]    8:     0x64339a5bfaa9 - std[617be2ca0a6fd877]::sys::backtrace::__rust_end_short_backtrace::<std[617be2ca0a6fd877]::panicking::panic_handler::{closure#0}, !>
[INFO] [stderr] error: test failed, to rerun pass `--test cli_trycmd`
[INFO] [stdout]    9:     0x64339a5c7e3d - __rustc[ea4f61d10b84890b]::rust_begin_unwind
[INFO] [stdout]   10:     0x64339a60668c - core[a373ad73a504971]::panicking::panic_fmt
[INFO] [stdout]   11:     0x64339a4db80e - <trycmd[e8a6aad2643eb859]::runner::Runner>::run
[INFO] [stdout]   12:     0x64339a4d86ef - <trycmd[e8a6aad2643eb859]::cases::TestCases>::run
[INFO] [stdout]   13:     0x64339a4a5eed - core[a373ad73a504971]::ptr::drop_glue::<trycmd[e8a6aad2643eb859]::cases::TestCases>
[INFO] [stdout]   14:     0x64339a4a6572 - cli_trycmd[8c5829395e9ce582]::run_trycmd_cases
[INFO] [stdout]   15:     0x64339a4a70b5 - <cli_trycmd[8c5829395e9ce582]::cli_trycmd_inbox::{closure#0} as core[a373ad73a504971]::ops::function::FnOnce<()>>::call_once
[INFO] [stdout]   16:     0x64339a571d0b - test[aada8e7e76ba119b]::__rust_begin_short_backtrace::<core[a373ad73a504971]::result::Result<(), alloc[2e1b2a31b91974c5]::string::String>, fn() -> core[a373ad73a504971]::result::Result<(), alloc[2e1b2a31b91974c5]::string::String>>
[INFO] [stdout]   17:     0x64339a57eee5 - test[aada8e7e76ba119b]::run_test::{closure#0}
[INFO] [stdout]   18:     0x64339a5787d4 - std[617be2ca0a6fd877]::sys::backtrace::__rust_begin_short_backtrace::<test[aada8e7e76ba119b]::run_test::{closure#1}, ()>
[INFO] [stdout]   19:     0x64339a581f72 - <std[617be2ca0a6fd877]::thread::lifecycle::spawn_unchecked<test[aada8e7e76ba119b]::run_test::{closure#1}, ()>::{closure#1} as core[a373ad73a504971]::ops::function::FnOnce<()>>::call_once::{shim:vtable#0}
[INFO] [stdout]   20:     0x64339a5eea4f - <std[617be2ca0a6fd877]::sys::thread::unix::Thread>::new::thread_start
[INFO] [stdout]   21:     0x701e2bbe8dfa - <unknown>
[INFO] [stdout]   22:     0x701e2bc7c3d4 - clone
[INFO] [stdout]   23:                0x0 - <unknown>
[INFO] [stdout] 
[INFO] [stdout] ---- cli_trycmd_area stdout ----
[INFO] [stdout] 
[INFO] [stdout] thread 'cli_trycmd_area' (4669) panicked at /opt/rustwide/cargo-home/registry/src/index.crates.io-1949cf8c6b5b557f/trycmd-0.15.11/src/runner.rs:123:17:
[INFO] [stdout] 5 of 5 tests failed
[INFO] [stdout] stack backtrace:
[INFO] [stdout]    0:     0x64339a5efb11 - <<std[617be2ca0a6fd877]::sys::backtrace::BacktraceLock>::print::DisplayBacktrace as core[a373ad73a504971]::fmt::Display>::fmt
[INFO] [stdout]    1:     0x64339a605f2a - core[a373ad73a504971]::fmt::write
[INFO] [stdout]    2:     0x64339a5f4d2c - <alloc[2e1b2a31b91974c5]::vec::Vec<u8> as core[a373ad73a504971]::io::write::Write>::write_fmt
[INFO] [stdout]    3:     0x64339a5c7096 - std[617be2ca0a6fd877]::panicking::default_hook::{closure#0}
[INFO] [stdout]    4:     0x64339a5e5cd9 - std[617be2ca0a6fd877]::panicking::default_hook
[INFO] [stdout]    5:     0x64339a57e8c0 - test[aada8e7e76ba119b]::test_main_inner::{closure#0}
[INFO] [stdout]    6:     0x64339a5e6002 - std[617be2ca0a6fd877]::panicking::panic_with_hook
[INFO] [stdout]    7:     0x64339a5c7142 - std[617be2ca0a6fd877]::panicking::panic_handler::{closure#0}
[INFO] [stdout]    8:     0x64339a5bfaa9 - std[617be2ca0a6fd877]::sys::backtrace::__rust_end_short_backtrace::<std[617be2ca0a6fd877]::panicking::panic_handler::{closure#0}, !>
[INFO] [stdout]    9:     0x64339a5c7e3d - __rustc[ea4f61d10b84890b]::rust_begin_unwind
[INFO] [stdout]   10:     0x64339a60668c - core[a373ad73a504971]::panicking::panic_fmt
[INFO] [stdout]   11:     0x64339a4db80e - <trycmd[e8a6aad2643eb859]::runner::Runner>::run
[INFO] [stdout]   12:     0x64339a4d86ef - <trycmd[e8a6aad2643eb859]::cases::TestCases>::run
[INFO] [stdout]   13:     0x64339a4a5eed - core[a373ad73a504971]::ptr::drop_glue::<trycmd[e8a6aad2643eb859]::cases::TestCases>
[INFO] [stdout]   14:     0x64339a4a6572 - cli_trycmd[8c5829395e9ce582]::run_trycmd_cases
[INFO] [stdout]   15:     0x64339a4a6f95 - <cli_trycmd[8c5829395e9ce582]::cli_trycmd_area::{closure#0} as core[a373ad73a504971]::ops::function::FnOnce<()>>::call_once
[INFO] [stdout]   16:     0x64339a571d0b - test[aada8e7e76ba119b]::__rust_begin_short_backtrace::<core[a373ad73a504971]::result::Result<(), alloc[2e1b2a31b91974c5]::string::String>, fn() -> core[a373ad73a504971]::result::Result<(), alloc[2e1b2a31b91974c5]::string::String>>
[INFO] [stdout]   17:     0x64339a57eee5 - test[aada8e7e76ba119b]::run_test::{closure#0}
[INFO] [stdout]   18:     0x64339a5787d4 - std[617be2ca0a6fd877]::sys::backtrace::__rust_begin_short_backtrace::<test[aada8e7e76ba119b]::run_test::{closure#1}, ()>
[INFO] [stdout]   19:     0x64339a581f72 - <std[617be2ca0a6fd877]::thread::lifecycle::spawn_unchecked<test[aada8e7e76ba119b]::run_test::{closure#1}, ()>::{closure#1} as core[a373ad73a504971]::ops::function::FnOnce<()>>::call_once::{shim:vtable#0}
[INFO] [stdout]   20:     0x64339a5eea4f - <std[617be2ca0a6fd877]::sys::thread::unix::Thread>::new::thread_start
[INFO] [stdout]   21:     0x701e2bbe8dfa - <unknown>
[INFO] [stdout]   22:     0x701e2bc7c3d4 - clone
[INFO] [stdout]   23:                0x0 - <unknown>
[INFO] [stdout] 
[INFO] [stdout] ---- cli_trycmd_find stdout ----
[INFO] [stdout] 
[INFO] [stdout] thread 'cli_trycmd_find' (4673) panicked at /opt/rustwide/cargo-home/registry/src/index.crates.io-1949cf8c6b5b557f/trycmd-0.15.11/src/runner.rs:123:17:
[INFO] [stdout] 58 of 58 tests failed
[INFO] [stdout] stack backtrace:
[INFO] [stdout]    0:     0x64339a5efb11 - <<std[617be2ca0a6fd877]::sys::backtrace::BacktraceLock>::print::DisplayBacktrace as core[a373ad73a504971]::fmt::Display>::fmt
[INFO] [stdout]    1:     0x64339a605f2a - core[a373ad73a504971]::fmt::write
[INFO] [stdout]    2:     0x64339a5f4d2c - <alloc[2e1b2a31b91974c5]::vec::Vec<u8> as core[a373ad73a504971]::io::write::Write>::write_fmt
[INFO] [stdout]    3:     0x64339a5c7096 - std[617be2ca0a6fd877]::panicking::default_hook::{closure#0}
[INFO] [stdout]    4:     0x64339a5e5cd9 - std[617be2ca0a6fd877]::panicking::default_hook
[INFO] [stdout]    5:     0x64339a57e8c0 - test[aada8e7e76ba119b]::test_main_inner::{closure#0}
[INFO] [stdout]    6:     0x64339a5e6002 - std[617be2ca0a6fd877]::panicking::panic_with_hook
[INFO] [stdout]    7:     0x64339a5c7142 - std[617be2ca0a6fd877]::panicking::panic_handler::{closure#0}
[INFO] [stdout]    8:     0x64339a5bfaa9 - std[617be2ca0a6fd877]::sys::backtrace::__rust_end_short_backtrace::<std[617be2ca0a6fd877]::panicking::panic_handler::{closure#0}, !>
[INFO] [stdout]    9:     0x64339a5c7e3d - __rustc[ea4f61d10b84890b]::rust_begin_unwind
[INFO] [stdout]   10:     0x64339a60668c - core[a373ad73a504971]::panicking::panic_fmt
[INFO] [stdout]   11:     0x64339a4db80e - <trycmd[e8a6aad2643eb859]::runner::Runner>::run
[INFO] [stdout]   12:     0x64339a4d86ef - <trycmd[e8a6aad2643eb859]::cases::TestCases>::run
[INFO] [stdout]   13:     0x64339a4a5eed - core[a373ad73a504971]::ptr::drop_glue::<trycmd[e8a6aad2643eb859]::cases::TestCases>
[INFO] [stdout]   14:     0x64339a4a6572 - cli_trycmd[8c5829395e9ce582]::run_trycmd_cases
[INFO] [stdout]   15:     0x64339a4a6ff5 - <cli_trycmd[8c5829395e9ce582]::cli_trycmd_find::{closure#0} as core[a373ad73a504971]::ops::function::FnOnce<()>>::call_once
[INFO] [stdout]   16:     0x64339a571d0b - test[aada8e7e76ba119b]::__rust_begin_short_backtrace::<core[a373ad73a504971]::result::Result<(), alloc[2e1b2a31b91974c5]::string::String>, fn() -> core[a373ad73a504971]::result::Result<(), alloc[2e1b2a31b91974c5]::string::String>>
[INFO] [stdout]   17:     0x64339a57eee5 - test[aada8e7e76ba119b]::run_test::{closure#0}
[INFO] [stdout]   18:     0x64339a5787d4 - std[617be2ca0a6fd877]::sys::backtrace::__rust_begin_short_backtrace::<test[aada8e7e76ba119b]::run_test::{closure#1}, ()>
[INFO] [stdout]   19:     0x64339a581f72 - <std[617be2ca0a6fd877]::thread::lifecycle::spawn_unchecked<test[aada8e7e76ba119b]::run_test::{closure#1}, ()>::{closure#1} as core[a373ad73a504971]::ops::function::FnOnce<()>>::call_once::{shim:vtable#0}
[INFO] [stdout]   20:     0x64339a5eea4f - <std[617be2ca0a6fd877]::sys::thread::unix::Thread>::new::thread_start
[INFO] [stdout]   21:     0x701e2bbe8dfa - <unknown>
[INFO] [stdout]   22:     0x701e2bc7c3d4 - clone
[INFO] [stdout]   23:                0x0 - <unknown>
[INFO] [stdout] 
[INFO] [stdout] ---- cli_trycmd_delete stdout ----
[INFO] [stdout] 
[INFO] [stdout] thread 'cli_trycmd_delete' (4671) panicked at /opt/rustwide/cargo-home/registry/src/index.crates.io-1949cf8c6b5b557f/trycmd-0.15.11/src/runner.rs:123:17:
[INFO] [stdout] 2 of 2 tests failed
[INFO] [stdout] stack backtrace:
[INFO] [stdout]    0:     0x64339a5efb11 - <<std[617be2ca0a6fd877]::sys::backtrace::BacktraceLock>::print::DisplayBacktrace as core[a373ad73a504971]::fmt::Display>::fmt
[INFO] [stdout]    1:     0x64339a605f2a - core[a373ad73a504971]::fmt::write
[INFO] [stdout]    2:     0x64339a5f4d2c - <alloc[2e1b2a31b91974c5]::vec::Vec<u8> as core[a373ad73a504971]::io::write::Write>::write_fmt
[INFO] [stdout]    3:     0x64339a5c7096 - std[617be2ca0a6fd877]::panicking::default_hook::{closure#0}
[INFO] [stdout]    4:     0x64339a5e5cd9 - std[617be2ca0a6fd877]::panicking::default_hook
[INFO] [stdout]    5:     0x64339a57e8c0 - test[aada8e7e76ba119b]::test_main_inner::{closure#0}
[INFO] [stdout]    6:     0x64339a5e6002 - std[617be2ca0a6fd877]::panicking::panic_with_hook
[INFO] [stdout]    7:     0x64339a5c7142 - std[617be2ca0a6fd877]::panicking::panic_handler::{closure#0}
[INFO] [stdout]    8:     0x64339a5bfaa9 - std[617be2ca0a6fd877]::sys::backtrace::__rust_end_short_backtrace::<std[617be2ca0a6fd877]::panicking::panic_handler::{closure#0}, !>
[INFO] [stdout]    9:     0x64339a5c7e3d - __rustc[ea4f61d10b84890b]::rust_begin_unwind
[INFO] [stdout]   10:     0x64339a60668c - core[a373ad73a504971]::panicking::panic_fmt
[INFO] [stdout]   11:     0x64339a4db80e - <trycmd[e8a6aad2643eb859]::runner::Runner>::run
[INFO] [stdout]   12:     0x64339a4d86ef - <trycmd[e8a6aad2643eb859]::cases::TestCases>::run
[INFO] [stdout]   13:     0x64339a4a5eed - core[a373ad73a504971]::ptr::drop_glue::<trycmd[e8a6aad2643eb859]::cases::TestCases>
[INFO] [stdout]   14:     0x64339a4a6572 - cli_trycmd[8c5829395e9ce582]::run_trycmd_cases
[INFO] [stdout]   15:     0x64339a4a7115 - <cli_trycmd[8c5829395e9ce582]::cli_trycmd_delete::{closure#0} as core[a373ad73a504971]::ops::function::FnOnce<()>>::call_once
[INFO] [stdout]   16:     0x64339a571d0b - test[aada8e7e76ba119b]::__rust_begin_short_backtrace::<core[a373ad73a504971]::result::Result<(), alloc[2e1b2a31b91974c5]::string::String>, fn() -> core[a373ad73a504971]::result::Result<(), alloc[2e1b2a31b91974c5]::string::String>>
[INFO] [stdout]   17:     0x64339a57eee5 - test[aada8e7e76ba119b]::run_test::{closure#0}
[INFO] [stdout]   18:     0x64339a5787d4 - std[617be2ca0a6fd877]::sys::backtrace::__rust_begin_short_backtrace::<test[aada8e7e76ba119b]::run_test::{closure#1}, ()>
[INFO] [stdout]   19:     0x64339a581f72 - <std[617be2ca0a6fd877]::thread::lifecycle::spawn_unchecked<test[aada8e7e76ba119b]::run_test::{closure#1}, ()>::{closure#1} as core[a373ad73a504971]::ops::function::FnOnce<()>>::call_once::{shim:vtable#0}
[INFO] [stdout]   20:     0x64339a5eea4f - <std[617be2ca0a6fd877]::sys::thread::unix::Thread>::new::thread_start
[INFO] [stdout]   21:     0x701e2bbe8dfa - <unknown>
[INFO] [stdout]   22:     0x701e2bc7c3d4 - clone
[INFO] [stdout]   23:                0x0 - <unknown>
[INFO] [stdout] 
[INFO] [stdout] ---- cli_trycmd_areas stdout ----
[INFO] [stdout] 
[INFO] [stdout] thread 'cli_trycmd_areas' (4670) panicked at /opt/rustwide/cargo-home/registry/src/index.crates.io-1949cf8c6b5b557f/trycmd-0.15.11/src/runner.rs:123:17:
[INFO] [stdout] 4 of 4 tests failed
[INFO] [stdout] stack backtrace:
[INFO] [stdout]    0:     0x64339a5efb11 - <<std[617be2ca0a6fd877]::sys::backtrace::BacktraceLock>::print::DisplayBacktrace as core[a373ad73a504971]::fmt::Display>::fmt
[INFO] [stdout]    1:     0x64339a605f2a - core[a373ad73a504971]::fmt::write
[INFO] [stdout]    2:     0x64339a5f4d2c - <alloc[2e1b2a31b91974c5]::vec::Vec<u8> as core[a373ad73a504971]::io::write::Write>::write_fmt
[INFO] [stdout]    3:     0x64339a5c7096 - std[617be2ca0a6fd877]::panicking::default_hook::{closure#0}
[INFO] [stdout]    4:     0x64339a5e5cd9 - std[617be2ca0a6fd877]::panicking::default_hook
[INFO] [stdout]    5:     0x64339a57e8c0 - test[aada8e7e76ba119b]::test_main_inner::{closure#0}
[INFO] [stdout]    6:     0x64339a5e6002 - std[617be2ca0a6fd877]::panicking::panic_with_hook
[INFO] [stdout]    7:     0x64339a5c7142 - std[617be2ca0a6fd877]::panicking::panic_handler::{closure#0}
[INFO] [stdout]    8:     0x64339a5bfaa9 - std[617be2ca0a6fd877]::sys::backtrace::__rust_end_short_backtrace::<std[617be2ca0a6fd877]::panicking::panic_handler::{closure#0}, !>
[INFO] [stdout]    9:     0x64339a5c7e3d - __rustc[ea4f61d10b84890b]::rust_begin_unwind
[INFO] [stdout]   10:     0x64339a60668c - core[a373ad73a504971]::panicking::panic_fmt
[INFO] [stdout]   11:     0x64339a4db80e - <trycmd[e8a6aad2643eb859]::runner::Runner>::run
[INFO] [stdout]   12:     0x64339a4d86ef - <trycmd[e8a6aad2643eb859]::cases::TestCases>::run
[INFO] [stdout]   13:     0x64339a4a5eed - core[a373ad73a504971]::ptr::drop_glue::<trycmd[e8a6aad2643eb859]::cases::TestCases>
[INFO] [stdout]   14:     0x64339a4a6572 - cli_trycmd[8c5829395e9ce582]::run_trycmd_cases
[INFO] [stdout]   15:     0x64339a4a7085 - <cli_trycmd[8c5829395e9ce582]::cli_trycmd_areas::{closure#0} as core[a373ad73a504971]::ops::function::FnOnce<()>>::call_once
[INFO] [stdout]   16:     0x64339a571d0b - test[aada8e7e76ba119b]::__rust_begin_short_backtrace::<core[a373ad73a504971]::result::Result<(), alloc[2e1b2a31b91974c5]::string::String>, fn() -> core[a373ad73a504971]::result::Result<(), alloc[2e1b2a31b91974c5]::string::String>>
[INFO] [stdout]   17:     0x64339a57eee5 - test[aada8e7e76ba119b]::run_test::{closure#0}
[INFO] [stdout]   18:     0x64339a5787d4 - std[617be2ca0a6fd877]::sys::backtrace::__rust_begin_short_backtrace::<test[aada8e7e76ba119b]::run_test::{closure#1}, ()>
[INFO] [stdout]   19:     0x64339a581f72 - <std[617be2ca0a6fd877]::thread::lifecycle::spawn_unchecked<test[aada8e7e76ba119b]::run_test::{closure#1}, ()>::{closure#1} as core[a373ad73a504971]::ops::function::FnOnce<()>>::call_once::{shim:vtable#0}
[INFO] [stdout]   20:     0x64339a5eea4f - <std[617be2ca0a6fd877]::sys::thread::unix::Thread>::new::thread_start
[INFO] [stdout]   21:     0x701e2bbe8dfa - <unknown>
[INFO] [stdout]   22:     0x701e2bc7c3d4 - clone
[INFO] [stdout]   23:                0x0 - <unknown>
[INFO] [stdout] 
[INFO] [stdout] ---- cli_trycmd_edit stdout ----
[INFO] [stdout] 
[INFO] [stdout] thread 'cli_trycmd_edit' (4672) panicked at /opt/rustwide/cargo-home/registry/src/index.crates.io-1949cf8c6b5b557f/trycmd-0.15.11/src/runner.rs:123:17:
[INFO] [stdout] 3 of 3 tests failed
[INFO] [stdout] stack backtrace:
[INFO] [stdout]    0:     0x64339a5efb11 - <<std[617be2ca0a6fd877]::sys::backtrace::BacktraceLock>::print::DisplayBacktrace as core[a373ad73a504971]::fmt::Display>::fmt
[INFO] [stdout]    1:     0x64339a605f2a - core[a373ad73a504971]::fmt::write
[INFO] [stdout]    2:     0x64339a5f4d2c - <alloc[2e1b2a31b91974c5]::vec::Vec<u8> as core[a373ad73a504971]::io::write::Write>::write_fmt
[INFO] [stdout]    3:     0x64339a5c7096 - std[617be2ca0a6fd877]::panicking::default_hook::{closure#0}
[INFO] [stdout]    4:     0x64339a5e5cd9 - std[617be2ca0a6fd877]::panicking::default_hook
[INFO] [stdout]    5:     0x64339a57e8c0 - test[aada8e7e76ba119b]::test_main_inner::{closure#0}
[INFO] [stdout]    6:     0x64339a5e6002 - std[617be2ca0a6fd877]::panicking::panic_with_hook
[INFO] [stdout]    7:     0x64339a5c7142 - std[617be2ca0a6fd877]::panicking::panic_handler::{closure#0}
[INFO] [stdout]    8:     0x64339a5bfaa9 - std[617be2ca0a6fd877]::sys::backtrace::__rust_end_short_backtrace::<std[617be2ca0a6fd877]::panicking::panic_handler::{closure#0}, !>
[INFO] [stdout]    9:     0x64339a5c7e3d - __rustc[ea4f61d10b84890b]::rust_begin_unwind
[INFO] [stdout]   10:     0x64339a60668c - core[a373ad73a504971]::panicking::panic_fmt
[INFO] [stdout]   11:     0x64339a4db80e - <trycmd[e8a6aad2643eb859]::runner::Runner>::run
[INFO] [stdout]   12:     0x64339a4d86ef - <trycmd[e8a6aad2643eb859]::cases::TestCases>::run
[INFO] [stdout]   13:     0x64339a4a5eed - core[a373ad73a504971]::ptr::drop_glue::<trycmd[e8a6aad2643eb859]::cases::TestCases>
[INFO] [stdout]   14:     0x64339a4a6572 - cli_trycmd[8c5829395e9ce582]::run_trycmd_cases
[INFO] [stdout]   15:     0x64339a4a6fc5 - <cli_trycmd[8c5829395e9ce582]::cli_trycmd_edit::{closure#0} as core[a373ad73a504971]::ops::function::FnOnce<()>>::call_once
[INFO] [stdout]   16:     0x64339a571d0b - test[aada8e7e76ba119b]::__rust_begin_short_backtrace::<core[a373ad73a504971]::result::Result<(), alloc[2e1b2a31b91974c5]::string::String>, fn() -> core[a373ad73a504971]::result::Result<(), alloc[2e1b2a31b91974c5]::string::String>>
[INFO] [stdout]   17:     0x64339a57eee5 - test[aada8e7e76ba119b]::run_test::{closure#0}
[INFO] [stdout]   18:     0x64339a5787d4 - std[617be2ca0a6fd877]::sys::backtrace::__rust_begin_short_backtrace::<test[aada8e7e76ba119b]::run_test::{closure#1}, ()>
[INFO] [stdout]   19:     0x64339a581f72 - <std[617be2ca0a6fd877]::thread::lifecycle::spawn_unchecked<test[aada8e7e76ba119b]::run_test::{closure#1}, ()>::{closure#1} as core[a373ad73a504971]::ops::function::FnOnce<()>>::call_once::{shim:vtable#0}
[INFO] [stdout]   20:     0x64339a5eea4f - <std[617be2ca0a6fd877]::sys::thread::unix::Thread>::new::thread_start
[INFO] [stdout]   21:     0x701e2bbe8dfa - <unknown>
[INFO] [stdout]   22:     0x701e2bc7c3d4 - clone
[INFO] [stdout]   23:                0x0 - <unknown>
[INFO] [stdout] 
[INFO] [stdout] ---- cli_trycmd_anytime stdout ----
[INFO] [stdout] 
[INFO] [stdout] thread 'cli_trycmd_anytime' (4668) panicked at /opt/rustwide/cargo-home/registry/src/index.crates.io-1949cf8c6b5b557f/trycmd-0.15.11/src/runner.rs:123:17:
[INFO] [stdout] 6 of 6 tests failed
[INFO] [stdout] stack backtrace:
[INFO] [stdout]    0:     0x64339a5efb11 - <<std[617be2ca0a6fd877]::sys::backtrace::BacktraceLock>::print::DisplayBacktrace as core[a373ad73a504971]::fmt::Display>::fmt
[INFO] [stdout]    1:     0x64339a605f2a - core[a373ad73a504971]::fmt::write
[INFO] [stdout]    2:     0x64339a5f4d2c - <alloc[2e1b2a31b91974c5]::vec::Vec<u8> as core[a373ad73a504971]::io::write::Write>::write_fmt
[INFO] [stdout]    3:     0x64339a5c7096 - std[617be2ca0a6fd877]::panicking::default_hook::{closure#0}
[INFO] [stdout]    4:     0x64339a5e5cd9 - std[617be2ca0a6fd877]::panicking::default_hook
[INFO] [stdout]    5:     0x64339a57e8c0 - test[aada8e7e76ba119b]::test_main_inner::{closure#0}
[INFO] [stdout]    6:     0x64339a5e6002 - std[617be2ca0a6fd877]::panicking::panic_with_hook
[INFO] [stdout]    7:     0x64339a5c7142 - std[617be2ca0a6fd877]::panicking::panic_handler::{closure#0}
[INFO] [stdout]    8:     0x64339a5bfaa9 - std[617be2ca0a6fd877]::sys::backtrace::__rust_end_short_backtrace::<std[617be2ca0a6fd877]::panicking::panic_handler::{closure#0}, !>
[INFO] [stdout]    9:     0x64339a5c7e3d - __rustc[ea4f61d10b84890b]::rust_begin_unwind
[INFO] [stdout]   10:     0x64339a60668c - core[a373ad73a504971]::panicking::panic_fmt
[INFO] [stdout]   11:     0x64339a4db80e - <trycmd[e8a6aad2643eb859]::runner::Runner>::run
[INFO] [stdout]   12:     0x64339a4d86ef - <trycmd[e8a6aad2643eb859]::cases::TestCases>::run
[INFO] [stdout]   13:     0x64339a4a5eed - core[a373ad73a504971]::ptr::drop_glue::<trycmd[e8a6aad2643eb859]::cases::TestCases>
[INFO] [stdout]   14:     0x64339a4a6572 - cli_trycmd[8c5829395e9ce582]::run_trycmd_cases
[INFO] [stdout]   15:     0x64339a4a7145 - <cli_trycmd[8c5829395e9ce582]::cli_trycmd_anytime::{closure#0} as core[a373ad73a504971]::ops::function::FnOnce<()>>::call_once
[INFO] [stdout]   16:     0x64339a571d0b - test[aada8e7e76ba119b]::__rust_begin_short_backtrace::<core[a373ad73a504971]::result::Result<(), alloc[2e1b2a31b91974c5]::string::String>, fn() -> core[a373ad73a504971]::result::Result<(), alloc[2e1b2a31b91974c5]::string::String>>
[INFO] [stdout]   17:     0x64339a57eee5 - test[aada8e7e76ba119b]::run_test::{closure#0}
[INFO] [stdout]   18:     0x64339a5787d4 - std[617be2ca0a6fd877]::sys::backtrace::__rust_begin_short_backtrace::<test[aada8e7e76ba119b]::run_test::{closure#1}, ()>
[INFO] [stdout]   19:     0x64339a581f72 - <std[617be2ca0a6fd877]::thread::lifecycle::spawn_unchecked<test[aada8e7e76ba119b]::run_test::{closure#1}, ()>::{closure#1} as core[a373ad73a504971]::ops::function::FnOnce<()>>::call_once::{shim:vtable#0}
[INFO] [stdout]   20:     0x64339a5eea4f - <std[617be2ca0a6fd877]::sys::thread::unix::Thread>::new::thread_start
[INFO] [stdout]   21:     0x701e2bbe8dfa - <unknown>
[INFO] [stdout]   22:     0x701e2bc7c3d4 - clone
[INFO] [stdout]   23:                0x0 - <unknown>
[INFO] [stdout] 
[INFO] [stdout] ---- cli_trycmd_logbook stdout ----
[INFO] [stdout] 
[INFO] [stdout] thread 'cli_trycmd_logbook' (4675) panicked at /opt/rustwide/cargo-home/registry/src/index.crates.io-1949cf8c6b5b557f/trycmd-0.15.11/src/runner.rs:123:17:
[INFO] [stdout] 5 of 5 tests failed
[INFO] [stdout] stack backtrace:
[INFO] [stdout]    0:     0x64339a5efb11 - <<std[617be2ca0a6fd877]::sys::backtrace::BacktraceLock>::print::DisplayBacktrace as core[a373ad73a504971]::fmt::Display>::fmt
[INFO] [stdout]    1:     0x64339a605f2a - core[a373ad73a504971]::fmt::write
[INFO] [stdout]    2:     0x64339a5f4d2c - <alloc[2e1b2a31b91974c5]::vec::Vec<u8> as core[a373ad73a504971]::io::write::Write>::write_fmt
[INFO] [stdout]    3:     0x64339a5c7096 - std[617be2ca0a6fd877]::panicking::default_hook::{closure#0}
[INFO] [stdout]    4:     0x64339a5e5cd9 - std[617be2ca0a6fd877]::panicking::default_hook
[INFO] [stdout]    5:     0x64339a57e8c0 - test[aada8e7e76ba119b]::test_main_inner::{closure#0}
[INFO] [stdout]    6:     0x64339a5e6002 - std[617be2ca0a6fd877]::panicking::panic_with_hook
[INFO] [stdout]    7:     0x64339a5c7142 - std[617be2ca0a6fd877]::panicking::panic_handler::{closure#0}
[INFO] [stdout]    8:     0x64339a5bfaa9 - std[617be2ca0a6fd877]::sys::backtrace::__rust_end_short_backtrace::<std[617be2ca0a6fd877]::panicking::panic_handler::{closure#0}, !>
[INFO] [stdout]    9:     0x64339a5c7e3d - __rustc[ea4f61d10b84890b]::rust_begin_unwind
[INFO] [stdout]   10:     0x64339a60668c - core[a373ad73a504971]::panicking::panic_fmt
[INFO] [stdout]   11:     0x64339a4db80e - <trycmd[e8a6aad2643eb859]::runner::Runner>::run
[INFO] [stdout]   12:     0x64339a4d86ef - <trycmd[e8a6aad2643eb859]::cases::TestCases>::run
[INFO] [stdout]   13:     0x64339a4a5eed - core[a373ad73a504971]::ptr::drop_glue::<trycmd[e8a6aad2643eb859]::cases::TestCases>
[INFO] [stdout]   14:     0x64339a4a6572 - cli_trycmd[8c5829395e9ce582]::run_trycmd_cases
[INFO] [stdout]   15:     0x64339a4a7175 - <cli_trycmd[8c5829395e9ce582]::cli_trycmd_logbook::{closure#0} as core[a373ad73a504971]::ops::function::FnOnce<()>>::call_once
[INFO] [stdout]   16:     0x64339a571d0b - test[aada8e7e76ba119b]::__rust_begin_short_backtrace::<core[a373ad73a504971]::result::Result<(), alloc[2e1b2a31b91974c5]::string::String>, fn() -> core[a373ad73a504971]::result::Result<(), alloc[2e1b2a31b91974c5]::string::String>>
[INFO] [stdout]   17:     0x64339a57eee5 - test[aada8e7e76ba119b]::run_test::{closure#0}
[INFO] [stdout]   18:     0x64339a5787d4 - std[617be2ca0a6fd877]::sys::backtrace::__rust_begin_short_backtrace::<test[aada8e7e76ba119b]::run_test::{closure#1}, ()>
[INFO] [stdout]   19:     0x64339a581f72 - <std[617be2ca0a6fd877]::thread::lifecycle::spawn_unchecked<test[aada8e7e76ba119b]::run_test::{closure#1}, ()>::{closure#1} as core[a373ad73a504971]::ops::function::FnOnce<()>>::call_once::{shim:vtable#0}
[INFO] [stdout]   20:     0x64339a5eea4f - <std[617be2ca0a6fd877]::sys::thread::unix::Thread>::new::thread_start
[INFO] [stdout]   21:     0x701e2bbe8dfa - <unknown>
[INFO] [stdout]   22:     0x701e2bc7c3d4 - clone
[INFO] [stdout]   23:                0x0 - <unknown>
[INFO] [stdout] 
[INFO] [stdout] ---- cli_trycmd_mark stdout ----
[INFO] [stdout] 
[INFO] [stdout] thread 'cli_trycmd_mark' (5388) panicked at /opt/rustwide/cargo-home/registry/src/index.crates.io-1949cf8c6b5b557f/trycmd-0.15.11/src/runner.rs:123:17:
[INFO] [stdout] 2 of 2 tests failed
[INFO] [stdout] stack backtrace:
[INFO] [stdout]    0:     0x64339a5efb11 - <<std[617be2ca0a6fd877]::sys::backtrace::BacktraceLock>::print::DisplayBacktrace as core[a373ad73a504971]::fmt::Display>::fmt
[INFO] [stdout]    1:     0x64339a605f2a - core[a373ad73a504971]::fmt::write
[INFO] [stdout]    2:     0x64339a5f4d2c - <alloc[2e1b2a31b91974c5]::vec::Vec<u8> as core[a373ad73a504971]::io::write::Write>::write_fmt
[INFO] [stdout]    3:     0x64339a5c7096 - std[617be2ca0a6fd877]::panicking::default_hook::{closure#0}
[INFO] [stdout]    4:     0x64339a5e5cd9 - std[617be2ca0a6fd877]::panicking::default_hook
[INFO] [stdout]    5:     0x64339a57e8c0 - test[aada8e7e76ba119b]::test_main_inner::{closure#0}
[INFO] [stdout]    6:     0x64339a5e6002 - std[617be2ca0a6fd877]::panicking::panic_with_hook
[INFO] [stdout]    7:     0x64339a5c7142 - std[617be2ca0a6fd877]::panicking::panic_handler::{closure#0}
[INFO] [stdout]    8:     0x64339a5bfaa9 - std[617be2ca0a6fd877]::sys::backtrace::__rust_end_short_backtrace::<std[617be2ca0a6fd877]::panicking::panic_handler::{closure#0}, !>
[INFO] [stdout]    9:     0x64339a5c7e3d - __rustc[ea4f61d10b84890b]::rust_begin_unwind
[INFO] [stdout]   10:     0x64339a60668c - core[a373ad73a504971]::panicking::panic_fmt
[INFO] [stdout]   11:     0x64339a4db80e - <trycmd[e8a6aad2643eb859]::runner::Runner>::run
[INFO] [stdout]   12:     0x64339a4d86ef - <trycmd[e8a6aad2643eb859]::cases::TestCases>::run
[INFO] [stdout]   13:     0x64339a4a5eed - core[a373ad73a504971]::ptr::drop_glue::<trycmd[e8a6aad2643eb859]::cases::TestCases>
[INFO] [stdout]   14:     0x64339a4a6572 - cli_trycmd[8c5829395e9ce582]::run_trycmd_cases
[INFO] [stdout]   15:     0x64339a4a7025 - <cli_trycmd[8c5829395e9ce582]::cli_trycmd_mark::{closure#0} as core[a373ad73a504971]::ops::function::FnOnce<()>>::call_once
[INFO] [stdout]   16:     0x64339a571d0b - test[aada8e7e76ba119b]::__rust_begin_short_backtrace::<core[a373ad73a504971]::result::Result<(), alloc[2e1b2a31b91974c5]::string::String>, fn() -> core[a373ad73a504971]::result::Result<(), alloc[2e1b2a31b91974c5]::string::String>>
[INFO] [stdout]   17:     0x64339a57eee5 - test[aada8e7e76ba119b]::run_test::{closure#0}
[INFO] [stdout]   18:     0x64339a5787d4 - std[617be2ca0a6fd877]::sys::backtrace::__rust_begin_short_backtrace::<test[aada8e7e76ba119b]::run_test::{closure#1}, ()>
[INFO] [stdout]   19:     0x64339a581f72 - <std[617be2ca0a6fd877]::thread::lifecycle::spawn_unchecked<test[aada8e7e76ba119b]::run_test::{closure#1}, ()>::{closure#1} as core[a373ad73a504971]::ops::function::FnOnce<()>>::call_once::{shim:vtable#0}
[INFO] [stdout]   20:     0x64339a5eea4f - <std[617be2ca0a6fd877]::sys::thread::unix::Thread>::new::thread_start
[INFO] [stdout]   21:     0x701e2bbe8dfa - <unknown>
[INFO] [stdout]   22:     0x701e2bc7c3d4 - clone
[INFO] [stdout]   23:                0x0 - <unknown>
[INFO] [stdout] 
[INFO] [stdout] ---- cli_trycmd_schedule stdout ----
[INFO] [stdout] 
[INFO] [stdout] thread 'cli_trycmd_schedule' (5397) panicked at /opt/rustwide/cargo-home/registry/src/index.crates.io-1949cf8c6b5b557f/trycmd-0.15.11/src/runner.rs:123:17:
[INFO] [stdout] 2 of 2 tests failed
[INFO] [stdout] stack backtrace:
[INFO] [stdout]    0:     0x64339a5efb11 - <<std[617be2ca0a6fd877]::sys::backtrace::BacktraceLock>::print::DisplayBacktrace as core[a373ad73a504971]::fmt::Display>::fmt
[INFO] [stdout]    1:     0x64339a605f2a - core[a373ad73a504971]::fmt::write
[INFO] [stdout]    2:     0x64339a5f4d2c - <alloc[2e1b2a31b91974c5]::vec::Vec<u8> as core[a373ad73a504971]::io::write::Write>::write_fmt
[INFO] [stdout]    3:     0x64339a5c7096 - std[617be2ca0a6fd877]::panicking::default_hook::{closure#0}
[INFO] [stdout]    4:     0x64339a5e5cd9 - std[617be2ca0a6fd877]::panicking::default_hook
[INFO] [stdout]    5:     0x64339a57e8c0 - test[aada8e7e76ba119b]::test_main_inner::{closure#0}
[INFO] [stdout]    6:     0x64339a5e6002 - std[617be2ca0a6fd877]::panicking::panic_with_hook
[INFO] [stdout]    7:     0x64339a5c7142 - std[617be2ca0a6fd877]::panicking::panic_handler::{closure#0}
[INFO] [stdout]    8:     0x64339a5bfaa9 - std[617be2ca0a6fd877]::sys::backtrace::__rust_end_short_backtrace::<std[617be2ca0a6fd877]::panicking::panic_handler::{closure#0}, !>
[INFO] [stdout]    9:     0x64339a5c7e3d - __rustc[ea4f61d10b84890b]::rust_begin_unwind
[INFO] [stdout]   10:     0x64339a60668c - core[a373ad73a504971]::panicking::panic_fmt
[INFO] [stdout]   11:     0x64339a4db80e - <trycmd[e8a6aad2643eb859]::runner::Runner>::run
[INFO] [stdout]   12:     0x64339a4d86ef - <trycmd[e8a6aad2643eb859]::cases::TestCases>::run
[INFO] [stdout]   13:     0x64339a4a5eed - core[a373ad73a504971]::ptr::drop_glue::<trycmd[e8a6aad2643eb859]::cases::TestCases>
[INFO] [stdout]   14:     0x64339a4a6572 - cli_trycmd[8c5829395e9ce582]::run_trycmd_cases
[INFO] [stdout]   15:     0x64339a4a7265 - <cli_trycmd[8c5829395e9ce582]::cli_trycmd_schedule::{closure#0} as core[a373ad73a504971]::ops::function::FnOnce<()>>::call_once
[INFO] [stdout]   16:     0x64339a571d0b - test[aada8e7e76ba119b]::__rust_begin_short_backtrace::<core[a373ad73a504971]::result::Result<(), alloc[2e1b2a31b91974c5]::string::String>, fn() -> core[a373ad73a504971]::result::Result<(), alloc[2e1b2a31b91974c5]::string::String>>
[INFO] [stdout]   17:     0x64339a57eee5 - test[aada8e7e76ba119b]::run_test::{closure#0}
[INFO] [stdout]   18:     0x64339a5787d4 - std[617be2ca0a6fd877]::sys::backtrace::__rust_begin_short_backtrace::<test[aada8e7e76ba119b]::run_test::{closure#1}, ()>
[INFO] [stdout]   19:     0x64339a581f72 - <std[617be2ca0a6fd877]::thread::lifecycle::spawn_unchecked<test[aada8e7e76ba119b]::run_test::{closure#1}, ()>::{closure#1} as core[a373ad73a504971]::ops::function::FnOnce<()>>::call_once::{shim:vtable#0}
[INFO] [stdout]   20:     0x64339a5eea4f - <std[617be2ca0a6fd877]::sys::thread::unix::Thread>::new::thread_start
[INFO] [stdout]   21:     0x701e2bbe8dfa - <unknown>
[INFO] [stdout]   22:     0x701e2bc7c3d4 - clone
[INFO] [stdout]   23:                0x0 - <unknown>
[INFO] [stdout] 
[INFO] [stdout] ---- cli_trycmd_new stdout ----
[INFO] [stdout] 
[INFO] [stdout] thread 'cli_trycmd_new' (5389) panicked at /opt/rustwide/cargo-home/registry/src/index.crates.io-1949cf8c6b5b557f/trycmd-0.15.11/src/runner.rs:123:17:
[INFO] [stdout] 3 of 3 tests failed
[INFO] [stdout] stack backtrace:
[INFO] [stdout]    0:     0x64339a5efb11 - <<std[617be2ca0a6fd877]::sys::backtrace::BacktraceLock>::print::DisplayBacktrace as core[a373ad73a504971]::fmt::Display>::fmt
[INFO] [stdout]    1:     0x64339a605f2a - core[a373ad73a504971]::fmt::write
[INFO] [stdout]    2:     0x64339a5f4d2c - <alloc[2e1b2a31b91974c5]::vec::Vec<u8> as core[a373ad73a504971]::io::write::Write>::write_fmt
[INFO] [stdout]    3:     0x64339a5c7096 - std[617be2ca0a6fd877]::panicking::default_hook::{closure#0}
[INFO] [stdout]    4:     0x64339a5e5cd9 - std[617be2ca0a6fd877]::panicking::default_hook
[INFO] [stdout]    5:     0x64339a57e8c0 - test[aada8e7e76ba119b]::test_main_inner::{closure#0}
[INFO] [stdout]    6:     0x64339a5e6002 - std[617be2ca0a6fd877]::panicking::panic_with_hook
[INFO] [stdout]    7:     0x64339a5c7142 - std[617be2ca0a6fd877]::panicking::panic_handler::{closure#0}
[INFO] [stdout]    8:     0x64339a5bfaa9 - std[617be2ca0a6fd877]::sys::backtrace::__rust_end_short_backtrace::<std[617be2ca0a6fd877]::panicking::panic_handler::{closure#0}, !>
[INFO] [stdout]    9:     0x64339a5c7e3d - __rustc[ea4f61d10b84890b]::rust_begin_unwind
[INFO] [stdout]   10:     0x64339a60668c - core[a373ad73a504971]::panicking::panic_fmt
[INFO] [stdout]   11:     0x64339a4db80e - <trycmd[e8a6aad2643eb859]::runner::Runner>::run
[INFO] [stdout]   12:     0x64339a4d86ef - <trycmd[e8a6aad2643eb859]::cases::TestCases>::run
[INFO] [stdout]   13:     0x64339a4a5eed - core[a373ad73a504971]::ptr::drop_glue::<trycmd[e8a6aad2643eb859]::cases::TestCases>
[INFO] [stdout]   14:     0x64339a4a6572 - cli_trycmd[8c5829395e9ce582]::run_trycmd_cases
[INFO] [stdout]   15:     0x64339a4a6f65 - <cli_trycmd[8c5829395e9ce582]::cli_trycmd_new::{closure#0} as core[a373ad73a504971]::ops::function::FnOnce<()>>::call_once
[INFO] [stdout]   16:     0x64339a571d0b - test[aada8e7e76ba119b]::__rust_begin_short_backtrace::<core[a373ad73a504971]::result::Result<(), alloc[2e1b2a31b91974c5]::string::String>, fn() -> core[a373ad73a504971]::result::Result<(), alloc[2e1b2a31b91974c5]::string::String>>
[INFO] [stdout]   17:     0x64339a57eee5 - test[aada8e7e76ba119b]::run_test::{closure#0}
[INFO] [stdout]   18:     0x64339a5787d4 - std[617be2ca0a6fd877]::sys::backtrace::__rust_begin_short_backtrace::<test[aada8e7e76ba119b]::run_test::{closure#1}, ()>
[INFO] [stdout]   19:     0x64339a581f72 - <std[617be2ca0a6fd877]::thread::lifecycle::spawn_unchecked<test[aada8e7e76ba119b]::run_test::{closure#1}, ()>::{closure#1} as core[a373ad73a504971]::ops::function::FnOnce<()>>::call_once::{shim:vtable#0}
[INFO] [stdout]   20:     0x64339a5eea4f - <std[617be2ca0a6fd877]::sys::thread::unix::Thread>::new::thread_start
[INFO] [stdout]   21:     0x701e2bbe8dfa - <unknown>
[INFO] [stdout]   22:     0x701e2bc7c3d4 - clone
[INFO] [stdout]   23:                0x0 - <unknown>
[INFO] [stdout] 
[INFO] [stdout] ---- cli_trycmd_reorder stdout ----
[INFO] [stdout] 
[INFO] [stdout] thread 'cli_trycmd_reorder' (5393) panicked at /opt/rustwide/cargo-home/registry/src/index.crates.io-1949cf8c6b5b557f/trycmd-0.15.11/src/runner.rs:123:17:
[INFO] [stdout] 2 of 2 tests failed
[INFO] [stdout] stack backtrace:
[INFO] [stdout]    0:     0x64339a5efb11 - <<std[617be2ca0a6fd877]::sys::backtrace::BacktraceLock>::print::DisplayBacktrace as core[a373ad73a504971]::fmt::Display>::fmt
[INFO] [stdout]    1:     0x64339a605f2a - core[a373ad73a504971]::fmt::write
[INFO] [stdout]    2:     0x64339a5f4d2c - <alloc[2e1b2a31b91974c5]::vec::Vec<u8> as core[a373ad73a504971]::io::write::Write>::write_fmt
[INFO] [stdout]    3:     0x64339a5c7096 - std[617be2ca0a6fd877]::panicking::default_hook::{closure#0}
[INFO] [stdout]    4:     0x64339a5e5cd9 - std[617be2ca0a6fd877]::panicking::default_hook
[INFO] [stdout]    5:     0x64339a57e8c0 - test[aada8e7e76ba119b]::test_main_inner::{closure#0}
[INFO] [stdout]    6:     0x64339a5e6002 - std[617be2ca0a6fd877]::panicking::panic_with_hook
[INFO] [stdout]    7:     0x64339a5c7142 - std[617be2ca0a6fd877]::panicking::panic_handler::{closure#0}
[INFO] [stdout]    8:     0x64339a5bfaa9 - std[617be2ca0a6fd877]::sys::backtrace::__rust_end_short_backtrace::<std[617be2ca0a6fd877]::panicking::panic_handler::{closure#0}, !>
[INFO] [stdout]    9:     0x64339a5c7e3d - __rustc[ea4f61d10b84890b]::rust_begin_unwind
[INFO] [stdout]   10:     0x64339a60668c - core[a373ad73a504971]::panicking::panic_fmt
[INFO] [stdout]   11:     0x64339a4db80e - <trycmd[e8a6aad2643eb859]::runner::Runner>::run
[INFO] [stdout]   12:     0x64339a4d86ef - <trycmd[e8a6aad2643eb859]::cases::TestCases>::run
[INFO] [stdout]   13:     0x64339a4a5eed - core[a373ad73a504971]::ptr::drop_glue::<trycmd[e8a6aad2643eb859]::cases::TestCases>
[INFO] [stdout]   14:     0x64339a4a6572 - cli_trycmd[8c5829395e9ce582]::run_trycmd_cases
[INFO] [stdout]   15:     0x64339a4a71d5 - <cli_trycmd[8c5829395e9ce582]::cli_trycmd_reorder::{closure#0} as core[a373ad73a504971]::ops::function::FnOnce<()>>::call_once
[INFO] [stdout]   16:     0x64339a571d0b - test[aada8e7e76ba119b]::__rust_begin_short_backtrace::<core[a373ad73a504971]::result::Result<(), alloc[2e1b2a31b91974c5]::string::String>, fn() -> core[a373ad73a504971]::result::Result<(), alloc[2e1b2a31b91974c5]::string::String>>
[INFO] [stdout]   17:     0x64339a57eee5 - test[aada8e7e76ba119b]::run_test::{closure#0}
[INFO] [stdout]   18:     0x64339a5787d4 - std[617be2ca0a6fd877]::sys::backtrace::__rust_begin_short_backtrace::<test[aada8e7e76ba119b]::run_test::{closure#1}, ()>
[INFO] [stdout]   19:     0x64339a581f72 - <std[617be2ca0a6fd877]::thread::lifecycle::spawn_unchecked<test[aada8e7e76ba119b]::run_test::{closure#1}, ()>::{closure#1} as core[a373ad73a504971]::ops::function::FnOnce<()>>::call_once::{shim:vtable#0}
[INFO] [stdout]   20:     0x64339a5eea4f - <std[617be2ca0a6fd877]::sys::thread::unix::Thread>::new::thread_start
[INFO] [stdout]   21:     0x701e2bbe8dfa - <unknown>
[INFO] [stdout]   22:     0x701e2bc7c3d4 - clone
[INFO] [stdout]   23:                0x0 - <unknown>
[INFO] [stdout] 
[INFO] [stdout] ---- cli_trycmd_project stdout ----
[INFO] [stdout] 
[INFO] [stdout] thread 'cli_trycmd_project' (5391) panicked at /opt/rustwide/cargo-home/registry/src/index.crates.io-1949cf8c6b5b557f/trycmd-0.15.11/src/runner.rs:123:17:
[INFO] [stdout] 4 of 4 tests failed
[INFO] [stdout] stack backtrace:
[INFO] [stdout]    0:     0x64339a5efb11 - <<std[617be2ca0a6fd877]::sys::backtrace::BacktraceLock>::print::DisplayBacktrace as core[a373ad73a504971]::fmt::Display>::fmt
[INFO] [stdout]    1:     0x64339a605f2a - core[a373ad73a504971]::fmt::write
[INFO] [stdout]    2:     0x64339a5f4d2c - <alloc[2e1b2a31b91974c5]::vec::Vec<u8> as core[a373ad73a504971]::io::write::Write>::write_fmt
[INFO] [stdout]    3:     0x64339a5c7096 - std[617be2ca0a6fd877]::panicking::default_hook::{closure#0}
[INFO] [stdout]    4:     0x64339a5e5cd9 - std[617be2ca0a6fd877]::panicking::default_hook
[INFO] [stdout]    5:     0x64339a57e8c0 - test[aada8e7e76ba119b]::test_main_inner::{closure#0}
[INFO] [stdout]    6:     0x64339a5e6002 - std[617be2ca0a6fd877]::panicking::panic_with_hook
[INFO] [stdout]    7:     0x64339a5c7142 - std[617be2ca0a6fd877]::panicking::panic_handler::{closure#0}
[INFO] [stdout]    8:     0x64339a5bfaa9 - std[617be2ca0a6fd877]::sys::backtrace::__rust_end_short_backtrace::<std[617be2ca0a6fd877]::panicking::panic_handler::{closure#0}, !>
[INFO] [stdout]    9:     0x64339a5c7e3d - __rustc[ea4f61d10b84890b]::rust_begin_unwind
[INFO] [stdout]   10:     0x64339a60668c - core[a373ad73a504971]::panicking::panic_fmt
[INFO] [stdout]   11:     0x64339a4db80e - <trycmd[e8a6aad2643eb859]::runner::Runner>::run
[INFO] [stdout]   12:     0x64339a4d86ef - <trycmd[e8a6aad2643eb859]::cases::TestCases>::run
[INFO] [stdout]   13:     0x64339a4a5eed - core[a373ad73a504971]::ptr::drop_glue::<trycmd[e8a6aad2643eb859]::cases::TestCases>
[INFO] [stdout]   14:     0x64339a4a6572 - cli_trycmd[8c5829395e9ce582]::run_trycmd_cases
[INFO] [stdout]   15:     0x64339a4a71a5 - <cli_trycmd[8c5829395e9ce582]::cli_trycmd_project::{closure#0} as core[a373ad73a504971]::ops::function::FnOnce<()>>::call_once
[INFO] [stdout]   16:     0x64339a571d0b - test[aada8e7e76ba119b]::__rust_begin_short_backtrace::<core[a373ad73a504971]::result::Result<(), alloc[2e1b2a31b91974c5]::string::String>, fn() -> core[a373ad73a504971]::result::Result<(), alloc[2e1b2a31b91974c5]::string::String>>
[INFO] [stdout]   17:     0x64339a57eee5 - test[aada8e7e76ba119b]::run_test::{closure#0}
[INFO] [stdout]   18:     0x64339a5787d4 - std[617be2ca0a6fd877]::sys::backtrace::__rust_begin_short_backtrace::<test[aada8e7e76ba119b]::run_test::{closure#1}, ()>
[INFO] [stdout]   19:     0x64339a581f72 - <std[617be2ca0a6fd877]::thread::lifecycle::spawn_unchecked<test[aada8e7e76ba119b]::run_test::{closure#1}, ()>::{closure#1} as core[a373ad73a504971]::ops::function::FnOnce<()>>::call_once::{shim:vtable#0}
[INFO] [stdout]   20:     0x64339a5eea4f - <std[617be2ca0a6fd877]::sys::thread::unix::Thread>::new::thread_start
[INFO] [stdout]   21:     0x701e2bbe8dfa - <unknown>
[INFO] [stdout]   22:     0x701e2bc7c3d4 - clone
[INFO] [stdout]   23:                0x0 - <unknown>
[INFO] [stdout] 
[INFO] [stdout] ---- cli_trycmd_upcoming stdout ----
[INFO] [stdout] 
[INFO] [stdout] thread 'cli_trycmd_upcoming' (5515) panicked at /opt/rustwide/cargo-home/registry/src/index.crates.io-1949cf8c6b5b557f/trycmd-0.15.11/src/runner.rs:123:17:
[INFO] [stdout] 3 of 3 tests failed
[INFO] [stdout] stack backtrace:
[INFO] [stdout]    0:     0x64339a5efb11 - <<std[617be2ca0a6fd877]::sys::backtrace::BacktraceLock>::print::DisplayBacktrace as core[a373ad73a504971]::fmt::Display>::fmt
[INFO] [stdout]    1:     0x64339a605f2a - core[a373ad73a504971]::fmt::write
[INFO] [stdout]    2:     0x64339a5f4d2c - <alloc[2e1b2a31b91974c5]::vec::Vec<u8> as core[a373ad73a504971]::io::write::Write>::write_fmt
[INFO] [stdout]    3:     0x64339a5c7096 - std[617be2ca0a6fd877]::panicking::default_hook::{closure#0}
[INFO] [stdout]    4:     0x64339a5e5cd9 - std[617be2ca0a6fd877]::panicking::default_hook
[INFO] [stdout]    5:     0x64339a57e8c0 - test[aada8e7e76ba119b]::test_main_inner::{closure#0}
[INFO] [stdout]    6:     0x64339a5e6002 - std[617be2ca0a6fd877]::panicking::panic_with_hook
[INFO] [stdout]    7:     0x64339a5c7142 - std[617be2ca0a6fd877]::panicking::panic_handler::{closure#0}
[INFO] [stdout]    8:     0x64339a5bfaa9 - std[617be2ca0a6fd877]::sys::backtrace::__rust_end_short_backtrace::<std[617be2ca0a6fd877]::panicking::panic_handler::{closure#0}, !>
[INFO] [stdout]    9:     0x64339a5c7e3d - __rustc[ea4f61d10b84890b]::rust_begin_unwind
[INFO] [stdout]   10:     0x64339a60668c - core[a373ad73a504971]::panicking::panic_fmt
[INFO] [stdout]   11:     0x64339a4db80e - <trycmd[e8a6aad2643eb859]::runner::Runner>::run
[INFO] [stdout]   12:     0x64339a4d86ef - <trycmd[e8a6aad2643eb859]::cases::TestCases>::run
[INFO] [stdout]   13:     0x64339a4a5eed - core[a373ad73a504971]::ptr::drop_glue::<trycmd[e8a6aad2643eb859]::cases::TestCases>
[INFO] [stdout]   14:     0x64339a4a6572 - cli_trycmd[8c5829395e9ce582]::run_trycmd_cases
[INFO] [stdout]   15:     0x64339a4a7295 - <cli_trycmd[8c5829395e9ce582]::cli_trycmd_upcoming::{closure#0} as core[a373ad73a504971]::ops::function::FnOnce<()>>::call_once
[INFO] [stdout]   16:     0x64339a571d0b - test[aada8e7e76ba119b]::__rust_begin_short_backtrace::<core[a373ad73a504971]::result::Result<(), alloc[2e1b2a31b91974c5]::string::String>, fn() -> core[a373ad73a504971]::result::Result<(), alloc[2e1b2a31b91974c5]::string::String>>
[INFO] [stdout]   17:     0x64339a57eee5 - test[aada8e7e76ba119b]::run_test::{closure#0}
[INFO] [stdout]   18:     0x64339a5787d4 - std[617be2ca0a6fd877]::sys::backtrace::__rust_begin_short_backtrace::<test[aada8e7e76ba119b]::run_test::{closure#1}, ()>
[INFO] [stdout]   19:     0x64339a581f72 - <std[617be2ca0a6fd877]::thread::lifecycle::spawn_unchecked<test[aada8e7e76ba119b]::run_test::{closure#1}, ()>::{closure#1} as core[a373ad73a504971]::ops::function::FnOnce<()>>::call_once::{shim:vtable#0}
[INFO] [stdout]   20:     0x64339a5eea4f - <std[617be2ca0a6fd877]::sys::thread::unix::Thread>::new::thread_start
[INFO] [stdout]   21:     0x701e2bbe8dfa - <unknown>
[INFO] [stdout]   22:     0x701e2bc7c3d4 - clone
[INFO] [stdout]   23:                0x0 - <unknown>
[INFO] [stdout] 
[INFO] [stdout] ---- cli_trycmd_someday stdout ----
[INFO] [stdout] 
[INFO] [stdout] thread 'cli_trycmd_someday' (5407) panicked at /opt/rustwide/cargo-home/registry/src/index.crates.io-1949cf8c6b5b557f/trycmd-0.15.11/src/runner.rs:123:17:
[INFO] [stdout] 4 of 4 tests failed
[INFO] [stdout] stack backtrace:
[INFO] [stdout]    0:     0x64339a5efb11 - <<std[617be2ca0a6fd877]::sys::backtrace::BacktraceLock>::print::DisplayBacktrace as core[a373ad73a504971]::fmt::Display>::fmt
[INFO] [stdout]    1:     0x64339a605f2a - core[a373ad73a504971]::fmt::write
[INFO] [stdout]    2:     0x64339a5f4d2c - <alloc[2e1b2a31b91974c5]::vec::Vec<u8> as core[a373ad73a504971]::io::write::Write>::write_fmt
[INFO] [stdout]    3:     0x64339a5c7096 - std[617be2ca0a6fd877]::panicking::default_hook::{closure#0}
[INFO] [stdout]    4:     0x64339a5e5cd9 - std[617be2ca0a6fd877]::panicking::default_hook
[INFO] [stdout]    5:     0x64339a57e8c0 - test[aada8e7e76ba119b]::test_main_inner::{closure#0}
[INFO] [stdout]    6:     0x64339a5e6002 - std[617be2ca0a6fd877]::panicking::panic_with_hook
[INFO] [stdout]    7:     0x64339a5c7142 - std[617be2ca0a6fd877]::panicking::panic_handler::{closure#0}
[INFO] [stdout]    8:     0x64339a5bfaa9 - std[617be2ca0a6fd877]::sys::backtrace::__rust_end_short_backtrace::<std[617be2ca0a6fd877]::panicking::panic_handler::{closure#0}, !>
[INFO] [stdout]    9:     0x64339a5c7e3d - __rustc[ea4f61d10b84890b]::rust_begin_unwind
[INFO] [stdout]   10:     0x64339a60668c - core[a373ad73a504971]::panicking::panic_fmt
[INFO] [stdout]   11:     0x64339a4db80e - <trycmd[e8a6aad2643eb859]::runner::Runner>::run
[INFO] [stdout]   12:     0x64339a4d86ef - <trycmd[e8a6aad2643eb859]::cases::TestCases>::run
[INFO] [stdout]   13:     0x64339a4a5eed - core[a373ad73a504971]::ptr::drop_glue::<trycmd[e8a6aad2643eb859]::cases::TestCases>
[INFO] [stdout]   14:     0x64339a4a6572 - cli_trycmd[8c5829395e9ce582]::run_trycmd_cases
[INFO] [stdout]   15:     0x64339a4a7205 - <cli_trycmd[8c5829395e9ce582]::cli_trycmd_someday::{closure#0} as core[a373ad73a504971]::ops::function::FnOnce<()>>::call_once
[INFO] [stdout]   16:     0x64339a571d0b - test[aada8e7e76ba119b]::__rust_begin_short_backtrace::<core[a373ad73a504971]::result::Result<(), alloc[2e1b2a31b91974c5]::string::String>, fn() -> core[a373ad73a504971]::result::Result<(), alloc[2e1b2a31b91974c5]::string::String>>
[INFO] [stdout]   17:     0x64339a57eee5 - test[aada8e7e76ba119b]::run_test::{closure#0}
[INFO] [stdout]   18:     0x64339a5787d4 - std[617be2ca0a6fd877]::sys::backtrace::__rust_begin_short_backtrace::<test[aada8e7e76ba119b]::run_test::{closure#1}, ()>
[INFO] [stdout]   19:     0x64339a581f72 - <std[617be2ca0a6fd877]::thread::lifecycle::spawn_unchecked<test[aada8e7e76ba119b]::run_test::{closure#1}, ()>::{closure#1} as core[a373ad73a504971]::ops::function::FnOnce<()>>::call_once::{shim:vtable#0}
[INFO] [stdout]   20:     0x64339a5eea4f - <std[617be2ca0a6fd877]::sys::thread::unix::Thread>::new::thread_start
[INFO] [stdout]   21:     0x701e2bbe8dfa - <unknown>
[INFO] [stdout]   22:     0x701e2bc7c3d4 - clone
[INFO] [stdout]   23:                0x0 - <unknown>
[INFO] [stdout] 
[INFO] [stdout] ---- cli_trycmd_projects stdout ----
[INFO] [stdout] 
[INFO] [stdout] thread 'cli_trycmd_projects' (5392) panicked at /opt/rustwide/cargo-home/registry/src/index.crates.io-1949cf8c6b5b557f/trycmd-0.15.11/src/runner.rs:123:17:
[INFO] [stdout] 5 of 5 tests failed
[INFO] [stdout] stack backtrace:
[INFO] [stdout]    0:     0x64339a5efb11 - <<std[617be2ca0a6fd877]::sys::backtrace::BacktraceLock>::print::DisplayBacktrace as core[a373ad73a504971]::fmt::Display>::fmt
[INFO] [stdout]    1:     0x64339a605f2a - core[a373ad73a504971]::fmt::write
[INFO] [stdout]    2:     0x64339a5f4d2c - <alloc[2e1b2a31b91974c5]::vec::Vec<u8> as core[a373ad73a504971]::io::write::Write>::write_fmt
[INFO] [stdout]    3:     0x64339a5c7096 - std[617be2ca0a6fd877]::panicking::default_hook::{closure#0}
[INFO] [stdout]    4:     0x64339a5e5cd9 - std[617be2ca0a6fd877]::panicking::default_hook
[INFO] [stdout]    5:     0x64339a57e8c0 - test[aada8e7e76ba119b]::test_main_inner::{closure#0}
[INFO] [stdout]    6:     0x64339a5e6002 - std[617be2ca0a6fd877]::panicking::panic_with_hook
[INFO] [stdout]    7:     0x64339a5c7142 - std[617be2ca0a6fd877]::panicking::panic_handler::{closure#0}
[INFO] [stdout]    8:     0x64339a5bfaa9 - std[617be2ca0a6fd877]::sys::backtrace::__rust_end_short_backtrace::<std[617be2ca0a6fd877]::panicking::panic_handler::{closure#0}, !>
[INFO] [stdout]    9:     0x64339a5c7e3d - __rustc[ea4f61d10b84890b]::rust_begin_unwind
[INFO] [stdout]   10:     0x64339a60668c - core[a373ad73a504971]::panicking::panic_fmt
[INFO] [stdout]   11:     0x64339a4db80e - <trycmd[e8a6aad2643eb859]::runner::Runner>::run
[INFO] [stdout]   12:     0x64339a4d86ef - <trycmd[e8a6aad2643eb859]::cases::TestCases>::run
[INFO] [stdout]   13:     0x64339a4a5eed - core[a373ad73a504971]::ptr::drop_glue::<trycmd[e8a6aad2643eb859]::cases::TestCases>
[INFO] [stdout]   14:     0x64339a4a6572 - cli_trycmd[8c5829395e9ce582]::run_trycmd_cases
[INFO] [stdout]   15:     0x64339a4a7235 - <cli_trycmd[8c5829395e9ce582]::cli_trycmd_projects::{closure#0} as core[a373ad73a504971]::ops::function::FnOnce<()>>::call_once
[INFO] [stdout]   16:     0x64339a571d0b - test[aada8e7e76ba119b]::__rust_begin_short_backtrace::<core[a373ad73a504971]::result::Result<(), alloc[2e1b2a31b91974c5]::string::String>, fn() -> core[a373ad73a504971]::result::Result<(), alloc[2e1b2a31b91974c5]::string::String>>
[INFO] [stdout]   17:     0x64339a57eee5 - test[aada8e7e76ba119b]::run_test::{closure#0}
[INFO] [stdout]   18:     0x64339a5787d4 - std[617be2ca0a6fd877]::sys::backtrace::__rust_begin_short_backtrace::<test[aada8e7e76ba119b]::run_test::{closure#1}, ()>
[INFO] [stdout]   19:     0x64339a581f72 - <std[617be2ca0a6fd877]::thread::lifecycle::spawn_unchecked<test[aada8e7e76ba119b]::run_test::{closure#1}, ()>::{closure#1} as core[a373ad73a504971]::ops::function::FnOnce<()>>::call_once::{shim:vtable#0}
[INFO] [stdout]   20:     0x64339a5eea4f - <std[617be2ca0a6fd877]::sys::thread::unix::Thread>::new::thread_start
[INFO] [stdout]   21:     0x701e2bbe8dfa - <unknown>
[INFO] [stdout]   22:     0x701e2bc7c3d4 - clone
[INFO] [stdout]   23:                0x0 - <unknown>
[INFO] [stdout] 
[INFO] [stdout] ---- cli_trycmd_tags stdout ----
[INFO] [stdout] 
[INFO] [stdout] thread 'cli_trycmd_tags' (5408) panicked at /opt/rustwide/cargo-home/registry/src/index.crates.io-1949cf8c6b5b557f/trycmd-0.15.11/src/runner.rs:123:17:
[INFO] [stdout] 7 of 7 tests failed
[INFO] [stdout] stack backtrace:
[INFO] [stdout]    0:     0x64339a5efb11 - <<std[617be2ca0a6fd877]::sys::backtrace::BacktraceLock>::print::DisplayBacktrace as core[a373ad73a504971]::fmt::Display>::fmt
[INFO] [stdout]    1:     0x64339a605f2a - core[a373ad73a504971]::fmt::write
[INFO] [stdout]    2:     0x64339a5f4d2c - <alloc[2e1b2a31b91974c5]::vec::Vec<u8> as core[a373ad73a504971]::io::write::Write>::write_fmt
[INFO] [stdout]    3:     0x64339a5c7096 - std[617be2ca0a6fd877]::panicking::default_hook::{closure#0}
[INFO] [stdout]    4:     0x64339a5e5cd9 - std[617be2ca0a6fd877]::panicking::default_hook
[INFO] [stdout]    5:     0x64339a57e8c0 - test[aada8e7e76ba119b]::test_main_inner::{closure#0}
[INFO] [stdout]    6:     0x64339a5e6002 - std[617be2ca0a6fd877]::panicking::panic_with_hook
[INFO] [stdout]    7:     0x64339a5c7142 - std[617be2ca0a6fd877]::panicking::panic_handler::{closure#0}
[INFO] [stdout]    8:     0x64339a5bfaa9 - std[617be2ca0a6fd877]::sys::backtrace::__rust_end_short_backtrace::<std[617be2ca0a6fd877]::panicking::panic_handler::{closure#0}, !>
[INFO] [stdout]    9:     0x64339a5c7e3d - __rustc[ea4f61d10b84890b]::rust_begin_unwind
[INFO] [stdout]   10:     0x64339a60668c - core[a373ad73a504971]::panicking::panic_fmt
[INFO] [stdout]   11:     0x64339a4db80e - <trycmd[e8a6aad2643eb859]::runner::Runner>::run
[INFO] [stdout]   12:     0x64339a4d86ef - <trycmd[e8a6aad2643eb859]::cases::TestCases>::run
[INFO] [stdout]   13:     0x64339a4a5eed - core[a373ad73a504971]::ptr::drop_glue::<trycmd[e8a6aad2643eb859]::cases::TestCases>
[INFO] [stdout]   14:     0x64339a4a6572 - cli_trycmd[8c5829395e9ce582]::run_trycmd_cases
[INFO] [stdout]   15:     0x64339a4a7055 - <cli_trycmd[8c5829395e9ce582]::cli_trycmd_tags::{closure#0} as core[a373ad73a504971]::ops::function::FnOnce<()>>::call_once
[INFO] [stdout]   16:     0x64339a571d0b - test[aada8e7e76ba119b]::__rust_begin_short_backtrace::<core[a373ad73a504971]::result::Result<(), alloc[2e1b2a31b91974c5]::string::String>, fn() -> core[a373ad73a504971]::result::Result<(), alloc[2e1b2a31b91974c5]::string::String>>
[INFO] [stdout]   17:     0x64339a57eee5 - test[aada8e7e76ba119b]::run_test::{closure#0}
[INFO] [stdout]   18:     0x64339a5787d4 - std[617be2ca0a6fd877]::sys::backtrace::__rust_begin_short_backtrace::<test[aada8e7e76ba119b]::run_test::{closure#1}, ()>
[INFO] [stdout]   19:     0x64339a581f72 - <std[617be2ca0a6fd877]::thread::lifecycle::spawn_unchecked<test[aada8e7e76ba119b]::run_test::{closure#1}, ()>::{closure#1} as core[a373ad73a504971]::ops::function::FnOnce<()>>::call_once::{shim:vtable#0}
[INFO] [stdout]   20:     0x64339a5eea4f - <std[617be2ca0a6fd877]::sys::thread::unix::Thread>::new::thread_start
[INFO] [stdout]   21:     0x701e2bbe8dfa - <unknown>
[INFO] [stdout]   22:     0x701e2bc7c3d4 - clone
[INFO] [stdout]   23:                0x0 - <unknown>
[INFO] [stdout] 
[INFO] [stdout] ---- cli_trycmd_today stdout ----
[INFO] [stdout] 
[INFO] [stdout] thread 'cli_trycmd_today' (5469) panicked at /opt/rustwide/cargo-home/registry/src/index.crates.io-1949cf8c6b5b557f/trycmd-0.15.11/src/runner.rs:123:17:
[INFO] [stdout] 10 of 10 tests failed
[INFO] [stdout] stack backtrace:
[INFO] [stdout]    0:     0x64339a5efb11 - <<std[617be2ca0a6fd877]::sys::backtrace::BacktraceLock>::print::DisplayBacktrace as core[a373ad73a504971]::fmt::Display>::fmt
[INFO] [stdout]    1:     0x64339a605f2a - core[a373ad73a504971]::fmt::write
[INFO] [stdout]    2:     0x64339a5f4d2c - <alloc[2e1b2a31b91974c5]::vec::Vec<u8> as core[a373ad73a504971]::io::write::Write>::write_fmt
[INFO] [stdout]    3:     0x64339a5c7096 - std[617be2ca0a6fd877]::panicking::default_hook::{closure#0}
[INFO] [stdout]    4:     0x64339a5e5cd9 - std[617be2ca0a6fd877]::panicking::default_hook
[INFO] [stdout]    5:     0x64339a57e8c0 - test[aada8e7e76ba119b]::test_main_inner::{closure#0}
[INFO] [stdout]    6:     0x64339a5e6002 - std[617be2ca0a6fd877]::panicking::panic_with_hook
[INFO] [stdout]    7:     0x64339a5c7142 - std[617be2ca0a6fd877]::panicking::panic_handler::{closure#0}
[INFO] [stdout]    8:     0x64339a5bfaa9 - std[617be2ca0a6fd877]::sys::backtrace::__rust_end_short_backtrace::<std[617be2ca0a6fd877]::panicking::panic_handler::{closure#0}, !>
[INFO] [stdout]    9:     0x64339a5c7e3d - __rustc[ea4f61d10b84890b]::rust_begin_unwind
[INFO] [stdout]   10:     0x64339a60668c - core[a373ad73a504971]::panicking::panic_fmt
[INFO] [stdout]   11:     0x64339a4db80e - <trycmd[e8a6aad2643eb859]::runner::Runner>::run
[INFO] [stdout]   12:     0x64339a4d86ef - <trycmd[e8a6aad2643eb859]::cases::TestCases>::run
[INFO] [stdout]   13:     0x64339a4a5eed - core[a373ad73a504971]::ptr::drop_glue::<trycmd[e8a6aad2643eb859]::cases::TestCases>
[INFO] [stdout]   14:     0x64339a4a6572 - cli_trycmd[8c5829395e9ce582]::run_trycmd_cases
[INFO] [stdout]   15:     0x64339a4a70e5 - <cli_trycmd[8c5829395e9ce582]::cli_trycmd_today::{closure#0} as core[a373ad73a504971]::ops::function::FnOnce<()>>::call_once
[INFO] [stdout]   16:     0x64339a571d0b - test[aada8e7e76ba119b]::__rust_begin_short_backtrace::<core[a373ad73a504971]::result::Result<(), alloc[2e1b2a31b91974c5]::string::String>, fn() -> core[a373ad73a504971]::result::Result<(), alloc[2e1b2a31b91974c5]::string::String>>
[INFO] [stdout]   17:     0x64339a57eee5 - test[aada8e7e76ba119b]::run_test::{closure#0}
[INFO] [stdout]   18:     0x64339a5787d4 - std[617be2ca0a6fd877]::sys::backtrace::__rust_begin_short_backtrace::<test[aada8e7e76ba119b]::run_test::{closure#1}, ()>
[INFO] [stdout]   19:     0x64339a581f72 - <std[617be2ca0a6fd877]::thread::lifecycle::spawn_unchecked<test[aada8e7e76ba119b]::run_test::{closure#1}, ()>::{closure#1} as core[a373ad73a504971]::ops::function::FnOnce<()>>::call_once::{shim:vtable#0}
[INFO] [stdout]   20:     0x64339a5eea4f - <std[617be2ca0a6fd877]::sys::thread::unix::Thread>::new::thread_start
[INFO] [stdout]   21:     0x701e2bbe8dfa - <unknown>
[INFO] [stdout]   22:     0x701e2bc7c3d4 - clone
[INFO] [stdout]   23:                0x0 - <unknown>
[INFO] [stdout] 
[INFO] [stdout] 
[INFO] [stdout] failures:
[INFO] [stdout]     cli_trycmd_anytime
[INFO] [stdout]     cli_trycmd_area
[INFO] [stdout]     cli_trycmd_areas
[INFO] [stdout]     cli_trycmd_delete
[INFO] [stdout]     cli_trycmd_edit
[INFO] [stdout]     cli_trycmd_find
[INFO] [stdout]     cli_trycmd_inbox
[INFO] [stdout]     cli_trycmd_logbook
[INFO] [stdout]     cli_trycmd_mark
[INFO] [stdout]     cli_trycmd_new
[INFO] [stdout]     cli_trycmd_project
[INFO] [stdout]     cli_trycmd_projects
[INFO] [stdout]     cli_trycmd_reorder
[INFO] [stdout]     cli_trycmd_schedule
[INFO] [stdout]     cli_trycmd_someday
[INFO] [stdout]     cli_trycmd_tags
[INFO] [stdout]     cli_trycmd_today
[INFO] [stdout]     cli_trycmd_upcoming
[INFO] [stdout] 
[INFO] [stdout] test result: FAILED. 0 passed; 18 failed; 0 ignored; 0 measured; 0 filtered out; finished in 2.25s
[INFO] [stdout] 
[INFO] running `Command { std: "docker" "inspect" "81ae2cad750456359021dcaa09da75fd0f809e002110eb5b6b42dbe8f66e7bc1", kill_on_drop: false }`
[INFO] running `Command { std: "docker" "rm" "-f" "81ae2cad750456359021dcaa09da75fd0f809e002110eb5b6b42dbe8f66e7bc1", kill_on_drop: false }`
[INFO] [stdout] 81ae2cad750456359021dcaa09da75fd0f809e002110eb5b6b42dbe8f66e7bc1
