[INFO] fetching crate thin_delegate 0.2.0...
[INFO] testing thin_delegate-0.2.0 against 1.100.0-beta.1+cargoflags=--release for beta-release-1.100-2
[INFO] extracting crate thin_delegate 0.2.0 into /workspace/builds/worker-3-tc2/source
[INFO] removed /workspace/builds/worker-3-tc2/source/rust-toolchain
[INFO] started tweaking crates.io crate thin_delegate 0.2.0
[INFO] removed 0 missing tests
[INFO] finished tweaking crates.io crate thin_delegate 0.2.0
[INFO] tweaked toml for crates.io crate thin_delegate 0.2.0 written to /workspace/builds/worker-3-tc2/source/Cargo.toml
[INFO] validating manifest of crates.io crate thin_delegate 0.2.0 on toolchain 1.100.0-beta.1
[INFO] running `Command { std: CARGO_HOME="/workspace/cargo-home" RUSTUP_HOME="/workspace/rustup-home" "/workspace/cargo-home/bin/cargo" "+1.100.0-beta.1" "metadata" "--manifest-path" "Cargo.toml" "--no-deps", kill_on_drop: false }`
[INFO] running `Command { std: CARGO_HOME="/workspace/cargo-home" RUSTUP_HOME="/workspace/rustup-home" "/workspace/cargo-home/bin/cargo" "+1.100.0-beta.1" "generate-lockfile" "--manifest-path" "Cargo.toml", kill_on_drop: false }`
[INFO] [stderr]     Updating crates.io index
[INFO] [stderr]      Locking 34 packages to highest compatible versions
[INFO] [stderr]       Adding derive_more v1.0.0 (available: v2.1.1)
[INFO] [stderr]       Adding itertools v0.13.0 (available: v0.15.0)
[INFO] [stderr]       Adding syn v2.0.119 (available: v3.0.9)
[INFO] running `Command { std: CARGO_HOME="/workspace/cargo-home" RUSTUP_HOME="/workspace/rustup-home" "/workspace/cargo-home/bin/cargo" "+1.100.0-beta.1" "fetch" "--manifest-path" "Cargo.toml", kill_on_drop: false }`
[INFO] running `Command { std: "docker" "create" "-v" "/var/lib/crater-agent-workspace/builds/worker-3-tc2/source:/opt/rustwide/workdir:ro,Z" "-v" "/var/lib/crater-agent-workspace/builds/worker-3-tc2/target:/opt/rustwide/target:rw,Z" "-v" "/var/lib/crater-agent-workspace/cargo-home:/opt/rustwide/cargo-home:ro,Z" "-v" "/var/lib/crater-agent-workspace/rustup-home:/opt/rustwide/rustup-home:ro,Z" "-m" "1610612736" "--network" "none" "ghcr.io/rust-lang/crates-build-env/linux@sha256:77db811e55d90add9212f6832c23229e3de5f1c1f9905e8cb07319ea15df73ac" "sleep" "infinity", kill_on_drop: false }`
[INFO] [stdout] ef5bff4710bff32276a7bf762f78562434ac488007b3bd084956189c9cf24f6d
[INFO] running `Command { std: "docker" "start" "ef5bff4710bff32276a7bf762f78562434ac488007b3bd084956189c9cf24f6d", kill_on_drop: false }`
[INFO] running `Command { std: "docker" "inspect" "ef5bff4710bff32276a7bf762f78562434ac488007b3bd084956189c9cf24f6d", kill_on_drop: false }`
[INFO] running `Command { std: "docker" "exec" "-e" "SOURCE_DIR=/opt/rustwide/workdir" "-e" "CARGO_HOME=/opt/rustwide/cargo-home" "-e" "RUSTUP_HOME=/opt/rustwide/rustup-home" "-e" "CARGO_TARGET_DIR=/opt/rustwide/target" "-w" "/opt/rustwide/workdir" "--user" "0:0" "ef5bff4710bff32276a7bf762f78562434ac488007b3bd084956189c9cf24f6d" "/opt/rustwide/cargo-home/bin/cargo" "+1.100.0-beta.1" "metadata" "--no-deps" "--format-version=1", kill_on_drop: false }`
[INFO] running `Command { std: "docker" "inspect" "ef5bff4710bff32276a7bf762f78562434ac488007b3bd084956189c9cf24f6d", kill_on_drop: false }`
[INFO] running `Command { std: "docker" "exec" "-e" "SOURCE_DIR=/opt/rustwide/workdir" "-e" "CARGO_HOME=/opt/rustwide/cargo-home" "-e" "RUSTUP_HOME=/opt/rustwide/rustup-home" "-e" "CARGO_TARGET_DIR=/opt/rustwide/target" "-e" "CARGO_INCREMENTAL=0" "-e" "RUST_BACKTRACE=full" "-e" "RUSTFLAGS=--cap-lints=warn" "-e" "RUSTDOCFLAGS=--cap-lints=warn" "-w" "/opt/rustwide/workdir" "--user" "0:0" "ef5bff4710bff32276a7bf762f78562434ac488007b3bd084956189c9cf24f6d" "/opt/rustwide/cargo-home/bin/cargo" "+1.100.0-beta.1" "build" "--frozen" "--message-format=json" "--release", kill_on_drop: false }`
[INFO] [stderr]    Compiling either v1.19.0
[INFO] [stderr]    Compiling indoc v2.0.8
[INFO] [stderr]    Compiling itertools v0.13.0
[INFO] [stderr]    Compiling thin_delegate v0.2.0 (/opt/rustwide/workdir)
[INFO] [stderr]     Finished `release` profile [optimized] target(s) in 16.13s
[INFO] running `Command { std: "docker" "inspect" "ef5bff4710bff32276a7bf762f78562434ac488007b3bd084956189c9cf24f6d", kill_on_drop: false }`
[INFO] running `Command { std: "docker" "exec" "-e" "SOURCE_DIR=/opt/rustwide/workdir" "-e" "CARGO_HOME=/opt/rustwide/cargo-home" "-e" "RUSTUP_HOME=/opt/rustwide/rustup-home" "-e" "CARGO_TARGET_DIR=/opt/rustwide/target" "-e" "CARGO_INCREMENTAL=0" "-e" "RUST_BACKTRACE=full" "-e" "RUSTFLAGS=--cap-lints=warn" "-e" "RUSTDOCFLAGS=--cap-lints=warn" "-w" "/opt/rustwide/workdir" "--user" "0:0" "ef5bff4710bff32276a7bf762f78562434ac488007b3bd084956189c9cf24f6d" "/opt/rustwide/cargo-home/bin/cargo" "+1.100.0-beta.1" "test" "--frozen" "--no-run" "--message-format=json" "--release", kill_on_drop: false }`
[INFO] [stderr]    Compiling target-tuple v1.0.2
[INFO] [stderr]    Compiling winnow v1.0.4
[INFO] [stderr]    Compiling proc-macro2 v1.0.107
[INFO] [stderr]    Compiling unicode-ident v1.0.27
[INFO] [stderr]    Compiling toml_writer v1.1.3+spec-1.1.0
[INFO] [stderr]    Compiling serde v1.0.229
[INFO] [stderr]    Compiling toml_datetime v1.1.2+spec-1.1.0
[INFO] [stderr]    Compiling serde_spanned v1.1.2
[INFO] [stderr]    Compiling quote v1.0.47
[INFO] [stderr]    Compiling serde_json v1.0.154
[INFO] [stderr]    Compiling derive_more-impl v1.0.0
[INFO] [stderr]    Compiling thin_delegate v0.2.0 (/opt/rustwide/workdir)
[INFO] [stderr]    Compiling either v1.19.0
[INFO] [stderr]    Compiling itertools v0.13.0
[INFO] [stderr]    Compiling toml_parser v1.1.5+spec-1.1.0
[INFO] [stderr]    Compiling derive_more v1.0.0
[INFO] [stderr]    Compiling syn v2.0.119
[INFO] [stderr]    Compiling toml v1.1.8+spec-1.1.0
[INFO] [stderr]    Compiling trybuild v1.0.122
[INFO] [stderr]     Finished `release` profile [optimized] target(s) in 38.24s
[INFO] running `Command { std: "docker" "inspect" "ef5bff4710bff32276a7bf762f78562434ac488007b3bd084956189c9cf24f6d", kill_on_drop: false }`
[INFO] running `Command { std: "docker" "exec" "-e" "SOURCE_DIR=/opt/rustwide/workdir" "-e" "CARGO_HOME=/opt/rustwide/cargo-home" "-e" "RUSTUP_HOME=/opt/rustwide/rustup-home" "-e" "CARGO_TARGET_DIR=/opt/rustwide/target" "-e" "CARGO_INCREMENTAL=0" "-e" "RUST_BACKTRACE=full" "-e" "RUSTFLAGS=--cap-lints=warn" "-e" "RUSTDOCFLAGS=--cap-lints=warn" "-w" "/opt/rustwide/workdir" "--user" "0:0" "ef5bff4710bff32276a7bf762f78562434ac488007b3bd084956189c9cf24f6d" "/opt/rustwide/cargo-home/bin/cargo" "+1.100.0-beta.1" "test" "--frozen" "--release", kill_on_drop: false }`
[INFO] [stderr]     Finished `release` profile [optimized] target(s) in 0.08s
[INFO] [stderr]      Running unittests src/lib.rs (/opt/rustwide/target/release/build/thin_delegate/97f867748847e1cd/out/thin_delegate-97f867748847e1cd)
[INFO] [stdout] 
[INFO] [stdout] running 32 tests
[INFO] [stdout] test generic_param_replacer::tests::type_array_type ... ok
[INFO] [stdout] test generic_param_replacer::tests::type_path ... ok
[INFO] [stdout] test fn_call_replacer::tests::name_conflict ... ok
[INFO] [stdout] test fn_call_replacer::tests::multiple_times ... ok
[INFO] [stdout] test fn_call_replacer::tests::with_args ... ok
[INFO] [stdout] test generic_param_replacer::tests::lifetime ... ok
[INFO] [stdout] test generic_param_replacer::tests::const_expr ... ok
[INFO] [stdout] test tests::delegate_fn_with_default_impl_false ... ok
[INFO] [stdout] test generic_param_replacer::tests::type_path_type ... ok
[INFO] [stdout] test generic_param_replacer::tests::const_path ... ok
[INFO] [stdout] test fill_delegate_args::tests::validate ... ok
[INFO] [stdout] test tests::enum_consume_receiver ... ok
[INFO] [stdout] test generic_param_replacer::tests::type_slice_type ... ok
[INFO] [stdout] test fn_call_replacer::tests::no_args ... ok
[INFO] [stdout] test fill_delegate_args::tests::parsable ... ok
[INFO] [stdout] test tests::enum_ref_mut_receiver ... ok
[INFO] [stdout] test tests::generics_specilize_complex ... ok
[INFO] [stdout] test tests::generics_specilize_lifetime ... ok
[INFO] [stdout] test external_trait_def_args::tests::parsable ... ok
[INFO] [stdout] test tests::generics_enum ... ok
[INFO] [stdout] test tests::super_trait ... ok
[INFO] [stdout] test tests::struct_with_unnamed_field ... ok
[INFO] [stdout] test tests::generics_struct ... ok
[INFO] [stdout] test tests::r#enum ... ok
[INFO] [stdout] test tests::struct_with_named_field ... ok
[INFO] [stdout] test tests::items_in_impl ... ok
[INFO] [stdout] test tests::macro_in_impl ... ok
[INFO] [stdout] test tests::struct_ref_mut_receiver ... ok
[INFO] [stdout] test tests::struct_consume_receiver ... ok
[INFO] [stdout] test tests::method_with_args ... ok
[INFO] [stdout] test tests::scheme_enum ... ok
[INFO] [stdout] test tests::scheme ... ok
[INFO] [stdout] 
[INFO] [stdout] test result: ok. 32 passed; 0 failed; 0 ignored; 0 measured; 0 filtered out; finished in 0.02s
[INFO] [stdout] 
[INFO] [stderr]      Running tests/test.rs (/opt/rustwide/target/release/build/thin_delegate/93b7ce86cf45ec43/out/tests-93b7ce86cf45ec43)
[INFO] [stdout] 
[INFO] [stdout] running 1 test
[INFO] [stderr]    Compiling proc-macro2 v1.0.107
[INFO] [stderr]    Compiling quote v1.0.47
[INFO] [stderr]    Compiling unicode-ident v1.0.27
[INFO] [stderr]    Compiling either v1.19.0
[INFO] [stderr]    Compiling indoc v2.0.8
[INFO] [stderr]    Compiling itertools v0.13.0
[INFO] [stderr]    Compiling syn v2.0.119
[INFO] [stderr]    Compiling derive_more-impl v1.0.0
[INFO] [stderr]    Compiling thin_delegate v0.2.0 (/opt/rustwide/workdir)
[INFO] [stderr]    Compiling derive_more v1.0.0
[INFO] [stderr]    Compiling thin_delegate-tests v0.0.0 (/opt/rustwide/target/tests/trybuild/thin_delegate)
[INFO] [stderr]     Finished `dev` profile [unoptimized + debuginfo] target(s) in 13.38s
[INFO] [stderr] 
[INFO] [stderr] 
[INFO] [stderr] test tests/ui/pass_delegate_fn_with_default_impl.rs [should pass] ... ok
[INFO] [stderr] test tests/ui/pass_enum.rs [should pass] ... ok
[INFO] [stderr] test tests/ui/pass_external_trait_def.rs [should pass] ... ok
[INFO] [stderr] test tests/ui/pass_external_trait_def_with_uses.rs [should pass] ... ok
[INFO] [stderr] test tests/ui/pass_fill_missing_functions_in_impl.rs [should pass] ... ok
[INFO] [stderr] test tests/ui/pass_gat.rs [should pass] ... ok
[INFO] [stderr] test tests/ui/pass_generics_const.rs [should pass] ... ok
[INFO] [stderr] test tests/ui/pass_generics_specialize_complex.rs [should pass] ... ok
[INFO] [stderr] 
[INFO] [stderr] WARNINGS:
[INFO] [stderr] ┈┈┈┈┈┈┈┈┈┈┈┈┈┈┈┈┈┈┈┈┈┈┈┈┈┈┈┈┈┈┈┈┈┈┈┈┈┈┈┈┈┈┈┈┈┈┈┈┈┈┈┈┈┈┈┈┈┈┈┈
[INFO] [stderr] warning: unnecessary parentheses around type
[INFO] [stderr]   --> tests/ui/pass_generics_specialize_complex.rs:17:12
[INFO] [stderr]    |
[INFO] [stderr] 17 | impl AsRef<(dyn Fn(usize) -> usize + 'static)> for Hoge {}
[INFO] [stderr]    |            ^                                ^
[INFO] [stderr]    |
[INFO] [stderr]    = note: `#[warn(unused_parens)]` (part of `#[warn(unused)]`) on by default
[INFO] [stderr] help: remove these parentheses
[INFO] [stderr]    |
[INFO] [stderr] 17 - impl AsRef<(dyn Fn(usize) -> usize + 'static)> for Hoge {}
[INFO] [stderr] 17 + impl AsRef<dyn Fn(usize) -> usize + 'static> for Hoge {}
[INFO] [stderr]    |
[INFO] [stderr] ┈┈┈┈┈┈┈┈┈┈┈┈┈┈┈┈┈┈┈┈┈┈┈┈┈┈┈┈┈┈┈┈┈┈┈┈┈┈┈┈┈┈┈┈┈┈┈┈┈┈┈┈┈┈┈┈┈┈┈┈
[INFO] [stderr] 
[INFO] [stderr] STDERR:
[INFO] [stderr] ┈┈┈┈┈┈┈┈┈┈┈┈┈┈┈┈┈┈┈┈┈┈┈┈┈┈┈┈┈┈┈┈┈┈┈┈┈┈┈┈┈┈┈┈┈┈┈┈┈┈┈┈┈┈┈┈┈┈┈┈
[INFO] [stderr] warning: unnecessary parentheses around type
[INFO] [stderr]   --> /opt/rustwide/workdir/tests/ui/pass_generics_specialize_complex.rs:17:12
[INFO] [stderr]    |
[INFO] [stderr] 17 | impl AsRef<(dyn Fn(usize) -> usize + 'static)> for Hoge {}
[INFO] [stderr]    |            ^                                ^
[INFO] [stderr]    |
[INFO] [stderr]    = note: `#[warn(unused_parens)]` (part of `#[warn(unused)]`) on by default
[INFO] [stderr] help: remove these parentheses
[INFO] [stderr]    |
[INFO] [stderr] 17 - impl AsRef<(dyn Fn(usize) -> usize + 'static)> for Hoge {}
[INFO] [stderr] 17 + impl AsRef<dyn Fn(usize) -> usize + 'static> for Hoge {}
[INFO] [stderr]    |
[INFO] [stderr] ┈┈┈┈┈┈┈┈┈┈┈┈┈┈┈┈┈┈┈┈┈┈┈┈┈┈┈┈┈┈┈┈┈┈┈┈┈┈┈┈┈┈┈┈┈┈┈┈┈┈┈┈┈┈┈┈┈┈┈┈
[INFO] [stderr] 
[INFO] [stderr] test tests/ui/pass_method_with_args.rs [should pass] ... ok
[INFO] [stderr] test tests/ui/pass_multiple_fill_delegate.rs [should pass] ... ok
[INFO] [stderr] test tests/ui/pass_name_conflict.rs [should pass] ... ok
[INFO] [stderr] test tests/ui/pass_receivers.rs [should pass] ... ok
[INFO] [stderr] test tests/ui/pass_register_in_multiple_modules.rs [should pass] ... ok
[INFO] [stderr] test tests/ui/pass_scheme.rs [should pass] ... ok
[INFO] [stderr] test tests/ui/pass_scheme_enum.rs [should pass] ... ok
[INFO] [stderr] test tests/ui/pass_scheme_name_conflict.rs [should pass] ... ok
[INFO] [stderr] test tests/ui/pass_scheme_with_receivers.rs [should pass] ... ok
[INFO] [stderr] test tests/ui/pass_substitute_generic_params.rs [should pass] ... ok
[INFO] [stderr] test tests/ui/pass_super_trait.rs [should pass] ... ok
[INFO] [stderr] test tests/ui/pass_use_twice.rs [should pass] ... ok
[INFO] [stderr] test tests/ui/fail_intended_limitation_associated_const_misning.rs [should fail to compile] ... ok
[INFO] [stderr] test tests/ui/fail_intended_limitation_associated_type_missing.rs [should fail to compile] ... mismatch
[INFO] [stderr] 
[INFO] [stderr] EXPECTED:
[INFO] [stderr] ┈┈┈┈┈┈┈┈┈┈┈┈┈┈┈┈┈┈┈┈┈┈┈┈┈┈┈┈┈┈┈┈┈┈┈┈┈┈┈┈┈┈┈┈┈┈┈┈┈┈┈┈┈┈┈┈┈┈┈┈
[INFO] [stderr] error[E0046]: not all trait items implemented, missing: `Return`
[INFO] [stderr]   --> tests/ui/fail_intended_limitation_associated_type_missing.rs:36:1
[INFO] [stderr]    |
[INFO] [stderr] 8  |     type Return;
[INFO] [stderr]    |     ----------- `Return` from trait
[INFO] [stderr] ...
[INFO] [stderr] 36 | impl Hello for Hoge {
[INFO] [stderr]    | ^^^^^^^^^^^^^^^^^^^ missing `Return` in implementation
[INFO] [stderr] ┈┈┈┈┈┈┈┈┈┈┈┈┈┈┈┈┈┈┈┈┈┈┈┈┈┈┈┈┈┈┈┈┈┈┈┈┈┈┈┈┈┈┈┈┈┈┈┈┈┈┈┈┈┈┈┈┈┈┈┈
[INFO] [stderr] 
[INFO] [stderr] ACTUAL OUTPUT:
[INFO] [stderr] ┈┈┈┈┈┈┈┈┈┈┈┈┈┈┈┈┈┈┈┈┈┈┈┈┈┈┈┈┈┈┈┈┈┈┈┈┈┈┈┈┈┈┈┈┈┈┈┈┈┈┈┈┈┈┈┈┈┈┈┈
[INFO] [stderr] error[E0046]: not all trait items implemented, missing: `Return`
[INFO] [stderr]   --> tests/ui/fail_intended_limitation_associated_type_missing.rs:36:1
[INFO] [stderr]    |
[INFO] [stderr]  8 |     type Return;
[INFO] [stderr]    |     ----------- `Return` from trait
[INFO] [stderr] ...
[INFO] [stderr] 36 | impl Hello for Hoge {
[INFO] [stderr]    | ^^^^^^^^^^^^^^^^^^^ missing `Return` in implementation
[INFO] [stderr] ┈┈┈┈┈┈┈┈┈┈┈┈┈┈┈┈┈┈┈┈┈┈┈┈┈┈┈┈┈┈┈┈┈┈┈┈┈┈┈┈┈┈┈┈┈┈┈┈┈┈┈┈┈┈┈┈┈┈┈┈
[INFO] [stderr] note: If the actual output is the correct output you can bless it by rerunning
[INFO] [stderr]       your test with the environment variable TRYBUILD=overwrite
[INFO] [stderr] 
[INFO] [stderr] test tests/ui/fail_intended_limitation_fields_of_enum_must_be_a_field.rs [should fail to compile] ... mismatch
[INFO] [stderr] 
[INFO] [stderr] EXPECTED:
[INFO] [stderr] ┈┈┈┈┈┈┈┈┈┈┈┈┈┈┈┈┈┈┈┈┈┈┈┈┈┈┈┈┈┈┈┈┈┈┈┈┈┈┈┈┈┈┈┈┈┈┈┈┈┈┈┈┈┈┈┈┈┈┈┈
[INFO] [stderr] error: fields of enum variant must be a field
[INFO] [stderr]   --> tests/ui/fail_intended_limitation_fields_of_enum_must_be_a_field.rs:28:5
[INFO] [stderr]    |
[INFO] [stderr] 28 |     Unit,
[INFO] [stderr]    |     ^^^^
[INFO] [stderr] ...
[INFO] [stderr] 31 | #[thin_delegate::fill_delegate(external_trait_def = __external_trait_def)]
[INFO] [stderr]    | -------------------------------------------------------------------------- in this procedural macro expansion
[INFO] [stderr]    |
[INFO] [stderr]    = note: this error originates in the macro `__thin_delegate__feed_structenum_def_of_Unit` which comes from the expansion of the attribute macro `thin_delegate::fill_delegate` (in Nightly builds, run with -Z macro-backtrace for more info)
[INFO] [stderr] 
[INFO] [stderr] error: fields of enum variant must be a field
[INFO] [stderr]   --> tests/ui/fail_intended_limitation_fields_of_enum_must_be_a_field.rs:20:12
[INFO] [stderr]    |
[INFO] [stderr] 20 |     Unnamed(String, String),
[INFO] [stderr]    |            ^^^^^^^^^^^^^^^^
[INFO] [stderr] ...
[INFO] [stderr] 23 | #[thin_delegate::fill_delegate(external_trait_def = __external_trait_def)]
[INFO] [stderr]    | -------------------------------------------------------------------------- in this procedural macro expansion
[INFO] [stderr]    |
[INFO] [stderr]    = note: this error originates in the macro `__thin_delegate__feed_structenum_def_of_Unnamed` which comes from the expansion of the attribute macro `thin_delegate::fill_delegate` (in Nightly builds, run with -Z macro-backtrace for more info)
[INFO] [stderr] 
[INFO] [stderr] error: fields of enum variant must be a field
[INFO] [stderr]   --> tests/ui/fail_intended_limitation_fields_of_enum_must_be_a_field.rs:12:11
[INFO] [stderr]    |
[INFO] [stderr] 12 |     Named { x: String, y: String },
[INFO] [stderr]    |           ^^^^^^^^^^^^^^^^^^^^^^^^
[INFO] [stderr] ...
[INFO] [stderr] 15 | #[thin_delegate::fill_delegate(external_trait_def = __external_trait_def)]
[INFO] [stderr]    | -------------------------------------------------------------------------- in this procedural macro expansion
[INFO] [stderr]    |
[INFO] [stderr]    = note: this error originates in the macro `__thin_delegate__feed_structenum_def_of_Named` which comes from the expansion of the attribute macro `thin_delegate::fill_delegate` (in Nightly builds, run with -Z macro-backtrace for more info)
[INFO] [stderr] ┈┈┈┈┈┈┈┈┈┈┈┈┈┈┈┈┈┈┈┈┈┈┈┈┈┈┈┈┈┈┈┈┈┈┈┈┈┈┈┈┈┈┈┈┈┈┈┈┈┈┈┈┈┈┈┈┈┈┈┈
[INFO] [stderr] 
[INFO] [stderr] ACTUAL OUTPUT:
[INFO] [stderr] ┈┈┈┈┈┈┈┈┈┈┈┈┈┈┈┈┈┈┈┈┈┈┈┈┈┈┈┈┈┈┈┈┈┈┈┈┈┈┈┈┈┈┈┈┈┈┈┈┈┈┈┈┈┈┈┈┈┈┈┈
[INFO] [stderr] error: fields of enum variant must be a field
[INFO] [stderr]   --> tests/ui/fail_intended_limitation_fields_of_enum_must_be_a_field.rs:28:5
[INFO] [stderr]    |
[INFO] [stderr] 28 |     Unit,
[INFO] [stderr]    |     ^^^^
[INFO] [stderr] ...
[INFO] [stderr] 31 | #[thin_delegate::fill_delegate(external_trait_def = __external_trait_def)]
[INFO] [stderr]    | -------------------------------------------------------------------------- in this attribute macro expansion
[INFO] [stderr]    |
[INFO] [stderr]    = note: this error originates in the macro `__thin_delegate__feed_structenum_def_of_Unit` which comes from the expansion of the attribute macro `thin_delegate::fill_delegate` (in Nightly builds, run with -Z macro-backtrace for more info)
[INFO] [stderr] 
[INFO] [stderr] error: fields of enum variant must be a field
[INFO] [stderr]   --> tests/ui/fail_intended_limitation_fields_of_enum_must_be_a_field.rs:20:12
[INFO] [stderr]    |
[INFO] [stderr] 20 |     Unnamed(String, String),
[INFO] [stderr]    |            ^^^^^^^^^^^^^^^^
[INFO] [stderr] ...
[INFO] [stderr] 23 | #[thin_delegate::fill_delegate(external_trait_def = __external_trait_def)]
[INFO] [stderr]    | -------------------------------------------------------------------------- in this attribute macro expansion
[INFO] [stderr]    |
[INFO] [stderr]    = note: this error originates in the macro `__thin_delegate__feed_structenum_def_of_Unnamed` which comes from the expansion of the attribute macro `thin_delegate::fill_delegate` (in Nightly builds, run with -Z macro-backtrace for more info)
[INFO] [stderr] 
[INFO] [stderr] error: fields of enum variant must be a field
[INFO] [stderr]   --> tests/ui/fail_intended_limitation_fields_of_enum_must_be_a_field.rs:12:11
[INFO] [stderr]    |
[INFO] [stderr] 12 |     Named { x: String, y: String },
[INFO] [stderr]    |           ^^^^^^^^^^^^^^^^^^^^^^^^
[INFO] [stderr] ...
[INFO] [stderr] 15 | #[thin_delegate::fill_delegate(external_trait_def = __external_trait_def)]
[INFO] [stderr]    | -------------------------------------------------------------------------- in this attribute macro expansion
[INFO] [stderr]    |
[INFO] [stderr]    = note: this error originates in the macro `__thin_delegate__feed_structenum_def_of_Named` which comes from the expansion of the attribute macro `thin_delegate::fill_delegate` (in Nightly builds, run with -Z macro-backtrace for more info)
[INFO] [stderr] ┈┈┈┈┈┈┈┈┈┈┈┈┈┈┈┈┈┈┈┈┈┈┈┈┈┈┈┈┈┈┈┈┈┈┈┈┈┈┈┈┈┈┈┈┈┈┈┈┈┈┈┈┈┈┈┈┈┈┈┈
[INFO] [stderr] note: If the actual output is the correct output you can bless it by rerunning
[INFO] [stderr]       your test with the environment variable TRYBUILD=overwrite
[INFO] [stderr] 
[INFO] [stderr] test tests/ui/fail_limitation_scheme_with_receivers.rs [should fail to compile] ... mismatch
[INFO] [stderr] 
[INFO] [stderr] EXPECTED:
[INFO] [stderr] ┈┈┈┈┈┈┈┈┈┈┈┈┈┈┈┈┈┈┈┈┈┈┈┈┈┈┈┈┈┈┈┈┈┈┈┈┈┈┈┈┈┈┈┈┈┈┈┈┈┈┈┈┈┈┈┈┈┈┈┈
[INFO] [stderr] error[E0277]: the trait bound `&mut usize: Hello` is not satisfied
[INFO] [stderr]   --> tests/ui/fail_limitation_scheme_with_receivers.rs:35:47
[INFO] [stderr]    |
[INFO] [stderr] 5  |     fn hello_consume(self, prefix: &str) -> String;
[INFO] [stderr]    |        ------------- required by a bound introduced by this call
[INFO] [stderr] ...
[INFO] [stderr] 35 | #[thin_delegate::fill_delegate(scheme = |f| f(&mut self.key()))]
[INFO] [stderr]    |                                               ^^^^^^^^^^^^^^^ the trait `Hello` is not implemented for `&mut usize`
[INFO] [stderr]    |
[INFO] [stderr]    = note: this error originates in the macro `__thin_delegate__trampoline2` which comes from the expansion of the attribute macro `thin_delegate::fill_delegate` (in Nightly builds, run with -Z macro-backtrace for more info)
[INFO] [stderr] help: consider removing the leading `&`-reference
[INFO] [stderr]    |
[INFO] [stderr] 35 - #[thin_delegate::fill_delegate(scheme = |f| f(&mut self.key()))]
[INFO] [stderr] 35 + #[thin_delegate::fill_delegate(scheme = |f| f(self.key()))]
[INFO] [stderr]    |
[INFO] [stderr] ┈┈┈┈┈┈┈┈┈┈┈┈┈┈┈┈┈┈┈┈┈┈┈┈┈┈┈┈┈┈┈┈┈┈┈┈┈┈┈┈┈┈┈┈┈┈┈┈┈┈┈┈┈┈┈┈┈┈┈┈
[INFO] [stderr] 
[INFO] [stderr] ACTUAL OUTPUT:
[INFO] [stderr] ┈┈┈┈┈┈┈┈┈┈┈┈┈┈┈┈┈┈┈┈┈┈┈┈┈┈┈┈┈┈┈┈┈┈┈┈┈┈┈┈┈┈┈┈┈┈┈┈┈┈┈┈┈┈┈┈┈┈┈┈
[INFO] [stderr] error[E0277]: the trait bound `&mut usize: Hello` is not satisfied
[INFO] [stderr]   --> tests/ui/fail_limitation_scheme_with_receivers.rs:35:47
[INFO] [stderr]    |
[INFO] [stderr]  5 |     fn hello_consume(self, prefix: &str) -> String;
[INFO] [stderr]    |        ------------- required by a bound introduced by this call
[INFO] [stderr] ...
[INFO] [stderr] 35 | #[thin_delegate::fill_delegate(scheme = |f| f(&mut self.key()))]
[INFO] [stderr]    |                                               ^^^^^^^^^^^^^^^ the trait `Hello` is not implemented for `&mut usize`
[INFO] [stderr]    |
[INFO] [stderr] help: consider removing the leading `&`-reference
[INFO] [stderr]    |
[INFO] [stderr] 35 - #[thin_delegate::fill_delegate(scheme = |f| f(&mut self.key()))]
[INFO] [stderr] 35 + #[thin_delegate::fill_delegate(scheme = |f| f(self.key()))]
[INFO] [stderr]    |
[INFO] [stderr] ┈┈┈┈┈┈┈┈┈┈┈┈┈┈┈┈┈┈┈┈┈┈┈┈┈┈┈┈┈┈┈┈┈┈┈┈┈┈┈┈┈┈┈┈┈┈┈┈┈┈┈┈┈┈┈┈┈┈┈┈
[INFO] [stderr] note: If the actual output is the correct output you can bless it by rerunning
[INFO] [stderr]       your test with the environment variable TRYBUILD=overwrite
[INFO] [stderr] 
[INFO] [stderr] test tests/ui/fail_user_error_external_trait_def_no_with_uses.rs [should fail to compile] ... mismatch
[INFO] [stderr] 
[INFO] [stderr] EXPECTED:
[INFO] [stderr] ┈┈┈┈┈┈┈┈┈┈┈┈┈┈┈┈┈┈┈┈┈┈┈┈┈┈┈┈┈┈┈┈┈┈┈┈┈┈┈┈┈┈┈┈┈┈┈┈┈┈┈┈┈┈┈┈┈┈┈┈
[INFO] [stderr] error[E0412]: cannot find type `Arg` in this scope
[INFO] [stderr]   --> tests/ui/fail_user_error_external_trait_def_no_with_uses.rs:43:27
[INFO] [stderr]    |
[INFO] [stderr] 43 |         fn hi(&self, arg: Arg) -> String;
[INFO] [stderr]    |                           ^^^ not found in this scope
[INFO] [stderr] ...
[INFO] [stderr] 55 | #[thin_delegate::fill_delegate(external_trait_def = __external_trait_def)]
[INFO] [stderr]    | -------------------------------------------------------------------------- in this procedural macro expansion
[INFO] [stderr]    |
[INFO] [stderr]    = note: this error originates in the macro `__external_trait_def::__thin_delegate__feed_trait_def_of_external_Hi` which comes from the expansion of the attribute macro `thin_delegate::fill_delegate` (in Nightly builds, run with -Z macro-backtrace for more info)
[INFO] [stderr] help: consider importing this struct
[INFO] [stderr]    |
[INFO] [stderr] 4  + use crate::external::Arg;
[INFO] [stderr]    |
[INFO] [stderr] 
[INFO] [stderr] warning: unused import: `crate::external::Arg`
[INFO] [stderr]   --> tests/ui/fail_user_error_external_trait_def_no_with_uses.rs:31:9
[INFO] [stderr]    |
[INFO] [stderr] 31 |     use crate::external::Arg;
[INFO] [stderr]    |         ^^^^^^^^^^^^^^^^^^^^
[INFO] [stderr]    |
[INFO] [stderr]    = note: `#[warn(unused_imports)]` on by default
[INFO] [stderr] ┈┈┈┈┈┈┈┈┈┈┈┈┈┈┈┈┈┈┈┈┈┈┈┈┈┈┈┈┈┈┈┈┈┈┈┈┈┈┈┈┈┈┈┈┈┈┈┈┈┈┈┈┈┈┈┈┈┈┈┈
[INFO] [stderr] 
[INFO] [stderr] ACTUAL OUTPUT:
[INFO] [stderr] ┈┈┈┈┈┈┈┈┈┈┈┈┈┈┈┈┈┈┈┈┈┈┈┈┈┈┈┈┈┈┈┈┈┈┈┈┈┈┈┈┈┈┈┈┈┈┈┈┈┈┈┈┈┈┈┈┈┈┈┈
[INFO] [stderr] error[E0425]: cannot find type `Arg` in this scope
[INFO] [stderr]   --> tests/ui/fail_user_error_external_trait_def_no_with_uses.rs:43:27
[INFO] [stderr]    |
[INFO] [stderr] 43 |         fn hi(&self, arg: Arg) -> String;
[INFO] [stderr]    |                           ^^^ not found in this scope
[INFO] [stderr] ...
[INFO] [stderr] 55 | #[thin_delegate::fill_delegate(external_trait_def = __external_trait_def)]
[INFO] [stderr]    | -------------------------------------------------------------------------- in this attribute macro expansion
[INFO] [stderr]    |
[INFO] [stderr]    = note: this error originates in the macro `__external_trait_def::__thin_delegate__feed_trait_def_of_external_Hi` which comes from the expansion of the attribute macro `thin_delegate::fill_delegate` (in Nightly builds, run with -Z macro-backtrace for more info)
[INFO] [stderr] help: consider importing this struct
[INFO] [stderr]    |
[INFO] [stderr]  4 + use crate::external::Arg;
[INFO] [stderr]    |
[INFO] [stderr] 
[INFO] [stderr] warning: unused import: `crate::external::Arg`
[INFO] [stderr]   --> tests/ui/fail_user_error_external_trait_def_no_with_uses.rs:31:9
[INFO] [stderr]    |
[INFO] [stderr] 31 |     use crate::external::Arg;
[INFO] [stderr]    |         ^^^^^^^^^^^^^^^^^^^^
[INFO] [stderr]    |
[INFO] [stderr]    = note: `#[warn(unused_imports)]` (part of `#[warn(unused)]`) on by default
[INFO] [stderr] ┈┈┈┈┈┈┈┈┈┈┈┈┈┈┈┈┈┈┈┈┈┈┈┈┈┈┈┈┈┈┈┈┈┈┈┈┈┈┈┈┈┈┈┈┈┈┈┈┈┈┈┈┈┈┈┈┈┈┈┈
[INFO] [stderr] note: If the actual output is the correct output you can bless it by rerunning
[INFO] [stderr]       your test with the environment variable TRYBUILD=overwrite
[INFO] [stderr] 
[INFO] [stderr] test tests/ui/fail_user_error_external_trait_def_register_missing.rs [should fail to compile] ... ok
[INFO] [stderr] test tests/ui/fail_user_error_fill_delegate_for_impl_without_trait.rs [should fail to compile] ... ok
[INFO] [stderr] test tests/ui/fail_user_error_num_of_generic_parameters_differ.rs [should fail to compile] ... mismatch
[INFO] [stderr] 
[INFO] [stderr] EXPECTED:
[INFO] [stderr] ┈┈┈┈┈┈┈┈┈┈┈┈┈┈┈┈┈┈┈┈┈┈┈┈┈┈┈┈┈┈┈┈┈┈┈┈┈┈┈┈┈┈┈┈┈┈┈┈┈┈┈┈┈┈┈┈┈┈┈┈
[INFO] [stderr] error: number of generic parameters must coinside:
[INFO] [stderr]            in definition of trait         = < T >
[INFO] [stderr]            in definition of derive target = < u8, u16 >
[INFO] [stderr]   --> tests/ui/fail_user_error_num_of_generic_parameters_differ.rs:25:11
[INFO] [stderr]    |
[INFO] [stderr] 25 | impl Hello<u8, u16> for Hoge {}
[INFO] [stderr]    |           ^^^^^^^^^
[INFO] [stderr] ┈┈┈┈┈┈┈┈┈┈┈┈┈┈┈┈┈┈┈┈┈┈┈┈┈┈┈┈┈┈┈┈┈┈┈┈┈┈┈┈┈┈┈┈┈┈┈┈┈┈┈┈┈┈┈┈┈┈┈┈
[INFO] [stderr] 
[INFO] [stderr] ACTUAL OUTPUT:
[INFO] [stderr] ┈┈┈┈┈┈┈┈┈┈┈┈┈┈┈┈┈┈┈┈┈┈┈┈┈┈┈┈┈┈┈┈┈┈┈┈┈┈┈┈┈┈┈┈┈┈┈┈┈┈┈┈┈┈┈┈┈┈┈┈
[INFO] [stderr] error: number of generic parameters must coinside:
[INFO] [stderr]            in definition of trait         = < T >
[INFO] [stderr]            in definition of derive target = < u8, u16 >
[INFO] [stderr] 
[INFO] [stderr]   --> tests/ui/fail_user_error_num_of_generic_parameters_differ.rs:25:11
[INFO] [stderr]    |
[INFO] [stderr] 25 | impl Hello<u8, u16> for Hoge {}
[INFO] [stderr]    |           ^^^^^^^^^
[INFO] [stderr] ┈┈┈┈┈┈┈┈┈┈┈┈┈┈┈┈┈┈┈┈┈┈┈┈┈┈┈┈┈┈┈┈┈┈┈┈┈┈┈┈┈┈┈┈┈┈┈┈┈┈┈┈┈┈┈┈┈┈┈┈
[INFO] [stderr] note: If the actual output is the correct output you can bless it by rerunning
[INFO] [stderr]       your test with the environment variable TRYBUILD=overwrite
[INFO] [stderr] 
[INFO] [stderr] test tests/ui/fail_user_error_parameter_cant_substituted_to_argument.rs [should fail to compile] ... mismatch
[INFO] [stderr] 
[INFO] [stderr] EXPECTED:
[INFO] [stderr] ┈┈┈┈┈┈┈┈┈┈┈┈┈┈┈┈┈┈┈┈┈┈┈┈┈┈┈┈┈┈┈┈┈┈┈┈┈┈┈┈┈┈┈┈┈┈┈┈┈┈┈┈┈┈┈┈┈┈┈┈
[INFO] [stderr] error: parameter can't be substituted to argument:
[INFO] [stderr]            in definition of trait         = < 'a, T >
[INFO] [stderr]            in definition of derive target = < String, String >
[INFO] [stderr]   --> tests/ui/fail_user_error_parameter_cant_substituted_to_argument.rs:10:12
[INFO] [stderr]    |
[INFO] [stderr] 10 | impl Hello<String, String> for Hoge {}
[INFO] [stderr]    |            ^^^^^^
[INFO] [stderr] ┈┈┈┈┈┈┈┈┈┈┈┈┈┈┈┈┈┈┈┈┈┈┈┈┈┈┈┈┈┈┈┈┈┈┈┈┈┈┈┈┈┈┈┈┈┈┈┈┈┈┈┈┈┈┈┈┈┈┈┈
[INFO] [stderr] 
[INFO] [stderr] ACTUAL OUTPUT:
[INFO] [stderr] ┈┈┈┈┈┈┈┈┈┈┈┈┈┈┈┈┈┈┈┈┈┈┈┈┈┈┈┈┈┈┈┈┈┈┈┈┈┈┈┈┈┈┈┈┈┈┈┈┈┈┈┈┈┈┈┈┈┈┈┈
[INFO] [stderr] error: parameter can't be substituted to argument:
[INFO] [stderr]            in definition of trait         = < 'a, T >
[INFO] [stderr]            in definition of derive target = < String, String >
[INFO] [stderr] 
[INFO] [stderr]   --> tests/ui/fail_user_error_parameter_cant_substituted_to_argument.rs:10:12
[INFO] [stderr]    |
[INFO] [stderr] 10 | impl Hello<String, String> for Hoge {}
[INFO] [stderr]    |            ^^^^^^
[INFO] [stderr] ┈┈┈┈┈┈┈┈┈┈┈┈┈┈┈┈┈┈┈┈┈┈┈┈┈┈┈┈┈┈┈┈┈┈┈┈┈┈┈┈┈┈┈┈┈┈┈┈┈┈┈┈┈┈┈┈┈┈┈┈
[INFO] [stderr] note: If the actual output is the correct output you can bless it by rerunning
[INFO] [stderr]       your test with the environment variable TRYBUILD=overwrite
[INFO] [stderr] 
[INFO] [stderr] test tests/ui/fail_user_error_register_for_invalid_item.rs [should fail to compile] ... ok
[INFO] [stderr] test tests/ui/fail_user_error_register_for_structenum_missing.rs [should fail to compile] ... mismatch
[INFO] [stderr] 
[INFO] [stderr] EXPECTED:
[INFO] [stderr] ┈┈┈┈┈┈┈┈┈┈┈┈┈┈┈┈┈┈┈┈┈┈┈┈┈┈┈┈┈┈┈┈┈┈┈┈┈┈┈┈┈┈┈┈┈┈┈┈┈┈┈┈┈┈┈┈┈┈┈┈
[INFO] [stderr] error: cannot find macro `__thin_delegate__feed_structenum_def_of_Hoge` in this scope
[INFO] [stderr]   --> tests/ui/fail_user_error_register_for_structenum_missing.rs:13:16
[INFO] [stderr]    |
[INFO] [stderr] 1  | #[thin_delegate::register]
[INFO] [stderr]    | -------------------------- similarly named macro `__thin_delegate__feed_trait_def_of_Hello` defined here
[INFO] [stderr] ...
[INFO] [stderr] 12 | #[thin_delegate::fill_delegate]
[INFO] [stderr]    | ------------------------------- in this procedural macro expansion
[INFO] [stderr] 13 | impl Hello for Hoge {}
[INFO] [stderr]    |                ^^^^ help: a macro with a similar name exists: `__thin_delegate__feed_trait_def_of_Hello`
[INFO] [stderr]    |
[INFO] [stderr]    = note: this error originates in the macro `__thin_delegate__trampoline1` which comes from the expansion of the attribute macro `thin_delegate::fill_delegate` (in Nightly builds, run with -Z macro-backtrace for more info)
[INFO] [stderr] ┈┈┈┈┈┈┈┈┈┈┈┈┈┈┈┈┈┈┈┈┈┈┈┈┈┈┈┈┈┈┈┈┈┈┈┈┈┈┈┈┈┈┈┈┈┈┈┈┈┈┈┈┈┈┈┈┈┈┈┈
[INFO] [stderr] 
[INFO] [stderr] ACTUAL OUTPUT:
[INFO] [stderr] ┈┈┈┈┈┈┈┈┈┈┈┈┈┈┈┈┈┈┈┈┈┈┈┈┈┈┈┈┈┈┈┈┈┈┈┈┈┈┈┈┈┈┈┈┈┈┈┈┈┈┈┈┈┈┈┈┈┈┈┈
[INFO] [stderr] error: cannot find macro `__thin_delegate__feed_structenum_def_of_Hoge` in this scope
[INFO] [stderr]   --> tests/ui/fail_user_error_register_for_structenum_missing.rs:13:16
[INFO] [stderr]    |
[INFO] [stderr] 12 | #[thin_delegate::fill_delegate]
[INFO] [stderr]    | ------------------------------- in this attribute macro expansion
[INFO] [stderr] 13 | impl Hello for Hoge {}
[INFO] [stderr]    |                ^^^^
[INFO] [stderr]    |
[INFO] [stderr] note: similarly named macro `__thin_delegate__feed_trait_def_of_Hello` defined here
[INFO] [stderr]   --> tests/ui/fail_user_error_register_for_structenum_missing.rs:1:1
[INFO] [stderr]    |
[INFO] [stderr]  1 | #[thin_delegate::register]
[INFO] [stderr]    | ^^^^^^^^^^^^^^^^^^^^^^^^^^
[INFO] [stderr]    = note: this error originates in the macro `__thin_delegate__trampoline1` which comes from the expansion of the attribute macro `thin_delegate::register` (in Nightly builds, run with -Z macro-backtrace for more info)
[INFO] [stderr] help: a macro with a similar name exists
[INFO] [stderr]    |
[INFO] [stderr] 13 - impl Hello for Hoge {}
[INFO] [stderr] 13 + impl Hello for __thin_delegate__feed_trait_def_of_Hello {}
[INFO] [stderr]    |
[INFO] [stderr] ┈┈┈┈┈┈┈┈┈┈┈┈┈┈┈┈┈┈┈┈┈┈┈┈┈┈┈┈┈┈┈┈┈┈┈┈┈┈┈┈┈┈┈┈┈┈┈┈┈┈┈┈┈┈┈┈┈┈┈┈
[INFO] [stderr] note: If the actual output is the correct output you can bless it by rerunning
[INFO] [stderr]       your test with the environment variable TRYBUILD=overwrite
[INFO] [stderr] 
[INFO] [stderr] test tests/ui/fail_user_error_register_for_trait_and_structenum_missing.rs [should fail to compile] ... ok
[INFO] [stderr] test tests/ui/fail_user_error_register_for_trait_missing.rs [should fail to compile] ... mismatch
[INFO] [stderr] 
[INFO] [stderr] EXPECTED:
[INFO] [stderr] ┈┈┈┈┈┈┈┈┈┈┈┈┈┈┈┈┈┈┈┈┈┈┈┈┈┈┈┈┈┈┈┈┈┈┈┈┈┈┈┈┈┈┈┈┈┈┈┈┈┈┈┈┈┈┈┈┈┈┈┈
[INFO] [stderr] error: cannot find macro `__thin_delegate__feed_trait_def_of_Hello` in this scope
[INFO] [stderr]   --> tests/ui/fail_user_error_register_for_trait_missing.rs:13:6
[INFO] [stderr]    |
[INFO] [stderr] 6  | #[thin_delegate::register]
[INFO] [stderr]    | -------------------------- similarly named macro `__thin_delegate__feed_structenum_def_of_Hoge` defined here
[INFO] [stderr] ...
[INFO] [stderr] 13 | impl Hello for Hoge {}
[INFO] [stderr]    |      ^^^^^ help: a macro with a similar name exists: `__thin_delegate__feed_structenum_def_of_Hoge`
[INFO] [stderr] ┈┈┈┈┈┈┈┈┈┈┈┈┈┈┈┈┈┈┈┈┈┈┈┈┈┈┈┈┈┈┈┈┈┈┈┈┈┈┈┈┈┈┈┈┈┈┈┈┈┈┈┈┈┈┈┈┈┈┈┈
[INFO] [stderr] 
[INFO] [stderr] ACTUAL OUTPUT:
[INFO] [stderr] ┈┈┈┈┈┈┈┈┈┈┈┈┈┈┈┈┈┈┈┈┈┈┈┈┈┈┈┈┈┈┈┈┈┈┈┈┈┈┈┈┈┈┈┈┈┈┈┈┈┈┈┈┈┈┈┈┈┈┈┈
[INFO] [stderr] error: cannot find macro `__thin_delegate__feed_trait_def_of_Hello` in this scope
[INFO] [stderr]   --> tests/ui/fail_user_error_register_for_trait_missing.rs:13:6
[INFO] [stderr]    |
[INFO] [stderr] 13 | impl Hello for Hoge {}
[INFO] [stderr]    |      ^^^^^
[INFO] [stderr]    |
[INFO] [stderr] note: similarly named macro `__thin_delegate__feed_structenum_def_of_Hoge` defined here
[INFO] [stderr]   --> tests/ui/fail_user_error_register_for_trait_missing.rs:6:1
[INFO] [stderr]    |
[INFO] [stderr]  6 | #[thin_delegate::register]
[INFO] [stderr]    | ^^^^^^^^^^^^^^^^^^^^^^^^^^
[INFO] [stderr]    = note: this error originates in the attribute macro `thin_delegate::register` (in Nightly builds, run with -Z macro-backtrace for more info)
[INFO] [stderr] help: a macro with a similar name exists
[INFO] [stderr]    |
[INFO] [stderr] 13 - impl Hello for Hoge {}
[INFO] [stderr] 13 + impl __thin_delegate__feed_structenum_def_of_Hoge for Hoge {}
[INFO] [stderr]    |
[INFO] [stderr] ┈┈┈┈┈┈┈┈┈┈┈┈┈┈┈┈┈┈┈┈┈┈┈┈┈┈┈┈┈┈┈┈┈┈┈┈┈┈┈┈┈┈┈┈┈┈┈┈┈┈┈┈┈┈┈┈┈┈┈┈
[INFO] [stderr] note: If the actual output is the correct output you can bless it by rerunning
[INFO] [stderr]       your test with the environment variable TRYBUILD=overwrite
[INFO] [stderr] 
[INFO] [stderr] test tests/ui/fail_user_error_scheme_invalid_arg.rs [should fail to compile] ... mismatch
[INFO] [stderr] 
[INFO] [stderr] EXPECTED:
[INFO] [stderr] ┈┈┈┈┈┈┈┈┈┈┈┈┈┈┈┈┈┈┈┈┈┈┈┈┈┈┈┈┈┈┈┈┈┈┈┈┈┈┈┈┈┈┈┈┈┈┈┈┈┈┈┈┈┈┈┈┈┈┈┈
[INFO] [stderr] error: arg of scheme can't have `@ SUBPATTERN`
[INFO] [stderr]  --> tests/ui/fail_user_error_scheme_invalid_arg.rs:1:44
[INFO] [stderr]   |
[INFO] [stderr] 1 | #[thin_delegate::fill_delegate(scheme = |f @ Fuga| f(&self.key()))]
[INFO] [stderr]   |                                            ^^^^^^
[INFO] [stderr] 
[INFO] [stderr] error[E0405]: cannot find trait `Hello` in this scope
[INFO] [stderr]  --> tests/ui/fail_user_error_scheme_invalid_arg.rs:2:6
[INFO] [stderr]   |
[INFO] [stderr] 2 | impl Hello for Hoge {}
[INFO] [stderr]   |      ^^^^^ not found in this scope
[INFO] [stderr] 
[INFO] [stderr] error[E0412]: cannot find type `Hoge` in this scope
[INFO] [stderr]  --> tests/ui/fail_user_error_scheme_invalid_arg.rs:2:16
[INFO] [stderr]   |
[INFO] [stderr] 2 | impl Hello for Hoge {}
[INFO] [stderr]   |                ^^^^ not found in this scope
[INFO] [stderr] ┈┈┈┈┈┈┈┈┈┈┈┈┈┈┈┈┈┈┈┈┈┈┈┈┈┈┈┈┈┈┈┈┈┈┈┈┈┈┈┈┈┈┈┈┈┈┈┈┈┈┈┈┈┈┈┈┈┈┈┈
[INFO] [stderr] 
[INFO] [stderr] ACTUAL OUTPUT:
[INFO] [stderr] ┈┈┈┈┈┈┈┈┈┈┈┈┈┈┈┈┈┈┈┈┈┈┈┈┈┈┈┈┈┈┈┈┈┈┈┈┈┈┈┈┈┈┈┈┈┈┈┈┈┈┈┈┈┈┈┈┈┈┈┈
[INFO] [stderr] error: arg of scheme can't have `@ SUBPATTERN`
[INFO] [stderr]  --> tests/ui/fail_user_error_scheme_invalid_arg.rs:1:44
[INFO] [stderr]   |
[INFO] [stderr] 1 | #[thin_delegate::fill_delegate(scheme = |f @ Fuga| f(&self.key()))]
[INFO] [stderr]   |                                            ^^^^^^
[INFO] [stderr] ┈┈┈┈┈┈┈┈┈┈┈┈┈┈┈┈┈┈┈┈┈┈┈┈┈┈┈┈┈┈┈┈┈┈┈┈┈┈┈┈┈┈┈┈┈┈┈┈┈┈┈┈┈┈┈┈┈┈┈┈
[INFO] [stderr] note: If the actual output is the correct output you can bless it by rerunning
[INFO] [stderr]       your test with the environment variable TRYBUILD=overwrite
[INFO] [stderr] 
[INFO] [stderr] test tests/ui/fail_user_error_scheme_receiver_type_mismatch.rs [should fail to compile] ... mismatch
[INFO] [stderr] 
[INFO] [stderr] EXPECTED:
[INFO] [stderr] ┈┈┈┈┈┈┈┈┈┈┈┈┈┈┈┈┈┈┈┈┈┈┈┈┈┈┈┈┈┈┈┈┈┈┈┈┈┈┈┈┈┈┈┈┈┈┈┈┈┈┈┈┈┈┈┈┈┈┈┈
[INFO] [stderr] error[E0308]: mismatched types
[INFO] [stderr]   --> tests/ui/fail_user_error_scheme_receiver_type_mismatch.rs:21:47
[INFO] [stderr]    |
[INFO] [stderr] 3  |     fn hello(&self, prefix: &str) -> String;
[INFO] [stderr]    |        ----- arguments to this function are incorrect
[INFO] [stderr] ...
[INFO] [stderr] 21 | #[thin_delegate::fill_delegate(scheme = |f| f(self.key()))]
[INFO] [stderr]    |                                               ^^^^^^^^^^ expected `&_`, found `usize`
[INFO] [stderr]    |
[INFO] [stderr]    = note: expected reference `&_`
[INFO] [stderr]                    found type `usize`
[INFO] [stderr] note: method defined here
[INFO] [stderr]   --> tests/ui/fail_user_error_scheme_receiver_type_mismatch.rs:3:8
[INFO] [stderr]    |
[INFO] [stderr] 3  |     fn hello(&self, prefix: &str) -> String;
[INFO] [stderr]    |        ^^^^^
[INFO] [stderr]    = note: this error originates in the macro `__thin_delegate__trampoline2` which comes from the expansion of the attribute macro `thin_delegate::fill_delegate` (in Nightly builds, run with -Z macro-backtrace for more info)
[INFO] [stderr] help: consider borrowing here
[INFO] [stderr]    |
[INFO] [stderr] 21 | #[thin_delegate::fill_delegate(scheme = |f| f(&self.key()))]
[INFO] [stderr]    |                                               +
[INFO] [stderr] ┈┈┈┈┈┈┈┈┈┈┈┈┈┈┈┈┈┈┈┈┈┈┈┈┈┈┈┈┈┈┈┈┈┈┈┈┈┈┈┈┈┈┈┈┈┈┈┈┈┈┈┈┈┈┈┈┈┈┈┈
[INFO] [stderr] 
[INFO] [stderr] ACTUAL OUTPUT:
[INFO] [stderr] ┈┈┈┈┈┈┈┈┈┈┈┈┈┈┈┈┈┈┈┈┈┈┈┈┈┈┈┈┈┈┈┈┈┈┈┈┈┈┈┈┈┈┈┈┈┈┈┈┈┈┈┈┈┈┈┈┈┈┈┈
[INFO] [stderr] error[E0308]: mismatched types
[INFO] [stderr]   --> tests/ui/fail_user_error_scheme_receiver_type_mismatch.rs:21:47
[INFO] [stderr]    |
[INFO] [stderr]  3 |     fn hello(&self, prefix: &str) -> String;
[INFO] [stderr]    |        ----- arguments to this function are incorrect
[INFO] [stderr] ...
[INFO] [stderr] 21 | #[thin_delegate::fill_delegate(scheme = |f| f(self.key()))]
[INFO] [stderr]    |                                               ^^^^^^^^^^ expected `&_`, found `usize`
[INFO] [stderr]    |
[INFO] [stderr]    = note: expected reference `&_`
[INFO] [stderr]                    found type `usize`
[INFO] [stderr] note: method defined here
[INFO] [stderr]   --> tests/ui/fail_user_error_scheme_receiver_type_mismatch.rs:3:8
[INFO] [stderr]    |
[INFO] [stderr]  3 |     fn hello(&self, prefix: &str) -> String;
[INFO] [stderr]    |        ^^^^^  ----
[INFO] [stderr] help: consider borrowing here
[INFO] [stderr]    |
[INFO] [stderr] 21 | #[thin_delegate::fill_delegate(scheme = |f| f(&self.key()))]
[INFO] [stderr]    |                                               +
[INFO] [stderr] ┈┈┈┈┈┈┈┈┈┈┈┈┈┈┈┈┈┈┈┈┈┈┈┈┈┈┈┈┈┈┈┈┈┈┈┈┈┈┈┈┈┈┈┈┈┈┈┈┈┈┈┈┈┈┈┈┈┈┈┈
[INFO] [stderr] note: If the actual output is the correct output you can bless it by rerunning
[INFO] [stderr]       your test with the environment variable TRYBUILD=overwrite
[INFO] [stderr] 
[INFO] [stderr] test tests/ui/fail_weak_limitation_macros_in_impl.rs [should fail to compile] ... mismatch
[INFO] [stderr] 
[INFO] [stderr] EXPECTED:
[INFO] [stderr] ┈┈┈┈┈┈┈┈┈┈┈┈┈┈┈┈┈┈┈┈┈┈┈┈┈┈┈┈┈┈┈┈┈┈┈┈┈┈┈┈┈┈┈┈┈┈┈┈┈┈┈┈┈┈┈┈┈┈┈┈
[INFO] [stderr] error[E0201]: duplicate definitions with name `override_`:
[INFO] [stderr]   --> tests/ui/fail_weak_limitation_macros_in_impl.rs:4:5
[INFO] [stderr]    |
[INFO] [stderr] 4  |     fn override_(&self) -> String;
[INFO] [stderr]    |     ^^----------------------------
[INFO] [stderr]    |     |
[INFO] [stderr]    |     duplicate definition
[INFO] [stderr]    |     item in trait
[INFO] [stderr] ...
[INFO] [stderr] 22 |         fn override_(&$self) -> String $body
[INFO] [stderr]    |         ------------------------------------ previous definition here
[INFO] [stderr] ...
[INFO] [stderr] 26 | #[thin_delegate::fill_delegate]
[INFO] [stderr]    | ------------------------------- in this procedural macro expansion
[INFO] [stderr]    |
[INFO] [stderr]    = note: this error originates in the macro `__thin_delegate__feed_trait_def_of_Hello` which comes from the expansion of the attribute macro `thin_delegate::fill_delegate` (in Nightly builds, run with -Z macro-backtrace for more info)
[INFO] [stderr] ┈┈┈┈┈┈┈┈┈┈┈┈┈┈┈┈┈┈┈┈┈┈┈┈┈┈┈┈┈┈┈┈┈┈┈┈┈┈┈┈┈┈┈┈┈┈┈┈┈┈┈┈┈┈┈┈┈┈┈┈
[INFO] [stderr] 
[INFO] [stderr] ACTUAL OUTPUT:
[INFO] [stderr] ┈┈┈┈┈┈┈┈┈┈┈┈┈┈┈┈┈┈┈┈┈┈┈┈┈┈┈┈┈┈┈┈┈┈┈┈┈┈┈┈┈┈┈┈┈┈┈┈┈┈┈┈┈┈┈┈┈┈┈┈
[INFO] [stderr] error[E0201]: duplicate definitions with name `override_`:
[INFO] [stderr]   --> tests/ui/fail_weak_limitation_macros_in_impl.rs:4:5
[INFO] [stderr]    |
[INFO] [stderr]  4 |     fn override_(&self) -> String;
[INFO] [stderr]    |     ^^----------------------------
[INFO] [stderr]    |     |
[INFO] [stderr]    |     duplicate definition
[INFO] [stderr]    |     item in trait
[INFO] [stderr] ...
[INFO] [stderr] 22 |         fn override_(&$self) -> String $body
[INFO] [stderr]    |         ------------------------------------ previous definition here
[INFO] [stderr] ...
[INFO] [stderr] 26 | #[thin_delegate::fill_delegate]
[INFO] [stderr]    | ------------------------------- in this attribute macro expansion
[INFO] [stderr]    |
[INFO] [stderr]    = note: this error originates in the macro `__thin_delegate__feed_trait_def_of_Hello` which comes from the expansion of the attribute macro `thin_delegate::fill_delegate` (in Nightly builds, run with -Z macro-backtrace for more info)
[INFO] [stderr] ┈┈┈┈┈┈┈┈┈┈┈┈┈┈┈┈┈┈┈┈┈┈┈┈┈┈┈┈┈┈┈┈┈┈┈┈┈┈┈┈┈┈┈┈┈┈┈┈┈┈┈┈┈┈┈┈┈┈┈┈
[INFO] [stderr] note: If the actual output is the correct output you can bless it by rerunning
[INFO] [stderr]       your test with the environment variable TRYBUILD=overwrite
[INFO] [stderr] 
[INFO] [stderr] test tests/ui/fail_weak_limitation_non_trivial_receivers.rs [should fail to compile] ... mismatch
[INFO] [stderr] 
[INFO] [stderr] EXPECTED:
[INFO] [stderr] ┈┈┈┈┈┈┈┈┈┈┈┈┈┈┈┈┈┈┈┈┈┈┈┈┈┈┈┈┈┈┈┈┈┈┈┈┈┈┈┈┈┈┈┈┈┈┈┈┈┈┈┈┈┈┈┈┈┈┈┈
[INFO] [stderr] error[E0308]: mismatched types
[INFO] [stderr]   --> tests/ui/fail_weak_limitation_non_trivial_receivers.rs:55:1
[INFO] [stderr]    |
[INFO] [stderr] 16 |     fn hello_box(self: Box<Self>) -> String;
[INFO] [stderr]    |        --------- arguments to this function are incorrect
[INFO] [stderr] ...
[INFO] [stderr] 55 | #[thin_delegate::fill_delegate]
[INFO] [stderr]    | ^^^^^^^^^^^^^^^^^^^^^^^^^^^^^^^ expected `Box<_>`, found `String`
[INFO] [stderr]    |
[INFO] [stderr]    = note: expected struct `Box<_>`
[INFO] [stderr]               found struct `String`
[INFO] [stderr]    = note: for more on the distinction between the stack and the heap, read https://doc.rust-lang.org/book/ch15-01-box.html, https://doc.rust-lang.org/rust-by-example/std/box.html, and https://doc.rust-lang.org/std/boxed/index.html
[INFO] [stderr] note: method defined here
[INFO] [stderr]   --> tests/ui/fail_weak_limitation_non_trivial_receivers.rs:16:8
[INFO] [stderr]    |
[INFO] [stderr] 16 |     fn hello_box(self: Box<Self>) -> String;
[INFO] [stderr]    |        ^^^^^^^^^
[INFO] [stderr]    = note: this error originates in the attribute macro `::thin_delegate::__internal__fill_delegate` which comes from the expansion of the attribute macro `thin_delegate::fill_delegate` (in Nightly builds, run with -Z macro-backtrace for more info)
[INFO] [stderr] help: store this in the heap by calling `Box::new`
[INFO] [stderr]    |
[INFO] [stderr] 55 | Box::new(#[thin_delegate::fill_delegate])
[INFO] [stderr]    | +++++++++                               +
[INFO] [stderr] 
[INFO] [stderr] error[E0308]: mismatched types
[INFO] [stderr]   --> tests/ui/fail_weak_limitation_non_trivial_receivers.rs:55:1
[INFO] [stderr]    |
[INFO] [stderr] 17 |     fn hello_rc(self: Rc<Self>) -> String;
[INFO] [stderr]    |        -------- arguments to this function are incorrect
[INFO] [stderr] ...
[INFO] [stderr] 55 | #[thin_delegate::fill_delegate]
[INFO] [stderr]    | ^^^^^^^^^^^^^^^^^^^^^^^^^^^^^^^ expected `Rc<_>`, found `String`
[INFO] [stderr]    |
[INFO] [stderr]    = note: expected struct `Rc<_>`
[INFO] [stderr]               found struct `String`
[INFO] [stderr] note: method defined here
[INFO] [stderr]   --> tests/ui/fail_weak_limitation_non_trivial_receivers.rs:17:8
[INFO] [stderr]    |
[INFO] [stderr] 17 |     fn hello_rc(self: Rc<Self>) -> String;
[INFO] [stderr]    |        ^^^^^^^^
[INFO] [stderr]    = note: this error originates in the attribute macro `::thin_delegate::__internal__fill_delegate` which comes from the expansion of the attribute macro `thin_delegate::fill_delegate` (in Nightly builds, run with -Z macro-backtrace for more info)
[INFO] [stderr] 
[INFO] [stderr] error[E0308]: mismatched types
[INFO] [stderr]   --> tests/ui/fail_weak_limitation_non_trivial_receivers.rs:55:1
[INFO] [stderr]    |
[INFO] [stderr] 18 |     fn hello_arc(self: Arc<Self>) -> String;
[INFO] [stderr]    |        --------- arguments to this function are incorrect
[INFO] [stderr] ...
[INFO] [stderr] 55 | #[thin_delegate::fill_delegate]
[INFO] [stderr]    | ^^^^^^^^^^^^^^^^^^^^^^^^^^^^^^^ expected `Arc<_>`, found `String`
[INFO] [stderr]    |
[INFO] [stderr]    = note: expected struct `Arc<_>`
[INFO] [stderr]               found struct `String`
[INFO] [stderr] note: method defined here
[INFO] [stderr]   --> tests/ui/fail_weak_limitation_non_trivial_receivers.rs:18:8
[INFO] [stderr]    |
[INFO] [stderr] 18 |     fn hello_arc(self: Arc<Self>) -> String;
[INFO] [stderr]    |        ^^^^^^^^^
[INFO] [stderr]    = note: this error originates in the attribute macro `::thin_delegate::__internal__fill_delegate` which comes from the expansion of the attribute macro `thin_delegate::fill_delegate` (in Nightly builds, run with -Z macro-backtrace for more info)
[INFO] [stderr] 
[INFO] [stderr] error[E0308]: mismatched types
[INFO] [stderr]   --> tests/ui/fail_weak_limitation_non_trivial_receivers.rs:55:1
[INFO] [stderr]    |
[INFO] [stderr] 19 |     fn hello_pin(self: Pin<&Self>) -> String;
[INFO] [stderr]    |        --------- arguments to this function are incorrect
[INFO] [stderr] ...
[INFO] [stderr] 55 | #[thin_delegate::fill_delegate]
[INFO] [stderr]    | ^^^^^^^^^^^^^^^^^^^^^^^^^^^^^^^ expected `Pin<&_>`, found `String`
[INFO] [stderr]    |
[INFO] [stderr]    = note: expected struct `Pin<&_>`
[INFO] [stderr]               found struct `String`
[INFO] [stderr] note: method defined here
[INFO] [stderr]   --> tests/ui/fail_weak_limitation_non_trivial_receivers.rs:19:8
[INFO] [stderr]    |
[INFO] [stderr] 19 |     fn hello_pin(self: Pin<&Self>) -> String;
[INFO] [stderr]    |        ^^^^^^^^^
[INFO] [stderr]    = note: this error originates in the attribute macro `::thin_delegate::__internal__fill_delegate` which comes from the expansion of the attribute macro `thin_delegate::fill_delegate` (in Nightly builds, run with -Z macro-backtrace for more info)
[INFO] [stderr] ┈┈┈┈┈┈┈┈┈┈┈┈┈┈┈┈┈┈┈┈┈┈┈┈┈┈┈┈┈┈┈┈┈┈┈┈┈┈┈┈┈┈┈┈┈┈┈┈┈┈┈┈┈┈┈┈┈┈┈┈
[INFO] [stderr] 
[INFO] [stderr] ACTUAL OUTPUT:
[INFO] [stderr] ┈┈┈┈┈┈┈┈┈┈┈┈┈┈┈┈┈┈┈┈┈┈┈┈┈┈┈┈┈┈┈┈┈┈┈┈┈┈┈┈┈┈┈┈┈┈┈┈┈┈┈┈┈┈┈┈┈┈┈┈
[INFO] [stderr] error[E0308]: mismatched types
[INFO] [stderr]   --> tests/ui/fail_weak_limitation_non_trivial_receivers.rs:55:1
[INFO] [stderr]    |
[INFO] [stderr] 16 |     fn hello_box(self: Box<Self>) -> String;
[INFO] [stderr]    |        --------- arguments to this function are incorrect
[INFO] [stderr] ...
[INFO] [stderr] 55 | #[thin_delegate::fill_delegate]
[INFO] [stderr]    | ^^^^^^^^^^^^^^^^^^^^^^^^^^^^^^^ expected `Box<_>`, found `String`
[INFO] [stderr]    |
[INFO] [stderr]    = note: expected struct `Box<_>`
[INFO] [stderr]               found struct `String`
[INFO] [stderr]    = note: for more on the distinction between the stack and the heap, read https://doc.rust-lang.org/book/ch15-01-box.html, https://doc.rust-lang.org/rust-by-example/std/box.html, and https://doc.rust-lang.org/std/boxed/index.html
[INFO] [stderr] note: method defined here
[INFO] [stderr]   --> tests/ui/fail_weak_limitation_non_trivial_receivers.rs:16:8
[INFO] [stderr]    |
[INFO] [stderr] 16 |     fn hello_box(self: Box<Self>) -> String;
[INFO] [stderr]    |        ^^^^^^^^^ ----
[INFO] [stderr]    = note: this error originates in the attribute macro `::thin_delegate::__internal__fill_delegate` which comes from the expansion of the attribute macro `thin_delegate::fill_delegate` (in Nightly builds, run with -Z macro-backtrace for more info)
[INFO] [stderr] help: store this in the heap by calling `Box::new`
[INFO] [stderr]    |
[INFO] [stderr] 55 | Box::new(#[thin_delegate::fill_delegate])
[INFO] [stderr]    | +++++++++                               +
[INFO] [stderr] 
[INFO] [stderr] error[E0308]: mismatched types
[INFO] [stderr]   --> tests/ui/fail_weak_limitation_non_trivial_receivers.rs:55:1
[INFO] [stderr]    |
[INFO] [stderr] 17 |     fn hello_rc(self: Rc<Self>) -> String;
[INFO] [stderr]    |        -------- arguments to this function are incorrect
[INFO] [stderr] ...
[INFO] [stderr] 55 | #[thin_delegate::fill_delegate]
[INFO] [stderr]    | ^^^^^^^^^^^^^^^^^^^^^^^^^^^^^^^ expected `Rc<_>`, found `String`
[INFO] [stderr]    |
[INFO] [stderr]    = note: expected struct `Rc<_>`
[INFO] [stderr]               found struct `String`
[INFO] [stderr] note: method defined here
[INFO] [stderr]   --> tests/ui/fail_weak_limitation_non_trivial_receivers.rs:17:8
[INFO] [stderr]    |
[INFO] [stderr] 17 |     fn hello_rc(self: Rc<Self>) -> String;
[INFO] [stderr]    |        ^^^^^^^^ ----
[INFO] [stderr]    = note: this error originates in the attribute macro `::thin_delegate::__internal__fill_delegate` which comes from the expansion of the attribute macro `thin_delegate::fill_delegate` (in Nightly builds, run with -Z macro-backtrace for more info)
[INFO] [stderr] 
[INFO] [stderr] error[E0308]: mismatched types
[INFO] [stderr]   --> tests/ui/fail_weak_limitation_non_trivial_receivers.rs:55:1
[INFO] [stderr]    |
[INFO] [stderr] 18 |     fn hello_arc(self: Arc<Self>) -> String;
[INFO] [stderr]    |        --------- arguments to this function are incorrect
[INFO] [stderr] ...
[INFO] [stderr] 55 | #[thin_delegate::fill_delegate]
[INFO] [stderr]    | ^^^^^^^^^^^^^^^^^^^^^^^^^^^^^^^ expected `Arc<_>`, found `String`
[INFO] [stderr]    |
[INFO] [stderr]    = note: expected struct `Arc<_>`
[INFO] [stderr]               found struct `String`
[INFO] [stderr] note: method defined here
[INFO] [stderr]   --> tests/ui/fail_weak_limitation_non_trivial_receivers.rs:18:8
[INFO] [stderr]    |
[INFO] [stderr] 18 |     fn hello_arc(self: Arc<Self>) -> String;
[INFO] [stderr]    |        ^^^^^^^^^ ----
[INFO] [stderr]    = note: this error originates in the attribute macro `::thin_delegate::__internal__fill_delegate` which comes from the expansion of the attribute macro `thin_delegate::fill_delegate` (in Nightly builds, run with -Z macro-backtrace for more info)
[INFO] [stderr] 
[INFO] [stderr] error[E0308]: mismatched types
[INFO] [stderr]   --> tests/ui/fail_weak_limitation_non_trivial_receivers.rs:55:1
[INFO] [stderr]    |
[INFO] [stderr] 19 |     fn hello_pin(self: Pin<&Self>) -> String;
[INFO] [stderr]    |        --------- arguments to this function are incorrect
[INFO] [stderr] ...
[INFO] [stderr] 55 | #[thin_delegate::fill_delegate]
[INFO] [stderr]    | ^^^^^^^^^^^^^^^^^^^^^^^^^^^^^^^ expected `Pin<&_>`, found `String`
[INFO] [stderr]    |
[INFO] [stderr]    = note: expected struct `Pin<&_>`
[INFO] [stderr]               found struct `String`
[INFO] [stderr] note: method defined here
[INFO] [stderr]   --> tests/ui/fail_weak_limitation_non_trivial_receivers.rs:19:8
[INFO] [stderr]    |
[INFO] [stderr] 19 |     fn hello_pin(self: Pin<&Self>) -> String;
[INFO] [stderr]    |        ^^^^^^^^^ ----
[INFO] [stderr]    = note: this error originates in the attribute macro `::thin_delegate::__internal__fill_delegate` which comes from the expansion of the attribute macro `thin_delegate::fill_delegate` (in Nightly builds, run with -Z macro-backtrace for more info)
[INFO] [stderr] ┈┈┈┈┈┈┈┈┈┈┈┈┈┈┈┈┈┈┈┈┈┈┈┈┈┈┈┈┈┈┈┈┈┈┈┈┈┈┈┈┈┈┈┈┈┈┈┈┈┈┈┈┈┈┈┈┈┈┈┈
[INFO] [stderr] note: If the actual output is the correct output you can bless it by rerunning
[INFO] [stderr]       your test with the environment variable TRYBUILD=overwrite
[INFO] [stderr] 
[INFO] [stderr] 
[INFO] [stderr] 
[INFO] [stdout] test ui_test ... FAILED
[INFO] [stdout] 
[INFO] [stdout] failures:
[INFO] [stdout] 
[INFO] [stdout] ---- ui_test stdout ----
[INFO] [stdout] 
[INFO] [stdout] thread 'ui_test' (727) panicked at /opt/rustwide/cargo-home/registry/src/index.crates.io-1949cf8c6b5b557f/trybuild-1.0.122/src/run.rs:103:13:
[INFO] [stdout] 12 of 37 tests failed
[INFO] [stdout] stack backtrace:
[INFO] [stdout]    0:     0x56b4dbbe5ca1 - <<std[617be2ca0a6fd877]::sys::backtrace::BacktraceLock>::print::DisplayBacktrace as core[a373ad73a504971]::fmt::Display>::fmt
[INFO] [stdout]    1:     0x56b4dbbfbf8a - core[a373ad73a504971]::fmt::write
[INFO] [stdout]    2:     0x56b4dbbea4ec - <alloc[2e1b2a31b91974c5]::vec::Vec<u8> as core[a373ad73a504971]::io::write::Write>::write_fmt
[INFO] [stdout]    3:     0x56b4dbbbf106 - std[617be2ca0a6fd877]::panicking::default_hook::{closure#0}
[INFO] [stdout]    4:     0x56b4dbbdd249 - std[617be2ca0a6fd877]::panicking::default_hook
[INFO] [stdout]    5:     0x56b4dbb76850 - test[aada8e7e76ba119b]::test_main_inner::{closure#0}
[INFO] [stdout]    6:     0x56b4dbbdd402 - std[617be2ca0a6fd877]::panicking::panic_with_hook
[INFO] [stdout]    7:     0x56b4dbbbf1b2 - std[617be2ca0a6fd877]::panicking::panic_handler::{closure#0}
[INFO] [stdout]    8:     0x56b4dbbb7a09 - std[617be2ca0a6fd877]::sys::backtrace::__rust_end_short_backtrace::<std[617be2ca0a6fd877]::panicking::panic_handler::{closure#0}, !>
[INFO] [stdout]    9:     0x56b4dbbbfdbd - __rustc[ea4f61d10b84890b]::rust_begin_unwind
[INFO] [stdout]   10:     0x56b4dbbfc6fc - core[a373ad73a504971]::panicking::panic_fmt
[INFO] [stdout]   11:     0x56b4dbac977b - <trybuild[4338c63f3696d470]::Runner>::run
[INFO] [stdout]   12:     0x56b4dbacc9f0 - <trybuild[4338c63f3696d470]::TestCases as core[a373ad73a504971]::ops::drop::Drop>::drop
[INFO] [stdout]   13:     0x56b4dbac2f46 - tests[e8050cc35d361aa1]::ui_test
[INFO] [stdout]   14:     0x56b4dbac3179 - <tests[e8050cc35d361aa1]::ui_test::{closure#0} as core[a373ad73a504971]::ops::function::FnOnce<()>>::call_once
[INFO] [stdout]   15:     0x56b4dbb69c9b - test[aada8e7e76ba119b]::__rust_begin_short_backtrace::<core[a373ad73a504971]::result::Result<(), alloc[2e1b2a31b91974c5]::string::String>, fn() -> core[a373ad73a504971]::result::Result<(), alloc[2e1b2a31b91974c5]::string::String>>
[INFO] [stdout]   16:     0x56b4dbb76e75 - test[aada8e7e76ba119b]::run_test::{closure#0}
[INFO] [stdout]   17:     0x56b4dbb70764 - std[617be2ca0a6fd877]::sys::backtrace::__rust_begin_short_backtrace::<test[aada8e7e76ba119b]::run_test::{closure#1}, ()>
[INFO] [stdout]   18:     0x56b4dbb79f02 - <std[617be2ca0a6fd877]::thread::lifecycle::spawn_unchecked<test[aada8e7e76ba119b]::run_test::{closure#1}, ()>::{closure#1} as core[a373ad73a504971]::ops::function::FnOnce<()>>::call_once::{shim:vtable#0}
[INFO] [stdout]   19:     0x56b4dbbe4eff - <std[617be2ca0a6fd877]::sys::thread::unix::Thread>::new::thread_start
[INFO] [stdout]   20:     0x7768f01e0dfa - <unknown>
[INFO] [stdout]   21:     0x7768f02743d4 - clone
[INFO] [stdout]   22:                0x0 - <unknown>
[INFO] [stdout] 
[INFO] [stdout] 
[INFO] [stdout] failures:
[INFO] [stdout]     ui_test
[INFO] [stdout] 
[INFO] [stdout] test result: FAILED. 0 passed; 1 failed; 0 ignored; 0 measured; 0 filtered out; finished in 36.84s
[INFO] [stdout] 
[INFO] [stderr] error: test failed, to rerun pass `--test tests`
[INFO] running `Command { std: "docker" "inspect" "ef5bff4710bff32276a7bf762f78562434ac488007b3bd084956189c9cf24f6d", kill_on_drop: false }`
[INFO] running `Command { std: "docker" "rm" "-f" "ef5bff4710bff32276a7bf762f78562434ac488007b3bd084956189c9cf24f6d", kill_on_drop: false }`
[INFO] [stdout] ef5bff4710bff32276a7bf762f78562434ac488007b3bd084956189c9cf24f6d
