[INFO] fetching crate theta-macros 0.1.0-alpha.56...
[INFO] testing theta-macros-0.1.0-alpha.56 against 1.99.0-beta.8+cargoflags=--release for beta-release-1.100-2
[INFO] extracting crate theta-macros 0.1.0-alpha.56 into /workspace/builds/worker-2-tc1/source
[INFO] started tweaking crates.io crate theta-macros 0.1.0-alpha.56
[INFO] finished tweaking crates.io crate theta-macros 0.1.0-alpha.56
[INFO] tweaked toml for crates.io crate theta-macros 0.1.0-alpha.56 written to /workspace/builds/worker-2-tc1/source/Cargo.toml
[INFO] validating manifest of crates.io crate theta-macros 0.1.0-alpha.56 on toolchain 1.99.0-beta.8
[INFO] running `Command { std: CARGO_HOME="/workspace/cargo-home" RUSTUP_HOME="/workspace/rustup-home" "/workspace/cargo-home/bin/cargo" "+1.99.0-beta.8" "metadata" "--manifest-path" "Cargo.toml" "--no-deps", kill_on_drop: false }`
[INFO] crate crates.io crate theta-macros 0.1.0-alpha.56 already has a lockfile, it will not be regenerated
[INFO] running `Command { std: CARGO_HOME="/workspace/cargo-home" RUSTUP_HOME="/workspace/rustup-home" "/workspace/cargo-home/bin/cargo" "+1.99.0-beta.8" "fetch" "--manifest-path" "Cargo.toml", kill_on_drop: false }`
[INFO] [stderr]     Blocking waiting for file lock on package cache
[INFO] [stderr]     Blocking waiting for file lock on package cache
[INFO] running `Command { std: "docker" "create" "-v" "/var/lib/crater-agent-workspace/builds/worker-2-tc1/source:/opt/rustwide/workdir:ro,Z" "-v" "/var/lib/crater-agent-workspace/builds/worker-2-tc1/target:/opt/rustwide/target:rw,Z" "-v" "/var/lib/crater-agent-workspace/cargo-home:/opt/rustwide/cargo-home:ro,Z" "-v" "/var/lib/crater-agent-workspace/rustup-home:/opt/rustwide/rustup-home:ro,Z" "-m" "1610612736" "--network" "none" "ghcr.io/rust-lang/crates-build-env/linux@sha256:77db811e55d90add9212f6832c23229e3de5f1c1f9905e8cb07319ea15df73ac" "sleep" "infinity", kill_on_drop: false }`
[INFO] [stdout] db379d7c04c5a7df563c043091d6386524f01924225bd8a668412e6a9353299f
[INFO] running `Command { std: "docker" "start" "db379d7c04c5a7df563c043091d6386524f01924225bd8a668412e6a9353299f", kill_on_drop: false }`
[INFO] running `Command { std: "docker" "inspect" "db379d7c04c5a7df563c043091d6386524f01924225bd8a668412e6a9353299f", kill_on_drop: false }`
[INFO] running `Command { std: "docker" "exec" "-e" "SOURCE_DIR=/opt/rustwide/workdir" "-e" "CARGO_HOME=/opt/rustwide/cargo-home" "-e" "RUSTUP_HOME=/opt/rustwide/rustup-home" "-e" "CARGO_TARGET_DIR=/opt/rustwide/target" "-w" "/opt/rustwide/workdir" "--user" "0:0" "db379d7c04c5a7df563c043091d6386524f01924225bd8a668412e6a9353299f" "/opt/rustwide/cargo-home/bin/cargo" "+1.99.0-beta.8" "metadata" "--no-deps" "--format-version=1", kill_on_drop: false }`
[INFO] running `Command { std: "docker" "inspect" "db379d7c04c5a7df563c043091d6386524f01924225bd8a668412e6a9353299f", kill_on_drop: false }`
[INFO] running `Command { std: "docker" "exec" "-e" "SOURCE_DIR=/opt/rustwide/workdir" "-e" "CARGO_HOME=/opt/rustwide/cargo-home" "-e" "RUSTUP_HOME=/opt/rustwide/rustup-home" "-e" "CARGO_TARGET_DIR=/opt/rustwide/target" "-e" "CARGO_INCREMENTAL=0" "-e" "RUST_BACKTRACE=full" "-e" "RUSTFLAGS=--cap-lints=warn" "-e" "RUSTDOCFLAGS=--cap-lints=warn" "-w" "/opt/rustwide/workdir" "--user" "0:0" "db379d7c04c5a7df563c043091d6386524f01924225bd8a668412e6a9353299f" "/opt/rustwide/cargo-home/bin/cargo" "+1.99.0-beta.8" "build" "--frozen" "--message-format=json" "--release", kill_on_drop: false }`
[INFO] [stderr]    Compiling syn v2.0.117
[INFO] [stderr]    Compiling theta-macros v0.1.0-alpha.56 (/opt/rustwide/workdir)
[INFO] [stderr]     Finished `release` profile [optimized] target(s) in 12.81s
[INFO] running `Command { std: "docker" "inspect" "db379d7c04c5a7df563c043091d6386524f01924225bd8a668412e6a9353299f", kill_on_drop: false }`
[INFO] running `Command { std: "docker" "exec" "-e" "SOURCE_DIR=/opt/rustwide/workdir" "-e" "CARGO_HOME=/opt/rustwide/cargo-home" "-e" "RUSTUP_HOME=/opt/rustwide/rustup-home" "-e" "CARGO_TARGET_DIR=/opt/rustwide/target" "-e" "CARGO_INCREMENTAL=0" "-e" "RUST_BACKTRACE=full" "-e" "RUSTFLAGS=--cap-lints=warn" "-e" "RUSTDOCFLAGS=--cap-lints=warn" "-w" "/opt/rustwide/workdir" "--user" "0:0" "db379d7c04c5a7df563c043091d6386524f01924225bd8a668412e6a9353299f" "/opt/rustwide/cargo-home/bin/cargo" "+1.99.0-beta.8" "test" "--frozen" "--no-run" "--message-format=json" "--release", kill_on_drop: false }`
[INFO] [stderr]    Compiling serde_derive v1.0.228
[INFO] [stderr]    Compiling serde v1.0.228
[INFO] [stderr]    Compiling theta-macros v0.1.0-alpha.56 (/opt/rustwide/workdir)
[INFO] [stderr]     Finished `release` profile [optimized] target(s) in 4.79s
[INFO] running `Command { std: "docker" "inspect" "db379d7c04c5a7df563c043091d6386524f01924225bd8a668412e6a9353299f", kill_on_drop: false }`
[INFO] running `Command { std: "docker" "exec" "-e" "SOURCE_DIR=/opt/rustwide/workdir" "-e" "CARGO_HOME=/opt/rustwide/cargo-home" "-e" "RUSTUP_HOME=/opt/rustwide/rustup-home" "-e" "CARGO_TARGET_DIR=/opt/rustwide/target" "-e" "CARGO_INCREMENTAL=0" "-e" "RUST_BACKTRACE=full" "-e" "RUSTFLAGS=--cap-lints=warn" "-e" "RUSTDOCFLAGS=--cap-lints=warn" "-w" "/opt/rustwide/workdir" "--user" "0:0" "db379d7c04c5a7df563c043091d6386524f01924225bd8a668412e6a9353299f" "/opt/rustwide/cargo-home/bin/cargo" "+1.99.0-beta.8" "test" "--frozen" "--release", kill_on_drop: false }`
[INFO] [stderr]     Finished `release` profile [optimized] target(s) in 0.03s
[INFO] [stdout] 
[INFO] [stdout] running 0 tests
[INFO] [stdout] 
[INFO] [stdout] test result: ok. 0 passed; 0 failed; 0 ignored; 0 measured; 0 filtered out; finished in 0.00s
[INFO] [stdout] 
[INFO] [stderr]      Running unittests src/lib.rs (/opt/rustwide/target/release/deps/theta_macros-dc2b40203005cb3d)
[INFO] [stderr]    Doc-tests theta_macros
[INFO] [stdout] 
[INFO] [stdout] running 4 tests
[INFO] [stdout] test src/lib.rs - actor (line 30) ... FAILED
[INFO] [stdout] test src/lib.rs - derive_actor_args (line 114) - compile ... FAILED
[INFO] [stdout] test src/lib.rs - derive_actor_args (line 133) ... FAILED
[INFO] [stdout] test src/lib.rs - actor (line 41) ... FAILED
[INFO] [stdout] 
[INFO] [stdout] failures:
[INFO] [stdout] 
[INFO] [stdout] ---- src/lib.rs - actor (line 30) stdout ----
[INFO] [stdout] error[E0433]: cannot find module or crate `theta` in this scope
[INFO] [stdout]   --> src/lib.rs:31:5
[INFO] [stdout]    |
[INFO] [stdout] 31 | use theta::prelude::*;
[INFO] [stdout]    |     ^^^^^ use of unresolved module or unlinked crate `theta`
[INFO] [stdout]    |
[INFO] [stdout]    = help: if you wanted to use a crate named `theta`, use `cargo add theta` to add it to your `Cargo.toml`
[INFO] [stdout] 
[INFO] [stdout] error: cannot find attribute `actor` in this scope
[INFO] [stdout]   --> src/lib.rs:36:3
[INFO] [stdout]    |
[INFO] [stdout] 36 | #[actor("12345678-1234-5678-9abc-123456789abc")]
[INFO] [stdout]    |   ^^^^^
[INFO] [stdout] 
[INFO] [stdout] error: cannot find derive macro `ActorArgs` in this scope
[INFO] [stdout]   --> src/lib.rs:33:24
[INFO] [stdout]    |
[INFO] [stdout] 33 | #[derive(Debug, Clone, ActorArgs)]
[INFO] [stdout]    |                        ^^^^^^^^^
[INFO] [stdout] 
[INFO] [stdout] error[E0405]: cannot find trait `Actor` in this scope
[INFO] [stdout]   --> src/lib.rs:37:6
[INFO] [stdout]    |
[INFO] [stdout] 37 | impl Actor for MyActor {}
[INFO] [stdout]    |      ^^^^^ not found in this scope
[INFO] [stdout] 
[INFO] [stdout] error: aborting due to 4 previous errors
[INFO] [stdout] 
[INFO] [stdout] Some errors have detailed explanations: E0405, E0433.
[INFO] [stdout] For more information about an error, try `rustc --explain E0405`.
[INFO] [stdout] Couldn't compile the test.
[INFO] [stdout] ---- src/lib.rs - derive_actor_args (line 114) stdout ----
[INFO] [stdout] error[E0433]: cannot find module or crate `theta` in this scope
[INFO] [stdout]    --> src/lib.rs:115:5
[INFO] [stdout]     |
[INFO] [stdout] 115 | use theta::prelude::*;
[INFO] [stdout]     |     ^^^^^ use of unresolved module or unlinked crate `theta`
[INFO] [stdout]     |
[INFO] [stdout]     = help: if you wanted to use a crate named `theta`, use `cargo add theta` to add it to your `Cargo.toml`
[INFO] [stdout] 
[INFO] [stdout] error: cannot find attribute `actor` in this scope
[INFO] [stdout]    --> src/lib.rs:120:3
[INFO] [stdout]     |
[INFO] [stdout] 120 | #[actor("aaaaaaaa-bbbb-cccc-dddd-eeeeeeeeeeee")]
[INFO] [stdout]     |   ^^^^^
[INFO] [stdout] 
[INFO] [stdout] error: cannot find derive macro `ActorArgs` in this scope
[INFO] [stdout]    --> src/lib.rs:117:24
[INFO] [stdout]     |
[INFO] [stdout] 117 | #[derive(Debug, Clone, ActorArgs)]
[INFO] [stdout]     |                        ^^^^^^^^^
[INFO] [stdout] 
[INFO] [stdout] error[E0405]: cannot find trait `Actor` in this scope
[INFO] [stdout]    --> src/lib.rs:121:6
[INFO] [stdout]     |
[INFO] [stdout] 121 | impl Actor for MyActor {}
[INFO] [stdout]     |      ^^^^^ not found in this scope
[INFO] [stdout] 
[INFO] [stdout] error[E0433]: cannot find type `RootContext` in this scope
[INFO] [stdout]    --> src/lib.rs:125:11
[INFO] [stdout]     |
[INFO] [stdout] 125 | let ctx = RootContext::default();
[INFO] [stdout]     |           ^^^^^^^^^^^ use of undeclared type `RootContext`
[INFO] [stdout] 
[INFO] [stdout] error: aborting due to 5 previous errors
[INFO] [stdout] 
[INFO] [stdout] Some errors have detailed explanations: E0405, E0433.
[INFO] [stdout] For more information about an error, try `rustc --explain E0405`.
[INFO] [stdout] Couldn't compile the test.
[INFO] [stdout] ---- src/lib.rs - derive_actor_args (line 133) stdout ----
[INFO] [stdout] error[E0433]: cannot find module or crate `theta` in this scope
[INFO] [stdout]    --> src/lib.rs:134:5
[INFO] [stdout]     |
[INFO] [stdout] 134 | use theta::prelude::*;
[INFO] [stdout]     |     ^^^^^ use of unresolved module or unlinked crate `theta`
[INFO] [stdout]     |
[INFO] [stdout]     = help: if you wanted to use a crate named `theta`, use `cargo add theta` to add it to your `Cargo.toml`
[INFO] [stdout] 
[INFO] [stdout] error: cannot find attribute `actor` in this scope
[INFO] [stdout]    --> src/lib.rs:142:3
[INFO] [stdout]     |
[INFO] [stdout] 142 | #[actor("11111111-2222-3333-4444-555555555555")]
[INFO] [stdout]     |   ^^^^^
[INFO] [stdout] 
[INFO] [stdout] error: cannot find derive macro `ActorArgs` in this scope
[INFO] [stdout]    --> src/lib.rs:136:24
[INFO] [stdout]     |
[INFO] [stdout] 136 | #[derive(Debug, Clone, ActorArgs)]
[INFO] [stdout]     |                        ^^^^^^^^^
[INFO] [stdout] 
[INFO] [stdout] error[E0405]: cannot find trait `Actor` in this scope
[INFO] [stdout]    --> src/lib.rs:143:6
[INFO] [stdout]     |
[INFO] [stdout] 143 | impl Actor for DatabaseActor {}
[INFO] [stdout]     |      ^^^^^ not found in this scope
[INFO] [stdout] 
[INFO] [stdout] error: aborting due to 4 previous errors
[INFO] [stdout] 
[INFO] [stdout] Some errors have detailed explanations: E0405, E0433.
[INFO] [stdout] For more information about an error, try `rustc --explain E0405`.
[INFO] [stdout] Couldn't compile the test.
[INFO] [stdout] ---- src/lib.rs - actor (line 41) stdout ----
[INFO] [stdout] error: `const` items in this context need a name
[INFO] [stdout]   --> src/lib.rs:53:11
[INFO] [stdout]    |
[INFO] [stdout] 53 |     const _: () = {
[INFO] [stdout]    |           ^ `_` is not a valid name for this `const` item
[INFO] [stdout] 
[INFO] [stdout] error[E0433]: cannot find module or crate `theta` in this scope
[INFO] [stdout]   --> src/lib.rs:42:5
[INFO] [stdout]    |
[INFO] [stdout] 42 | use theta::prelude::*;
[INFO] [stdout]    |     ^^^^^ use of unresolved module or unlinked crate `theta`
[INFO] [stdout]    |
[INFO] [stdout]    = help: if you wanted to use a crate named `theta`, use `cargo add theta` to add it to your `Cargo.toml`
[INFO] [stdout] 
[INFO] [stdout] error: cannot find derive macro `ActorArgs` in this scope
[INFO] [stdout]   --> src/lib.rs:45:24
[INFO] [stdout]    |
[INFO] [stdout] 45 | #[derive(Debug, Clone, ActorArgs)]
[INFO] [stdout]    |                        ^^^^^^^^^
[INFO] [stdout] 
[INFO] [stdout] error: cannot find attribute `actor` in this scope
[INFO] [stdout]   --> src/lib.rs:51:3
[INFO] [stdout]    |
[INFO] [stdout] 51 | #[actor("12345678-1234-5678-9abc-123456789abc")]
[INFO] [stdout]    |   ^^^^^
[INFO] [stdout] 
[INFO] [stdout] error[E0405]: cannot find trait `Actor` in this scope
[INFO] [stdout]   --> src/lib.rs:52:6
[INFO] [stdout]    |
[INFO] [stdout] 52 | impl Actor for MyActor {
[INFO] [stdout]    |      ^^^^^ not found in this scope
[INFO] [stdout] 
[INFO] [stdout] error[E0424]: cannot find value `self` in this scope
[INFO] [stdout]   --> src/lib.rs:55:13
[INFO] [stdout]    |
[INFO] [stdout] 41 | fn main() { #[allow(non_snake_case)] fn _doctest_main_src_lib_rs_41_0() {
[INFO] [stdout]    |                                         ----------------------------- this function doesn't have a `self` parameter
[INFO] [stdout] ...
[INFO] [stdout] 55 |             self.value += amount;
[INFO] [stdout]    |             ^^^^ `self` value is a keyword only available in methods with a `self` parameter
[INFO] [stdout]    |
[INFO] [stdout]    = note: a module named `self` exists in another namespace
[INFO] [stdout] help: add a `self` receiver parameter to make the associated `fn` a method
[INFO] [stdout]    |
[INFO] [stdout] 41 | fn main() { #[allow(non_snake_case)] fn _doctest_main_src_lib_rs_41_0(&self) {
[INFO] [stdout]    |                                                                       +++++
[INFO] [stdout] 
[INFO] [stdout] error: aborting due to 6 previous errors
[INFO] [stdout] 
[INFO] [stdout] Some errors have detailed explanations: E0405, E0424, E0433.
[INFO] [stdout] For more information about an error, try `rustc --explain E0405`.
[INFO] [stdout] Couldn't compile the test.
[INFO] [stdout] 
[INFO] [stdout] failures:
[INFO] [stdout]     src/lib.rs - actor (line 30)
[INFO] [stdout]     src/lib.rs - actor (line 41)
[INFO] [stdout]     src/lib.rs - derive_actor_args (line 114)
[INFO] [stdout]     src/lib.rs - derive_actor_args (line 133)
[INFO] [stdout] 
[INFO] [stdout] test result: FAILED. 0 passed; 4 failed; 0 ignored; 0 measured; 0 filtered out; finished in 0.19s
[INFO] [stdout] 
[INFO] [stdout] all doctests ran in 0.43s; merged doctests compilation took 0.22s
[INFO] [stderr] error: doctest failed, to rerun pass `--doc`
[INFO] running `Command { std: "docker" "inspect" "db379d7c04c5a7df563c043091d6386524f01924225bd8a668412e6a9353299f", kill_on_drop: false }`
[INFO] running `Command { std: "docker" "rm" "-f" "db379d7c04c5a7df563c043091d6386524f01924225bd8a668412e6a9353299f", kill_on_drop: false }`
[INFO] [stdout] db379d7c04c5a7df563c043091d6386524f01924225bd8a668412e6a9353299f
