[INFO] fetching crate th-rust 0.1.0...
[INFO] testing th-rust-0.1.0 against 1.99.0-beta.8+cargoflags=--release for beta-release-1.100-2
[INFO] extracting crate th-rust 0.1.0 into /workspace/builds/worker-5-tc1/source
[INFO] started tweaking crates.io crate th-rust 0.1.0
[INFO] finished tweaking crates.io crate th-rust 0.1.0
[INFO] tweaked toml for crates.io crate th-rust 0.1.0 written to /workspace/builds/worker-5-tc1/source/Cargo.toml
[INFO] validating manifest of crates.io crate th-rust 0.1.0 on toolchain 1.99.0-beta.8
[INFO] running `Command { std: CARGO_HOME="/workspace/cargo-home" RUSTUP_HOME="/workspace/rustup-home" "/workspace/cargo-home/bin/cargo" "+1.99.0-beta.8" "metadata" "--manifest-path" "Cargo.toml" "--no-deps", kill_on_drop: false }`
[INFO] running `Command { std: CARGO_HOME="/workspace/cargo-home" RUSTUP_HOME="/workspace/rustup-home" "/workspace/cargo-home/bin/cargo" "+1.99.0-beta.8" "generate-lockfile" "--manifest-path" "Cargo.toml", kill_on_drop: false }`
[INFO] [stderr]     Updating crates.io index
[INFO] [stderr]      Locking 117 packages to highest compatible versions
[INFO] [stderr]       Adding nalgebra v0.32.6 (available: v0.35.0)
[INFO] [stderr]       Adding rand v0.8.8 (available: v0.10.3)
[INFO] running `Command { std: CARGO_HOME="/workspace/cargo-home" RUSTUP_HOME="/workspace/rustup-home" "/workspace/cargo-home/bin/cargo" "+1.99.0-beta.8" "fetch" "--manifest-path" "Cargo.toml", kill_on_drop: false }`
[INFO] [stderr]  Downloading crates ...
[INFO] [stderr]   Downloaded dwrote v0.11.5
[INFO] [stderr]   Downloaded pathfinder_simd v0.5.6
[INFO] [stderr]   Downloaded font-kit v0.14.3
[INFO] running `Command { std: "docker" "create" "-v" "/var/lib/crater-agent-workspace/builds/worker-5-tc1/source:/opt/rustwide/workdir:ro,Z" "-v" "/var/lib/crater-agent-workspace/builds/worker-5-tc1/target:/opt/rustwide/target:rw,Z" "-v" "/var/lib/crater-agent-workspace/cargo-home:/opt/rustwide/cargo-home:ro,Z" "-v" "/var/lib/crater-agent-workspace/rustup-home:/opt/rustwide/rustup-home:ro,Z" "-m" "1610612736" "--network" "none" "ghcr.io/rust-lang/crates-build-env/linux@sha256:77db811e55d90add9212f6832c23229e3de5f1c1f9905e8cb07319ea15df73ac" "sleep" "infinity", kill_on_drop: false }`
[INFO] [stdout] fef70c15b0ef6218c5de4dca7a13a3b6ce47b9f940b091ba4af5ea99ca316add
[INFO] running `Command { std: "docker" "start" "fef70c15b0ef6218c5de4dca7a13a3b6ce47b9f940b091ba4af5ea99ca316add", kill_on_drop: false }`
[INFO] running `Command { std: "docker" "inspect" "fef70c15b0ef6218c5de4dca7a13a3b6ce47b9f940b091ba4af5ea99ca316add", kill_on_drop: false }`
[INFO] running `Command { std: "docker" "exec" "-e" "SOURCE_DIR=/opt/rustwide/workdir" "-e" "CARGO_HOME=/opt/rustwide/cargo-home" "-e" "RUSTUP_HOME=/opt/rustwide/rustup-home" "-e" "CARGO_TARGET_DIR=/opt/rustwide/target" "-w" "/opt/rustwide/workdir" "--user" "0:0" "fef70c15b0ef6218c5de4dca7a13a3b6ce47b9f940b091ba4af5ea99ca316add" "/opt/rustwide/cargo-home/bin/cargo" "+1.99.0-beta.8" "metadata" "--no-deps" "--format-version=1", kill_on_drop: false }`
[INFO] running `Command { std: "docker" "inspect" "fef70c15b0ef6218c5de4dca7a13a3b6ce47b9f940b091ba4af5ea99ca316add", kill_on_drop: false }`
[INFO] running `Command { std: "docker" "exec" "-e" "SOURCE_DIR=/opt/rustwide/workdir" "-e" "CARGO_HOME=/opt/rustwide/cargo-home" "-e" "RUSTUP_HOME=/opt/rustwide/rustup-home" "-e" "CARGO_TARGET_DIR=/opt/rustwide/target" "-e" "CARGO_INCREMENTAL=0" "-e" "RUST_BACKTRACE=full" "-e" "RUSTFLAGS=--cap-lints=warn" "-e" "RUSTDOCFLAGS=--cap-lints=warn" "-w" "/opt/rustwide/workdir" "--user" "0:0" "fef70c15b0ef6218c5de4dca7a13a3b6ce47b9f940b091ba4af5ea99ca316add" "/opt/rustwide/cargo-home/bin/cargo" "+1.99.0-beta.8" "build" "--frozen" "--message-format=json" "--release", kill_on_drop: false }`
[INFO] [stderr]    Compiling pathfinder_simd v0.5.6
[INFO] [stderr]    Compiling freetype-sys v0.20.1
[INFO] [stderr]    Compiling yeslogic-fontconfig-sys v6.0.1
[INFO] [stderr]    Compiling libloading v0.8.9
[INFO] [stderr]    Compiling flate2 v1.1.10
[INFO] [stderr]    Compiling dirs-sys v0.5.0
[INFO] [stderr]    Compiling jpeg-decoder v0.3.2
[INFO] [stderr]    Compiling font-kit v0.14.3
[INFO] [stderr]    Compiling syn v2.0.119
[INFO] [stderr]    Compiling gif v0.12.0
[INFO] [stderr]    Compiling num-complex v0.4.6
[INFO] [stderr]    Compiling num-integer v0.1.47
[INFO] [stderr]    Compiling approx v0.5.1
[INFO] [stderr]    Compiling bitflags v2.13.2
[INFO] [stderr]    Compiling float-ord v0.3.2
[INFO] [stderr]    Compiling matrixmultiply v0.3.11
[INFO] [stderr]    Compiling dlib v0.5.3
[INFO] [stderr]    Compiling dirs v6.0.0
[INFO] [stderr]    Compiling chrono v0.4.45
[INFO] [stderr]    Compiling ttf-parser v0.20.0
[INFO] [stderr]    Compiling num-rational v0.4.2
[INFO] [stderr]    Compiling png v0.17.16
[INFO] [stderr]    Compiling simba v0.8.1
[INFO] [stderr]    Compiling pathfinder_geometry v0.5.1
[INFO] [stderr]    Compiling image v0.24.9
[INFO] [stderr]    Compiling nalgebra-macros v0.2.2
[INFO] [stderr]    Compiling plotters-bitmap v0.3.7
[INFO] [stderr]    Compiling plotters v0.3.7
[INFO] [stderr]    Compiling nalgebra v0.32.6
[INFO] [stderr]    Compiling th-rust v0.1.0 (/opt/rustwide/workdir)
[INFO] [stderr]     Finished `release` profile [optimized] target(s) in 36.40s
[INFO] running `Command { std: "docker" "inspect" "fef70c15b0ef6218c5de4dca7a13a3b6ce47b9f940b091ba4af5ea99ca316add", kill_on_drop: false }`
[INFO] running `Command { std: "docker" "exec" "-e" "SOURCE_DIR=/opt/rustwide/workdir" "-e" "CARGO_HOME=/opt/rustwide/cargo-home" "-e" "RUSTUP_HOME=/opt/rustwide/rustup-home" "-e" "CARGO_TARGET_DIR=/opt/rustwide/target" "-e" "CARGO_INCREMENTAL=0" "-e" "RUST_BACKTRACE=full" "-e" "RUSTFLAGS=--cap-lints=warn" "-e" "RUSTDOCFLAGS=--cap-lints=warn" "-w" "/opt/rustwide/workdir" "--user" "0:0" "fef70c15b0ef6218c5de4dca7a13a3b6ce47b9f940b091ba4af5ea99ca316add" "/opt/rustwide/cargo-home/bin/cargo" "+1.99.0-beta.8" "test" "--frozen" "--no-run" "--message-format=json" "--release", kill_on_drop: false }`
[INFO] [stderr]    Compiling th-rust v0.1.0 (/opt/rustwide/workdir)
[INFO] [stderr]     Finished `release` profile [optimized] target(s) in 2.76s
[INFO] running `Command { std: "docker" "inspect" "fef70c15b0ef6218c5de4dca7a13a3b6ce47b9f940b091ba4af5ea99ca316add", kill_on_drop: false }`
[INFO] running `Command { std: "docker" "exec" "-e" "SOURCE_DIR=/opt/rustwide/workdir" "-e" "CARGO_HOME=/opt/rustwide/cargo-home" "-e" "RUSTUP_HOME=/opt/rustwide/rustup-home" "-e" "CARGO_TARGET_DIR=/opt/rustwide/target" "-e" "CARGO_INCREMENTAL=0" "-e" "RUST_BACKTRACE=full" "-e" "RUSTFLAGS=--cap-lints=warn" "-e" "RUSTDOCFLAGS=--cap-lints=warn" "-w" "/opt/rustwide/workdir" "--user" "0:0" "fef70c15b0ef6218c5de4dca7a13a3b6ce47b9f940b091ba4af5ea99ca316add" "/opt/rustwide/cargo-home/bin/cargo" "+1.99.0-beta.8" "test" "--frozen" "--release", kill_on_drop: false }`
[INFO] [stderr]     Finished `release` profile [optimized] target(s) in 0.11s
[INFO] [stderr]      Running unittests src/lib.rs (/opt/rustwide/target/release/deps/th_rust-a7c0f6653b1c5135)
[INFO] [stdout] 
[INFO] [stdout] running 4 tests
[INFO] [stdout] test tests::it_runs_and_gate ... FAILED
[INFO] [stdout] test tests::it_runs_or_gate ... FAILED
[INFO] [stdout] test tests::it_runs_copy_gate ... FAILED
[INFO] [stdout] test tests::it_runs_composed_circuit ... FAILED
[INFO] [stdout] 
[INFO] [stdout] failures:
[INFO] [stdout] 
[INFO] [stdout] ---- tests::it_runs_and_gate stdout ----
[INFO] [stdout] 
[INFO] [stdout] thread 'tests::it_runs_and_gate' (769) panicked at src/simulator/mcmc.rs:81:23:
[INFO] [stdout] index out of bounds: the len is 0 but the index is 0
[INFO] [stdout] stack backtrace:
[INFO] [stdout]    0:     0x60ab11134681 - <<std[70759c8f55707aa4]::sys::backtrace::BacktraceLock>::print::DisplayBacktrace as core[df12db4294e9bfd3]::fmt::Display>::fmt
[INFO] [stdout]    1:     0x60ab1114a87a - core[df12db4294e9bfd3]::fmt::write
[INFO] [stdout]    2:     0x60ab11138c4c - <alloc[2182bb758b4b3781]::vec::Vec<u8> as core[df12db4294e9bfd3]::io::write::Write>::write_fmt
[INFO] [stdout]    3:     0x60ab11110a76 - std[70759c8f55707aa4]::panicking::default_hook::{closure#0}
[INFO] [stdout]    4:     0x60ab1112cde9 - std[70759c8f55707aa4]::panicking::default_hook
[INFO] [stdout]    5:     0x60ab11087ae0 - test[9d35eded1c95d3be]::test_main_inner::<test[9d35eded1c95d3be]::test_main_static::{closure#0}>::{closure#0}
[INFO] [stdout]    6:     0x60ab1112cfa2 - std[70759c8f55707aa4]::panicking::panic_with_hook
[INFO] [stdout]    7:     0x60ab11110b22 - std[70759c8f55707aa4]::panicking::panic_handler::{closure#0}
[INFO] [stdout]    8:     0x60ab11109879 - std[70759c8f55707aa4]::sys::backtrace::__rust_end_short_backtrace::<std[70759c8f55707aa4]::panicking::panic_handler::{closure#0}, !>
[INFO] [stdout]    9:     0x60ab1111171d - __rustc[8fa7c3cbc660c2b3]::rust_begin_unwind
[INFO] [stdout]   10:     0x60ab1114afdc - core[df12db4294e9bfd3]::panicking::panic_fmt
[INFO] [stdout]   11:     0x60ab1114ae2c - core[df12db4294e9bfd3]::panicking::panic_bounds_check
[INFO] [stdout]   12:     0x60ab11077753 - <th_rust[6e85bf9706be695]::simulator::mcmc::MCMC>::run
[INFO] [stdout]   13:     0x60ab11064b59 - th_rust[6e85bf9706be695]::tests::it_runs_and_gate
[INFO] [stdout]   14:     0x60ab1106ba89 - <th_rust[6e85bf9706be695]::tests::it_runs_and_gate::{closure#0} as core[df12db4294e9bfd3]::ops::function::FnOnce<()>>::call_once
[INFO] [stdout]   15:     0x60ab1107adcb - test[9d35eded1c95d3be]::__rust_begin_short_backtrace::<core[df12db4294e9bfd3]::result::Result<(), alloc[2182bb758b4b3781]::string::String>, fn() -> core[df12db4294e9bfd3]::result::Result<(), alloc[2182bb758b4b3781]::string::String>>
[INFO] [stdout]   16:     0x60ab11088435 - test[9d35eded1c95d3be]::run_test::{closure#0}
[INFO] [stdout]   17:     0x60ab11081cf4 - std[70759c8f55707aa4]::sys::backtrace::__rust_begin_short_backtrace::<test[9d35eded1c95d3be]::run_test::{closure#1}, ()>
[INFO] [stdout]   18:     0x60ab1108b592 - <std[70759c8f55707aa4]::thread::lifecycle::spawn_unchecked<test[9d35eded1c95d3be]::run_test::{closure#1}, ()>::{closure#1} as core[df12db4294e9bfd3]::ops::function::FnOnce<()>>::call_once::{shim:vtable#0}
[INFO] [stdout]   19:     0x60ab11133f59 - <std[70759c8f55707aa4]::sys::thread::unix::Thread>::new::thread_start
[INFO] [stdout]   20:     0x7be53372ddfa - <unknown>
[INFO] [stdout]   21:     0x7be5337c13d4 - clone
[INFO] [stdout]   22:                0x0 - <unknown>
[INFO] [stdout] 
[INFO] [stdout] ---- tests::it_runs_or_gate stdout ----
[INFO] [stdout] 
[INFO] [stdout] thread 'tests::it_runs_or_gate' (772) panicked at src/simulator/mcmc.rs:81:23:
[INFO] [stdout] index out of bounds: the len is 0 but the index is 0
[INFO] [stdout] stack backtrace:
[INFO] [stdout]    0:     0x60ab11134681 - <<std[70759c8f55707aa4]::sys::backtrace::BacktraceLock>::print::DisplayBacktrace as core[df12db4294e9bfd3]::fmt::Display>::fmt
[INFO] [stdout]    1:     0x60ab1114a87a - core[df12db4294e9bfd3]::fmt::write
[INFO] [stdout]    2:     0x60ab11138c4c - <alloc[2182bb758b4b3781]::vec::Vec<u8> as core[df12db4294e9bfd3]::io::write::Write>::write_fmt
[INFO] [stdout]    3:     0x60ab11110a76 - std[70759c8f55707aa4]::panicking::default_hook::{closure#0}
[INFO] [stdout]    4:     0x60ab1112cde9 - std[70759c8f55707aa4]::panicking::default_hook
[INFO] [stdout]    5:     0x60ab11087ae0 - test[9d35eded1c95d3be]::test_main_inner::<test[9d35eded1c95d3be]::test_main_static::{closure#0}>::{closure#0}
[INFO] [stdout]    6:     0x60ab1112cfa2 - std[70759c8f55707aa4]::panicking::panic_with_hook
[INFO] [stdout]    7:     0x60ab11110b22 - std[70759c8f55707aa4]::panicking::panic_handler::{closure#0}
[INFO] [stdout]    8:     0x60ab11109879 - std[70759c8f55707aa4]::sys::backtrace::__rust_end_short_backtrace::<std[70759c8f55707aa4]::panicking::panic_handler::{closure#0}, !>
[INFO] [stdout]    9:     0x60ab1111171d - __rustc[8fa7c3cbc660c2b3]::rust_begin_unwind
[INFO] [stdout]   10:     0x60ab1114afdc - core[df12db4294e9bfd3]::panicking::panic_fmt
[INFO] [stdout]   11:     0x60ab1114ae2c - core[df12db4294e9bfd3]::panicking::panic_bounds_check
[INFO] [stdout]   12:     0x60ab11077753 - <th_rust[6e85bf9706be695]::simulator::mcmc::MCMC>::run
[INFO] [stdout]   13:     0x60ab11064949 - th_rust[6e85bf9706be695]::tests::it_runs_or_gate
[INFO] [stdout]   14:     0x60ab1106ba69 - <th_rust[6e85bf9706be695]::tests::it_runs_or_gate::{closure#0} as core[df12db4294e9bfd3]::ops::function::FnOnce<()>>::call_once
[INFO] [stdout]   15:     0x60ab1107adcb - test[9d35eded1c95d3be]::__rust_begin_short_backtrace::<core[df12db4294e9bfd3]::result::Result<(), alloc[2182bb758b4b3781]::string::String>, fn() -> core[df12db4294e9bfd3]::result::Result<(), alloc[2182bb758b4b3781]::string::String>>
[INFO] [stdout]   16:     0x60ab11088435 - test[9d35eded1c95d3be]::run_test::{closure#0}
[INFO] [stdout]   17:     0x60ab11081cf4 - std[70759c8f55707aa4]::sys::backtrace::__rust_begin_short_backtrace::<test[9d35eded1c95d3be]::run_test::{closure#1}, ()>
[INFO] [stdout]   18:     0x60ab1108b592 - <std[70759c8f55707aa4]::thread::lifecycle::spawn_unchecked<test[9d35eded1c95d3be]::run_test::{closure#1}, ()>::{closure#1} as core[df12db4294e9bfd3]::ops::function::FnOnce<()>>::call_once::{shim:vtable#0}
[INFO] [stdout]   19:     0x60ab11133f59 - <std[70759c8f55707aa4]::sys::thread::unix::Thread>::new::thread_start
[INFO] [stdout]   20:     0x7be53372ddfa - <unknown>
[INFO] [stdout]   21:     0x7be5337c13d4 - clone
[INFO] [stdout]   22:                0x0 - <unknown>
[INFO] [stdout] 
[INFO] [stdout] ---- tests::it_runs_copy_gate stdout ----
[INFO] [stdout] 
[INFO] [stdout] thread 'tests::it_runs_copy_gate' (771) panicked at src/simulator/mcmc.rs:81:23:
[INFO] [stdout] index out of bounds: the len is 0 but the index is 0
[INFO] [stdout] stack backtrace:
[INFO] [stdout]    0:     0x60ab11134681 - <<std[70759c8f55707aa4]::sys::backtrace::BacktraceLock>::print::DisplayBacktrace as core[df12db4294e9bfd3]::fmt::Display>::fmt
[INFO] [stdout]    1:     0x60ab1114a87a - core[df12db4294e9bfd3]::fmt::write
[INFO] [stdout]    2:     0x60ab11138c4c - <alloc[2182bb758b4b3781]::vec::Vec<u8> as core[df12db4294e9bfd3]::io::write::Write>::write_fmt
[INFO] [stdout]    3:     0x60ab11110a76 - std[70759c8f55707aa4]::panicking::default_hook::{closure#0}
[INFO] [stdout]    4:     0x60ab1112cde9 - std[70759c8f55707aa4]::panicking::default_hook
[INFO] [stdout]    5:     0x60ab11087ae0 - test[9d35eded1c95d3be]::test_main_inner::<test[9d35eded1c95d3be]::test_main_static::{closure#0}>::{closure#0}
[INFO] [stdout]    6:     0x60ab1112cfa2 - std[70759c8f55707aa4]::panicking::panic_with_hook
[INFO] [stdout]    7:     0x60ab11110b22 - std[70759c8f55707aa4]::panicking::panic_handler::{closure#0}
[INFO] [stdout]    8:     0x60ab11109879 - std[70759c8f55707aa4]::sys::backtrace::__rust_end_short_backtrace::<std[70759c8f55707aa4]::panicking::panic_handler::{closure#0}, !>
[INFO] [stdout]    9:     0x60ab1111171d - __rustc[8fa7c3cbc660c2b3]::rust_begin_unwind
[INFO] [stdout]   10:     0x60ab1114afdc - core[df12db4294e9bfd3]::panicking::panic_fmt
[INFO] [stdout]   11:     0x60ab1114ae2c - core[df12db4294e9bfd3]::panicking::panic_bounds_check
[INFO] [stdout]   12:     0x60ab11077753 - <th_rust[6e85bf9706be695]::simulator::mcmc::MCMC>::run
[INFO] [stdout]   13:     0x60ab11064d5b - th_rust[6e85bf9706be695]::tests::it_runs_copy_gate
[INFO] [stdout]   14:     0x60ab1106baa9 - <th_rust[6e85bf9706be695]::tests::it_runs_copy_gate::{closure#0} as core[df12db4294e9bfd3]::ops::function::FnOnce<()>>::call_once
[INFO] [stdout]   15:     0x60ab1107adcb - test[9d35eded1c95d3be]::__rust_begin_short_backtrace::<core[df12db4294e9bfd3]::result::Result<(), alloc[2182bb758b4b3781]::string::String>, fn() -> core[df12db4294e9bfd3]::result::Result<(), alloc[2182bb758b4b3781]::string::String>>
[INFO] [stdout]   16:     0x60ab11088435 - test[9d35eded1c95d3be]::run_test::{closure#0}
[INFO] [stdout]   17:     0x60ab11081cf4 - std[70759c8f55707aa4]::sys::backtrace::__rust_begin_short_backtrace::<test[9d35eded1c95d3be]::run_test::{closure#1}, ()>
[INFO] [stdout]   18:     0x60ab1108b592 - <std[70759c8f55707aa4]::thread::lifecycle::spawn_unchecked<test[9d35eded1c95d3be]::run_test::{closure#1}, ()>::{closure#1} as core[df12db4294e9bfd3]::ops::function::FnOnce<()>>::call_once::{shim:vtable#0}
[INFO] [stdout]   19:     0x60ab11133f59 - <std[70759c8f55707aa4]::sys::thread::unix::Thread>::new::thread_start
[INFO] [stdout]   20:     0x7be53372ddfa - <unknown>
[INFO] [stdout]   21:     0x7be5337c13d4 - clone
[INFO] [stdout]   22:                0x0 - <unknown>
[INFO] [stdout] 
[INFO] [stdout] ---- tests::it_runs_composed_circuit stdout ----
[INFO] [stdout] 
[INFO] [stdout] thread 'tests::it_runs_composed_circuit' (770) panicked at src/simulator/plot.rs:51:24:
[INFO] [stdout] Unable to write result to file, please make sure 'plotters-doc-data' dir exists under current dir: BackendError(DrawingError(ImageError(IoError(Os { code: 2, kind: NotFound, message: "No such file or directory" }))))
[INFO] [stdout] stack backtrace:
[INFO] [stdout]    0:     0x60ab11134681 - <<std[70759c8f55707aa4]::sys::backtrace::BacktraceLock>::print::DisplayBacktrace as core[df12db4294e9bfd3]::fmt::Display>::fmt
[INFO] [stdout]    1:     0x60ab1114a87a - core[df12db4294e9bfd3]::fmt::write
[INFO] [stdout]    2:     0x60ab11138c4c - <alloc[2182bb758b4b3781]::vec::Vec<u8> as core[df12db4294e9bfd3]::io::write::Write>::write_fmt
[INFO] [stdout]    3:     0x60ab11110a76 - std[70759c8f55707aa4]::panicking::default_hook::{closure#0}
[INFO] [stdout]    4:     0x60ab1112cde9 - std[70759c8f55707aa4]::panicking::default_hook
[INFO] [stdout]    5:     0x60ab11087ae0 - test[9d35eded1c95d3be]::test_main_inner::<test[9d35eded1c95d3be]::test_main_static::{closure#0}>::{closure#0}
[INFO] [stdout]    6:     0x60ab1112cfa2 - std[70759c8f55707aa4]::panicking::panic_with_hook
[INFO] [stdout]    7:     0x60ab11110b22 - std[70759c8f55707aa4]::panicking::panic_handler::{closure#0}
[INFO] [stdout]    8:     0x60ab11109879 - std[70759c8f55707aa4]::sys::backtrace::__rust_end_short_backtrace::<std[70759c8f55707aa4]::panicking::panic_handler::{closure#0}, !>
[INFO] [stdout]    9:     0x60ab1111171d - __rustc[8fa7c3cbc660c2b3]::rust_begin_unwind
[INFO] [stdout]   10:     0x60ab1114afdc - core[df12db4294e9bfd3]::panicking::panic_fmt
[INFO] [stdout]   11:     0x60ab1114adb2 - core[df12db4294e9bfd3]::result::unwrap_failed
[INFO] [stdout]   12:     0x60ab110646b1 - <th_rust[6e85bf9706be695]::simulator::plot::Plotter>::plot
[INFO] [stdout]   13:     0x60ab110775da - <th_rust[6e85bf9706be695]::simulator::mcmc::MCMC>::run
[INFO] [stdout]   14:     0x60ab1106508e - th_rust[6e85bf9706be695]::tests::it_runs_composed_circuit
[INFO] [stdout]   15:     0x60ab1106bac9 - <th_rust[6e85bf9706be695]::tests::it_runs_composed_circuit::{closure#0} as core[df12db4294e9bfd3]::ops::function::FnOnce<()>>::call_once
[INFO] [stdout]   16:     0x60ab1107adcb - test[9d35eded1c95d3be]::__rust_begin_short_backtrace::<core[df12db4294e9bfd3]::result::Result<(), alloc[2182bb758b4b3781]::string::String>, fn() -> core[df12db4294e9bfd3]::result::Result<(), alloc[2182bb758b4b3781]::string::String>>
[INFO] [stdout]   17:     0x60ab11088435 - test[9d35eded1c95d3be]::run_test::{closure#0}
[INFO] [stdout]   18:     0x60ab11081cf4 - std[70759c8f55707aa4]::sys::backtrace::__rust_begin_short_backtrace::<test[9d35eded1c95d3be]::run_test::{closure#1}, ()>
[INFO] [stdout]   19:     0x60ab1108b592 - <std[70759c8f55707aa4]::thread::lifecycle::spawn_unchecked<test[9d35eded1c95d3be]::run_test::{closure#1}, ()>::{closure#1} as core[df12db4294e9bfd3]::ops::function::FnOnce<()>>::call_once::{shim:vtable#0}
[INFO] [stdout]   20:     0x60ab11133f59 - <std[70759c8f55707aa4]::sys::thread::unix::Thread>::new::thread_start
[INFO] [stdout]   21:     0x7be53372ddfa - <unknown>
[INFO] [stdout]   22:     0x7be5337c13d4 - clone
[INFO] [stdout]   23:                0x0 - <unknown>
[INFO] [stdout] 
[INFO] [stdout] 
[INFO] [stdout] failures:
[INFO] [stdout]     tests::it_runs_and_gate
[INFO] [stdout]     tests::it_runs_composed_circuit
[INFO] [stdout]     tests::it_runs_copy_gate
[INFO] [stdout]     tests::it_runs_or_gate
[INFO] [stdout] 
[INFO] [stdout] test result: FAILED. 0 passed; 4 failed; 0 ignored; 0 measured; 0 filtered out; finished in 0.37s
[INFO] [stdout] 
[INFO] [stderr] error: test failed, to rerun pass `--lib`
[INFO] running `Command { std: "docker" "inspect" "fef70c15b0ef6218c5de4dca7a13a3b6ce47b9f940b091ba4af5ea99ca316add", kill_on_drop: false }`
[INFO] running `Command { std: "docker" "rm" "-f" "fef70c15b0ef6218c5de4dca7a13a3b6ce47b9f940b091ba4af5ea99ca316add", kill_on_drop: false }`
[INFO] [stdout] fef70c15b0ef6218c5de4dca7a13a3b6ce47b9f940b091ba4af5ea99ca316add
