[INFO] fetching crate tftp_client 0.3.0...
[INFO] testing tftp_client-0.3.0 against 1.99.0-beta.8+cargoflags=--release for beta-release-1.100-2
[INFO] extracting crate tftp_client 0.3.0 into /workspace/builds/worker-6-tc1/source
[INFO] started tweaking crates.io crate tftp_client 0.3.0
[INFO] removed 0 missing examples
[INFO] removed 0 missing tests
[INFO] finished tweaking crates.io crate tftp_client 0.3.0
[INFO] tweaked toml for crates.io crate tftp_client 0.3.0 written to /workspace/builds/worker-6-tc1/source/Cargo.toml
[INFO] validating manifest of crates.io crate tftp_client 0.3.0 on toolchain 1.99.0-beta.8
[INFO] running `Command { std: CARGO_HOME="/workspace/cargo-home" RUSTUP_HOME="/workspace/rustup-home" "/workspace/cargo-home/bin/cargo" "+1.99.0-beta.8" "metadata" "--manifest-path" "Cargo.toml" "--no-deps", kill_on_drop: false }`
[INFO] crate crates.io crate tftp_client 0.3.0 already has a lockfile, it will not be regenerated
[INFO] running `Command { std: CARGO_HOME="/workspace/cargo-home" RUSTUP_HOME="/workspace/rustup-home" "/workspace/cargo-home/bin/cargo" "+1.99.0-beta.8" "fetch" "--manifest-path" "Cargo.toml", kill_on_drop: false }`
[INFO] [stderr]     Updating crates.io index
[INFO] [stderr]  Downloading crates ...
[INFO] [stderr]   Downloaded byte-strings v0.3.1
[INFO] [stderr]   Downloaded byte-strings-proc_macros v0.3.1
[INFO] [stderr]   Downloaded async-io v2.4.0
[INFO] [stderr]   Downloaded blocking v1.6.1
[INFO] [stderr]   Downloaded errno v0.3.11
[INFO] [stderr]   Downloaded polling v3.7.4
[INFO] running `Command { std: "docker" "create" "-v" "/var/lib/crater-agent-workspace/builds/worker-6-tc1/source:/opt/rustwide/workdir:ro,Z" "-v" "/var/lib/crater-agent-workspace/builds/worker-6-tc1/target:/opt/rustwide/target:rw,Z" "-v" "/var/lib/crater-agent-workspace/cargo-home:/opt/rustwide/cargo-home:ro,Z" "-v" "/var/lib/crater-agent-workspace/rustup-home:/opt/rustwide/rustup-home:ro,Z" "-m" "1610612736" "--network" "none" "ghcr.io/rust-lang/crates-build-env/linux@sha256:77db811e55d90add9212f6832c23229e3de5f1c1f9905e8cb07319ea15df73ac" "sleep" "infinity", kill_on_drop: false }`
[INFO] [stdout] 3097a1b7f1e361a5e447f9f8bef2fdb9a47d2f254f6d5d51ec806774c8a0c921
[INFO] running `Command { std: "docker" "start" "3097a1b7f1e361a5e447f9f8bef2fdb9a47d2f254f6d5d51ec806774c8a0c921", kill_on_drop: false }`
[INFO] running `Command { std: "docker" "inspect" "3097a1b7f1e361a5e447f9f8bef2fdb9a47d2f254f6d5d51ec806774c8a0c921", kill_on_drop: false }`
[INFO] running `Command { std: "docker" "exec" "-e" "SOURCE_DIR=/opt/rustwide/workdir" "-e" "CARGO_HOME=/opt/rustwide/cargo-home" "-e" "RUSTUP_HOME=/opt/rustwide/rustup-home" "-e" "CARGO_TARGET_DIR=/opt/rustwide/target" "-w" "/opt/rustwide/workdir" "--user" "0:0" "3097a1b7f1e361a5e447f9f8bef2fdb9a47d2f254f6d5d51ec806774c8a0c921" "/opt/rustwide/cargo-home/bin/cargo" "+1.99.0-beta.8" "metadata" "--no-deps" "--format-version=1", kill_on_drop: false }`
[INFO] running `Command { std: "docker" "inspect" "3097a1b7f1e361a5e447f9f8bef2fdb9a47d2f254f6d5d51ec806774c8a0c921", kill_on_drop: false }`
[INFO] running `Command { std: "docker" "exec" "-e" "SOURCE_DIR=/opt/rustwide/workdir" "-e" "CARGO_HOME=/opt/rustwide/cargo-home" "-e" "RUSTUP_HOME=/opt/rustwide/rustup-home" "-e" "CARGO_TARGET_DIR=/opt/rustwide/target" "-e" "CARGO_INCREMENTAL=0" "-e" "RUST_BACKTRACE=full" "-e" "RUSTFLAGS=--cap-lints=warn" "-e" "RUSTDOCFLAGS=--cap-lints=warn" "-w" "/opt/rustwide/workdir" "--user" "0:0" "3097a1b7f1e361a5e447f9f8bef2fdb9a47d2f254f6d5d51ec806774c8a0c921" "/opt/rustwide/cargo-home/bin/cargo" "+1.99.0-beta.8" "build" "--frozen" "--message-format=json" "--release", kill_on_drop: false }`
[INFO] [stderr]    Compiling proc-macro2 v1.0.94
[INFO] [stderr]    Compiling quote v1.0.35
[INFO] [stderr]    Compiling syn v2.0.100
[INFO] [stderr]    Compiling byte-strings-proc_macros v0.3.1
[INFO] [stderr]    Compiling tracing-attributes v0.1.27
[INFO] [stderr]    Compiling thiserror-impl v2.0.12
[INFO] [stderr]    Compiling byte-strings v0.3.1
[INFO] [stderr]    Compiling tracing v0.1.40
[INFO] [stderr]    Compiling thiserror v2.0.12
[INFO] [stderr]    Compiling tftp_client v0.3.0 (/opt/rustwide/workdir)
[INFO] [stderr]     Finished `release` profile [optimized] target(s) in 8.66s
[INFO] running `Command { std: "docker" "inspect" "3097a1b7f1e361a5e447f9f8bef2fdb9a47d2f254f6d5d51ec806774c8a0c921", kill_on_drop: false }`
[INFO] running `Command { std: "docker" "exec" "-e" "SOURCE_DIR=/opt/rustwide/workdir" "-e" "CARGO_HOME=/opt/rustwide/cargo-home" "-e" "RUSTUP_HOME=/opt/rustwide/rustup-home" "-e" "CARGO_TARGET_DIR=/opt/rustwide/target" "-e" "CARGO_INCREMENTAL=0" "-e" "RUST_BACKTRACE=full" "-e" "RUSTFLAGS=--cap-lints=warn" "-e" "RUSTDOCFLAGS=--cap-lints=warn" "-w" "/opt/rustwide/workdir" "--user" "0:0" "3097a1b7f1e361a5e447f9f8bef2fdb9a47d2f254f6d5d51ec806774c8a0c921" "/opt/rustwide/cargo-home/bin/cargo" "+1.99.0-beta.8" "test" "--frozen" "--no-run" "--message-format=json" "--release", kill_on_drop: false }`
[INFO] [stderr]    Compiling tftp_client v0.3.0 (/opt/rustwide/workdir)
[INFO] [stderr]     Finished `release` profile [optimized] target(s) in 1.15s
[INFO] running `Command { std: "docker" "inspect" "3097a1b7f1e361a5e447f9f8bef2fdb9a47d2f254f6d5d51ec806774c8a0c921", kill_on_drop: false }`
[INFO] running `Command { std: "docker" "exec" "-e" "SOURCE_DIR=/opt/rustwide/workdir" "-e" "CARGO_HOME=/opt/rustwide/cargo-home" "-e" "RUSTUP_HOME=/opt/rustwide/rustup-home" "-e" "CARGO_TARGET_DIR=/opt/rustwide/target" "-e" "CARGO_INCREMENTAL=0" "-e" "RUST_BACKTRACE=full" "-e" "RUSTFLAGS=--cap-lints=warn" "-e" "RUSTDOCFLAGS=--cap-lints=warn" "-w" "/opt/rustwide/workdir" "--user" "0:0" "3097a1b7f1e361a5e447f9f8bef2fdb9a47d2f254f6d5d51ec806774c8a0c921" "/opt/rustwide/cargo-home/bin/cargo" "+1.99.0-beta.8" "test" "--frozen" "--release", kill_on_drop: false }`
[INFO] [stderr]     Finished `release` profile [optimized] target(s) in 0.07s
[INFO] [stderr]      Running unittests src/lib.rs (/opt/rustwide/target/release/deps/tftp_client-54f0a33b996a74ba)
[INFO] [stdout] 
[INFO] [stdout] running 19 tests
[INFO] [stdout] test parser::tests::test_error_exist ... ok
[INFO] [stdout] test parser::tests::test_data_empty ... ok
[INFO] [stdout] test parser::tests::test_error_nofile ... ok
[INFO] [stdout] test parser::tests::test_error_op ... ok
[INFO] [stdout] test parser::tests::test_error_unspec ... ok
[INFO] [stdout] test parser::tests::test_rrq_mail ... ok
[INFO] [stdout] test parser::tests::test_error_badid ... ok
[INFO] [stdout] test parser::tests::test_wrq_octet ... ok
[INFO] [stdout] test parser::tests::test_wrq_mail ... ok
[INFO] [stdout] test parser::tests::test_wrq_netascii ... ok
[INFO] [stdout] test parser::tests::test_rrq_netascii ... ok
[INFO] [stdout] test parser::tests::test_error_write ... ok
[INFO] [stdout] test parser::tests::test_rrq_octet ... ok
[INFO] [stdout] test parser::tests::test_error_access ... ok
[INFO] [stdout] test parser::tests::test_ack ... ok
[INFO] [stdout] test parser::tests::test_error_empty ... ok
[INFO] [stdout] test parser::tests::test_error_baduser ... ok
[INFO] [stderr]      Running tests/test_upload_and_download.rs (/opt/rustwide/target/release/deps/test_upload_and_download-1b4d392910455c9c)
[INFO] [stdout] test parser::tests::test_error_badopt ... ok
[INFO] [stdout] test parser::tests::test_data ... ok
[INFO] [stdout] 
[INFO] [stdout] test result: ok. 19 passed; 0 failed; 0 ignored; 0 measured; 0 filtered out; finished in 0.01s
[INFO] [stdout] 
[INFO] [stdout] 
[INFO] [stdout] running 1 test
[INFO] [stdout] test download_upload ... FAILED
[INFO] [stdout] 
[INFO] [stdout] failures:
[INFO] [stdout] 
[INFO] [stdout] ---- download_upload stdout ----
[INFO] [stdout] 
[INFO] [stdout] thread 'download_upload' (450) panicked at tests/test_upload_and_download.rs:26:6:
[INFO] [stdout] called `Result::unwrap()` on an `Err` value: Timeout
[INFO] [stdout] stack backtrace:
[INFO] [stdout]    0:     0x60db489e75e1 - <<std[70759c8f55707aa4]::sys::backtrace::BacktraceLock>::print::DisplayBacktrace as core[df12db4294e9bfd3]::fmt::Display>::fmt
[INFO] [stdout]    1:     0x60db489fc5aa - core[df12db4294e9bfd3]::fmt::write
[INFO] [stdout]    2:     0x60db489ebd9c - <alloc[2182bb758b4b3781]::vec::Vec<u8> as core[df12db4294e9bfd3]::io::write::Write>::write_fmt
[INFO] [stdout]    3:     0x60db489c2f36 - std[70759c8f55707aa4]::panicking::default_hook::{closure#0}
[INFO] [stdout]    4:     0x60db489df6e9 - std[70759c8f55707aa4]::panicking::default_hook
[INFO] [stdout]    5:     0x60db4897b480 - test[9d35eded1c95d3be]::test_main_inner::<test[9d35eded1c95d3be]::test_main_static::{closure#0}>::{closure#0}
[INFO] [stdout]    6:     0x60db489df8a2 - std[70759c8f55707aa4]::panicking::panic_with_hook
[INFO] [stdout]    7:     0x60db489c2fe2 - std[70759c8f55707aa4]::panicking::panic_handler::{closure#0}
[INFO] [stdout]    8:     0x60db489bbcb9 - std[70759c8f55707aa4]::sys::backtrace::__rust_end_short_backtrace::<std[70759c8f55707aa4]::panicking::panic_handler::{closure#0}, !>
[INFO] [stdout]    9:     0x60db489c3dcd - __rustc[8fa7c3cbc660c2b3]::rust_begin_unwind
[INFO] [stdout]   10:     0x60db489fcd0c - core[df12db4294e9bfd3]::panicking::panic_fmt
[INFO] [stdout]   11:     0x60db489fcae2 - core[df12db4294e9bfd3]::result::unwrap_failed
[INFO] [stdout]   12:     0x60db4896bc0a - <test_upload_and_download[9355ab9e38c78c30]::download_upload::{closure#0} as core[df12db4294e9bfd3]::ops::function::FnOnce<()>>::call_once
[INFO] [stdout]   13:     0x60db4896e76b - test[9d35eded1c95d3be]::__rust_begin_short_backtrace::<core[df12db4294e9bfd3]::result::Result<(), alloc[2182bb758b4b3781]::string::String>, fn() -> core[df12db4294e9bfd3]::result::Result<(), alloc[2182bb758b4b3781]::string::String>>
[INFO] [stdout]   14:     0x60db4897bdd5 - test[9d35eded1c95d3be]::run_test::{closure#0}
[INFO] [stdout]   15:     0x60db48975694 - std[70759c8f55707aa4]::sys::backtrace::__rust_begin_short_backtrace::<test[9d35eded1c95d3be]::run_test::{closure#1}, ()>
[INFO] [stdout]   16:     0x60db4897ef32 - <std[70759c8f55707aa4]::thread::lifecycle::spawn_unchecked<test[9d35eded1c95d3be]::run_test::{closure#1}, ()>::{closure#1} as core[df12db4294e9bfd3]::ops::function::FnOnce<()>>::call_once::{shim:vtable#0}
[INFO] [stdout]   17:     0x60db489e69a9 - <std[70759c8f55707aa4]::sys::thread::unix::Thread>::new::thread_start
[INFO] [stdout]   18:     0x7171fa1a0dfa - <unknown>
[INFO] [stdout]   19:     0x7171fa2343d4 - clone
[INFO] [stdout]   20:                0x0 - <unknown>
[INFO] [stdout] 
[INFO] [stdout] 
[INFO] [stdout] failures:
[INFO] [stdout]     download_upload
[INFO] [stdout] 
[INFO] [stdout] test result: FAILED. 0 passed; 1 failed; 0 ignored; 0 measured; 0 filtered out; finished in 5.05s
[INFO] [stdout] 
[INFO] [stderr] error: test failed, to rerun pass `--test test_upload_and_download`
[INFO] running `Command { std: "docker" "inspect" "3097a1b7f1e361a5e447f9f8bef2fdb9a47d2f254f6d5d51ec806774c8a0c921", kill_on_drop: false }`
[INFO] running `Command { std: "docker" "rm" "-f" "3097a1b7f1e361a5e447f9f8bef2fdb9a47d2f254f6d5d51ec806774c8a0c921", kill_on_drop: false }`
[INFO] [stdout] 3097a1b7f1e361a5e447f9f8bef2fdb9a47d2f254f6d5d51ec806774c8a0c921
