[INFO] fetching crate tft-artemis-cli 0.1.1...
[INFO] testing tft-artemis-cli-0.1.1 against 1.99.0-beta.8+cargoflags=--release for beta-release-1.100-2
[INFO] extracting crate tft-artemis-cli 0.1.1 into /workspace/builds/worker-5-tc1/source
[INFO] started tweaking crates.io crate tft-artemis-cli 0.1.1
[INFO] finished tweaking crates.io crate tft-artemis-cli 0.1.1
[INFO] tweaked toml for crates.io crate tft-artemis-cli 0.1.1 written to /workspace/builds/worker-5-tc1/source/Cargo.toml
[INFO] validating manifest of crates.io crate tft-artemis-cli 0.1.1 on toolchain 1.99.0-beta.8
[INFO] running `Command { std: CARGO_HOME="/workspace/cargo-home" RUSTUP_HOME="/workspace/rustup-home" "/workspace/cargo-home/bin/cargo" "+1.99.0-beta.8" "metadata" "--manifest-path" "Cargo.toml" "--no-deps", kill_on_drop: false }`
[INFO] crate crates.io crate tft-artemis-cli 0.1.1 already has a lockfile, it will not be regenerated
[INFO] running `Command { std: CARGO_HOME="/workspace/cargo-home" RUSTUP_HOME="/workspace/rustup-home" "/workspace/cargo-home/bin/cargo" "+1.99.0-beta.8" "fetch" "--manifest-path" "Cargo.toml", kill_on_drop: false }`
[INFO] [stderr]     Blocking waiting for file lock on package cache
[INFO] [stderr]  Downloading crates ...
[INFO] [stderr]   Downloaded mockito v1.7.1
[INFO] [stderr]   Downloaded human-panic v2.0.6
[INFO] [stderr]   Downloaded aws-lc-rs v1.15.3
[INFO] [stderr]   Downloaded aws-lc-sys v0.36.0
[INFO] running `Command { std: "docker" "create" "-v" "/var/lib/crater-agent-workspace/builds/worker-5-tc1/source:/opt/rustwide/workdir:ro,Z" "-v" "/var/lib/crater-agent-workspace/builds/worker-5-tc1/target:/opt/rustwide/target:rw,Z" "-v" "/var/lib/crater-agent-workspace/cargo-home:/opt/rustwide/cargo-home:ro,Z" "-v" "/var/lib/crater-agent-workspace/rustup-home:/opt/rustwide/rustup-home:ro,Z" "-m" "1610612736" "--network" "none" "ghcr.io/rust-lang/crates-build-env/linux@sha256:77db811e55d90add9212f6832c23229e3de5f1c1f9905e8cb07319ea15df73ac" "sleep" "infinity", kill_on_drop: false }`
[INFO] [stdout] 3dc4e7804e47045d49e3c8ff7037eeeb9ca585567ba4a255826c3d4f63095660
[INFO] running `Command { std: "docker" "start" "3dc4e7804e47045d49e3c8ff7037eeeb9ca585567ba4a255826c3d4f63095660", kill_on_drop: false }`
[INFO] running `Command { std: "docker" "inspect" "3dc4e7804e47045d49e3c8ff7037eeeb9ca585567ba4a255826c3d4f63095660", kill_on_drop: false }`
[INFO] running `Command { std: "docker" "exec" "-e" "SOURCE_DIR=/opt/rustwide/workdir" "-e" "CARGO_HOME=/opt/rustwide/cargo-home" "-e" "RUSTUP_HOME=/opt/rustwide/rustup-home" "-e" "CARGO_TARGET_DIR=/opt/rustwide/target" "-w" "/opt/rustwide/workdir" "--user" "0:0" "3dc4e7804e47045d49e3c8ff7037eeeb9ca585567ba4a255826c3d4f63095660" "/opt/rustwide/cargo-home/bin/cargo" "+1.99.0-beta.8" "metadata" "--no-deps" "--format-version=1", kill_on_drop: false }`
[INFO] running `Command { std: "docker" "inspect" "3dc4e7804e47045d49e3c8ff7037eeeb9ca585567ba4a255826c3d4f63095660", kill_on_drop: false }`
[INFO] running `Command { std: "docker" "exec" "-e" "SOURCE_DIR=/opt/rustwide/workdir" "-e" "CARGO_HOME=/opt/rustwide/cargo-home" "-e" "RUSTUP_HOME=/opt/rustwide/rustup-home" "-e" "CARGO_TARGET_DIR=/opt/rustwide/target" "-e" "CARGO_INCREMENTAL=0" "-e" "RUST_BACKTRACE=full" "-e" "RUSTFLAGS=--cap-lints=warn" "-e" "RUSTDOCFLAGS=--cap-lints=warn" "-w" "/opt/rustwide/workdir" "--user" "0:0" "3dc4e7804e47045d49e3c8ff7037eeeb9ca585567ba4a255826c3d4f63095660" "/opt/rustwide/cargo-home/bin/cargo" "+1.99.0-beta.8" "build" "--frozen" "--message-format=json" "--release", kill_on_drop: false }`
[INFO] [stderr]    Compiling aws-lc-rs v1.15.3
[INFO] [stderr]    Compiling rustls v0.23.36
[INFO] [stderr]    Compiling tracing v0.1.44
[INFO] [stderr]    Compiling tokio v1.49.0
[INFO] [stderr]    Compiling futures-util v0.3.31
[INFO] [stderr]    Compiling cmake v0.1.57
[INFO] [stderr]    Compiling serde v1.0.228
[INFO] [stderr]    Compiling zmij v1.0.15
[INFO] [stderr]    Compiling rustix v1.1.3
[INFO] [stderr]    Compiling proc-macro2-diagnostics v0.10.1
[INFO] [stderr]    Compiling openssl-probe v0.2.0
[INFO] [stderr]    Compiling uncased v0.9.10
[INFO] [stderr]    Compiling object v0.37.3
[INFO] [stderr]    Compiling serde_spanned v1.0.4
[INFO] [stderr]    Compiling toml_datetime v0.7.5+spec-1.1.0
[INFO] [stderr]    Compiling figment v0.10.19
[INFO] [stderr]    Compiling rustc-demangle v0.1.27
[INFO] [stderr]    Compiling yansi v1.0.1
[INFO] [stderr]    Compiling toml_writer v1.0.6+spec-1.1.0
[INFO] [stderr]    Compiling rustls-native-certs v0.8.3
[INFO] [stderr]    Compiling clap_builder v4.5.54
[INFO] [stderr]    Compiling clap_derive v4.5.49
[INFO] [stderr]    Compiling pear_codegen v0.2.9
[INFO] [stderr]    Compiling toml v0.9.11+spec-1.1.0
[INFO] [stderr]    Compiling aws-lc-sys v0.36.0
[INFO] [stderr]    Compiling serde_json v1.0.149
[INFO] [stderr]    Compiling url v2.5.8
[INFO] [stderr]    Compiling uuid v1.19.0
[INFO] [stderr]    Compiling sysinfo v0.37.2
[INFO] [stderr]    Compiling pear v0.2.9
[INFO] [stderr]    Compiling toml_datetime v0.6.11
[INFO] [stderr]    Compiling serde_spanned v0.6.9
[INFO] [stderr]    Compiling serde_yaml v0.9.34+deprecated
[INFO] [stderr]    Compiling chrono v0.4.43
[INFO] [stderr]    Compiling toml_edit v0.22.27
[INFO] [stderr]    Compiling crossterm v0.29.0
[INFO] [stderr]    Compiling comfy-table v7.2.2
[INFO] [stderr]    Compiling serde_path_to_error v0.1.20
[INFO] [stderr]    Compiling clap v4.5.54
[INFO] [stderr]    Compiling toml v0.8.23
[INFO] [stderr]    Compiling backtrace v0.3.76
[INFO] [stderr]    Compiling tokio-util v0.7.18
[INFO] [stderr]    Compiling tower v0.5.3
[INFO] [stderr]    Compiling human-panic v2.0.6
[INFO] [stderr]    Compiling h2 v0.4.13
[INFO] [stderr]    Compiling tower-http v0.6.8
[INFO] [stderr]    Compiling hyper v1.8.1
[INFO] [stderr]    Compiling hyper-util v0.1.19
[INFO] [stderr]    Compiling rustls-webpki v0.103.9
[INFO] [stderr]    Compiling tokio-rustls v0.26.4
[INFO] [stderr]    Compiling rustls-platform-verifier v0.6.2
[INFO] [stderr]    Compiling hyper-rustls v0.27.7
[INFO] [stderr]    Compiling reqwest v0.13.1
[INFO] [stderr]    Compiling tft-artemis-cli v0.1.1 (/opt/rustwide/workdir)
[INFO] [stderr]     Finished `release` profile [optimized] target(s) in 2m 28s
[INFO] running `Command { std: "docker" "inspect" "3dc4e7804e47045d49e3c8ff7037eeeb9ca585567ba4a255826c3d4f63095660", kill_on_drop: false }`
[INFO] running `Command { std: "docker" "exec" "-e" "SOURCE_DIR=/opt/rustwide/workdir" "-e" "CARGO_HOME=/opt/rustwide/cargo-home" "-e" "RUSTUP_HOME=/opt/rustwide/rustup-home" "-e" "CARGO_TARGET_DIR=/opt/rustwide/target" "-e" "CARGO_INCREMENTAL=0" "-e" "RUST_BACKTRACE=full" "-e" "RUSTFLAGS=--cap-lints=warn" "-e" "RUSTDOCFLAGS=--cap-lints=warn" "-w" "/opt/rustwide/workdir" "--user" "0:0" "3dc4e7804e47045d49e3c8ff7037eeeb9ca585567ba4a255826c3d4f63095660" "/opt/rustwide/cargo-home/bin/cargo" "+1.99.0-beta.8" "test" "--frozen" "--no-run" "--message-format=json" "--release", kill_on_drop: false }`
[INFO] [stderr]    Compiling tokio v1.49.0
[INFO] [stderr]    Compiling getrandom v0.3.4
[INFO] [stderr]    Compiling aho-corasick v1.1.4
[INFO] [stderr]    Compiling serde_urlencoded v0.7.1
[INFO] [stderr]    Compiling assert-json-diff v2.0.2
[INFO] [stderr]    Compiling similar v2.7.0
[INFO] [stderr]    Compiling rand_core v0.9.5
[INFO] [stderr]    Compiling uuid v1.19.0
[INFO] [stderr]    Compiling rand_chacha v0.9.0
[INFO] [stderr]    Compiling rand v0.9.2
[INFO] [stderr]    Compiling human-panic v2.0.6
[INFO] [stderr]    Compiling regex-automata v0.4.13
[INFO] [stderr]    Compiling tokio-util v0.7.18
[INFO] [stderr]    Compiling tower v0.5.3
[INFO] [stderr]    Compiling tokio-rustls v0.26.4
[INFO] [stderr]    Compiling regex v1.12.2
[INFO] [stderr]    Compiling h2 v0.4.13
[INFO] [stderr]    Compiling tower-http v0.6.8
[INFO] [stderr]    Compiling hyper v1.8.1
[INFO] [stderr]    Compiling hyper-util v0.1.19
[INFO] [stderr]    Compiling hyper-rustls v0.27.7
[INFO] [stderr]    Compiling mockito v1.7.1
[INFO] [stderr]    Compiling reqwest v0.13.1
[INFO] [stderr]    Compiling tft-artemis-cli v0.1.1 (/opt/rustwide/workdir)
[INFO] [stdout] warning: this lint expectation is unfulfilled
[INFO] [stdout]   --> src/config.rs:96:14
[INFO] [stdout]    |
[INFO] [stdout] 96 |     #[expect(unused)]
[INFO] [stdout]    |              ^^^^^^
[INFO] [stdout]    |
[INFO] [stdout]    = note: `#[warn(unfulfilled_lint_expectations)]` on by default
[INFO] [stdout] 
[INFO] [stdout] 
[INFO] [stderr]     Finished `release` profile [optimized] target(s) in 53.11s
[INFO] running `Command { std: "docker" "inspect" "3dc4e7804e47045d49e3c8ff7037eeeb9ca585567ba4a255826c3d4f63095660", kill_on_drop: false }`
[INFO] running `Command { std: "docker" "exec" "-e" "SOURCE_DIR=/opt/rustwide/workdir" "-e" "CARGO_HOME=/opt/rustwide/cargo-home" "-e" "RUSTUP_HOME=/opt/rustwide/rustup-home" "-e" "CARGO_TARGET_DIR=/opt/rustwide/target" "-e" "CARGO_INCREMENTAL=0" "-e" "RUST_BACKTRACE=full" "-e" "RUSTFLAGS=--cap-lints=warn" "-e" "RUSTDOCFLAGS=--cap-lints=warn" "-w" "/opt/rustwide/workdir" "--user" "0:0" "3dc4e7804e47045d49e3c8ff7037eeeb9ca585567ba4a255826c3d4f63095660" "/opt/rustwide/cargo-home/bin/cargo" "+1.99.0-beta.8" "test" "--frozen" "--release", kill_on_drop: false }`
[INFO] [stderr] warning: this lint expectation is unfulfilled
[INFO] [stderr]   --> src/config.rs:96:14
[INFO] [stderr]    |
[INFO] [stderr] 96 |     #[expect(unused)]
[INFO] [stderr]    |              ^^^^^^
[INFO] [stderr]    |
[INFO] [stderr]    = note: `#[warn(unfulfilled_lint_expectations)]` on by default
[INFO] [stderr] 
[INFO] [stderr] warning: `tft-artemis-cli` (bin "tft-artemis-cli" test) generated 1 warning
[INFO] [stderr]     Finished `release` profile [optimized] target(s) in 0.24s
[INFO] [stderr]      Running unittests src/main.rs (/opt/rustwide/target/release/deps/tft_artemis_cli-b433eb8f80d26d73)
[INFO] [stdout] 
[INFO] [stdout] running 3 tests
[INFO] [stdout] test models::tests::worktasks ... ok
[INFO] [stdout] test models::tests::about_invalid ... FAILED
[INFO] [stdout] test models::tests::about ... ok
[INFO] [stdout] 
[INFO] [stdout] failures:
[INFO] [stdout] 
[INFO] [stdout] ---- models::tests::about_invalid stdout ----
[INFO] [stdout] 
[INFO] [stdout] thread 'models::tests::about_invalid' (2931) panicked at src/models.rs:329:9:
[INFO] [stdout] assertion `left == right` failed
[INFO] [stdout]   left: "package_version: invalid type: integer `1`, expected a string at line 2 column 36"
[INFO] [stdout]  right: "error decoding response body"
[INFO] [stdout] stack backtrace:
[INFO] [stdout]    0:     0x65073a2b7101 - <<std[70759c8f55707aa4]::sys::backtrace::BacktraceLock>::print::DisplayBacktrace as core[df12db4294e9bfd3]::fmt::Display>::fmt
[INFO] [stdout]    1:     0x65073a2cea3a - core[df12db4294e9bfd3]::fmt::write
[INFO] [stdout]    2:     0x65073a2bc62c - <alloc[2182bb758b4b3781]::vec::Vec<u8> as core[df12db4294e9bfd3]::io::write::Write>::write_fmt
[INFO] [stdout]    3:     0x65073a2919d6 - std[70759c8f55707aa4]::panicking::default_hook::{closure#0}
[INFO] [stdout]    4:     0x65073a2aec89 - std[70759c8f55707aa4]::panicking::default_hook
[INFO] [stdout]    5:     0x650739e1dfb0 - test[9d35eded1c95d3be]::test_main_inner::<test[9d35eded1c95d3be]::test_main_static::{closure#0}>::{closure#0}
[INFO] [stdout]    6:     0x65073a2aefb2 - std[70759c8f55707aa4]::panicking::panic_with_hook
[INFO] [stdout]    7:     0x65073a291a82 - std[70759c8f55707aa4]::panicking::panic_handler::{closure#0}
[INFO] [stdout]    8:     0x65073a28a0f9 - std[70759c8f55707aa4]::sys::backtrace::__rust_end_short_backtrace::<std[70759c8f55707aa4]::panicking::panic_handler::{closure#0}, !>
[INFO] [stdout]    9:     0x65073a29297d - __rustc[8fa7c3cbc660c2b3]::rust_begin_unwind
[INFO] [stdout]   10:     0x65073a2cf21c - core[df12db4294e9bfd3]::panicking::panic_fmt
[INFO] [stdout]   11:     0x65073a2cf133 - core[df12db4294e9bfd3]::panicking::assert_failed_inner
[INFO] [stdout]   12:     0x650739cb74d9 - core[df12db4294e9bfd3]::panicking::assert_failed::<alloc[2182bb758b4b3781]::string::String, &str>
[INFO] [stdout]   13:     0x650739cb3eac - tft_artemis_cli[7598442a85b8a6df]::models::tests::about_invalid
[INFO] [stdout]   14:     0x650739cba1b9 - <tft_artemis_cli[7598442a85b8a6df]::models::tests::about_invalid::{closure#0} as core[df12db4294e9bfd3]::ops::function::FnOnce<()>>::call_once
[INFO] [stdout]   15:     0x650739e1129b - test[9d35eded1c95d3be]::__rust_begin_short_backtrace::<core[df12db4294e9bfd3]::result::Result<(), alloc[2182bb758b4b3781]::string::String>, fn() -> core[df12db4294e9bfd3]::result::Result<(), alloc[2182bb758b4b3781]::string::String>>
[INFO] [stdout]   16:     0x650739e1e905 - test[9d35eded1c95d3be]::run_test::{closure#0}
[INFO] [stdout]   17:     0x650739e181c4 - std[70759c8f55707aa4]::sys::backtrace::__rust_begin_short_backtrace::<test[9d35eded1c95d3be]::run_test::{closure#1}, ()>
[INFO] [stdout]   18:     0x650739e21a62 - <std[70759c8f55707aa4]::thread::lifecycle::spawn_unchecked<test[9d35eded1c95d3be]::run_test::{closure#1}, ()>::{closure#1} as core[df12db4294e9bfd3]::ops::function::FnOnce<()>>::call_once::{shim:vtable#0}
[INFO] [stdout]   19:     0x65073a2b6629 - <std[70759c8f55707aa4]::sys::thread::unix::Thread>::new::thread_start
[INFO] [stdout]   20:     0x7d130b425dfa - <unknown>
[INFO] [stdout]   21:     0x7d130b4b93d4 - clone
[INFO] [stdout]   22:                0x0 - <unknown>
[INFO] [stdout] 
[INFO] [stdout] 
[INFO] [stdout] failures:
[INFO] [stdout]     models::tests::about_invalid
[INFO] [stdout] 
[INFO] [stdout] test result: FAILED. 2 passed; 1 failed; 0 ignored; 0 measured; 0 filtered out; finished in 0.22s
[INFO] [stdout] 
[INFO] [stderr] error: test failed, to rerun pass `--bin tft-artemis-cli`
[INFO] running `Command { std: "docker" "inspect" "3dc4e7804e47045d49e3c8ff7037eeeb9ca585567ba4a255826c3d4f63095660", kill_on_drop: false }`
[INFO] running `Command { std: "docker" "rm" "-f" "3dc4e7804e47045d49e3c8ff7037eeeb9ca585567ba4a255826c3d4f63095660", kill_on_drop: false }`
[INFO] [stdout] 3dc4e7804e47045d49e3c8ff7037eeeb9ca585567ba4a255826c3d4f63095660
