[INFO] fetching crate tf-idf-vectorizer 0.10.5...
[INFO] testing tf-idf-vectorizer-0.10.5 against 1.99.0-beta.8+cargoflags=--release for beta-release-1.100-2
[INFO] extracting crate tf-idf-vectorizer 0.10.5 into /workspace/builds/worker-6-tc1/source
[INFO] started tweaking crates.io crate tf-idf-vectorizer 0.10.5
[INFO] removed 0 missing examples
[INFO] finished tweaking crates.io crate tf-idf-vectorizer 0.10.5
[INFO] tweaked toml for crates.io crate tf-idf-vectorizer 0.10.5 written to /workspace/builds/worker-6-tc1/source/Cargo.toml
[INFO] validating manifest of crates.io crate tf-idf-vectorizer 0.10.5 on toolchain 1.99.0-beta.8
[INFO] running `Command { std: CARGO_HOME="/workspace/cargo-home" RUSTUP_HOME="/workspace/rustup-home" "/workspace/cargo-home/bin/cargo" "+1.99.0-beta.8" "metadata" "--manifest-path" "Cargo.toml" "--no-deps", kill_on_drop: false }`
[INFO] crate crates.io crate tf-idf-vectorizer 0.10.5 already has a lockfile, it will not be regenerated
[INFO] running `Command { std: CARGO_HOME="/workspace/cargo-home" RUSTUP_HOME="/workspace/rustup-home" "/workspace/cargo-home/bin/cargo" "+1.99.0-beta.8" "fetch" "--manifest-path" "Cargo.toml", kill_on_drop: false }`
[INFO] [stderr]  Downloading crates ...
[INFO] [stderr]   Downloaded serde_json v1.0.147
[INFO] [stderr]   Downloaded itoa v1.0.16
[INFO] [stderr]   Downloaded zmij v0.1.9
[INFO] running `Command { std: "docker" "create" "-v" "/var/lib/crater-agent-workspace/builds/worker-6-tc1/source:/opt/rustwide/workdir:ro,Z" "-v" "/var/lib/crater-agent-workspace/builds/worker-6-tc1/target:/opt/rustwide/target:rw,Z" "-v" "/var/lib/crater-agent-workspace/cargo-home:/opt/rustwide/cargo-home:ro,Z" "-v" "/var/lib/crater-agent-workspace/rustup-home:/opt/rustwide/rustup-home:ro,Z" "-m" "1610612736" "--network" "none" "ghcr.io/rust-lang/crates-build-env/linux@sha256:77db811e55d90add9212f6832c23229e3de5f1c1f9905e8cb07319ea15df73ac" "sleep" "infinity", kill_on_drop: false }`
[INFO] [stdout] 9558b33a98101fbbdb26383a8fa5dedc7f705e6147364da577f55f9cbf7717f0
[INFO] running `Command { std: "docker" "start" "9558b33a98101fbbdb26383a8fa5dedc7f705e6147364da577f55f9cbf7717f0", kill_on_drop: false }`
[INFO] running `Command { std: "docker" "inspect" "9558b33a98101fbbdb26383a8fa5dedc7f705e6147364da577f55f9cbf7717f0", kill_on_drop: false }`
[INFO] running `Command { std: "docker" "exec" "-e" "SOURCE_DIR=/opt/rustwide/workdir" "-e" "CARGO_HOME=/opt/rustwide/cargo-home" "-e" "RUSTUP_HOME=/opt/rustwide/rustup-home" "-e" "CARGO_TARGET_DIR=/opt/rustwide/target" "-w" "/opt/rustwide/workdir" "--user" "0:0" "9558b33a98101fbbdb26383a8fa5dedc7f705e6147364da577f55f9cbf7717f0" "/opt/rustwide/cargo-home/bin/cargo" "+1.99.0-beta.8" "metadata" "--no-deps" "--format-version=1", kill_on_drop: false }`
[INFO] running `Command { std: "docker" "inspect" "9558b33a98101fbbdb26383a8fa5dedc7f705e6147364da577f55f9cbf7717f0", kill_on_drop: false }`
[INFO] running `Command { std: "docker" "exec" "-e" "SOURCE_DIR=/opt/rustwide/workdir" "-e" "CARGO_HOME=/opt/rustwide/cargo-home" "-e" "RUSTUP_HOME=/opt/rustwide/rustup-home" "-e" "CARGO_TARGET_DIR=/opt/rustwide/target" "-e" "CARGO_INCREMENTAL=0" "-e" "RUST_BACKTRACE=full" "-e" "RUSTFLAGS=--cap-lints=warn" "-e" "RUSTDOCFLAGS=--cap-lints=warn" "-w" "/opt/rustwide/workdir" "--user" "0:0" "9558b33a98101fbbdb26383a8fa5dedc7f705e6147364da577f55f9cbf7717f0" "/opt/rustwide/cargo-home/bin/cargo" "+1.99.0-beta.8" "build" "--frozen" "--message-format=json" "--release", kill_on_drop: false }`
[INFO] [stderr]    Compiling syn v2.0.111
[INFO] [stderr]    Compiling zerocopy v0.8.31
[INFO] [stderr]    Compiling num-traits v0.2.19
[INFO] [stderr]    Compiling ahash v0.8.12
[INFO] [stderr]    Compiling parking_lot_core v0.9.12
[INFO] [stderr]    Compiling hashbrown v0.16.1
[INFO] [stderr]    Compiling zerocopy-derive v0.8.31
[INFO] [stderr]    Compiling serde_derive v1.0.228
[INFO] [stderr]    Compiling serde v1.0.228
[INFO] [stderr]    Compiling dashmap v6.1.0
[INFO] [stderr]    Compiling half v2.7.1
[INFO] [stderr]    Compiling tf-idf-vectorizer v0.10.5 (/opt/rustwide/workdir)
[INFO] [stderr]     Finished `release` profile [optimized] target(s) in 11.78s
[INFO] running `Command { std: "docker" "inspect" "9558b33a98101fbbdb26383a8fa5dedc7f705e6147364da577f55f9cbf7717f0", kill_on_drop: false }`
[INFO] running `Command { std: "docker" "exec" "-e" "SOURCE_DIR=/opt/rustwide/workdir" "-e" "CARGO_HOME=/opt/rustwide/cargo-home" "-e" "RUSTUP_HOME=/opt/rustwide/rustup-home" "-e" "CARGO_TARGET_DIR=/opt/rustwide/target" "-e" "CARGO_INCREMENTAL=0" "-e" "RUST_BACKTRACE=full" "-e" "RUSTFLAGS=--cap-lints=warn" "-e" "RUSTDOCFLAGS=--cap-lints=warn" "-w" "/opt/rustwide/workdir" "--user" "0:0" "9558b33a98101fbbdb26383a8fa5dedc7f705e6147364da577f55f9cbf7717f0" "/opt/rustwide/cargo-home/bin/cargo" "+1.99.0-beta.8" "test" "--frozen" "--no-run" "--message-format=json" "--release", kill_on_drop: false }`
[INFO] [stderr]    Compiling serde_json v1.0.147
[INFO] [stderr]    Compiling zmij v0.1.9
[INFO] [stderr]    Compiling itoa v1.0.16
[INFO] [stderr]    Compiling memchr v2.7.6
[INFO] [stderr]    Compiling getrandom v0.2.16
[INFO] [stderr]    Compiling ppv-lite86 v0.2.21
[INFO] [stderr]    Compiling bincode v1.3.3
[INFO] [stderr]    Compiling rand_core v0.6.4
[INFO] [stderr]    Compiling rand_chacha v0.3.1
[INFO] [stderr]    Compiling rand v0.8.5
[INFO] [stderr]    Compiling tf-idf-vectorizer v0.10.5 (/opt/rustwide/workdir)
[INFO] [stderr]     Finished `release` profile [optimized] target(s) in 9.73s
[INFO] running `Command { std: "docker" "inspect" "9558b33a98101fbbdb26383a8fa5dedc7f705e6147364da577f55f9cbf7717f0", kill_on_drop: false }`
[INFO] running `Command { std: "docker" "exec" "-e" "SOURCE_DIR=/opt/rustwide/workdir" "-e" "CARGO_HOME=/opt/rustwide/cargo-home" "-e" "RUSTUP_HOME=/opt/rustwide/rustup-home" "-e" "CARGO_TARGET_DIR=/opt/rustwide/target" "-e" "CARGO_INCREMENTAL=0" "-e" "RUST_BACKTRACE=full" "-e" "RUSTFLAGS=--cap-lints=warn" "-e" "RUSTDOCFLAGS=--cap-lints=warn" "-w" "/opt/rustwide/workdir" "--user" "0:0" "9558b33a98101fbbdb26383a8fa5dedc7f705e6147364da577f55f9cbf7717f0" "/opt/rustwide/cargo-home/bin/cargo" "+1.99.0-beta.8" "test" "--frozen" "--release", kill_on_drop: false }`
[INFO] [stdout] 
[INFO] [stderr]     Finished `release` profile [optimized] target(s) in 0.11s
[INFO] [stdout] running 18 tests
[INFO] [stderr]      Running unittests src/lib.rs (/opt/rustwide/target/release/deps/tf_idf_vectorizer-e23df4354a0d5b15)
[INFO] [stdout] test utils::datastruct::map::index_map::tests::entry_or_insert_with_works ... ok
[INFO] [stdout] test utils::datastruct::map::index_map::tests::randomized_ops_compare_with_oracle ... FAILED
[INFO] [stdout] test utils::datastruct::map::index_map::tests::num_23257_issue ... ok
[INFO] [stdout] test utils::sort::tests::radix_sort_handles_empty_and_single ... ok
[INFO] [stdout] test utils::datastruct::map::index_map::tests::swap_remove_single_element_roundtrip ... ok
[INFO] [stdout] test utils::datastruct::map::serde::tests::serde_roundtrip_json_map_format_preserves_order_and_lookup ... ok
[INFO] [stdout] test utils::datastruct::map::serde::tests::serde_rejects_len_mismatch_json ... ok
[INFO] [stdout] test utils::datastruct::map::serde::tests::serde_rejects_duplicate_fields_json ... ok
[INFO] [stdout] test utils::sort::tests::radix_sort_matches_baseline_many_sizes ... ok
[INFO] [stdout] test utils::datastruct::map::index_map::tests::swap_remove_last_and_middle ... FAILED
[INFO] [stdout] test utils::datastruct::map::index_map::tests::empty_map_basics ... ok
[INFO] [stdout] test utils::datastruct::map::serde::tests::serde_roundtrip_bincode_seq_format_works ... ok
[INFO] [stdout] test utils::sort::tests::radix_sort_extremes ... ok
[INFO] [stdout] test utils::datastruct::map::index_map::tests::remove_then_reinsert_same_key ... FAILED
[INFO] [stdout] test utils::datastruct::map::index_map::tests::from_kv_vec_builds_valid_map ... ok
[INFO] [stdout] test utils::datastruct::map::index_map::tests::compare_with_std_hashmap_small_scripted ... FAILED
[INFO] [stdout] test utils::datastruct::map::index_map::tests::iter_order_matches_internal_storage_even_after_removes ... FAILED
[INFO] [stdout] test utils::sort::tests::radix_sort_works_on_duplicates_and_preserves_pairing ... ok
[INFO] [stdout] 
[INFO] [stdout] failures:
[INFO] [stdout] 
[INFO] [stdout] ---- utils::datastruct::map::index_map::tests::randomized_ops_compare_with_oracle stdout ----
[INFO] [stdout] 
[INFO] [stdout] thread 'utils::datastruct::map::index_map::tests::randomized_ops_compare_with_oracle' (663) panicked at src/utils/datastruct/map/index_map.rs:789:38:
[INFO] [stdout] called `Option::unwrap()` on a `None` value
[INFO] [stdout] stack backtrace:
[INFO] [stdout]    0:     0x5836cd40f921 - <<std[70759c8f55707aa4]::sys::backtrace::BacktraceLock>::print::DisplayBacktrace as core[df12db4294e9bfd3]::fmt::Display>::fmt
[INFO] [stdout]    1:     0x5836cd4245ea - core[df12db4294e9bfd3]::fmt::write
[INFO] [stdout]    2:     0x5836cd413dbc - <alloc[2182bb758b4b3781]::vec::Vec<u8> as core[df12db4294e9bfd3]::io::write::Write>::write_fmt
[INFO] [stdout]    3:     0x5836cd3ebf16 - std[70759c8f55707aa4]::panicking::default_hook::{closure#0}
[INFO] [stdout]    4:     0x5836cd408089 - std[70759c8f55707aa4]::panicking::default_hook
[INFO] [stdout]    5:     0x5836cd3a3980 - test[9d35eded1c95d3be]::test_main_inner::<test[9d35eded1c95d3be]::test_main_static::{closure#0}>::{closure#0}
[INFO] [stdout]    6:     0x5836cd408242 - std[70759c8f55707aa4]::panicking::panic_with_hook
[INFO] [stdout]    7:     0x5836cd3ebff4 - std[70759c8f55707aa4]::panicking::panic_handler::{closure#0}
[INFO] [stdout]    8:     0x5836cd3e4d49 - std[70759c8f55707aa4]::sys::backtrace::__rust_end_short_backtrace::<std[70759c8f55707aa4]::panicking::panic_handler::{closure#0}, !>
[INFO] [stdout]    9:     0x5836cd3ecbbd - __rustc[8fa7c3cbc660c2b3]::rust_begin_unwind
[INFO] [stdout]   10:     0x5836cd424d1c - core[df12db4294e9bfd3]::panicking::panic_fmt
[INFO] [stdout]   11:     0x5836cd424ce2 - core[df12db4294e9bfd3]::panicking::panic
[INFO] [stdout]   12:     0x5836cd424a99 - core[df12db4294e9bfd3]::option::unwrap_failed
[INFO] [stdout]   13:     0x5836cd384278 - tf_idf_vectorizer[7da244c2aa6859a]::utils::datastruct::map::index_map::tests::randomized_ops_compare_with_oracle
[INFO] [stdout]   14:     0x5836cd38dc79 - <tf_idf_vectorizer[7da244c2aa6859a]::utils::datastruct::map::index_map::tests::randomized_ops_compare_with_oracle::{closure#0} as core[df12db4294e9bfd3]::ops::function::FnOnce<()>>::call_once
[INFO] [stdout]   15:     0x5836cd396c6b - test[9d35eded1c95d3be]::__rust_begin_short_backtrace::<core[df12db4294e9bfd3]::result::Result<(), alloc[2182bb758b4b3781]::string::String>, fn() -> core[df12db4294e9bfd3]::result::Result<(), alloc[2182bb758b4b3781]::string::String>>
[INFO] [stdout]   16:     0x5836cd3a42d5 - test[9d35eded1c95d3be]::run_test::{closure#0}
[INFO] [stdout]   17:     0x5836cd39db94 - std[70759c8f55707aa4]::sys::backtrace::__rust_begin_short_backtrace::<test[9d35eded1c95d3be]::run_test::{closure#1}, ()>
[INFO] [stdout]   18:     0x5836cd3a7432 - <std[70759c8f55707aa4]::thread::lifecycle::spawn_unchecked<test[9d35eded1c95d3be]::run_test::{closure#1}, ()>::{closure#1} as core[df12db4294e9bfd3]::ops::function::FnOnce<()>>::call_once::{shim:vtable#0}
[INFO] [stdout]   19:     0x5836cd40f1f9 - <std[70759c8f55707aa4]::sys::thread::unix::Thread>::new::thread_start
[INFO] [stdout]   20:     0x7c6c30c05dfa - <unknown>
[INFO] [stdout]   21:     0x7c6c30c993d4 - clone
[INFO] [stdout]   22:                0x0 - <unknown>
[INFO] [stdout] 
[INFO] [stdout] ---- utils::datastruct::map::index_map::tests::swap_remove_last_and_middle stdout ----
[INFO] [stdout] 
[INFO] [stdout] thread 'utils::datastruct::map::index_map::tests::swap_remove_last_and_middle' (665) panicked at src/utils/datastruct/map/index_map.rs:695:9:
[INFO] [stdout] assertion `left == right` failed
[INFO] [stdout]   left: Removed { old_value: 30, old_key: 8, index: 3 }
[INFO] [stdout]  right: Removed { old_value: 30, old_key: 3, index: 3 }
[INFO] [stdout] stack backtrace:
[INFO] [stdout]    0:     0x5836cd40f921 - <<std[70759c8f55707aa4]::sys::backtrace::BacktraceLock>::print::DisplayBacktrace as core[df12db4294e9bfd3]::fmt::Display>::fmt
[INFO] [stdout]    1:     0x5836cd4245ea - core[df12db4294e9bfd3]::fmt::write
[INFO] [stdout]    2:     0x5836cd413dbc - <alloc[2182bb758b4b3781]::vec::Vec<u8> as core[df12db4294e9bfd3]::io::write::Write>::write_fmt
[INFO] [stdout]    3:     0x5836cd3ebf16 - std[70759c8f55707aa4]::panicking::default_hook::{closure#0}
[INFO] [stdout]    4:     0x5836cd408089 - std[70759c8f55707aa4]::panicking::default_hook
[INFO] [stdout]    5:     0x5836cd3a3980 - test[9d35eded1c95d3be]::test_main_inner::<test[9d35eded1c95d3be]::test_main_static::{closure#0}>::{closure#0}
[INFO] [stdout]    6:     0x5836cd408242 - std[70759c8f55707aa4]::panicking::panic_with_hook
[INFO] [stdout]    7:     0x5836cd3ebfc2 - std[70759c8f55707aa4]::panicking::panic_handler::{closure#0}
[INFO] [stdout]    8:     0x5836cd3e4d49 - std[70759c8f55707aa4]::sys::backtrace::__rust_end_short_backtrace::<std[70759c8f55707aa4]::panicking::panic_handler::{closure#0}, !>
[INFO] [stdout]    9:     0x5836cd3ecbbd - __rustc[8fa7c3cbc660c2b3]::rust_begin_unwind
[INFO] [stdout]   10:     0x5836cd424d1c - core[df12db4294e9bfd3]::panicking::panic_fmt
[INFO] [stdout]   11:     0x5836cd424c33 - core[df12db4294e9bfd3]::panicking::assert_failed_inner
[INFO] [stdout]   12:     0x5836cd38c772 - core[df12db4294e9bfd3]::panicking::assert_failed::<tf_idf_vectorizer[7da244c2aa6859a]::utils::datastruct::map::index_map::RemoveResult<u64, i64>, tf_idf_vectorizer[7da244c2aa6859a]::utils::datastruct::map::index_map::RemoveResult<u64, i64>>
[INFO] [stdout]   13:     0x5836cd3828e6 - tf_idf_vectorizer[7da244c2aa6859a]::utils::datastruct::map::index_map::tests::swap_remove_last_and_middle
[INFO] [stdout]   14:     0x5836cd38dc19 - <tf_idf_vectorizer[7da244c2aa6859a]::utils::datastruct::map::index_map::tests::swap_remove_last_and_middle::{closure#0} as core[df12db4294e9bfd3]::ops::function::FnOnce<()>>::call_once
[INFO] [stdout]   15:     0x5836cd396c6b - test[9d35eded1c95d3be]::__rust_begin_short_backtrace::<core[df12db4294e9bfd3]::result::Result<(), alloc[2182bb758b4b3781]::string::String>, fn() -> core[df12db4294e9bfd3]::result::Result<(), alloc[2182bb758b4b3781]::string::String>>
[INFO] [stdout]   16:     0x5836cd3a42d5 - test[9d35eded1c95d3be]::run_test::{closure#0}
[INFO] [stdout]   17:     0x5836cd39db94 - std[70759c8f55707aa4]::sys::backtrace::__rust_begin_short_backtrace::<test[9d35eded1c95d3be]::run_test::{closure#1}, ()>
[INFO] [stdout]   18:     0x5836cd3a7432 - <std[70759c8f55707aa4]::thread::lifecycle::spawn_unchecked<test[9d35eded1c95d3be]::run_test::{closure#1}, ()>::{closure#1} as core[df12db4294e9bfd3]::ops::function::FnOnce<()>>::call_once::{shim:vtable#0}
[INFO] [stdout]   19:     0x5836cd40f1f9 - <std[70759c8f55707aa4]::sys::thread::unix::Thread>::new::thread_start
[INFO] [stdout]   20:     0x7c6c30c05dfa - <unknown>
[INFO] [stdout]   21:     0x7c6c30c993d4 - clone
[INFO] [stdout]   22:                0x0 - <unknown>
[INFO] [stdout] 
[INFO] [stdout] ---- utils::datastruct::map::index_map::tests::remove_then_reinsert_same_key stdout ----
[INFO] [stdout] 
[INFO] [stdout] thread 'utils::datastruct::map::index_map::tests::remove_then_reinsert_same_key' (664) panicked at src/utils/datastruct/map/index_map.rs:861:9:
[INFO] [stdout] assertion `left == right` failed
[INFO] [stdout]   left: Removed { old_value: 20, old_key: 3, index: 1 }
[INFO] [stdout]  right: Removed { old_value: 20, old_key: 2, index: 1 }
[INFO] [stdout] stack backtrace:
[INFO] [stdout]    0:     0x5836cd40f921 - <<std[70759c8f55707aa4]::sys::backtrace::BacktraceLock>::print::DisplayBacktrace as core[df12db4294e9bfd3]::fmt::Display>::fmt
[INFO] [stdout]    1:     0x5836cd4245ea - core[df12db4294e9bfd3]::fmt::write
[INFO] [stdout]    2:     0x5836cd413dbc - <alloc[2182bb758b4b3781]::vec::Vec<u8> as core[df12db4294e9bfd3]::io::write::Write>::write_fmt
[INFO] [stdout]    3:     0x5836cd3ebf16 - std[70759c8f55707aa4]::panicking::default_hook::{closure#0}
[INFO] [stdout]    4:     0x5836cd408089 - std[70759c8f55707aa4]::panicking::default_hook
[INFO] [stdout]    5:     0x5836cd3a3980 - test[9d35eded1c95d3be]::test_main_inner::<test[9d35eded1c95d3be]::test_main_static::{closure#0}>::{closure#0}
[INFO] [stdout]    6:     0x5836cd408242 - std[70759c8f55707aa4]::panicking::panic_with_hook
[INFO] [stdout]    7:     0x5836cd3ebfc2 - std[70759c8f55707aa4]::panicking::panic_handler::{closure#0}
[INFO] [stdout]    8:     0x5836cd3e4d49 - std[70759c8f55707aa4]::sys::backtrace::__rust_end_short_backtrace::<std[70759c8f55707aa4]::panicking::panic_handler::{closure#0}, !>
[INFO] [stdout]    9:     0x5836cd3ecbbd - __rustc[8fa7c3cbc660c2b3]::rust_begin_unwind
[INFO] [stdout]   10:     0x5836cd424d1c - core[df12db4294e9bfd3]::panicking::panic_fmt
[INFO] [stdout]   11:     0x5836cd424c33 - core[df12db4294e9bfd3]::panicking::assert_failed_inner
[INFO] [stdout]   12:     0x5836cd38c772 - core[df12db4294e9bfd3]::panicking::assert_failed::<tf_idf_vectorizer[7da244c2aa6859a]::utils::datastruct::map::index_map::RemoveResult<u64, i64>, tf_idf_vectorizer[7da244c2aa6859a]::utils::datastruct::map::index_map::RemoveResult<u64, i64>>
[INFO] [stdout]   13:     0x5836cd383675 - tf_idf_vectorizer[7da244c2aa6859a]::utils::datastruct::map::index_map::tests::remove_then_reinsert_same_key
[INFO] [stdout]   14:     0x5836cd38dc59 - <tf_idf_vectorizer[7da244c2aa6859a]::utils::datastruct::map::index_map::tests::remove_then_reinsert_same_key::{closure#0} as core[df12db4294e9bfd3]::ops::function::FnOnce<()>>::call_once
[INFO] [stdout]   15:     0x5836cd396c6b - test[9d35eded1c95d3be]::__rust_begin_short_backtrace::<core[df12db4294e9bfd3]::result::Result<(), alloc[2182bb758b4b3781]::string::String>, fn() -> core[df12db4294e9bfd3]::result::Result<(), alloc[2182bb758b4b3781]::string::String>>
[INFO] [stdout]   16:     0x5836cd3a42d5 - test[9d35eded1c95d3be]::run_test::{closure#0}
[INFO] [stdout]   17:     0x5836cd39db94 - std[70759c8f55707aa4]::sys::backtrace::__rust_begin_short_backtrace::<test[9d35eded1c95d3be]::run_test::{closure#1}, ()>
[INFO] [stdout]   18:     0x5836cd3a7432 - <std[70759c8f55707aa4]::thread::lifecycle::spawn_unchecked<test[9d35eded1c95d3be]::run_test::{closure#1}, ()>::{closure#1} as core[df12db4294e9bfd3]::ops::function::FnOnce<()>>::call_once::{shim:vtable#0}
[INFO] [stdout]   19:     0x5836cd40f1f9 - <std[70759c8f55707aa4]::sys::thread::unix::Thread>::new::thread_start
[INFO] [stdout]   20:     0x7c6c30c05dfa - <unknown>
[INFO] [stdout]   21:     0x7c6c30c993d4 - clone
[INFO] [stdout]   22:                0x0 - <unknown>
[INFO] [stdout] 
[INFO] [stdout] ---- utils::datastruct::map::index_map::tests::compare_with_std_hashmap_small_scripted stdout ----
[INFO] [stdout] 
[INFO] [stdout] thread 'utils::datastruct::map::index_map::tests::compare_with_std_hashmap_small_scripted' (657) panicked at src/utils/datastruct/map/index_map.rs:734:17:
[INFO] [stdout] assertion `left == right` failed
[INFO] [stdout]   left: Removed { old_value: 0, old_key: 49, index: 0 }
[INFO] [stdout]  right: Removed { old_value: 0, old_key: 0, index: 0 }
[INFO] [stdout] stack backtrace:
[INFO] [stdout]    0:     0x5836cd40f921 - <<std[70759c8f55707aa4]::sys::backtrace::BacktraceLock>::print::DisplayBacktrace as core[df12db4294e9bfd3]::fmt::Display>::fmt
[INFO] [stdout]    1:     0x5836cd4245ea - core[df12db4294e9bfd3]::fmt::write
[INFO] [stdout]    2:     0x5836cd413dbc - <alloc[2182bb758b4b3781]::vec::Vec<u8> as core[df12db4294e9bfd3]::io::write::Write>::write_fmt
[INFO] [stdout]    3:     0x5836cd3ebf16 - std[70759c8f55707aa4]::panicking::default_hook::{closure#0}
[INFO] [stdout]    4:     0x5836cd408089 - std[70759c8f55707aa4]::panicking::default_hook
[INFO] [stdout]    5:     0x5836cd3a3980 - test[9d35eded1c95d3be]::test_main_inner::<test[9d35eded1c95d3be]::test_main_static::{closure#0}>::{closure#0}
[INFO] [stdout]    6:     0x5836cd408242 - std[70759c8f55707aa4]::panicking::panic_with_hook
[INFO] [stdout]    7:     0x5836cd3ebfc2 - std[70759c8f55707aa4]::panicking::panic_handler::{closure#0}
[INFO] [stdout]    8:     0x5836cd3e4d49 - std[70759c8f55707aa4]::sys::backtrace::__rust_end_short_backtrace::<std[70759c8f55707aa4]::panicking::panic_handler::{closure#0}, !>
[INFO] [stdout]    9:     0x5836cd3ecbbd - __rustc[8fa7c3cbc660c2b3]::rust_begin_unwind
[INFO] [stdout]   10:     0x5836cd424d1c - core[df12db4294e9bfd3]::panicking::panic_fmt
[INFO] [stdout]   11:     0x5836cd424c33 - core[df12db4294e9bfd3]::panicking::assert_failed_inner
[INFO] [stdout]   12:     0x5836cd38c772 - core[df12db4294e9bfd3]::panicking::assert_failed::<tf_idf_vectorizer[7da244c2aa6859a]::utils::datastruct::map::index_map::RemoveResult<u64, i64>, tf_idf_vectorizer[7da244c2aa6859a]::utils::datastruct::map::index_map::RemoveResult<u64, i64>>
[INFO] [stdout]   13:     0x5836cd384bde - tf_idf_vectorizer[7da244c2aa6859a]::utils::datastruct::map::index_map::tests::compare_with_std_hashmap_small_scripted
[INFO] [stdout]   14:     0x5836cd38dcb9 - <tf_idf_vectorizer[7da244c2aa6859a]::utils::datastruct::map::index_map::tests::compare_with_std_hashmap_small_scripted::{closure#0} as core[df12db4294e9bfd3]::ops::function::FnOnce<()>>::call_once
[INFO] [stdout]   15:     0x5836cd396c6b - test[9d35eded1c95d3be]::__rust_begin_short_backtrace::<core[df12db4294e9bfd3]::result::Result<(), alloc[2182bb758b4b3781]::string::String>, fn() -> core[df12db4294e9bfd3]::result::Result<(), alloc[2182bb758b4b3781]::string::String>>
[INFO] [stdout]   16:     0x5836cd3a42d5 - test[9d35eded1c95d3be]::run_test::{closure#0}
[INFO] [stdout]   17:     0x5836cd39db94 - std[70759c8f55707aa4]::sys::backtrace::__rust_begin_short_backtrace::<test[9d35eded1c95d3be]::run_test::{closure#1}, ()>
[INFO] [stdout]   18:     0x5836cd3a7432 - <std[70759c8f55707aa4]::thread::lifecycle::spawn_unchecked<test[9d35eded1c95d3be]::run_test::{closure#1}, ()>::{closure#1} as core[df12db4294e9bfd3]::ops::function::FnOnce<()>>::call_once::{shim:vtable#0}
[INFO] [stdout]   19:     0x5836cd40f1f9 - <std[70759c8f55707aa4]::sys::thread::unix::Thread>::new::thread_start
[INFO] [stdout]   20:     0x7c6c30c05dfa - <unknown>
[INFO] [stdout]   21:     0x7c6c30c993d4 - clone
[INFO] [stdout]   22:                0x0 - <unknown>
[INFO] [stdout] 
[INFO] [stdout] ---- utils::datastruct::map::index_map::tests::iter_order_matches_internal_storage_even_after_removes stdout ----
[INFO] [stdout] 
[INFO] [stdout] thread 'utils::datastruct::map::index_map::tests::iter_order_matches_internal_storage_even_after_removes' (661) panicked at src/utils/datastruct/map/index_map.rs:899:9:
[INFO] [stdout] assertion `left == right` failed
[INFO] [stdout]   left: Removed { old_value: 100, old_key: 7, index: 0 }
[INFO] [stdout]  right: Removed { old_value: 100, old_key: 0, index: 0 }
[INFO] [stdout] stack backtrace:
[INFO] [stdout]    0:     0x5836cd40f921 - <<std[70759c8f55707aa4]::sys::backtrace::BacktraceLock>::print::DisplayBacktrace as core[df12db4294e9bfd3]::fmt::Display>::fmt
[INFO] [stdout]    1:     0x5836cd4245ea - core[df12db4294e9bfd3]::fmt::write
[INFO] [stdout]    2:     0x5836cd413dbc - <alloc[2182bb758b4b3781]::vec::Vec<u8> as core[df12db4294e9bfd3]::io::write::Write>::write_fmt
[INFO] [stdout]    3:     0x5836cd3ebf16 - std[70759c8f55707aa4]::panicking::default_hook::{closure#0}
[INFO] [stdout]    4:     0x5836cd408089 - std[70759c8f55707aa4]::panicking::default_hook
[INFO] [stdout]    5:     0x5836cd3a3980 - test[9d35eded1c95d3be]::test_main_inner::<test[9d35eded1c95d3be]::test_main_static::{closure#0}>::{closure#0}
[INFO] [stdout]    6:     0x5836cd408242 - std[70759c8f55707aa4]::panicking::panic_with_hook
[INFO] [stdout]    7:     0x5836cd3ebfc2 - std[70759c8f55707aa4]::panicking::panic_handler::{closure#0}
[INFO] [stdout]    8:     0x5836cd3e4d49 - std[70759c8f55707aa4]::sys::backtrace::__rust_end_short_backtrace::<std[70759c8f55707aa4]::panicking::panic_handler::{closure#0}, !>
[INFO] [stdout]    9:     0x5836cd3ecbbd - __rustc[8fa7c3cbc660c2b3]::rust_begin_unwind
[INFO] [stdout]   10:     0x5836cd424d1c - core[df12db4294e9bfd3]::panicking::panic_fmt
[INFO] [stdout]   11:     0x5836cd424c33 - core[df12db4294e9bfd3]::panicking::assert_failed_inner
[INFO] [stdout]   12:     0x5836cd38c772 - core[df12db4294e9bfd3]::panicking::assert_failed::<tf_idf_vectorizer[7da244c2aa6859a]::utils::datastruct::map::index_map::RemoveResult<u64, i64>, tf_idf_vectorizer[7da244c2aa6859a]::utils::datastruct::map::index_map::RemoveResult<u64, i64>>
[INFO] [stdout]   13:     0x5836cd38547a - tf_idf_vectorizer[7da244c2aa6859a]::utils::datastruct::map::index_map::tests::iter_order_matches_internal_storage_even_after_removes
[INFO] [stdout]   14:     0x5836cd38dcd9 - <tf_idf_vectorizer[7da244c2aa6859a]::utils::datastruct::map::index_map::tests::iter_order_matches_internal_storage_even_after_removes::{closure#0} as core[df12db4294e9bfd3]::ops::function::FnOnce<()>>::call_once
[INFO] [stdout]   15:     0x5836cd396c6b - test[9d35eded1c95d3be]::__rust_begin_short_backtrace::<core[df12db4294e9bfd3]::result::Result<(), alloc[2182bb758b4b3781]::string::String>, fn() -> core[df12db4294e9bfd3]::result::Result<(), alloc[2182bb758b4b3781]::string::String>>
[INFO] [stdout]   16:     0x5836cd3a42d5 - test[9d35eded1c95d3be]::run_test::{closure#0}
[INFO] [stdout]   17:     0x5836cd39db94 - std[70759c8f55707aa4]::sys::backtrace::__rust_begin_short_backtrace::<test[9d35eded1c95d3be]::run_test::{closure#1}, ()>
[INFO] [stdout]   18:     0x5836cd3a7432 - <std[70759c8f55707aa4]::thread::lifecycle::spawn_unchecked<test[9d35eded1c95d3be]::run_test::{closure#1}, ()>::{closure#1} as core[df12db4294e9bfd3]::ops::function::FnOnce<()>>::call_once::{shim:vtable#0}
[INFO] [stdout]   19:     0x5836cd40f1f9 - <std[70759c8f55707aa4]::sys::thread::unix::Thread>::new::thread_start
[INFO] [stdout]   20:     0x7c6c30c05dfa - <unknown>
[INFO] [stdout]   21:     0x7c6c30c993d4 - clone
[INFO] [stdout]   22:                0x0 - <unknown>
[INFO] [stdout] 
[INFO] [stdout] 
[INFO] [stdout] failures:
[INFO] [stdout]     utils::datastruct::map::index_map::tests::compare_with_std_hashmap_small_scripted
[INFO] [stdout]     utils::datastruct::map::index_map::tests::iter_order_matches_internal_storage_even_after_removes
[INFO] [stdout]     utils::datastruct::map::index_map::tests::randomized_ops_compare_with_oracle
[INFO] [stdout]     utils::datastruct::map::index_map::tests::remove_then_reinsert_same_key
[INFO] [stdout]     utils::datastruct::map::index_map::tests::swap_remove_last_and_middle
[INFO] [stdout] 
[INFO] [stdout] test result: FAILED. 13 passed; 5 failed; 0 ignored; 0 measured; 0 filtered out; finished in 0.12s
[INFO] [stdout] 
[INFO] [stderr] error: test failed, to rerun pass `--lib`
[INFO] running `Command { std: "docker" "inspect" "9558b33a98101fbbdb26383a8fa5dedc7f705e6147364da577f55f9cbf7717f0", kill_on_drop: false }`
[INFO] running `Command { std: "docker" "rm" "-f" "9558b33a98101fbbdb26383a8fa5dedc7f705e6147364da577f55f9cbf7717f0", kill_on_drop: false }`
[INFO] [stdout] 9558b33a98101fbbdb26383a8fa5dedc7f705e6147364da577f55f9cbf7717f0
