[INFO] fetching crate textalyzer 0.5.0...
[INFO] testing textalyzer-0.5.0 against 1.100.0-beta.1+cargoflags=--release for beta-release-1.100-2
[INFO] extracting crate textalyzer 0.5.0 into /workspace/builds/worker-5-tc2/source
[INFO] started tweaking crates.io crate textalyzer 0.5.0
[INFO] removed 0 missing tests
[INFO] finished tweaking crates.io crate textalyzer 0.5.0
[INFO] tweaked toml for crates.io crate textalyzer 0.5.0 written to /workspace/builds/worker-5-tc2/source/Cargo.toml
[INFO] validating manifest of crates.io crate textalyzer 0.5.0 on toolchain 1.100.0-beta.1
[INFO] running `Command { std: CARGO_HOME="/workspace/cargo-home" RUSTUP_HOME="/workspace/rustup-home" "/workspace/cargo-home/bin/cargo" "+1.100.0-beta.1" "metadata" "--manifest-path" "Cargo.toml" "--no-deps", kill_on_drop: false }`
[INFO] crate crates.io crate textalyzer 0.5.0 already has a lockfile, it will not be regenerated
[INFO] running `Command { std: CARGO_HOME="/workspace/cargo-home" RUSTUP_HOME="/workspace/rustup-home" "/workspace/cargo-home/bin/cargo" "+1.100.0-beta.1" "fetch" "--manifest-path" "Cargo.toml", kill_on_drop: false }`
[INFO] running `Command { std: "docker" "create" "-v" "/var/lib/crater-agent-workspace/builds/worker-5-tc2/source:/opt/rustwide/workdir:ro,Z" "-v" "/var/lib/crater-agent-workspace/builds/worker-5-tc2/target:/opt/rustwide/target:rw,Z" "-v" "/var/lib/crater-agent-workspace/cargo-home:/opt/rustwide/cargo-home:ro,Z" "-v" "/var/lib/crater-agent-workspace/rustup-home:/opt/rustwide/rustup-home:ro,Z" "-m" "1610612736" "--network" "none" "ghcr.io/rust-lang/crates-build-env/linux@sha256:77db811e55d90add9212f6832c23229e3de5f1c1f9905e8cb07319ea15df73ac" "sleep" "infinity", kill_on_drop: false }`
[INFO] [stdout] c50775a8db04b14b6fecf91f2198b3f79222e1686b1ff32bee8e067e410c7cec
[INFO] running `Command { std: "docker" "start" "c50775a8db04b14b6fecf91f2198b3f79222e1686b1ff32bee8e067e410c7cec", kill_on_drop: false }`
[INFO] running `Command { std: "docker" "inspect" "c50775a8db04b14b6fecf91f2198b3f79222e1686b1ff32bee8e067e410c7cec", kill_on_drop: false }`
[INFO] running `Command { std: "docker" "exec" "-e" "SOURCE_DIR=/opt/rustwide/workdir" "-e" "CARGO_HOME=/opt/rustwide/cargo-home" "-e" "RUSTUP_HOME=/opt/rustwide/rustup-home" "-e" "CARGO_TARGET_DIR=/opt/rustwide/target" "-w" "/opt/rustwide/workdir" "--user" "0:0" "c50775a8db04b14b6fecf91f2198b3f79222e1686b1ff32bee8e067e410c7cec" "/opt/rustwide/cargo-home/bin/cargo" "+1.100.0-beta.1" "metadata" "--no-deps" "--format-version=1", kill_on_drop: false }`
[INFO] running `Command { std: "docker" "inspect" "c50775a8db04b14b6fecf91f2198b3f79222e1686b1ff32bee8e067e410c7cec", kill_on_drop: false }`
[INFO] running `Command { std: "docker" "exec" "-e" "SOURCE_DIR=/opt/rustwide/workdir" "-e" "CARGO_HOME=/opt/rustwide/cargo-home" "-e" "RUSTUP_HOME=/opt/rustwide/rustup-home" "-e" "CARGO_TARGET_DIR=/opt/rustwide/target" "-e" "CARGO_INCREMENTAL=0" "-e" "RUST_BACKTRACE=full" "-e" "RUSTFLAGS=--cap-lints=warn" "-e" "RUSTDOCFLAGS=--cap-lints=warn" "-w" "/opt/rustwide/workdir" "--user" "0:0" "c50775a8db04b14b6fecf91f2198b3f79222e1686b1ff32bee8e067e410c7cec" "/opt/rustwide/cargo-home/bin/cargo" "+1.100.0-beta.1" "build" "--frozen" "--message-format=json" "--release", kill_on_drop: false }`
[INFO] [stderr]    Compiling proc-macro2 v1.0.94
[INFO] [stderr]    Compiling rustix v1.0.0
[INFO] [stderr]    Compiling rustix v0.38.44
[INFO] [stderr]    Compiling rayon-core v1.12.1
[INFO] [stderr]    Compiling serde v1.0.218
[INFO] [stderr]    Compiling getrandom v0.3.1
[INFO] [stderr]    Compiling aho-corasick v1.1.3
[INFO] [stderr]    Compiling bstr v1.11.3
[INFO] [stderr]    Compiling log v0.4.26
[INFO] [stderr]    Compiling linux-raw-sys v0.9.2
[INFO] [stderr]    Compiling serde_json v1.0.140
[INFO] [stderr]    Compiling once_cell v1.20.3
[INFO] [stderr]    Compiling clap_builder v4.5.31
[INFO] [stderr]    Compiling either v1.15.0
[INFO] [stderr]    Compiling pad v0.1.6
[INFO] [stderr]    Compiling memmap2 v0.9.5
[INFO] [stderr]    Compiling colored v3.0.0
[INFO] [stderr]    Compiling unicode-width v0.2.0
[INFO] [stderr]    Compiling rayon v1.10.0
[INFO] [stderr]    Compiling regex-automata v0.4.9
[INFO] [stderr]    Compiling quote v1.0.39
[INFO] [stderr]    Compiling syn v2.0.99
[INFO] [stderr]    Compiling terminal_size v0.4.1
[INFO] [stderr]    Compiling tempfile v3.18.0
[INFO] [stderr]    Compiling globset v0.4.16
[INFO] [stderr]    Compiling ignore v0.4.23
[INFO] [stderr]    Compiling serde_derive v1.0.218
[INFO] [stderr]    Compiling clap_derive v4.5.28
[INFO] [stderr]    Compiling clap v4.5.31
[INFO] [stderr]    Compiling textalyzer v0.5.0 (/opt/rustwide/workdir)
[INFO] [stderr] warning: unused dependency `tempfile`
[INFO] [stderr]   --> Cargo.toml:31:15
[INFO] [stderr]    |
[INFO] [stderr] 31 | [dependencies.tempfile]
[INFO] [stderr]    |               ^^^^^^^^^
[INFO] [stderr]    |
[INFO] [stderr]    = note: `cargo::unused_dependencies` is set to `warn` by default
[INFO] [stderr] help: consider removing the dependency on `tempfile`
[INFO] [stderr] warning: `textalyzer` (manifest) generated 1 warning
[INFO] [stderr]     Finished `release` profile [optimized] target(s) in 37.07s
[INFO] running `Command { std: "docker" "inspect" "c50775a8db04b14b6fecf91f2198b3f79222e1686b1ff32bee8e067e410c7cec", kill_on_drop: false }`
[INFO] running `Command { std: "docker" "exec" "-e" "SOURCE_DIR=/opt/rustwide/workdir" "-e" "CARGO_HOME=/opt/rustwide/cargo-home" "-e" "RUSTUP_HOME=/opt/rustwide/rustup-home" "-e" "CARGO_TARGET_DIR=/opt/rustwide/target" "-e" "CARGO_INCREMENTAL=0" "-e" "RUST_BACKTRACE=full" "-e" "RUSTFLAGS=--cap-lints=warn" "-e" "RUSTDOCFLAGS=--cap-lints=warn" "-w" "/opt/rustwide/workdir" "--user" "0:0" "c50775a8db04b14b6fecf91f2198b3f79222e1686b1ff32bee8e067e410c7cec" "/opt/rustwide/cargo-home/bin/cargo" "+1.100.0-beta.1" "test" "--frozen" "--no-run" "--message-format=json" "--release", kill_on_drop: false }`
[INFO] [stderr]    Compiling textalyzer v0.5.0 (/opt/rustwide/workdir)
[INFO] [stderr] warning: unused dependency `tempfile`
[INFO] [stderr]   --> Cargo.toml:31:15
[INFO] [stderr]    |
[INFO] [stderr] 31 | [dependencies.tempfile]
[INFO] [stderr]    |               ^^^^^^^^^
[INFO] [stderr]    |
[INFO] [stderr]    = note: `cargo::unused_dependencies` is set to `warn` by default
[INFO] [stderr] help: consider removing the dependency on `tempfile`
[INFO] [stderr] help: to still use for development builds, move to `dev-dependencies`
[INFO] [stderr] warning: `textalyzer` (manifest) generated 1 warning
[INFO] [stderr]     Finished `release` profile [optimized] target(s) in 4.33s
[INFO] running `Command { std: "docker" "inspect" "c50775a8db04b14b6fecf91f2198b3f79222e1686b1ff32bee8e067e410c7cec", kill_on_drop: false }`
[INFO] running `Command { std: "docker" "exec" "-e" "SOURCE_DIR=/opt/rustwide/workdir" "-e" "CARGO_HOME=/opt/rustwide/cargo-home" "-e" "RUSTUP_HOME=/opt/rustwide/rustup-home" "-e" "CARGO_TARGET_DIR=/opt/rustwide/target" "-e" "CARGO_INCREMENTAL=0" "-e" "RUST_BACKTRACE=full" "-e" "RUSTFLAGS=--cap-lints=warn" "-e" "RUSTDOCFLAGS=--cap-lints=warn" "-w" "/opt/rustwide/workdir" "--user" "0:0" "c50775a8db04b14b6fecf91f2198b3f79222e1686b1ff32bee8e067e410c7cec" "/opt/rustwide/cargo-home/bin/cargo" "+1.100.0-beta.1" "test" "--frozen" "--release", kill_on_drop: false }`
[INFO] [stderr] warning: unused dependency `tempfile`
[INFO] [stderr]   --> Cargo.toml:31:15
[INFO] [stderr]    |
[INFO] [stderr] 31 | [dependencies.tempfile]
[INFO] [stderr]    |               ^^^^^^^^^
[INFO] [stderr]    |
[INFO] [stderr]    = note: `cargo::unused_dependencies` is set to `warn` by default
[INFO] [stderr] help: consider removing the dependency on `tempfile`
[INFO] [stderr] help: to still use for development builds, move to `dev-dependencies`
[INFO] [stderr] warning: `textalyzer` (manifest) generated 1 warning
[INFO] [stderr]     Finished `release` profile [optimized] target(s) in 0.09s
[INFO] [stderr]      Running unittests src/lib.rs (/opt/rustwide/target/release/build/textalyzer/a8caa39a98c06a48/out/textalyzer-a8caa39a98c06a48)
[INFO] [stdout] 
[INFO] [stdout] running 14 tests
[INFO] [stdout] test duplication::tests::benchmark_multi_line_duplications ... ignored
[INFO] [stdout] test file_utils::tests::test_merge_file_lines ... ok
[INFO] [stdout] test line_length::tests::test_format_line_length_histogram_empty ... ok
[INFO] [stdout] test frequency::tests::generate_frequency_map_from_text ... ok
[INFO] [stdout] test line_length::tests::test_calculate_line_length_histogram_unicode ... ok
[INFO] [stdout] test line_length::tests::test_calculate_line_length_histogram_basic ... ok
[INFO] [stdout] test duplication::tests::test_multi_line_duplications_with_non_overlapping ... ok
[INFO] [stdout] test duplication::tests::test_find_multi_line_duplications ... ok
[INFO] [stdout] test file_utils::tests::test_find_all_files ... ok
[INFO] [stdout] test duplication::tests::test_find_duplicate_lines ... ok
[INFO] [stdout] test duplication::tests::test_duplication_ignores_indentation ... ok
[INFO] [stdout] test line_length::tests::test_format_line_length_histogram_basic ... ok
[INFO] [stdout] test file_utils::tests::test_load_files ... ok
[INFO] [stdout] test line_length::tests::test_calculate_line_length_histogram_empty ... ok
[INFO] [stdout] 
[INFO] [stdout] test result: ok. 13 passed; 0 failed; 1 ignored; 0 measured; 0 filtered out; finished in 0.01s
[INFO] [stdout] 
[INFO] [stderr]      Running unittests src/main.rs (/opt/rustwide/target/release/build/textalyzer/559726a707c5390f/out/textalyzer-559726a707c5390f)
[INFO] [stderr]      Running tests/integration_tests.rs (/opt/rustwide/target/release/build/textalyzer/9b08dc1a02eba446/out/integration_tests-9b08dc1a02eba446)
[INFO] [stdout] 
[INFO] [stdout] running 0 tests
[INFO] [stdout] 
[INFO] [stdout] test result: ok. 0 passed; 0 failed; 0 ignored; 0 measured; 0 filtered out; finished in 0.00s
[INFO] [stdout] 
[INFO] [stdout] 
[INFO] [stdout] running 2 tests
[INFO] [stderr] error: test failed, to rerun pass `--test integration_tests`
[INFO] [stdout] test it_can_be_called_with_histogram_args ... FAILED
[INFO] [stdout] test it_can_be_called_with_duplication_multiple_paths ... FAILED
[INFO] [stdout] 
[INFO] [stdout] failures:
[INFO] [stdout] 
[INFO] [stdout] ---- it_can_be_called_with_histogram_args stdout ----
[INFO] [stdout] 
[INFO] [stdout] thread 'it_can_be_called_with_histogram_args' (1056) panicked at tests/integration_tests.rs:16:6:
[INFO] [stdout] failed to execute process: Os { code: 2, kind: NotFound, message: "No such file or directory" }
[INFO] [stdout] stack backtrace:
[INFO] [stdout]    0:     0x58002eb9cea1 - <<std[617be2ca0a6fd877]::sys::backtrace::BacktraceLock>::print::DisplayBacktrace as core[a373ad73a504971]::fmt::Display>::fmt
[INFO] [stdout]    1:     0x58002ebb0dca - core[a373ad73a504971]::fmt::write
[INFO] [stdout]    2:     0x58002eba10bc - <alloc[2e1b2a31b91974c5]::vec::Vec<u8> as core[a373ad73a504971]::io::write::Write>::write_fmt
[INFO] [stdout]    3:     0x58002eb78ff6 - std[617be2ca0a6fd877]::panicking::default_hook::{closure#0}
[INFO] [stdout]    4:     0x58002eb95539 - std[617be2ca0a6fd877]::panicking::default_hook
[INFO] [stdout]    5:     0x58002eb318d0 - test[aada8e7e76ba119b]::test_main_inner::{closure#0}
[INFO] [stdout]    6:     0x58002eb956f2 - std[617be2ca0a6fd877]::panicking::panic_with_hook
[INFO] [stdout]    7:     0x58002eb790a2 - std[617be2ca0a6fd877]::panicking::panic_handler::{closure#0}
[INFO] [stdout]    8:     0x58002eb71db9 - std[617be2ca0a6fd877]::sys::backtrace::__rust_end_short_backtrace::<std[617be2ca0a6fd877]::panicking::panic_handler::{closure#0}, !>
[INFO] [stdout]    9:     0x58002eb79cad - __rustc[ea4f61d10b84890b]::rust_begin_unwind
[INFO] [stdout]   10:     0x58002ebb14fc - core[a373ad73a504971]::panicking::panic_fmt
[INFO] [stdout]   11:     0x58002ebb12d2 - core[a373ad73a504971]::result::unwrap_failed
[INFO] [stdout]   12:     0x58002eb246dd - <integration_tests[b6abc2f83421563d]::it_can_be_called_with_histogram_args::{closure#0} as core[a373ad73a504971]::ops::function::FnOnce<()>>::call_once
[INFO] [stdout]   13:     0x58002eb24d1b - test[aada8e7e76ba119b]::__rust_begin_short_backtrace::<core[a373ad73a504971]::result::Result<(), alloc[2e1b2a31b91974c5]::string::String>, fn() -> core[a373ad73a504971]::result::Result<(), alloc[2e1b2a31b91974c5]::string::String>>
[INFO] [stdout]   14:     0x58002eb31ef5 - test[aada8e7e76ba119b]::run_test::{closure#0}
[INFO] [stdout]   15:     0x58002eb2b7e4 - std[617be2ca0a6fd877]::sys::backtrace::__rust_begin_short_backtrace::<test[aada8e7e76ba119b]::run_test::{closure#1}, ()>
[INFO] [stdout]   16:     0x58002eb34f82 - <std[617be2ca0a6fd877]::thread::lifecycle::spawn_unchecked<test[aada8e7e76ba119b]::run_test::{closure#1}, ()>::{closure#1} as core[a373ad73a504971]::ops::function::FnOnce<()>>::call_once::{shim:vtable#0}
[INFO] [stdout]   17:     0x58002eb9c6ff - <std[617be2ca0a6fd877]::sys::thread::unix::Thread>::new::thread_start
[INFO] [stdout]   18:     0x7f03eabafdfa - <unknown>
[INFO] [stdout]   19:     0x7f03eac433d4 - clone
[INFO] [stdout]   20:                0x0 - <unknown>
[INFO] [stdout] 
[INFO] [stdout] ---- it_can_be_called_with_duplication_multiple_paths stdout ----
[INFO] [stdout] 
[INFO] [stdout] thread 'it_can_be_called_with_duplication_multiple_paths' (1055) panicked at tests/integration_tests.rs:41:6:
[INFO] [stdout] failed to execute process: Os { code: 2, kind: NotFound, message: "No such file or directory" }
[INFO] [stdout] stack backtrace:
[INFO] [stdout]    0:     0x58002eb9cea1 - <<std[617be2ca0a6fd877]::sys::backtrace::BacktraceLock>::print::DisplayBacktrace as core[a373ad73a504971]::fmt::Display>::fmt
[INFO] [stdout]    1:     0x58002ebb0dca - core[a373ad73a504971]::fmt::write
[INFO] [stdout]    2:     0x58002eba10bc - <alloc[2e1b2a31b91974c5]::vec::Vec<u8> as core[a373ad73a504971]::io::write::Write>::write_fmt
[INFO] [stdout]    3:     0x58002eb78ff6 - std[617be2ca0a6fd877]::panicking::default_hook::{closure#0}
[INFO] [stdout]    4:     0x58002eb95539 - std[617be2ca0a6fd877]::panicking::default_hook
[INFO] [stdout]    5:     0x58002eb318d0 - test[aada8e7e76ba119b]::test_main_inner::{closure#0}
[INFO] [stdout]    6:     0x58002eb956f2 - std[617be2ca0a6fd877]::panicking::panic_with_hook
[INFO] [stdout]    7:     0x58002eb790a2 - std[617be2ca0a6fd877]::panicking::panic_handler::{closure#0}
[INFO] [stdout]    8:     0x58002eb71db9 - std[617be2ca0a6fd877]::sys::backtrace::__rust_end_short_backtrace::<std[617be2ca0a6fd877]::panicking::panic_handler::{closure#0}, !>
[INFO] [stdout]    9:     0x58002eb79cad - __rustc[ea4f61d10b84890b]::rust_begin_unwind
[INFO] [stdout]   10:     0x58002ebb14fc - core[a373ad73a504971]::panicking::panic_fmt
[INFO] [stdout]   11:     0x58002ebb12d2 - core[a373ad73a504971]::result::unwrap_failed
[INFO] [stdout]   12:     0x58002eb24b64 - <integration_tests[b6abc2f83421563d]::it_can_be_called_with_duplication_multiple_paths::{closure#0} as core[a373ad73a504971]::ops::function::FnOnce<()>>::call_once
[INFO] [stdout]   13:     0x58002eb24d1b - test[aada8e7e76ba119b]::__rust_begin_short_backtrace::<core[a373ad73a504971]::result::Result<(), alloc[2e1b2a31b91974c5]::string::String>, fn() -> core[a373ad73a504971]::result::Result<(), alloc[2e1b2a31b91974c5]::string::String>>
[INFO] [stdout]   14:     0x58002eb31ef5 - test[aada8e7e76ba119b]::run_test::{closure#0}
[INFO] [stdout]   15:     0x58002eb2b7e4 - std[617be2ca0a6fd877]::sys::backtrace::__rust_begin_short_backtrace::<test[aada8e7e76ba119b]::run_test::{closure#1}, ()>
[INFO] [stdout]   16:     0x58002eb34f82 - <std[617be2ca0a6fd877]::thread::lifecycle::spawn_unchecked<test[aada8e7e76ba119b]::run_test::{closure#1}, ()>::{closure#1} as core[a373ad73a504971]::ops::function::FnOnce<()>>::call_once::{shim:vtable#0}
[INFO] [stdout]   17:     0x58002eb9c6ff - <std[617be2ca0a6fd877]::sys::thread::unix::Thread>::new::thread_start
[INFO] [stdout]   18:     0x7f03eabafdfa - <unknown>
[INFO] [stdout]   19:     0x7f03eac433d4 - clone
[INFO] [stdout]   20:                0x0 - <unknown>
[INFO] [stdout] 
[INFO] [stdout] 
[INFO] [stdout] failures:
[INFO] [stdout]     it_can_be_called_with_duplication_multiple_paths
[INFO] [stdout]     it_can_be_called_with_histogram_args
[INFO] [stdout] 
[INFO] [stdout] test result: FAILED. 0 passed; 2 failed; 0 ignored; 0 measured; 0 filtered out; finished in 0.00s
[INFO] [stdout] 
[INFO] running `Command { std: "docker" "inspect" "c50775a8db04b14b6fecf91f2198b3f79222e1686b1ff32bee8e067e410c7cec", kill_on_drop: false }`
[INFO] running `Command { std: "docker" "rm" "-f" "c50775a8db04b14b6fecf91f2198b3f79222e1686b1ff32bee8e067e410c7cec", kill_on_drop: false }`
[INFO] [stdout] c50775a8db04b14b6fecf91f2198b3f79222e1686b1ff32bee8e067e410c7cec
