[INFO] fetching crate text-splitter 0.33.0...
[INFO] testing text-splitter-0.33.0 against 1.100.0-beta.1+cargoflags=--release for beta-release-1.100-2
[INFO] extracting crate text-splitter 0.33.0 into /workspace/builds/worker-0-tc2/source
[INFO] started tweaking crates.io crate text-splitter 0.33.0
[INFO] removed 0 missing tests
[INFO] finished tweaking crates.io crate text-splitter 0.33.0
[INFO] tweaked toml for crates.io crate text-splitter 0.33.0 written to /workspace/builds/worker-0-tc2/source/Cargo.toml
[INFO] validating manifest of crates.io crate text-splitter 0.33.0 on toolchain 1.100.0-beta.1
[INFO] running `Command { std: CARGO_HOME="/workspace/cargo-home" RUSTUP_HOME="/workspace/rustup-home" "/workspace/cargo-home/bin/cargo" "+1.100.0-beta.1" "metadata" "--manifest-path" "Cargo.toml" "--no-deps", kill_on_drop: false }`
[INFO] crate crates.io crate text-splitter 0.33.0 already has a lockfile, it will not be regenerated
[INFO] running `Command { std: CARGO_HOME="/workspace/cargo-home" RUSTUP_HOME="/workspace/rustup-home" "/workspace/cargo-home/bin/cargo" "+1.100.0-beta.1" "fetch" "--manifest-path" "Cargo.toml", kill_on_drop: false }`
[INFO] running `Command { std: "docker" "create" "-v" "/var/lib/crater-agent-workspace/builds/worker-0-tc2/source:/opt/rustwide/workdir:ro,Z" "-v" "/var/lib/crater-agent-workspace/builds/worker-0-tc2/target:/opt/rustwide/target:rw,Z" "-v" "/var/lib/crater-agent-workspace/cargo-home:/opt/rustwide/cargo-home:ro,Z" "-v" "/var/lib/crater-agent-workspace/rustup-home:/opt/rustwide/rustup-home:ro,Z" "-m" "1610612736" "--network" "none" "ghcr.io/rust-lang/crates-build-env/linux@sha256:77db811e55d90add9212f6832c23229e3de5f1c1f9905e8cb07319ea15df73ac" "sleep" "infinity", kill_on_drop: false }`
[INFO] [stdout] a987763d6b5e46a0a149a4ef8aa3549b97a0faf5b18f273bfd9601a99b9aad31
[INFO] running `Command { std: "docker" "start" "a987763d6b5e46a0a149a4ef8aa3549b97a0faf5b18f273bfd9601a99b9aad31", kill_on_drop: false }`
[INFO] running `Command { std: "docker" "inspect" "a987763d6b5e46a0a149a4ef8aa3549b97a0faf5b18f273bfd9601a99b9aad31", kill_on_drop: false }`
[INFO] running `Command { std: "docker" "exec" "-e" "SOURCE_DIR=/opt/rustwide/workdir" "-e" "CARGO_HOME=/opt/rustwide/cargo-home" "-e" "RUSTUP_HOME=/opt/rustwide/rustup-home" "-e" "CARGO_TARGET_DIR=/opt/rustwide/target" "-w" "/opt/rustwide/workdir" "--user" "0:0" "a987763d6b5e46a0a149a4ef8aa3549b97a0faf5b18f273bfd9601a99b9aad31" "/opt/rustwide/cargo-home/bin/cargo" "+1.100.0-beta.1" "metadata" "--no-deps" "--format-version=1", kill_on_drop: false }`
[INFO] running `Command { std: "docker" "inspect" "a987763d6b5e46a0a149a4ef8aa3549b97a0faf5b18f273bfd9601a99b9aad31", kill_on_drop: false }`
[INFO] running `Command { std: "docker" "exec" "-e" "SOURCE_DIR=/opt/rustwide/workdir" "-e" "CARGO_HOME=/opt/rustwide/cargo-home" "-e" "RUSTUP_HOME=/opt/rustwide/rustup-home" "-e" "CARGO_TARGET_DIR=/opt/rustwide/target" "-e" "CARGO_INCREMENTAL=0" "-e" "RUST_BACKTRACE=full" "-e" "RUSTFLAGS=--cap-lints=warn" "-e" "RUSTDOCFLAGS=--cap-lints=warn" "-w" "/opt/rustwide/workdir" "--user" "0:0" "a987763d6b5e46a0a149a4ef8aa3549b97a0faf5b18f273bfd9601a99b9aad31" "/opt/rustwide/cargo-home/bin/cargo" "+1.100.0-beta.1" "build" "--frozen" "--message-format=json" "--release", kill_on_drop: false }`
[INFO] [stderr]    Compiling unicode-ident v1.0.26
[INFO] [stderr]    Compiling stable_deref_trait v1.2.1
[INFO] [stderr]    Compiling writeable v0.6.4
[INFO] [stderr]    Compiling litemap v0.8.3
[INFO] [stderr]    Compiling icu_locale_fallback_data v2.3.0
[INFO] [stderr]    Compiling libc v0.2.189
[INFO] [stderr]    Compiling icu_segmenter_data v2.3.0
[INFO] [stderr]    Compiling zerocopy v0.8.57
[INFO] [stderr]    Compiling once_cell v1.21.4
[INFO] [stderr]    Compiling smallvec v1.16.1
[INFO] [stderr]    Compiling either v1.18.0
[INFO] [stderr]    Compiling core_maths v0.1.1
[INFO] [stderr]    Compiling proc-macro2 v1.0.107
[INFO] [stderr]    Compiling itertools v0.15.0
[INFO] [stderr]    Compiling quote v1.0.47
[INFO] [stderr]    Compiling syn v3.0.6
[INFO] [stderr]    Compiling syn v2.0.119
[INFO] [stderr]    Compiling getrandom v0.3.4
[INFO] [stderr]    Compiling strum_macros v0.28.0
[INFO] [stderr]    Compiling strum v0.28.0
[INFO] [stderr]    Compiling ahash v0.8.12
[INFO] [stderr]    Compiling synstructure v0.14.0
[INFO] [stderr]    Compiling derive_utils v0.16.0
[INFO] [stderr]    Compiling zerofrom-derive v0.1.8
[INFO] [stderr]    Compiling yoke-derive v0.8.3
[INFO] [stderr]    Compiling zerovec-derive v0.11.6
[INFO] [stderr]    Compiling displaydoc v0.2.7
[INFO] [stderr]    Compiling thiserror-impl v2.0.20
[INFO] [stderr]    Compiling auto_enums v0.8.10
[INFO] [stderr]    Compiling zerotrie v0.2.5
[INFO] [stderr]    Compiling zerofrom v0.1.8
[INFO] [stderr]    Compiling yoke v0.8.3
[INFO] [stderr]    Compiling zerovec v0.11.8
[INFO] [stderr]    Compiling thiserror v2.0.20
[INFO] [stderr]    Compiling tinystr v0.8.4
[INFO] [stderr]    Compiling potential_utf v0.1.6
[INFO] [stderr]    Compiling icu_collections v2.3.0
[INFO] [stderr]    Compiling icu_locale_core v2.3.0
[INFO] [stderr]    Compiling icu_provider v2.3.1
[INFO] [stderr]    Compiling icu_locale_fallback v2.3.0
[INFO] [stderr]    Compiling icu_segmenter v2.3.0
[INFO] [stderr]    Compiling text-splitter v0.33.0 (/opt/rustwide/workdir)
[INFO] [stderr]     Finished `release` profile [optimized] target(s) in 30.75s
[INFO] running `Command { std: "docker" "inspect" "a987763d6b5e46a0a149a4ef8aa3549b97a0faf5b18f273bfd9601a99b9aad31", kill_on_drop: false }`
[INFO] running `Command { std: "docker" "exec" "-e" "SOURCE_DIR=/opt/rustwide/workdir" "-e" "CARGO_HOME=/opt/rustwide/cargo-home" "-e" "RUSTUP_HOME=/opt/rustwide/rustup-home" "-e" "CARGO_TARGET_DIR=/opt/rustwide/target" "-e" "CARGO_INCREMENTAL=0" "-e" "RUST_BACKTRACE=full" "-e" "RUSTFLAGS=--cap-lints=warn" "-e" "RUSTDOCFLAGS=--cap-lints=warn" "-w" "/opt/rustwide/workdir" "--user" "0:0" "a987763d6b5e46a0a149a4ef8aa3549b97a0faf5b18f273bfd9601a99b9aad31" "/opt/rustwide/cargo-home/bin/cargo" "+1.100.0-beta.1" "test" "--frozen" "--no-run" "--message-format=json" "--release", kill_on_drop: false }`
[INFO] [stderr]    Compiling find-msvc-tools v0.1.13
[INFO] [stderr]    Compiling smallvec v1.16.1
[INFO] [stderr]    Compiling bitflags v2.13.2
[INFO] [stderr]    Compiling rustix v1.1.5
[INFO] [stderr]    Compiling zeroize v1.9.0
[INFO] [stderr]    Compiling syn v2.0.119
[INFO] [stderr]    Compiling getrandom v0.3.4
[INFO] [stderr]    Compiling getrandom v0.2.17
[INFO] [stderr]    Compiling serde_derive v1.0.229
[INFO] [stderr]    Compiling crossbeam-deque v0.8.8
[INFO] [stderr]    Compiling rustls v0.23.45
[INFO] [stderr]    Compiling zerotrie v0.2.5
[INFO] [stderr]    Compiling simd-adler32 v0.3.10
[INFO] [stderr]    Compiling pkg-config v0.3.34
[INFO] [stderr]    Compiling portable-atomic v1.15.0
[INFO] [stderr]    Compiling ahash v0.8.12
[INFO] [stderr]    Compiling rustls-pki-types v1.15.1
[INFO] [stderr]    Compiling rand_core v0.9.5
[INFO] [stderr]    Compiling regex-automata v0.4.18
[INFO] [stderr]    Compiling getrandom v0.4.3
[INFO] [stderr]    Compiling cc v1.4.7
[INFO] [stderr]    Compiling miniz_oxide v0.9.1
[INFO] [stderr]    Compiling crc32fast v1.5.2
[INFO] [stderr]    Compiling ppv-lite86 v0.2.21
[INFO] [stderr]    Compiling tree-sitter-language v0.1.8
[INFO] [stderr]    Compiling dirs-sys v0.5.0
[INFO] [stderr]    Compiling console v0.15.11
[INFO] [stderr]    Compiling socks v0.3.4
[INFO] [stderr]    Compiling rayon-core v1.13.0
[INFO] [stderr]    Compiling webpki-roots v1.0.9
[INFO] [stderr]    Compiling webpki-roots v0.26.11
[INFO] [stderr]    Compiling serde_json v1.0.151
[INFO] [stderr]    Compiling icu_provider v2.3.1
[INFO] [stderr]    Compiling flate2 v1.1.10
[INFO] [stderr]    Compiling rand_chacha v0.9.0
[INFO] [stderr]    Compiling minimal-lexical v0.2.1
[INFO] [stderr]    Compiling icu_properties v2.3.0
[INFO] [stderr]    Compiling icu_normalizer v2.3.0
[INFO] [stderr]    Compiling number_prefix v0.4.0
[INFO] [stderr]    Compiling esaxx-rs v0.1.10
[INFO] [stderr]    Compiling indicatif v0.17.11
[INFO] [stderr]    Compiling nom v7.1.3
[INFO] [stderr]    Compiling icu_locale_fallback v2.3.0
[INFO] [stderr]    Compiling rayon v1.12.0
[INFO] [stderr]    Compiling ring v0.17.14
[INFO] [stderr]    Compiling onig_sys v69.9.3
[INFO] [stderr]    Compiling tree-sitter-rust v0.24.2
[INFO] [stderr]    Compiling castaway v0.2.4
[INFO] [stderr]    Compiling rand v0.9.5
[INFO] [stderr]    Compiling dirs v6.0.0
[INFO] [stderr]    Compiling itertools v0.14.0
[INFO] [stderr]    Compiling bstr v1.13.1
[INFO] [stderr]    Compiling macro_rules_attribute-proc_macro v0.2.3
[INFO] [stderr]    Compiling fastrand v2.5.0
[INFO] [stderr]    Compiling terminal_size v0.4.4
[INFO] [stderr]    Compiling pastey v0.2.3
[INFO] [stderr]    Compiling tempfile v3.27.0
[INFO] [stderr]    Compiling idna_adapter v1.2.2
[INFO] [stderr]    Compiling clap_builder v4.6.7
[INFO] [stderr]    Compiling idna v1.1.0
[INFO] [stderr]    Compiling macro_rules_attribute v0.2.3
[INFO] [stderr]    Compiling icu_segmenter v2.3.0
[INFO] [stderr]    Compiling url v2.5.8
[INFO] [stderr]    Compiling rand v0.10.3
[INFO] [stderr]    Compiling serde v1.0.229
[INFO] [stderr]    Compiling globset v0.4.20
[INFO] [stderr]    Compiling regex v1.13.1
[INFO] [stderr]    Compiling unicode-normalization-alignments v0.1.12
[INFO] [stderr]    Compiling console v0.16.6
[INFO] [stderr]    Compiling darling_core v0.20.11
[INFO] [stderr]    Compiling clap v4.6.7
[INFO] [stderr]    Compiling dary_heap v0.3.9
[INFO] [stderr]    Compiling compact_str v0.9.1
[INFO] [stderr]    Compiling rayon-cond v0.4.0
[INFO] [stderr]    Compiling spm_precompiled v0.1.4
[INFO] [stderr]    Compiling similar v2.7.0
[INFO] [stderr]    Compiling condtype v1.3.0
[INFO] [stderr]    Compiling unicode_categories v0.1.1
[INFO] [stderr]    Compiling deunicode v1.6.2
[INFO] [stderr]    Compiling regex-lite v0.1.9
[INFO] [stderr]    Compiling daachorse v3.0.3
[INFO] [stderr]    Compiling fake v5.1.0
[INFO] [stderr]    Compiling strum_macros v0.28.0
[INFO] [stderr]    Compiling monostate-impl v0.1.18
[INFO] [stderr]    Compiling monostate v0.1.18
[INFO] [stderr]    Compiling divan-macros v0.1.21
[INFO] [stderr]    Compiling insta v1.48.0
[INFO] [stderr]    Compiling more-asserts v0.3.1
[INFO] [stderr]    Compiling divan v0.1.21
[INFO] [stderr]    Compiling darling_macro v0.20.11
[INFO] [stderr]    Compiling darling v0.20.11
[INFO] [stderr]    Compiling derive_builder_core v0.20.2
[INFO] [stderr]    Compiling strum v0.28.0
[INFO] [stderr]    Compiling text-splitter v0.33.0 (/opt/rustwide/workdir)
[INFO] [stderr]    Compiling derive_builder_macro v0.20.2
[INFO] [stderr]    Compiling derive_builder v0.20.2
[INFO] [stderr]    Compiling rustls-webpki v0.103.15
[INFO] [stderr]    Compiling onig v6.5.3
[INFO] [stderr]    Compiling ureq v2.12.1
[INFO] [stderr]    Compiling hf-hub v0.4.3
[INFO] [stderr]    Compiling tokenizers v0.23.2
[INFO] [stdout] warning: unused import: `std::fs`
[INFO] [stdout]  --> tests/code.rs:2:5
[INFO] [stdout]   |
[INFO] [stdout] 2 | use std::fs;
[INFO] [stdout]   |     ^^^^^^^
[INFO] [stdout]   |
[INFO] [stdout]   = note: `-W unused-imports` implied by `-W unused`
[INFO] [stdout]   = help: to override `-W unused` add `#[allow(unused_imports)]`
[INFO] [stdout] 
[INFO] [stdout] 
[INFO] [stdout] warning: unused imports: `Fake` and `Faker`
[INFO] [stdout]  --> tests/code.rs:4:12
[INFO] [stdout]   |
[INFO] [stdout] 4 | use fake::{Fake, Faker};
[INFO] [stdout]   |            ^^^^  ^^^^^
[INFO] [stdout] 
[INFO] [stdout] 
[INFO] [stdout] warning: unused import: `itertools::Itertools`
[INFO] [stdout]  --> tests/code.rs:5:5
[INFO] [stdout]   |
[INFO] [stdout] 5 | use itertools::Itertools;
[INFO] [stdout]   |     ^^^^^^^^^^^^^^^^^^^^
[INFO] [stdout] 
[INFO] [stdout] 
[INFO] [stdout] warning: unused import: `more_asserts::assert_le`
[INFO] [stdout]  --> tests/code.rs:6:5
[INFO] [stdout]   |
[INFO] [stdout] 6 | use more_asserts::assert_le;
[INFO] [stdout]   |     ^^^^^^^^^^^^^^^^^^^^^^^
[INFO] [stdout] 
[INFO] [stdout] 
[INFO] [stdout] warning: unused import: `std::fs`
[INFO] [stdout]  --> tests/markdown.rs:2:5
[INFO] [stdout]   |
[INFO] [stdout] 2 | use std::fs;
[INFO] [stdout]   |     ^^^^^^^
[INFO] [stdout]   |
[INFO] [stdout]   = note: `-W unused-imports` implied by `-W unused`
[INFO] [stdout]   = help: to override `-W unused` add `#[allow(unused_imports)]`
[INFO] [stdout] 
[INFO] [stdout] 
[INFO] [stdout] warning: unused imports: `Fake` and `Faker`
[INFO] [stdout]  --> tests/markdown.rs:4:12
[INFO] [stdout]   |
[INFO] [stdout] 4 | use fake::{Fake, Faker};
[INFO] [stdout]   |            ^^^^  ^^^^^
[INFO] [stdout] 
[INFO] [stdout] 
[INFO] [stdout] warning: unused import: `itertools::Itertools`
[INFO] [stdout]  --> tests/markdown.rs:5:5
[INFO] [stdout]   |
[INFO] [stdout] 5 | use itertools::Itertools;
[INFO] [stdout]   |     ^^^^^^^^^^^^^^^^^^^^
[INFO] [stdout] 
[INFO] [stdout] 
[INFO] [stdout] warning: unused import: `more_asserts::assert_le`
[INFO] [stdout]  --> tests/markdown.rs:6:5
[INFO] [stdout]   |
[INFO] [stdout] 6 | use more_asserts::assert_le;
[INFO] [stdout]   |     ^^^^^^^^^^^^^^^^^^^^^^^
[INFO] [stdout] 
[INFO] [stdout] 
[INFO] [stderr]     Finished `release` profile [optimized] target(s) in 2m 37s
[INFO] running `Command { std: "docker" "inspect" "a987763d6b5e46a0a149a4ef8aa3549b97a0faf5b18f273bfd9601a99b9aad31", kill_on_drop: false }`
[INFO] running `Command { std: "docker" "exec" "-e" "SOURCE_DIR=/opt/rustwide/workdir" "-e" "CARGO_HOME=/opt/rustwide/cargo-home" "-e" "RUSTUP_HOME=/opt/rustwide/rustup-home" "-e" "CARGO_TARGET_DIR=/opt/rustwide/target" "-e" "CARGO_INCREMENTAL=0" "-e" "RUST_BACKTRACE=full" "-e" "RUSTFLAGS=--cap-lints=warn" "-e" "RUSTDOCFLAGS=--cap-lints=warn" "-w" "/opt/rustwide/workdir" "--user" "0:0" "a987763d6b5e46a0a149a4ef8aa3549b97a0faf5b18f273bfd9601a99b9aad31" "/opt/rustwide/cargo-home/bin/cargo" "+1.100.0-beta.1" "test" "--frozen" "--release", kill_on_drop: false }`
[INFO] [stderr] warning: unused import: `std::fs`
[INFO] [stderr]  --> tests/code.rs:2:5
[INFO] [stderr]   |
[INFO] [stderr] 2 | use std::fs;
[INFO] [stderr]   |     ^^^^^^^
[INFO] [stderr]   |
[INFO] [stderr]   = note: `-W unused-imports` implied by `-W unused`
[INFO] [stderr]   = help: to override `-W unused` add `#[allow(unused_imports)]`
[INFO] [stderr] 
[INFO] [stderr] warning: unused imports: `Fake` and `Faker`
[INFO] [stderr]  --> tests/code.rs:4:12
[INFO] [stderr]   |
[INFO] [stderr] 4 | use fake::{Fake, Faker};
[INFO] [stderr]   |            ^^^^  ^^^^^
[INFO] [stderr] 
[INFO] [stderr] warning: unused import: `itertools::Itertools`
[INFO] [stderr]  --> tests/code.rs:5:5
[INFO] [stderr]   |
[INFO] [stderr] 5 | use itertools::Itertools;
[INFO] [stderr]   |     ^^^^^^^^^^^^^^^^^^^^
[INFO] [stderr] 
[INFO] [stderr] warning: unused import: `more_asserts::assert_le`
[INFO] [stderr]  --> tests/code.rs:6:5
[INFO] [stderr]   |
[INFO] [stderr] 6 | use more_asserts::assert_le;
[INFO] [stderr]   |     ^^^^^^^^^^^^^^^^^^^^^^^
[INFO] [stderr] 
[INFO] [stderr] warning: unused import: `std::fs`
[INFO] [stderr]  --> tests/markdown.rs:2:5
[INFO] [stderr]   |
[INFO] [stderr] 2 | use std::fs;
[INFO] [stderr]   |     ^^^^^^^
[INFO] [stderr]   |
[INFO] [stderr]   = note: `-W unused-imports` implied by `-W unused`
[INFO] [stderr]   = help: to override `-W unused` add `#[allow(unused_imports)]`
[INFO] [stderr] 
[INFO] [stderr] warning: unused imports: `Fake` and `Faker`
[INFO] [stderr]  --> tests/markdown.rs:4:12
[INFO] [stderr]   |
[INFO] [stderr] 4 | use fake::{Fake, Faker};
[INFO] [stderr]   |            ^^^^  ^^^^^
[INFO] [stderr] 
[INFO] [stderr] warning: unused import: `itertools::Itertools`
[INFO] [stderr]  --> tests/markdown.rs:5:5
[INFO] [stderr]   |
[INFO] [stderr] 5 | use itertools::Itertools;
[INFO] [stderr]   |     ^^^^^^^^^^^^^^^^^^^^
[INFO] [stderr] 
[INFO] [stderr] warning: unused import: `more_asserts::assert_le`
[INFO] [stderr]  --> tests/markdown.rs:6:5
[INFO] [stderr]   |
[INFO] [stderr] 6 | use more_asserts::assert_le;
[INFO] [stderr]   |     ^^^^^^^^^^^^^^^^^^^^^^^
[INFO] [stderr] 
[INFO] [stderr] warning: `text-splitter` (test "code") generated 4 warnings (run `cargo fix --test "code" -p text-splitter` to apply 4 suggestions)
[INFO] [stderr] warning: `text-splitter` (test "markdown") generated 4 warnings (run `cargo fix --test "markdown" -p text-splitter` to apply 4 suggestions)
[INFO] [stderr]     Finished `release` profile [optimized] target(s) in 0.40s
[INFO] [stderr]      Running unittests src/lib.rs (/opt/rustwide/target/release/build/text-splitter/b8628fdf5ec245a0/out/text_splitter-b8628fdf5ec245a0)
[INFO] [stdout] 
[INFO] [stdout] running 55 tests
[INFO] [stdout] test chunk_size::tests::cant_set_overlap_larger_than_capacity ... ok
[INFO] [stdout] test chunk_size::tests::check_chunk_capacity ... ok
[INFO] [stdout] test chunk_size::tests::check_chunk_capacity_for_range ... ok
[INFO] [stdout] test chunk_size::tests::chunk_capacity_max_and_desired_equal ... ok
[INFO] [stdout] test chunk_size::tests::chunk_capacity_can_adjust_max ... ok
[INFO] [stdout] test chunk_size::tests::chunk_size_box ... ok
[INFO] [stdout] test chunk_size::tests::chunk_capacity_max_cant_be_less_than_desired ... ok
[INFO] [stdout] test chunk_size::tests::chunk_size_cow ... ok
[INFO] [stdout] test chunk_size::tests::check_chunk_capacity_for_range_from ... ok
[INFO] [stdout] test chunk_size::tests::chunk_size_rc ... ok
[INFO] [stdout] test chunk_size::tests::chunk_size_ref ... ok
[INFO] [stdout] test chunk_size::tests::basic_chunk_config ... ok
[INFO] [stdout] test chunk_size::tests::memoized_sizer_only_calculates_once_per_text ... ok
[INFO] [stdout] test chunk_size::tests::memoized_sizer_calculates_once_per_different_text ... ok
[INFO] [stdout] test chunk_size::characters::tests::returns_size ... ok
[INFO] [stdout] test chunk_size::tests::can_clear_cache_on_memoized_sizer ... ok
[INFO] [stdout] test chunk_size::tests::chunk_size_reference ... ok
[INFO] [stdout] test chunk_size::tests::disable_trimming ... ok
[INFO] [stdout] test chunk_size::tests::set_chunk_overlap ... ok
[INFO] [stdout] test chunk_size::tests::boundary_probe_stops_when_next_boundary_exceeds_chunk_end ... ok
[INFO] [stdout] test chunk_size::tests::check_chunk_capacity_for_range_inclusive ... ok
[INFO] [stdout] test splitter::tests::chunk_stats_empty ... ok
[INFO] [stdout] test splitter::tests::chunk_stats_multiple ... ok
[INFO] [stdout] test splitter::tests::chunk_stats_one ... ok
[INFO] [stdout] test chunk_size::tests::boundary_probe_is_skipped_when_probe_start_is_chunk_end ... ok
[INFO] [stdout] test chunk_size::tests::check_chunk_capacity_for_range_full ... ok
[INFO] [stdout] test chunk_size::tests::new_sizer ... ok
[INFO] [stdout] test chunk_size::tests::chunk_size_arc ... ok
[INFO] [stdout] test chunk_size::tests::check_chunk_capacity_for_range_to ... ok
[INFO] [stdout] test splitter::text::tests::chunk_by_sentences ... ok
[INFO] [stdout] test chunk_size::tests::cant_set_overlap_larger_than_desired ... ok
[INFO] [stdout] test chunk_size::tests::chunk_size_ref_mut ... ok
[INFO] [stdout] test splitter::tests::semantic_ranges_are_sorted ... ok
[INFO] [stdout] test splitter::tests::semantic_ranges_skip_previous_ranges ... ok
[INFO] [stdout] test splitter::text::tests::can_handle_unicode_characters ... ok
[INFO] [stdout] test splitter::text::tests::chunk_by_graphemes ... ok
[INFO] [stdout] test splitter::text::tests::chunk_by_words ... ok
[INFO] [stdout] test splitter::text::tests::chunk_char_indices ... ok
[INFO] [stdout] test splitter::text::tests::correctly_determines_newlines ... ok
[INFO] [stdout] test chunk_size::tests::check_chunk_capacity_for_range_to_inclusive ... ok
[INFO] [stdout] test splitter::text::tests::custom_len_function ... ok
[INFO] [stdout] test splitter::text::tests::empty_string ... ok
[INFO] [stdout] test splitter::text::tests::graphemes_fallback_to_chars ... ok
[INFO] [stdout] test splitter::text::tests::handles_char_bigger_than_len ... ok
[INFO] [stdout] test splitter::text::tests::returns_one_chunk_if_text_is_shorter_than_max_chunk_size ... ok
[INFO] [stdout] test splitter::text::tests::grapheme_char_indices ... ok
[INFO] [stdout] test splitter::text::tests::returns_two_chunks_if_text_is_longer_than_max_chunk_size ... ok
[INFO] [stdout] test splitter::text::tests::sentences_falls_back_to_words ... ok
[INFO] [stdout] test splitter::text::tests::trim_char_indices ... ok
[INFO] [stdout] test splitter::text::tests::trim_grapheme_indices ... ok
[INFO] [stdout] test splitter::text::tests::trim_sentence_indices ... ok
[INFO] [stdout] test splitter::text::tests::trim_paragraph_indices ... ok
[INFO] [stdout] test splitter::text::tests::trim_word_indices ... ok
[INFO] [stdout] test splitter::text::tests::words_fallback_to_graphemes ... ok
[INFO] [stdout] test trim::tests::trim_all ... ok
[INFO] [stdout] 
[INFO] [stdout] test result: ok. 55 passed; 0 failed; 0 ignored; 0 measured; 0 filtered out; finished in 0.05s
[INFO] [stdout] 
[INFO] [stderr]      Running tests/code.rs (/opt/rustwide/target/release/build/text-splitter/885e89dc5bbd526c/out/code-885e89dc5bbd526c)
[INFO] [stdout] 
[INFO] [stdout] running 0 tests
[INFO] [stdout] 
[INFO] [stdout] test result: ok. 0 passed; 0 failed; 0 ignored; 0 measured; 0 filtered out; finished in 0.00s
[INFO] [stdout] 
[INFO] [stderr]      Running tests/markdown.rs (/opt/rustwide/target/release/build/text-splitter/32a2605e20a295bc/out/markdown-32a2605e20a295bc)
[INFO] [stdout] 
[INFO] [stdout] running 0 tests
[INFO] [stdout] 
[INFO] [stdout] test result: ok. 0 passed; 0 failed; 0 ignored; 0 measured; 0 filtered out; finished in 0.00s
[INFO] [stdout] 
[INFO] [stderr]      Running tests/snapshots.rs (/opt/rustwide/target/release/build/text-splitter/3c7a84142c514872/out/snapshots-3c7a84142c514872)
[INFO] [stdout] 
[INFO] [stdout] running 6 tests
[INFO] [stdout] test overlap_trim ... FAILED
[INFO] [stdout] test trim ... FAILED
[INFO] [stdout] test range_trim_false ... FAILED
[INFO] [stdout] test trim_false ... FAILED
[INFO] [stdout] test range_trim ... FAILED
[INFO] [stdout] test overlap_trim_false ... FAILED
[INFO] [stdout] 
[INFO] [stdout] failures:
[INFO] [stdout] 
[INFO] [stdout] ---- overlap_trim stdout ----
[INFO] [stdout] 
[INFO] [stdout] thread 'overlap_trim' (3287) panicked at /opt/rustwide/cargo-home/registry/src/index.crates.io-1949cf8c6b5b557f/insta-1.48.0/src/glob.rs:121:9:
[INFO] [stdout] the glob! macro did not match any files.
[INFO] [stdout] stack backtrace:
[INFO] [stdout]    0:     0x5a22a9c4e831 - <<std[617be2ca0a6fd877]::sys::backtrace::BacktraceLock>::print::DisplayBacktrace as core[a373ad73a504971]::fmt::Display>::fmt
[INFO] [stdout]    1:     0x5a22a9c66a2a - core[a373ad73a504971]::fmt::write
[INFO] [stdout]    2:     0x5a22a9c5300c - <alloc[2e1b2a31b91974c5]::vec::Vec<u8> as core[a373ad73a504971]::io::write::Write>::write_fmt
[INFO] [stdout]    3:     0x5a22a9c273a6 - std[617be2ca0a6fd877]::panicking::default_hook::{closure#0}
[INFO] [stdout]    4:     0x5a22a9c45649 - std[617be2ca0a6fd877]::panicking::default_hook
[INFO] [stdout]    5:     0x5a22a9bc9090 - test[aada8e7e76ba119b]::test_main_inner::{closure#0}
[INFO] [stdout]    6:     0x5a22a9c45972 - std[617be2ca0a6fd877]::panicking::panic_with_hook
[INFO] [stdout]    7:     0x5a22a9c27484 - std[617be2ca0a6fd877]::panicking::panic_handler::{closure#0}
[INFO] [stdout]    8:     0x5a22a9c1fc89 - std[617be2ca0a6fd877]::sys::backtrace::__rust_end_short_backtrace::<std[617be2ca0a6fd877]::panicking::panic_handler::{closure#0}, !>
[INFO] [stdout]    9:     0x5a22a9c280fd - __rustc[ea4f61d10b84890b]::rust_begin_unwind
[INFO] [stdout]   10:     0x5a22a9c6720c - core[a373ad73a504971]::panicking::panic_fmt
[INFO] [stdout]   11:     0x5a22a9a57a18 - insta[ce663607d3b4e35b]::glob::glob_exec::<snapshots[8038bec74403f31e]::overlap_trim::{closure#1}>
[INFO] [stdout]   12:     0x5a22a9a76f53 - <snapshots[8038bec74403f31e]::overlap_trim::{closure#0} as core[a373ad73a504971]::ops::function::FnOnce<()>>::call_once
[INFO] [stdout]   13:     0x5a22a9bbc4db - test[aada8e7e76ba119b]::__rust_begin_short_backtrace::<core[a373ad73a504971]::result::Result<(), alloc[2e1b2a31b91974c5]::string::String>, fn() -> core[a373ad73a504971]::result::Result<(), alloc[2e1b2a31b91974c5]::string::String>>
[INFO] [stdout]   14:     0x5a22a9bc96b5 - test[aada8e7e76ba119b]::run_test::{closure#0}
[INFO] [stdout]   15:     0x5a22a9bc2fa4 - std[617be2ca0a6fd877]::sys::backtrace::__rust_begin_short_backtrace::<test[aada8e7e76ba119b]::run_test::{closure#1}, ()>
[INFO] [stdout]   16:     0x5a22a9bcc742 - <std[617be2ca0a6fd877]::thread::lifecycle::spawn_unchecked<test[aada8e7e76ba119b]::run_test::{closure#1}, ()>::{closure#1} as core[a373ad73a504971]::ops::function::FnOnce<()>>::call_once::{shim:vtable#0}
[INFO] [stdout]   17:     0x5a22a9c4d7ff - <std[617be2ca0a6fd877]::sys::thread::unix::Thread>::new::thread_start
[INFO] [stdout]   18:     0x7e6dbd583dfa - <unknown>
[INFO] [stdout]   19:     0x7e6dbd6173d4 - clone
[INFO] [stdout]   20:                0x0 - <unknown>
[INFO] [stdout] 
[INFO] [stdout] ---- trim stdout ----
[INFO] [stdout] 
[INFO] [stdout] thread 'trim' (3291) panicked at /opt/rustwide/cargo-home/registry/src/index.crates.io-1949cf8c6b5b557f/insta-1.48.0/src/glob.rs:121:9:
[INFO] [stdout] the glob! macro did not match any files.
[INFO] [stdout] stack backtrace:
[INFO] [stdout]    0:     0x5a22a9c4e831 - <<std[617be2ca0a6fd877]::sys::backtrace::BacktraceLock>::print::DisplayBacktrace as core[a373ad73a504971]::fmt::Display>::fmt
[INFO] [stdout]    1:     0x5a22a9c66a2a - core[a373ad73a504971]::fmt::write
[INFO] [stdout]    2:     0x5a22a9c5300c - <alloc[2e1b2a31b91974c5]::vec::Vec<u8> as core[a373ad73a504971]::io::write::Write>::write_fmt
[INFO] [stdout]    3:     0x5a22a9c273a6 - std[617be2ca0a6fd877]::panicking::default_hook::{closure#0}
[INFO] [stdout]    4:     0x5a22a9c45649 - std[617be2ca0a6fd877]::panicking::default_hook
[INFO] [stdout]    5:     0x5a22a9bc9090 - test[aada8e7e76ba119b]::test_main_inner::{closure#0}
[INFO] [stdout]    6:     0x5a22a9c45972 - std[617be2ca0a6fd877]::panicking::panic_with_hook
[INFO] [stdout]    7:     0x5a22a9c27484 - std[617be2ca0a6fd877]::panicking::panic_handler::{closure#0}
[INFO] [stdout]    8:     0x5a22a9c1fc89 - std[617be2ca0a6fd877]::sys::backtrace::__rust_end_short_backtrace::<std[617be2ca0a6fd877]::panicking::panic_handler::{closure#0}, !>
[INFO] [stdout]    9:     0x5a22a9c280fd - __rustc[ea4f61d10b84890b]::rust_begin_unwind
[INFO] [stdout]   10:     0x5a22a9c6720c - core[a373ad73a504971]::panicking::panic_fmt
[INFO] [stdout]   11:     0x5a22a9a5b8b8 - insta[ce663607d3b4e35b]::glob::glob_exec::<snapshots[8038bec74403f31e]::trim::{closure#1}>
[INFO] [stdout]   12:     0x5a22a9a77733 - <snapshots[8038bec74403f31e]::trim::{closure#0} as core[a373ad73a504971]::ops::function::FnOnce<()>>::call_once
[INFO] [stdout]   13:     0x5a22a9bbc4db - test[aada8e7e76ba119b]::__rust_begin_short_backtrace::<core[a373ad73a504971]::result::Result<(), alloc[2e1b2a31b91974c5]::string::String>, fn() -> core[a373ad73a504971]::result::Result<(), alloc[2e1b2a31b91974c5]::string::String>>
[INFO] [stdout]   14:     0x5a22a9bc96b5 - test[aada8e7e76ba119b]::run_test::{closure#0}
[INFO] [stdout]   15:     0x5a22a9bc2fa4 - std[617be2ca0a6fd877]::sys::backtrace::__rust_begin_short_backtrace::<test[aada8e7e76ba119b]::run_test::{closure#1}, ()>
[INFO] [stdout]   16:     0x5a22a9bcc742 - <std[617be2ca0a6fd877]::thread::lifecycle::spawn_unchecked<test[aada8e7e76ba119b]::run_test::{closure#1}, ()>::{closure#1} as core[a373ad73a504971]::ops::function::FnOnce<()>>::call_once::{shim:vtable#0}
[INFO] [stdout]   17:     0x5a22a9c4d7ff - <std[617be2ca0a6fd877]::sys::thread::unix::Thread>::new::thread_start
[INFO] [stdout]   18:     0x7e6dbd583dfa - <unknown>
[INFO] [stdout]   19:     0x7e6dbd6173d4 - clone
[INFO] [stdout]   20:                0x0 - <unknown>
[INFO] [stdout] 
[INFO] [stdout] ---- range_trim_false stdout ----
[INFO] [stdout] 
[INFO] [stdout] thread 'range_trim_false' (3290) panicked at /opt/rustwide/cargo-home/registry/src/index.crates.io-1949cf8c6b5b557f/insta-1.48.0/src/glob.rs:121:9:
[INFO] [stdout] the glob! macro did not match any files.
[INFO] [stdout] stack backtrace:
[INFO] [stdout]    0:     0x5a22a9c4e831 - <<std[617be2ca0a6fd877]::sys::backtrace::BacktraceLock>::print::DisplayBacktrace as core[a373ad73a504971]::fmt::Display>::fmt
[INFO] [stdout]    1:     0x5a22a9c66a2a - core[a373ad73a504971]::fmt::write
[INFO] [stdout]    2:     0x5a22a9c5300c - <alloc[2e1b2a31b91974c5]::vec::Vec<u8> as core[a373ad73a504971]::io::write::Write>::write_fmt
[INFO] [stdout]    3:     0x5a22a9c273a6 - std[617be2ca0a6fd877]::panicking::default_hook::{closure#0}
[INFO] [stdout]    4:     0x5a22a9c45649 - std[617be2ca0a6fd877]::panicking::default_hook
[INFO] [stdout]    5:     0x5a22a9bc9090 - test[aada8e7e76ba119b]::test_main_inner::{closure#0}
[INFO] [stdout]    6:     0x5a22a9c45972 - std[617be2ca0a6fd877]::panicking::panic_with_hook
[INFO] [stdout]    7:     0x5a22a9c27484 - std[617be2ca0a6fd877]::panicking::panic_handler::{closure#0}
[INFO] [stdout]    8:     0x5a22a9c1fc89 - std[617be2ca0a6fd877]::sys::backtrace::__rust_end_short_backtrace::<std[617be2ca0a6fd877]::panicking::panic_handler::{closure#0}, !>
[INFO] [stdout]    9:     0x5a22a9c280fd - __rustc[ea4f61d10b84890b]::rust_begin_unwind
[INFO] [stdout]   10:     0x5a22a9c6720c - core[a373ad73a504971]::panicking::panic_fmt
[INFO] [stdout]   11:     0x5a22a9a58ef8 - insta[ce663607d3b4e35b]::glob::glob_exec::<snapshots[8038bec74403f31e]::range_trim_false::{closure#1}>
[INFO] [stdout]   12:     0x5a22a9a771f3 - <snapshots[8038bec74403f31e]::range_trim_false::{closure#0} as core[a373ad73a504971]::ops::function::FnOnce<()>>::call_once
[INFO] [stdout]   13:     0x5a22a9bbc4db - test[aada8e7e76ba119b]::__rust_begin_short_backtrace::<core[a373ad73a504971]::result::Result<(), alloc[2e1b2a31b91974c5]::string::String>, fn() -> core[a373ad73a504971]::result::Result<(), alloc[2e1b2a31b91974c5]::string::String>>
[INFO] [stdout]   14:     0x5a22a9bc96b5 - test[aada8e7e76ba119b]::run_test::{closure#0}
[INFO] [stdout]   15:     0x5a22a9bc2fa4 - std[617be2ca0a6fd877]::sys::backtrace::__rust_begin_short_backtrace::<test[aada8e7e76ba119b]::run_test::{closure#1}, ()>
[INFO] [stdout]   16:     0x5a22a9bcc742 - <std[617be2ca0a6fd877]::thread::lifecycle::spawn_unchecked<test[aada8e7e76ba119b]::run_test::{closure#1}, ()>::{closure#1} as core[a373ad73a504971]::ops::function::FnOnce<()>>::call_once::{shim:vtable#0}
[INFO] [stdout]   17:     0x5a22a9c4d7ff - <std[617be2ca0a6fd877]::sys::thread::unix::Thread>::new::thread_start
[INFO] [stdout]   18:     0x7e6dbd583dfa - <unknown>
[INFO] [stdout]   19:     0x7e6dbd6173d4 - clone
[INFO] [stdout]   20:                0x0 - <unknown>
[INFO] [stdout] 
[INFO] [stdout] ---- trim_false stdout ----
[INFO] [stdout] 
[INFO] [stdout] thread 'trim_false' (3292) panicked at /opt/rustwide/cargo-home/registry/src/index.crates.io-1949cf8c6b5b557f/insta-1.48.0/src/glob.rs:121:9:
[INFO] [stdout] the glob! macro did not match any files.
[INFO] [stdout] stack backtrace:
[INFO] [stdout]    0:     0x5a22a9c4e831 - <<std[617be2ca0a6fd877]::sys::backtrace::BacktraceLock>::print::DisplayBacktrace as core[a373ad73a504971]::fmt::Display>::fmt
[INFO] [stdout]    1:     0x5a22a9c66a2a - core[a373ad73a504971]::fmt::write
[INFO] [stdout]    2:     0x5a22a9c5300c - <alloc[2e1b2a31b91974c5]::vec::Vec<u8> as core[a373ad73a504971]::io::write::Write>::write_fmt
[INFO] [stdout]    3:     0x5a22a9c273a6 - std[617be2ca0a6fd877]::panicking::default_hook::{closure#0}
[INFO] [stdout]    4:     0x5a22a9c45649 - std[617be2ca0a6fd877]::panicking::default_hook
[INFO] [stdout]    5:     0x5a22a9bc9090 - test[aada8e7e76ba119b]::test_main_inner::{closure#0}
[INFO] [stdout]    6:     0x5a22a9c45972 - std[617be2ca0a6fd877]::panicking::panic_with_hook
[INFO] [stdout]    7:     0x5a22a9c27484 - std[617be2ca0a6fd877]::panicking::panic_handler::{closure#0}
[INFO] [stdout]    8:     0x5a22a9c1fc89 - std[617be2ca0a6fd877]::sys::backtrace::__rust_end_short_backtrace::<std[617be2ca0a6fd877]::panicking::panic_handler::{closure#0}, !>
[INFO] [stdout]    9:     0x5a22a9c280fd - __rustc[ea4f61d10b84890b]::rust_begin_unwind
[INFO] [stdout]   10:     0x5a22a9c6720c - core[a373ad73a504971]::panicking::panic_fmt
[INFO] [stdout]   11:     0x5a22a9a56538 - insta[ce663607d3b4e35b]::glob::glob_exec::<snapshots[8038bec74403f31e]::trim_false::{closure#1}>
[INFO] [stdout]   12:     0x5a22a9a76cb3 - <snapshots[8038bec74403f31e]::trim_false::{closure#0} as core[a373ad73a504971]::ops::function::FnOnce<()>>::call_once
[INFO] [stdout]   13:     0x5a22a9bbc4db - test[aada8e7e76ba119b]::__rust_begin_short_backtrace::<core[a373ad73a504971]::result::Result<(), alloc[2e1b2a31b91974c5]::string::String>, fn() -> core[a373ad73a504971]::result::Result<(), alloc[2e1b2a31b91974c5]::string::String>>
[INFO] [stdout]   14:     0x5a22a9bc96b5 - test[aada8e7e76ba119b]::run_test::{closure#0}
[INFO] [stdout]   15:     0x5a22a9bc2fa4 - std[617be2ca0a6fd877]::sys::backtrace::__rust_begin_short_backtrace::<test[aada8e7e76ba119b]::run_test::{closure#1}, ()>
[INFO] [stdout]   16:     0x5a22a9bcc742 - <std[617be2ca0a6fd877]::thread::lifecycle::spawn_unchecked<test[aada8e7e76ba119b]::run_test::{closure#1}, ()>::{closure#1} as core[a373ad73a504971]::ops::function::FnOnce<()>>::call_once::{shim:vtable#0}
[INFO] [stdout]   17:     0x5a22a9c4d7ff - <std[617be2ca0a6fd877]::sys::thread::unix::Thread>::new::thread_start
[INFO] [stdout]   18:     0x7e6dbd583dfa - <unknown>
[INFO] [stdout]   19:     0x7e6dbd6173d4 - clone
[INFO] [stdout]   20:                0x0 - <unknown>
[INFO] [stdout] 
[INFO] [stdout] ---- range_trim stdout ----
[INFO] [stdout] 
[INFO] [stdout] thread 'range_trim' (3289) panicked at /opt/rustwide/cargo-home/registry/src/index.crates.io-1949cf8c6b5b557f/insta-1.48.0/src/glob.rs:121:9:
[INFO] [stdout] the glob! macro did not match any files.
[INFO] [stdout] stack backtrace:
[INFO] [stdout]    0:     0x5a22a9c4e831 - <<std[617be2ca0a6fd877]::sys::backtrace::BacktraceLock>::print::DisplayBacktrace as core[a373ad73a504971]::fmt::Display>::fmt
[INFO] [stdout]    1:     0x5a22a9c66a2a - core[a373ad73a504971]::fmt::write
[INFO] [stdout]    2:     0x5a22a9c5300c - <alloc[2e1b2a31b91974c5]::vec::Vec<u8> as core[a373ad73a504971]::io::write::Write>::write_fmt
[INFO] [stdout]    3:     0x5a22a9c273a6 - std[617be2ca0a6fd877]::panicking::default_hook::{closure#0}
[INFO] [stdout]    4:     0x5a22a9c45649 - std[617be2ca0a6fd877]::panicking::default_hook
[INFO] [stdout]    5:     0x5a22a9bc9090 - test[aada8e7e76ba119b]::test_main_inner::{closure#0}
[INFO] [stdout]    6:     0x5a22a9c45972 - std[617be2ca0a6fd877]::panicking::panic_with_hook
[INFO] [stdout]    7:     0x5a22a9c27484 - std[617be2ca0a6fd877]::panicking::panic_handler::{closure#0}
[INFO] [stdout]    8:     0x5a22a9c1fc89 - std[617be2ca0a6fd877]::sys::backtrace::__rust_end_short_backtrace::<std[617be2ca0a6fd877]::panicking::panic_handler::{closure#0}, !>
[INFO] [stdout]    9:     0x5a22a9c280fd - __rustc[ea4f61d10b84890b]::rust_begin_unwind
[INFO] [stdout]   10:     0x5a22a9c6720c - core[a373ad73a504971]::panicking::panic_fmt
[INFO] [stdout]   11:     0x5a22a9a55058 - insta[ce663607d3b4e35b]::glob::glob_exec::<snapshots[8038bec74403f31e]::range_trim::{closure#1}>
[INFO] [stdout]   12:     0x5a22a9a76a13 - <snapshots[8038bec74403f31e]::range_trim::{closure#0} as core[a373ad73a504971]::ops::function::FnOnce<()>>::call_once
[INFO] [stdout]   13:     0x5a22a9bbc4db - test[aada8e7e76ba119b]::__rust_begin_short_backtrace::<core[a373ad73a504971]::result::Result<(), alloc[2e1b2a31b91974c5]::string::String>, fn() -> core[a373ad73a504971]::result::Result<(), alloc[2e1b2a31b91974c5]::string::String>>
[INFO] [stdout]   14:     0x5a22a9bc96b5 - test[aada8e7e76ba119b]::run_test::{closure#0}
[INFO] [stdout]   15:     0x5a22a9bc2fa4 - std[617be2ca0a6fd877]::sys::backtrace::__rust_begin_short_backtrace::<test[aada8e7e76ba119b]::run_test::{closure#1}, ()>
[INFO] [stdout]   16:     0x5a22a9bcc742 - <std[617be2ca0a6fd877]::thread::lifecycle::spawn_unchecked<test[aada8e7e76ba119b]::run_test::{closure#1}, ()>::{closure#1} as core[a373ad73a504971]::ops::function::FnOnce<()>>::call_once::{shim:vtable#0}
[INFO] [stdout]   17:     0x5a22a9c4d7ff - <std[617be2ca0a6fd877]::sys::thread::unix::Thread>::new::thread_start
[INFO] [stdout]   18:     0x7e6dbd583dfa - <unknown>
[INFO] [stdout]   19:     0x7e6dbd6173d4 - clone
[INFO] [stdout]   20:                0x0 - <unknown>
[INFO] [stdout] 
[INFO] [stdout] ---- overlap_trim_false stdout ----
[INFO] [stdout] 
[INFO] [stdout] thread 'overlap_trim_false' (3288) panicked at /opt/rustwide/cargo-home/registry/src/index.crates.io-1949cf8c6b5b557f/insta-1.48.0/src/glob.rs:121:9:
[INFO] [stdout] the glob! macro did not match any files.
[INFO] [stdout] stack backtrace:
[INFO] [stdout]    0:     0x5a22a9c4e831 - <<std[617be2ca0a6fd877]::sys::backtrace::BacktraceLock>::print::DisplayBacktrace as core[a373ad73a504971]::fmt::Display>::fmt
[INFO] [stdout]    1:     0x5a22a9c66a2a - core[a373ad73a504971]::fmt::write
[INFO] [stdout]    2:     0x5a22a9c5300c - <alloc[2e1b2a31b91974c5]::vec::Vec<u8> as core[a373ad73a504971]::io::write::Write>::write_fmt
[INFO] [stdout]    3:     0x5a22a9c273a6 - std[617be2ca0a6fd877]::panicking::default_hook::{closure#0}
[INFO] [stdout]    4:     0x5a22a9c45649 - std[617be2ca0a6fd877]::panicking::default_hook
[INFO] [stdout]    5:     0x5a22a9bc9090 - test[aada8e7e76ba119b]::test_main_inner::{closure#0}
[INFO] [stdout]    6:     0x5a22a9c45972 - std[617be2ca0a6fd877]::panicking::panic_with_hook
[INFO] [stdout]    7:     0x5a22a9c27484 - std[617be2ca0a6fd877]::panicking::panic_handler::{closure#0}
[INFO] [stdout]    8:     0x5a22a9c1fc89 - std[617be2ca0a6fd877]::sys::backtrace::__rust_end_short_backtrace::<std[617be2ca0a6fd877]::panicking::panic_handler::{closure#0}, !>
[INFO] [stdout]    9:     0x5a22a9c280fd - __rustc[ea4f61d10b84890b]::rust_begin_unwind
[INFO] [stdout]   10:     0x5a22a9c6720c - core[a373ad73a504971]::panicking::panic_fmt
[INFO] [stdout]   11:     0x5a22a9a5a3d8 - insta[ce663607d3b4e35b]::glob::glob_exec::<snapshots[8038bec74403f31e]::overlap_trim_false::{closure#1}>
[INFO] [stdout]   12:     0x5a22a9a77493 - <snapshots[8038bec74403f31e]::overlap_trim_false::{closure#0} as core[a373ad73a504971]::ops::function::FnOnce<()>>::call_once
[INFO] [stdout]   13:     0x5a22a9bbc4db - test[aada8e7e76ba119b]::__rust_begin_short_backtrace::<core[a373ad73a504971]::result::Result<(), alloc[2e1b2a31b91974c5]::string::String>, fn() -> core[a373ad73a504971]::result::Result<(), alloc[2e1b2a31b91974c5]::string::String>>
[INFO] [stdout]   14:     0x5a22a9bc96b5 - test[aada8e7e76ba119b]::run_test::{closure#0}
[INFO] [stdout]   15:     0x5a22a9bc2fa4 - std[617be2ca0a6fd877]::sys::backtrace::__rust_begin_short_backtrace::<test[aada8e7e76ba119b]::run_test::{closure#1}, ()>
[INFO] [stdout]   16:     0x5a22a9bcc742 - <std[617be2ca0a6fd877]::thread::lifecycle::spawn_unchecked<test[aada8e7e76ba119b]::run_test::{closure#1}, ()>::{closure#1} as core[a373ad73a504971]::ops::function::FnOnce<()>>::call_once::{shim:vtable#0}
[INFO] [stdout]   17:     0x5a22a9c4d7ff - <std[617be2ca0a6fd877]::sys::thread::unix::Thread>::new::thread_start
[INFO] [stdout]   18:     0x7e6dbd583dfa - <unknown>
[INFO] [stdout]   19:     0x7e6dbd6173d4 - clone
[INFO] [stdout]   20:                0x0 - <unknown>
[INFO] [stdout] 
[INFO] [stdout] 
[INFO] [stdout] failures:
[INFO] [stdout]     overlap_trim
[INFO] [stdout]     overlap_trim_false
[INFO] [stdout]     range_trim
[INFO] [stdout]     range_trim_false
[INFO] [stdout]     trim
[INFO] [stdout]     trim_false
[INFO] [stdout] 
[INFO] [stdout] test result: FAILED. 0 passed; 6 failed; 0 ignored; 0 measured; 0 filtered out; finished in 0.12s
[INFO] [stdout] 
[INFO] [stderr] error: test failed, to rerun pass `--test snapshots`
[INFO] running `Command { std: "docker" "inspect" "a987763d6b5e46a0a149a4ef8aa3549b97a0faf5b18f273bfd9601a99b9aad31", kill_on_drop: false }`
[INFO] running `Command { std: "docker" "rm" "-f" "a987763d6b5e46a0a149a4ef8aa3549b97a0faf5b18f273bfd9601a99b9aad31", kill_on_drop: false }`
[INFO] [stdout] a987763d6b5e46a0a149a4ef8aa3549b97a0faf5b18f273bfd9601a99b9aad31
