[INFO] fetching crate tex-glyphs 0.1.3...
[INFO] testing tex-glyphs-0.1.3 against 1.99.0-beta.8+cargoflags=--release for beta-release-1.100-2
[INFO] extracting crate tex-glyphs 0.1.3 into /workspace/builds/worker-0-tc1/source
[INFO] started tweaking crates.io crate tex-glyphs 0.1.3
[INFO] finished tweaking crates.io crate tex-glyphs 0.1.3
[INFO] tweaked toml for crates.io crate tex-glyphs 0.1.3 written to /workspace/builds/worker-0-tc1/source/Cargo.toml
[INFO] validating manifest of crates.io crate tex-glyphs 0.1.3 on toolchain 1.99.0-beta.8
[INFO] running `Command { std: CARGO_HOME="/workspace/cargo-home" RUSTUP_HOME="/workspace/rustup-home" "/workspace/cargo-home/bin/cargo" "+1.99.0-beta.8" "metadata" "--manifest-path" "Cargo.toml" "--no-deps", kill_on_drop: false }`
[INFO] crate crates.io crate tex-glyphs 0.1.3 already has a lockfile, it will not be regenerated
[INFO] running `Command { std: CARGO_HOME="/workspace/cargo-home" RUSTUP_HOME="/workspace/rustup-home" "/workspace/cargo-home/bin/cargo" "+1.99.0-beta.8" "fetch" "--manifest-path" "Cargo.toml", kill_on_drop: false }`
[INFO] [stderr]  Downloading crates ...
[INFO] [stderr]   Downloaded value-bag v1.13.0
[INFO] [stderr]   Downloaded jiff-static v0.2.32
[INFO] [stderr]   Downloaded jiff v0.2.32
[INFO] running `Command { std: "docker" "create" "-v" "/var/lib/crater-agent-workspace/builds/worker-0-tc1/source:/opt/rustwide/workdir:ro,Z" "-v" "/var/lib/crater-agent-workspace/builds/worker-0-tc1/target:/opt/rustwide/target:rw,Z" "-v" "/var/lib/crater-agent-workspace/cargo-home:/opt/rustwide/cargo-home:ro,Z" "-v" "/var/lib/crater-agent-workspace/rustup-home:/opt/rustwide/rustup-home:ro,Z" "-m" "1610612736" "--network" "none" "ghcr.io/rust-lang/crates-build-env/linux@sha256:77db811e55d90add9212f6832c23229e3de5f1c1f9905e8cb07319ea15df73ac" "sleep" "infinity", kill_on_drop: false }`
[INFO] [stdout] f75573e8dbc70b04de79a0a8a6f3cabb68ebe8d3bf7101b078327f97df69954d
[INFO] running `Command { std: "docker" "start" "f75573e8dbc70b04de79a0a8a6f3cabb68ebe8d3bf7101b078327f97df69954d", kill_on_drop: false }`
[INFO] running `Command { std: "docker" "inspect" "f75573e8dbc70b04de79a0a8a6f3cabb68ebe8d3bf7101b078327f97df69954d", kill_on_drop: false }`
[INFO] running `Command { std: "docker" "exec" "-e" "SOURCE_DIR=/opt/rustwide/workdir" "-e" "CARGO_HOME=/opt/rustwide/cargo-home" "-e" "RUSTUP_HOME=/opt/rustwide/rustup-home" "-e" "CARGO_TARGET_DIR=/opt/rustwide/target" "-w" "/opt/rustwide/workdir" "--user" "0:0" "f75573e8dbc70b04de79a0a8a6f3cabb68ebe8d3bf7101b078327f97df69954d" "/opt/rustwide/cargo-home/bin/cargo" "+1.99.0-beta.8" "metadata" "--no-deps" "--format-version=1", kill_on_drop: false }`
[INFO] running `Command { std: "docker" "inspect" "f75573e8dbc70b04de79a0a8a6f3cabb68ebe8d3bf7101b078327f97df69954d", kill_on_drop: false }`
[INFO] running `Command { std: "docker" "exec" "-e" "SOURCE_DIR=/opt/rustwide/workdir" "-e" "CARGO_HOME=/opt/rustwide/cargo-home" "-e" "RUSTUP_HOME=/opt/rustwide/rustup-home" "-e" "CARGO_TARGET_DIR=/opt/rustwide/target" "-e" "CARGO_INCREMENTAL=0" "-e" "RUST_BACKTRACE=full" "-e" "RUSTFLAGS=--cap-lints=warn" "-e" "RUSTDOCFLAGS=--cap-lints=warn" "-w" "/opt/rustwide/workdir" "--user" "0:0" "f75573e8dbc70b04de79a0a8a6f3cabb68ebe8d3bf7101b078327f97df69954d" "/opt/rustwide/cargo-home/bin/cargo" "+1.99.0-beta.8" "build" "--frozen" "--message-format=json" "--release", kill_on_drop: false }`
[INFO] [stderr]    Compiling siphasher v1.0.3
[INFO] [stderr]    Compiling regex-syntax v0.8.11
[INFO] [stderr]    Compiling value-bag v1.13.0
[INFO] [stderr]    Compiling utf8parse v0.2.2
[INFO] [stderr]    Compiling anstyle v1.0.14
[INFO] [stderr]    Compiling colorchoice v1.0.5
[INFO] [stderr]    Compiling is_terminal_polyfill v1.70.2
[INFO] [stderr]    Compiling anstyle-query v1.1.5
[INFO] [stderr]    Compiling jiff v0.2.32
[INFO] [stderr]    Compiling rand v0.8.7
[INFO] [stderr]    Compiling array-init v2.1.0
[INFO] [stderr]    Compiling tinyvec v1.12.0
[INFO] [stderr]    Compiling anstyle-parse v1.0.0
[INFO] [stderr]    Compiling phf_shared v0.11.3
[INFO] [stderr]    Compiling log v0.4.33
[INFO] [stderr]    Compiling anstream v1.0.0
[INFO] [stderr]    Compiling phf v0.11.3
[INFO] [stderr]    Compiling unicode-normalization v0.1.25
[INFO] [stderr]    Compiling phf_generator v0.11.3
[INFO] [stderr]    Compiling phf_codegen v0.11.3
[INFO] [stderr]    Compiling phf_macros v0.11.3
[INFO] [stderr]    Compiling regex-automata v0.4.15
[INFO] [stderr]    Compiling regex v1.13.0
[INFO] [stderr]    Compiling env_filter v2.0.0
[INFO] [stderr]    Compiling env_logger v0.11.11
[INFO] [stderr]    Compiling tex-glyphs v0.1.3 (/opt/rustwide/workdir)
[INFO] [stdout] warning: hiding a lifetime that's elided elsewhere is confusing
[INFO] [stdout]   --> src/glyphs.rs:55:23
[INFO] [stdout]    |
[INFO] [stdout] 55 |     pub const fn name(&self) -> GlyphName {
[INFO] [stdout]    |                       ^^^^^     ^^^^^^^^^ the same lifetime is hidden here
[INFO] [stdout]    |                       |
[INFO] [stdout]    |                       the lifetime is elided here
[INFO] [stdout]    |
[INFO] [stdout]    = help: the same lifetime is referred to in inconsistent ways, making the signature confusing
[INFO] [stdout]    = note: `#[warn(mismatched_lifetime_syntaxes)]` on by default
[INFO] [stdout] help: use `'_` for type paths
[INFO] [stdout]    |
[INFO] [stdout] 55 |     pub const fn name(&self) -> GlyphName<'_> {
[INFO] [stdout]    |                                          ++++
[INFO] [stdout] 
[INFO] [stdout] 
[INFO] [stderr]     Finished `release` profile [optimized] target(s) in 13.24s
[INFO] running `Command { std: "docker" "inspect" "f75573e8dbc70b04de79a0a8a6f3cabb68ebe8d3bf7101b078327f97df69954d", kill_on_drop: false }`
[INFO] running `Command { std: "docker" "exec" "-e" "SOURCE_DIR=/opt/rustwide/workdir" "-e" "CARGO_HOME=/opt/rustwide/cargo-home" "-e" "RUSTUP_HOME=/opt/rustwide/rustup-home" "-e" "CARGO_TARGET_DIR=/opt/rustwide/target" "-e" "CARGO_INCREMENTAL=0" "-e" "RUST_BACKTRACE=full" "-e" "RUSTFLAGS=--cap-lints=warn" "-e" "RUSTDOCFLAGS=--cap-lints=warn" "-w" "/opt/rustwide/workdir" "--user" "0:0" "f75573e8dbc70b04de79a0a8a6f3cabb68ebe8d3bf7101b078327f97df69954d" "/opt/rustwide/cargo-home/bin/cargo" "+1.99.0-beta.8" "test" "--frozen" "--no-run" "--message-format=json" "--release", kill_on_drop: false }`
[INFO] [stderr]    Compiling value-bag v1.13.0
[INFO] [stderr]    Compiling regex-automata v0.4.15
[INFO] [stderr]    Compiling jiff v0.2.32
[INFO] [stderr]    Compiling anstream v1.0.0
[INFO] [stdout] warning: hiding a lifetime that's elided elsewhere is confusing
[INFO] [stdout]   --> src/glyphs.rs:55:23
[INFO] [stdout]    |
[INFO] [stdout] 55 |     pub const fn name(&self) -> GlyphName {
[INFO] [stdout]    |                       ^^^^^     ^^^^^^^^^ the same lifetime is hidden here
[INFO] [stdout]    |                       |
[INFO] [stdout]    |                       the lifetime is elided here
[INFO] [stdout]    |
[INFO] [stdout]    = help: the same lifetime is referred to in inconsistent ways, making the signature confusing
[INFO] [stdout]    = note: `#[warn(mismatched_lifetime_syntaxes)]` on by default
[INFO] [stdout] help: use `'_` for type paths
[INFO] [stdout]    |
[INFO] [stdout] 55 |     pub const fn name(&self) -> GlyphName<'_> {
[INFO] [stdout]    |                                          ++++
[INFO] [stdout] 
[INFO] [stdout] 
[INFO] [stderr]    Compiling log v0.4.33
[INFO] [stderr]    Compiling regex v1.13.0
[INFO] [stderr]    Compiling env_filter v2.0.0
[INFO] [stderr]    Compiling env_logger v0.11.11
[INFO] [stderr]    Compiling tex-glyphs v0.1.3 (/opt/rustwide/workdir)
[INFO] [stdout] warning: hiding a lifetime that's elided elsewhere is confusing
[INFO] [stdout]   --> src/glyphs.rs:55:23
[INFO] [stdout]    |
[INFO] [stdout] 55 |     pub const fn name(&self) -> GlyphName {
[INFO] [stdout]    |                       ^^^^^     ^^^^^^^^^ the same lifetime is hidden here
[INFO] [stdout]    |                       |
[INFO] [stdout]    |                       the lifetime is elided here
[INFO] [stdout]    |
[INFO] [stdout]    = help: the same lifetime is referred to in inconsistent ways, making the signature confusing
[INFO] [stdout]    = note: `#[warn(mismatched_lifetime_syntaxes)]` on by default
[INFO] [stdout] help: use `'_` for type paths
[INFO] [stdout]    |
[INFO] [stdout] 55 |     pub const fn name(&self) -> GlyphName<'_> {
[INFO] [stdout]    |                                          ++++
[INFO] [stdout] 
[INFO] [stdout] 
[INFO] [stderr]     Finished `release` profile [optimized] target(s) in 20.59s
[INFO] running `Command { std: "docker" "inspect" "f75573e8dbc70b04de79a0a8a6f3cabb68ebe8d3bf7101b078327f97df69954d", kill_on_drop: false }`
[INFO] running `Command { std: "docker" "exec" "-e" "SOURCE_DIR=/opt/rustwide/workdir" "-e" "CARGO_HOME=/opt/rustwide/cargo-home" "-e" "RUSTUP_HOME=/opt/rustwide/rustup-home" "-e" "CARGO_TARGET_DIR=/opt/rustwide/target" "-e" "CARGO_INCREMENTAL=0" "-e" "RUST_BACKTRACE=full" "-e" "RUSTFLAGS=--cap-lints=warn" "-e" "RUSTDOCFLAGS=--cap-lints=warn" "-w" "/opt/rustwide/workdir" "--user" "0:0" "f75573e8dbc70b04de79a0a8a6f3cabb68ebe8d3bf7101b078327f97df69954d" "/opt/rustwide/cargo-home/bin/cargo" "+1.99.0-beta.8" "test" "--frozen" "--release", kill_on_drop: false }`
[INFO] [stderr] warning: hiding a lifetime that's elided elsewhere is confusing
[INFO] [stderr]   --> src/glyphs.rs:55:23
[INFO] [stderr]    |
[INFO] [stderr] 55 |     pub const fn name(&self) -> GlyphName {
[INFO] [stderr]    |                       ^^^^^     ^^^^^^^^^ the same lifetime is hidden here
[INFO] [stderr]    |                       |
[INFO] [stderr]    |                       the lifetime is elided here
[INFO] [stderr]    |
[INFO] [stderr]    = help: the same lifetime is referred to in inconsistent ways, making the signature confusing
[INFO] [stderr]    = note: `#[warn(mismatched_lifetime_syntaxes)]` on by default
[INFO] [stderr] help: use `'_` for type paths
[INFO] [stderr]    |
[INFO] [stderr] 55 |     pub const fn name(&self) -> GlyphName<'_> {
[INFO] [stderr]    |                                          ++++
[INFO] [stderr] 
[INFO] [stderr] warning: `tex-glyphs` (lib) generated 1 warning (run `cargo fix --lib -p tex-glyphs` to apply 1 suggestion)
[INFO] [stderr] warning: `tex-glyphs` (lib test) generated 1 warning (1 duplicate)
[INFO] [stderr]     Finished `release` profile [optimized] target(s) in 0.07s
[INFO] [stderr]      Running unittests src/lib.rs (/opt/rustwide/target/release/deps/tex_glyphs-824d5570e370d2ee)
[INFO] [stdout] 
[INFO] [stdout] running 3 tests
[INFO] [stdout] test tests::test_glyphmap ... ok
[INFO] [stderr] error: test failed, to rerun pass `--lib`
[INFO] [stdout] test tests::print_table ... FAILED
[INFO] [stdout] test tests::test_encodings ... FAILED
[INFO] [stdout] 
[INFO] [stdout] failures:
[INFO] [stdout] 
[INFO] [stdout] ---- tests::print_table stdout ----
[INFO] [stdout] 
[INFO] [stdout] thread 'tests::print_table' (648) panicked at src/encodings.rs:259:14:
[INFO] [stdout] kpsewhich not found!: Os { code: 2, kind: NotFound, message: "No such file or directory" }
[INFO] [stdout] stack backtrace:
[INFO] [stdout]    0:     0x5d9d469c9881 - <<std[70759c8f55707aa4]::sys::backtrace::BacktraceLock>::print::DisplayBacktrace as core[df12db4294e9bfd3]::fmt::Display>::fmt
[INFO] [stdout]    1:     0x5d9d469e15da - core[df12db4294e9bfd3]::fmt::write
[INFO] [stdout]    2:     0x5d9d469cf44c - <alloc[2182bb758b4b3781]::vec::Vec<u8> as core[df12db4294e9bfd3]::io::write::Write>::write_fmt
[INFO] [stdout]    3:     0x5d9d469a5976 - std[70759c8f55707aa4]::panicking::default_hook::{closure#0}
[INFO] [stdout]    4:     0x5d9d469c1c79 - std[70759c8f55707aa4]::panicking::default_hook
[INFO] [stdout]    5:     0x5d9d4695da20 - test[9d35eded1c95d3be]::test_main_inner::<test[9d35eded1c95d3be]::test_main_static::{closure#0}>::{closure#0}
[INFO] [stdout]    6:     0x5d9d469c1e32 - std[70759c8f55707aa4]::panicking::panic_with_hook
[INFO] [stdout]    7:     0x5d9d469a5a22 - std[70759c8f55707aa4]::panicking::panic_handler::{closure#0}
[INFO] [stdout]    8:     0x5d9d4699e619 - std[70759c8f55707aa4]::sys::backtrace::__rust_end_short_backtrace::<std[70759c8f55707aa4]::panicking::panic_handler::{closure#0}, !>
[INFO] [stdout]    9:     0x5d9d469a661d - __rustc[8fa7c3cbc660c2b3]::rust_begin_unwind
[INFO] [stdout]   10:     0x5d9d469e1dbc - core[df12db4294e9bfd3]::panicking::panic_fmt
[INFO] [stdout]   11:     0x5d9d469e1b92 - core[df12db4294e9bfd3]::result::unwrap_failed
[INFO] [stdout]   12:     0x5d9d4686d3b3 - <tex_glyphs[985f03db85207a6f]::encodings::FontInfoStore<alloc[2182bb758b4b3781]::string::String, for<'a> fn(&'a str) -> alloc[2182bb758b4b3781]::string::String>>::new
[INFO] [stdout]   13:     0x5d9d46880899 - tex_glyphs[985f03db85207a6f]::tests::print_table
[INFO] [stdout]   14:     0x5d9d46875e89 - <tex_glyphs[985f03db85207a6f]::tests::print_table::{closure#0} as core[df12db4294e9bfd3]::ops::function::FnOnce<()>>::call_once
[INFO] [stdout]   15:     0x5d9d46950d0b - test[9d35eded1c95d3be]::__rust_begin_short_backtrace::<core[df12db4294e9bfd3]::result::Result<(), alloc[2182bb758b4b3781]::string::String>, fn() -> core[df12db4294e9bfd3]::result::Result<(), alloc[2182bb758b4b3781]::string::String>>
[INFO] [stdout]   16:     0x5d9d4695e375 - test[9d35eded1c95d3be]::run_test::{closure#0}
[INFO] [stdout]   17:     0x5d9d46957c34 - std[70759c8f55707aa4]::sys::backtrace::__rust_begin_short_backtrace::<test[9d35eded1c95d3be]::run_test::{closure#1}, ()>
[INFO] [stdout]   18:     0x5d9d469614d2 - <std[70759c8f55707aa4]::thread::lifecycle::spawn_unchecked<test[9d35eded1c95d3be]::run_test::{closure#1}, ()>::{closure#1} as core[df12db4294e9bfd3]::ops::function::FnOnce<()>>::call_once::{shim:vtable#0}
[INFO] [stdout]   19:     0x5d9d469c8de9 - <std[70759c8f55707aa4]::sys::thread::unix::Thread>::new::thread_start
[INFO] [stdout]   20:     0x744e651d6dfa - <unknown>
[INFO] [stdout]   21:     0x744e6526a3d4 - clone
[INFO] [stdout]   22:                0x0 - <unknown>
[INFO] [stdout] 
[INFO] [stdout] ---- tests::test_encodings stdout ----
[INFO] [stdout] 
[INFO] [stdout] thread 'tests::test_encodings' (649) panicked at src/encodings.rs:259:14:
[INFO] [stdout] kpsewhich not found!: Os { code: 2, kind: NotFound, message: "No such file or directory" }
[INFO] [stdout] stack backtrace:
[INFO] [stdout]    0:     0x5d9d469c9881 - <<std[70759c8f55707aa4]::sys::backtrace::BacktraceLock>::print::DisplayBacktrace as core[df12db4294e9bfd3]::fmt::Display>::fmt
[INFO] [stdout]    1:     0x5d9d469e15da - core[df12db4294e9bfd3]::fmt::write
[INFO] [stdout]    2:     0x5d9d469cf44c - <alloc[2182bb758b4b3781]::vec::Vec<u8> as core[df12db4294e9bfd3]::io::write::Write>::write_fmt
[INFO] [stdout]    3:     0x5d9d469a5976 - std[70759c8f55707aa4]::panicking::default_hook::{closure#0}
[INFO] [stdout]    4:     0x5d9d469c1c79 - std[70759c8f55707aa4]::panicking::default_hook
[INFO] [stdout]    5:     0x5d9d4695da20 - test[9d35eded1c95d3be]::test_main_inner::<test[9d35eded1c95d3be]::test_main_static::{closure#0}>::{closure#0}
[INFO] [stdout]    6:     0x5d9d469c1e32 - std[70759c8f55707aa4]::panicking::panic_with_hook
[INFO] [stdout]    7:     0x5d9d469a5a22 - std[70759c8f55707aa4]::panicking::panic_handler::{closure#0}
[INFO] [stdout]    8:     0x5d9d4699e619 - std[70759c8f55707aa4]::sys::backtrace::__rust_end_short_backtrace::<std[70759c8f55707aa4]::panicking::panic_handler::{closure#0}, !>
[INFO] [stdout]    9:     0x5d9d469a661d - __rustc[8fa7c3cbc660c2b3]::rust_begin_unwind
[INFO] [stdout]   10:     0x5d9d469e1dbc - core[df12db4294e9bfd3]::panicking::panic_fmt
[INFO] [stdout]   11:     0x5d9d469e1b92 - core[df12db4294e9bfd3]::result::unwrap_failed
[INFO] [stdout]   12:     0x5d9d4686d3b3 - <tex_glyphs[985f03db85207a6f]::encodings::FontInfoStore<alloc[2182bb758b4b3781]::string::String, for<'a> fn(&'a str) -> alloc[2182bb758b4b3781]::string::String>>::new
[INFO] [stdout]   13:     0x5d9d468818a1 - tex_glyphs[985f03db85207a6f]::tests::test_encodings
[INFO] [stdout]   14:     0x5d9d46875ec9 - <tex_glyphs[985f03db85207a6f]::tests::test_encodings::{closure#0} as core[df12db4294e9bfd3]::ops::function::FnOnce<()>>::call_once
[INFO] [stdout]   15:     0x5d9d46950d0b - test[9d35eded1c95d3be]::__rust_begin_short_backtrace::<core[df12db4294e9bfd3]::result::Result<(), alloc[2182bb758b4b3781]::string::String>, fn() -> core[df12db4294e9bfd3]::result::Result<(), alloc[2182bb758b4b3781]::string::String>>
[INFO] [stdout]   16:     0x5d9d4695e375 - test[9d35eded1c95d3be]::run_test::{closure#0}
[INFO] [stdout]   17:     0x5d9d46957c34 - std[70759c8f55707aa4]::sys::backtrace::__rust_begin_short_backtrace::<test[9d35eded1c95d3be]::run_test::{closure#1}, ()>
[INFO] [stdout]   18:     0x5d9d469614d2 - <std[70759c8f55707aa4]::thread::lifecycle::spawn_unchecked<test[9d35eded1c95d3be]::run_test::{closure#1}, ()>::{closure#1} as core[df12db4294e9bfd3]::ops::function::FnOnce<()>>::call_once::{shim:vtable#0}
[INFO] [stdout]   19:     0x5d9d469c8de9 - <std[70759c8f55707aa4]::sys::thread::unix::Thread>::new::thread_start
[INFO] [stdout]   20:     0x744e651d6dfa - <unknown>
[INFO] [stdout]   21:     0x744e6526a3d4 - clone
[INFO] [stdout]   22:                0x0 - <unknown>
[INFO] [stdout] 
[INFO] [stdout] 
[INFO] [stdout] failures:
[INFO] [stdout]     tests::print_table
[INFO] [stdout]     tests::test_encodings
[INFO] [stdout] 
[INFO] [stdout] test result: FAILED. 1 passed; 2 failed; 0 ignored; 0 measured; 0 filtered out; finished in 0.01s
[INFO] [stdout] 
[INFO] running `Command { std: "docker" "inspect" "f75573e8dbc70b04de79a0a8a6f3cabb68ebe8d3bf7101b078327f97df69954d", kill_on_drop: false }`
[INFO] running `Command { std: "docker" "rm" "-f" "f75573e8dbc70b04de79a0a8a6f3cabb68ebe8d3bf7101b078327f97df69954d", kill_on_drop: false }`
[INFO] [stdout] f75573e8dbc70b04de79a0a8a6f3cabb68ebe8d3bf7101b078327f97df69954d
