[INFO] fetching crate tetsy-ws 0.10.0...
[INFO] testing tetsy-ws-0.10.0 against 1.100.0-beta.1+cargoflags=--release for beta-release-1.100-2
[INFO] extracting crate tetsy-ws 0.10.0 into /workspace/builds/worker-4-tc2/source
[INFO] started tweaking crates.io crate tetsy-ws 0.10.0
[INFO] finished tweaking crates.io crate tetsy-ws 0.10.0
[INFO] tweaked toml for crates.io crate tetsy-ws 0.10.0 written to /workspace/builds/worker-4-tc2/source/Cargo.toml
[INFO] validating manifest of crates.io crate tetsy-ws 0.10.0 on toolchain 1.100.0-beta.1
[INFO] running `Command { std: CARGO_HOME="/workspace/cargo-home" RUSTUP_HOME="/workspace/rustup-home" "/workspace/cargo-home/bin/cargo" "+1.100.0-beta.1" "metadata" "--manifest-path" "Cargo.toml" "--no-deps", kill_on_drop: false }`
[INFO] crate crates.io crate tetsy-ws 0.10.0 already has a lockfile, it will not be regenerated
[INFO] running `Command { std: CARGO_HOME="/workspace/cargo-home" RUSTUP_HOME="/workspace/rustup-home" "/workspace/cargo-home/bin/cargo" "+1.100.0-beta.1" "fetch" "--manifest-path" "Cargo.toml", kill_on_drop: false }`
[INFO] [stderr] warning: Cargo.toml: `package.edition` is unspecified, defaulting to `2015` while the latest is `2024`
[INFO] [stderr] warning: `tetsy-ws` (manifest) generated 1 warning
[INFO] running `Command { std: "docker" "create" "-v" "/var/lib/crater-agent-workspace/builds/worker-4-tc2/source:/opt/rustwide/workdir:ro,Z" "-v" "/var/lib/crater-agent-workspace/builds/worker-4-tc2/target:/opt/rustwide/target:rw,Z" "-v" "/var/lib/crater-agent-workspace/cargo-home:/opt/rustwide/cargo-home:ro,Z" "-v" "/var/lib/crater-agent-workspace/rustup-home:/opt/rustwide/rustup-home:ro,Z" "-m" "1610612736" "--network" "none" "ghcr.io/rust-lang/crates-build-env/linux@sha256:77db811e55d90add9212f6832c23229e3de5f1c1f9905e8cb07319ea15df73ac" "sleep" "infinity", kill_on_drop: false }`
[INFO] [stdout] 574b7cf779e73533126944d414716afd40691620814251e58f52e07d4100380e
[INFO] running `Command { std: "docker" "start" "574b7cf779e73533126944d414716afd40691620814251e58f52e07d4100380e", kill_on_drop: false }`
[INFO] running `Command { std: "docker" "inspect" "574b7cf779e73533126944d414716afd40691620814251e58f52e07d4100380e", kill_on_drop: false }`
[INFO] running `Command { std: "docker" "exec" "-e" "SOURCE_DIR=/opt/rustwide/workdir" "-e" "CARGO_HOME=/opt/rustwide/cargo-home" "-e" "RUSTUP_HOME=/opt/rustwide/rustup-home" "-e" "CARGO_TARGET_DIR=/opt/rustwide/target" "-w" "/opt/rustwide/workdir" "--user" "0:0" "574b7cf779e73533126944d414716afd40691620814251e58f52e07d4100380e" "/opt/rustwide/cargo-home/bin/cargo" "+1.100.0-beta.1" "metadata" "--no-deps" "--format-version=1", kill_on_drop: false }`
[INFO] running `Command { std: "docker" "inspect" "574b7cf779e73533126944d414716afd40691620814251e58f52e07d4100380e", kill_on_drop: false }`
[INFO] running `Command { std: "docker" "exec" "-e" "SOURCE_DIR=/opt/rustwide/workdir" "-e" "CARGO_HOME=/opt/rustwide/cargo-home" "-e" "RUSTUP_HOME=/opt/rustwide/rustup-home" "-e" "CARGO_TARGET_DIR=/opt/rustwide/target" "-e" "CARGO_INCREMENTAL=0" "-e" "RUST_BACKTRACE=full" "-e" "RUSTFLAGS=--cap-lints=warn" "-e" "RUSTDOCFLAGS=--cap-lints=warn" "-w" "/opt/rustwide/workdir" "--user" "0:0" "574b7cf779e73533126944d414716afd40691620814251e58f52e07d4100380e" "/opt/rustwide/cargo-home/bin/cargo" "+1.100.0-beta.1" "build" "--frozen" "--message-format=json" "--release", kill_on_drop: false }`
[INFO] [stderr] warning: Cargo.toml: `package.edition` is unspecified, defaulting to `2015` while the latest is `2024`
[INFO] [stderr] warning: `tetsy-ws` (manifest) generated 1 warning
[INFO] [stderr]    Compiling libc v0.2.88
[INFO] [stderr]    Compiling tinyvec v1.1.1
[INFO] [stderr]    Compiling byteorder v1.4.3
[INFO] [stderr]    Compiling httparse v1.3.5
[INFO] [stderr]    Compiling lazycell v1.3.0
[INFO] [stderr]    Compiling block-buffer v0.7.3
[INFO] [stderr]    Compiling sha-1 v0.8.2
[INFO] [stderr]    Compiling getrandom v0.1.16
[INFO] [stderr]    Compiling iovec v0.1.4
[INFO] [stderr]    Compiling net2 v0.2.37
[INFO] [stderr]    Compiling bytes v0.4.12
[INFO] [stderr]    Compiling rand_core v0.5.1
[INFO] [stderr]    Compiling unicode-normalization v0.1.17
[INFO] [stderr]    Compiling rand_chacha v0.2.2
[INFO] [stderr]    Compiling mio v0.6.23
[INFO] [stderr]    Compiling idna v0.2.2
[INFO] [stderr]    Compiling rand v0.7.3
[INFO] [stderr]    Compiling url v2.2.1
[INFO] [stderr]    Compiling mio-extras v2.0.6
[INFO] [stderr]    Compiling tetsy-ws v0.10.0 (/opt/rustwide/workdir)
[INFO] [stdout] warning: unexpected `cfg` condition value: `native_tls`
[INFO] [stdout]   --> src/io.rs:14:7
[INFO] [stdout]    |
[INFO] [stdout] 14 | #[cfg(feature = "native_tls")]
[INFO] [stdout]    |       ^^^^^^^^^^------------
[INFO] [stdout]    |                 |
[INFO] [stdout]    |                 help: there is a expected value with a similar name: `"nativetls"`
[INFO] [stdout]    |
[INFO] [stdout]    = note: expected values for `feature` are: `default`, `libc`, `libz-sys`, `native-tls`, `nativetls`, `openssl`, `permessage-deflate`, and `ssl`
[INFO] [stdout]    = help: consider adding `native_tls` as a feature in `Cargo.toml`
[INFO] [stdout]    = note: see <https://doc.rust-lang.org/nightly/rustc/check-cfg/cargo-specifics.html> for more information about checking conditional configuration
[INFO] [stdout]    = note: `#[warn(unexpected_cfgs)]` on by default
[INFO] [stdout] 
[INFO] [stdout] 
[INFO] [stderr]     Finished `release` profile [optimized] target(s) in 14.88s
[INFO] running `Command { std: "docker" "inspect" "574b7cf779e73533126944d414716afd40691620814251e58f52e07d4100380e", kill_on_drop: false }`
[INFO] running `Command { std: "docker" "exec" "-e" "SOURCE_DIR=/opt/rustwide/workdir" "-e" "CARGO_HOME=/opt/rustwide/cargo-home" "-e" "RUSTUP_HOME=/opt/rustwide/rustup-home" "-e" "CARGO_TARGET_DIR=/opt/rustwide/target" "-e" "CARGO_INCREMENTAL=0" "-e" "RUST_BACKTRACE=full" "-e" "RUSTFLAGS=--cap-lints=warn" "-e" "RUSTDOCFLAGS=--cap-lints=warn" "-w" "/opt/rustwide/workdir" "--user" "0:0" "574b7cf779e73533126944d414716afd40691620814251e58f52e07d4100380e" "/opt/rustwide/cargo-home/bin/cargo" "+1.100.0-beta.1" "test" "--frozen" "--no-run" "--message-format=json" "--release", kill_on_drop: false }`
[INFO] [stderr] warning: Cargo.toml: `package.edition` is unspecified, defaulting to `2015` while the latest is `2024`
[INFO] [stderr] warning: `tetsy-ws` (manifest) generated 1 warning
[INFO] [stderr]    Compiling memchr v2.3.4
[INFO] [stderr]    Compiling atty v0.2.14
[INFO] [stderr]    Compiling regex-syntax v0.6.23
[INFO] [stderr]    Compiling humantime v1.3.0
[INFO] [stderr]    Compiling dirs v1.0.5
[INFO] [stderr]    Compiling time v0.1.44
[INFO] [stdout] warning: unexpected `cfg` condition value: `native_tls`
[INFO] [stdout]   --> src/io.rs:14:7
[INFO] [stdout]    |
[INFO] [stdout] 14 | #[cfg(feature = "native_tls")]
[INFO] [stdout]    |       ^^^^^^^^^^------------
[INFO] [stdout]    |                 |
[INFO] [stdout]    |                 help: there is a expected value with a similar name: `"nativetls"`
[INFO] [stdout]    |
[INFO] [stdout]    = note: expected values for `feature` are: `default`, `libc`, `libz-sys`, `native-tls`, `nativetls`, `openssl`, `permessage-deflate`, and `ssl`
[INFO] [stdout]    = help: consider adding `native_tls` as a feature in `Cargo.toml`
[INFO] [stdout]    = note: see <https://doc.rust-lang.org/nightly/rustc/check-cfg/cargo-specifics.html> for more information about checking conditional configuration
[INFO] [stdout]    = note: `#[warn(unexpected_cfgs)]` on by default
[INFO] [stdout] 
[INFO] [stdout] 
[INFO] [stderr]    Compiling clap v2.33.3
[INFO] [stderr]    Compiling term v0.5.2
[INFO] [stderr]    Compiling aho-corasick v0.7.15
[INFO] [stderr]    Compiling regex v1.4.4
[INFO] [stderr]    Compiling env_logger v0.6.2
[INFO] [stderr]    Compiling tetsy-ws v0.10.0 (/opt/rustwide/workdir)
[INFO] [stdout] warning: unnecessary parentheses around type
[INFO] [stdout]   --> examples/html_chat.rs:43:55
[INFO] [stdout]    |
[INFO] [stdout] 43 |     fn on_request(&mut self, req: &Request) -> Result<(Response)> {
[INFO] [stdout]    |                                                       ^        ^
[INFO] [stdout]    |
[INFO] [stdout]    = note: `#[warn(unused_parens)]` (part of `#[warn(unused)]`) on by default
[INFO] [stdout] help: remove these parentheses
[INFO] [stdout]    |
[INFO] [stdout] 43 -     fn on_request(&mut self, req: &Request) -> Result<(Response)> {
[INFO] [stdout] 43 +     fn on_request(&mut self, req: &Request) -> Result<Response> {
[INFO] [stdout]    |
[INFO] [stdout] 
[INFO] [stdout] 
[INFO] [stdout] warning: unnecessary parentheses around type
[INFO] [stdout]   --> examples/router.rs:13:63
[INFO] [stdout]    |
[INFO] [stdout] 13 |     fn on_request(&mut self, req: &ws::Request) -> ws::Result<(ws::Response)> {
[INFO] [stdout]    |                                                               ^            ^
[INFO] [stdout]    |
[INFO] [stdout]    = note: `#[warn(unused_parens)]` (part of `#[warn(unused)]`) on by default
[INFO] [stdout] help: remove these parentheses
[INFO] [stdout]    |
[INFO] [stdout] 13 -     fn on_request(&mut self, req: &ws::Request) -> ws::Result<(ws::Response)> {
[INFO] [stdout] 13 +     fn on_request(&mut self, req: &ws::Request) -> ws::Result<ws::Response> {
[INFO] [stdout]    |
[INFO] [stdout] 
[INFO] [stdout] 
[INFO] [stdout] warning: unnecessary parentheses around type
[INFO] [stdout]   --> examples/router.rs:82:63
[INFO] [stdout]    |
[INFO] [stdout] 82 |     fn on_request(&mut self, req: &ws::Request) -> ws::Result<(ws::Response)> {
[INFO] [stdout]    |                                                               ^            ^
[INFO] [stdout]    |
[INFO] [stdout] help: remove these parentheses
[INFO] [stdout]    |
[INFO] [stdout] 82 -     fn on_request(&mut self, req: &ws::Request) -> ws::Result<(ws::Response)> {
[INFO] [stdout] 82 +     fn on_request(&mut self, req: &ws::Request) -> ws::Result<ws::Response> {
[INFO] [stdout]    |
[INFO] [stdout] 
[INFO] [stdout] 
[INFO] [stdout] warning: trait objects without an explicit `dyn` are deprecated
[INFO] [stdout]  --> examples/router.rs:9:16
[INFO] [stdout]   |
[INFO] [stdout] 9 |     inner: Box<ws::Handler>,
[INFO] [stdout]   |                ^^^^^^^^^^^
[INFO] [stdout]   |
[INFO] [stdout]   = warning: this is accepted in the current edition (Rust 2015) but is a hard error in Rust 2021!
[INFO] [stdout]   = note: for more information, see <https://doc.rust-lang.org/edition-guide/rust-2021/warnings-promoted-to-error.html>
[INFO] [stdout]   = note: `#[warn(bare_trait_objects)]` (part of `#[warn(rust_2021_compatibility)]`) on by default
[INFO] [stdout] help: if this is a dyn-compatible trait, use `dyn`
[INFO] [stdout]   |
[INFO] [stdout] 9 |     inner: Box<dyn ws::Handler>,
[INFO] [stdout]   |                +++
[INFO] [stdout] 
[INFO] [stdout] 
[INFO] [stdout] warning: unexpected `cfg` condition value: `native_tls`
[INFO] [stdout]   --> src/io.rs:14:7
[INFO] [stdout]    |
[INFO] [stdout] 14 | #[cfg(feature = "native_tls")]
[INFO] [stdout]    |       ^^^^^^^^^^------------
[INFO] [stdout]    |                 |
[INFO] [stdout]    |                 help: there is a expected value with a similar name: `"nativetls"`
[INFO] [stdout]    |
[INFO] [stdout]    = note: expected values for `feature` are: `default`, `libc`, `libz-sys`, `native-tls`, `nativetls`, `openssl`, `permessage-deflate`, and `ssl`
[INFO] [stdout]    = help: consider adding `native_tls` as a feature in `Cargo.toml`
[INFO] [stdout]    = note: see <https://doc.rust-lang.org/nightly/rustc/check-cfg/cargo-specifics.html> for more information about checking conditional configuration
[INFO] [stdout]    = note: `#[warn(unexpected_cfgs)]` on by default
[INFO] [stdout] 
[INFO] [stdout] 
[INFO] [stdout] warning: unused closure that must be used
[INFO] [stdout]    --> src/factory.rs:165:9
[INFO] [stdout]     |
[INFO] [stdout] 165 |         factory.connection_made(Sender::new(mio::Token(0), chn, 0));
[INFO] [stdout]     |         ^^^^^^^^^^^^^^^^^^^^^^^^^^^^^^^^^^^^^^^^^^^^^^^^^^^^^^^^^^^
[INFO] [stdout]     |
[INFO] [stdout]     = note: closures are lazy and do nothing unless called
[INFO] [stdout]     = note: `#[warn(unused_must_use)]` (part of `#[warn(unused)]`) on by default
[INFO] [stdout] 
[INFO] [stdout] 
[INFO] [stderr]     Finished `release` profile [optimized] target(s) in 1m 46s
[INFO] running `Command { std: "docker" "inspect" "574b7cf779e73533126944d414716afd40691620814251e58f52e07d4100380e", kill_on_drop: false }`
[INFO] running `Command { std: "docker" "exec" "-e" "SOURCE_DIR=/opt/rustwide/workdir" "-e" "CARGO_HOME=/opt/rustwide/cargo-home" "-e" "RUSTUP_HOME=/opt/rustwide/rustup-home" "-e" "CARGO_TARGET_DIR=/opt/rustwide/target" "-e" "CARGO_INCREMENTAL=0" "-e" "RUST_BACKTRACE=full" "-e" "RUSTFLAGS=--cap-lints=warn" "-e" "RUSTDOCFLAGS=--cap-lints=warn" "-w" "/opt/rustwide/workdir" "--user" "0:0" "574b7cf779e73533126944d414716afd40691620814251e58f52e07d4100380e" "/opt/rustwide/cargo-home/bin/cargo" "+1.100.0-beta.1" "test" "--frozen" "--release", kill_on_drop: false }`
[INFO] [stderr] warning: Cargo.toml: `package.edition` is unspecified, defaulting to `2015` while the latest is `2024`
[INFO] [stderr] warning: `tetsy-ws` (manifest) generated 1 warning
[INFO] [stderr] warning: unexpected `cfg` condition value: `native_tls`
[INFO] [stderr]   --> src/io.rs:14:7
[INFO] [stderr]    |
[INFO] [stderr] 14 | #[cfg(feature = "native_tls")]
[INFO] [stderr]    |       ^^^^^^^^^^------------
[INFO] [stderr]    |                 |
[INFO] [stderr]    |                 help: there is a expected value with a similar name: `"nativetls"`
[INFO] [stderr]    |
[INFO] [stderr]    = note: expected values for `feature` are: `default`, `libc`, `libz-sys`, `native-tls`, `nativetls`, `openssl`, `permessage-deflate`, and `ssl`
[INFO] [stderr]    = help: consider adding `native_tls` as a feature in `Cargo.toml`
[INFO] [stderr]    = note: see <https://doc.rust-lang.org/nightly/rustc/check-cfg/cargo-specifics.html> for more information about checking conditional configuration
[INFO] [stderr]    = note: `#[warn(unexpected_cfgs)]` on by default
[INFO] [stderr] 
[INFO] [stderr] warning: `tetsy-ws` (lib) generated 1 warning
[INFO] [stderr] warning: unnecessary parentheses around type
[INFO] [stderr]   --> examples/router.rs:13:63
[INFO] [stderr]    |
[INFO] [stderr] 13 |     fn on_request(&mut self, req: &ws::Request) -> ws::Result<(ws::Response)> {
[INFO] [stderr]    |                                                               ^            ^
[INFO] [stderr]    |
[INFO] [stderr]    = note: `#[warn(unused_parens)]` (part of `#[warn(unused)]`) on by default
[INFO] [stderr] help: remove these parentheses
[INFO] [stderr]    |
[INFO] [stderr] 13 -     fn on_request(&mut self, req: &ws::Request) -> ws::Result<(ws::Response)> {
[INFO] [stderr] 13 +     fn on_request(&mut self, req: &ws::Request) -> ws::Result<ws::Response> {
[INFO] [stderr]    |
[INFO] [stderr] 
[INFO] [stderr] warning: unnecessary parentheses around type
[INFO] [stderr]   --> examples/router.rs:82:63
[INFO] [stderr]    |
[INFO] [stderr] 82 |     fn on_request(&mut self, req: &ws::Request) -> ws::Result<(ws::Response)> {
[INFO] [stderr]    |                                                               ^            ^
[INFO] [stderr]    |
[INFO] [stderr] help: remove these parentheses
[INFO] [stderr]    |
[INFO] [stderr] 82 -     fn on_request(&mut self, req: &ws::Request) -> ws::Result<(ws::Response)> {
[INFO] [stderr] 82 +     fn on_request(&mut self, req: &ws::Request) -> ws::Result<ws::Response> {
[INFO] [stderr]    |
[INFO] [stderr] 
[INFO] [stderr] warning: trait objects without an explicit `dyn` are deprecated
[INFO] [stderr]  --> examples/router.rs:9:16
[INFO] [stderr]   |
[INFO] [stderr] 9 |     inner: Box<ws::Handler>,
[INFO] [stderr]   |                ^^^^^^^^^^^
[INFO] [stderr]   |
[INFO] [stderr]   = warning: this is accepted in the current edition (Rust 2015) but is a hard error in Rust 2021!
[INFO] [stderr]   = note: for more information, see <https://doc.rust-lang.org/edition-guide/rust-2021/warnings-promoted-to-error.html>
[INFO] [stderr]   = note: `#[warn(bare_trait_objects)]` (part of `#[warn(rust_2021_compatibility)]`) on by default
[INFO] [stderr] help: if this is a dyn-compatible trait, use `dyn`
[INFO] [stderr]   |
[INFO] [stderr] 9 |     inner: Box<dyn ws::Handler>,
[INFO] [stderr]   |                +++
[INFO] [stderr] 
[INFO] [stderr] warning: unused closure that must be used
[INFO] [stderr]    --> src/factory.rs:165:9
[INFO] [stderr]     |
[INFO] [stderr] 165 |         factory.connection_made(Sender::new(mio::Token(0), chn, 0));
[INFO] [stderr]     |         ^^^^^^^^^^^^^^^^^^^^^^^^^^^^^^^^^^^^^^^^^^^^^^^^^^^^^^^^^^^
[INFO] [stderr]     |
[INFO] [stderr]     = note: closures are lazy and do nothing unless called
[INFO] [stderr]     = note: `#[warn(unused_must_use)]` (part of `#[warn(unused)]`) on by default
[INFO] [stderr] 
[INFO] [stderr] warning: `tetsy-ws` (example "router") generated 3 warnings (run `cargo fix --example "router" -p tetsy-ws` to apply 3 suggestions)
[INFO] [stderr] warning: `tetsy-ws` (lib test) generated 2 warnings (1 duplicate)
[INFO] [stderr] warning: unnecessary parentheses around type
[INFO] [stderr]   --> examples/html_chat.rs:43:55
[INFO] [stderr]    |
[INFO] [stderr] 43 |     fn on_request(&mut self, req: &Request) -> Result<(Response)> {
[INFO] [stderr]    |                                                       ^        ^
[INFO] [stderr]    |
[INFO] [stderr]    = note: `#[warn(unused_parens)]` (part of `#[warn(unused)]`) on by default
[INFO] [stderr] help: remove these parentheses
[INFO] [stderr]    |
[INFO] [stderr] 43 -     fn on_request(&mut self, req: &Request) -> Result<(Response)> {
[INFO] [stderr] 43 +     fn on_request(&mut self, req: &Request) -> Result<Response> {
[INFO] [stderr]    |
[INFO] [stderr] 
[INFO] [stderr] warning: `tetsy-ws` (example "html_chat") generated 1 warning (run `cargo fix --example "html_chat" -p tetsy-ws` to apply 1 suggestion)
[INFO] [stderr]     Finished `release` profile [optimized] target(s) in 0.11s
[INFO] [stderr]      Running unittests src/lib.rs (/opt/rustwide/target/release/build/tetsy-ws/caf19fbb1c6d8130/out/tetsy_ws-caf19fbb1c6d8130)
[INFO] [stdout] 
[INFO] [stdout] running 23 tests
[INFO] [stdout] test capped_buffer::test::shift_capacity ... ok
[INFO] [stdout] test factory::test::closure_factory ... ok
[INFO] [stdout] test factory::test::connection_lost ... ok
[INFO] [stdout] test capped_buffer::test::shift_all ... ok
[INFO] [stdout] test capped_buffer::test::shift_zero ... ok
[INFO] [stdout] test factory::test::impl_factory ... ok
[INFO] [stdout] test capped_buffer::test::shift ... ok
[INFO] [stdout] test capped_buffer::test::shift_over_capacity ... ok
[INFO] [stdout] test frame::test::display_frame ... ok
[INFO] [stdout] test message::test::binary_convert ... ok
[INFO] [stdout] test handshake::test::remote_addr ... ok
[INFO] [stdout] test handler::test::closure_handler ... ok
[INFO] [stdout] test handshake::test::remote_addr_forwarded ... ok
[INFO] [stdout] test handler::test::handler ... ok
[INFO] [stdout] test io::test::test_url_to_addrs ... FAILED
[INFO] [stdout] test handshake::test::remote_addr_x_forwarded_for ... ok
[INFO] [stderr] error: test failed, to rerun pass `--lib`
[INFO] [stdout] test message::test::text_convert ... ok
[INFO] [stdout] test protocol::test::closecode_from_u16 ... ok
[INFO] [stdout] test protocol::test::opcode_into_u8 ... ok
[INFO] [stdout] test message::test::binary_convert_vec ... ok
[INFO] [stdout] test message::test::display ... ok
[INFO] [stdout] test protocol::test::closecode_into_u16 ... ok
[INFO] [stdout] test protocol::test::opcode_from_u8 ... ok
[INFO] [stdout] 
[INFO] [stdout] failures:
[INFO] [stdout] 
[INFO] [stdout] ---- io::test::test_url_to_addrs stdout ----
[INFO] [stdout] 
[INFO] [stdout] thread 'io::test::test_url_to_addrs' (1349) panicked at src/io.rs:961:9:
[INFO] [stdout] assertion failed: url_to_addrs(&ws_url).is_ok()
[INFO] [stdout] stack backtrace:
[INFO] [stdout]    0:     0x559597499fa1 - <<std[617be2ca0a6fd877]::sys::backtrace::BacktraceLock>::print::DisplayBacktrace as core[a373ad73a504971]::fmt::Display>::fmt
[INFO] [stdout]    1:     0x5595974affda - core[a373ad73a504971]::fmt::write
[INFO] [stdout]    2:     0x55959749e51c - <alloc[2e1b2a31b91974c5]::vec::Vec<u8> as core[a373ad73a504971]::io::write::Write>::write_fmt
[INFO] [stdout]    3:     0x559597475ea6 - std[617be2ca0a6fd877]::panicking::default_hook::{closure#0}
[INFO] [stdout]    4:     0x5595974922c9 - std[617be2ca0a6fd877]::panicking::default_hook
[INFO] [stdout]    5:     0x559597414f50 - test[aada8e7e76ba119b]::test_main_inner::{closure#0}
[INFO] [stdout]    6:     0x559597492482 - std[617be2ca0a6fd877]::panicking::panic_with_hook
[INFO] [stdout]    7:     0x559597475f84 - std[617be2ca0a6fd877]::panicking::panic_handler::{closure#0}
[INFO] [stdout]    8:     0x55959746eb89 - std[617be2ca0a6fd877]::sys::backtrace::__rust_end_short_backtrace::<std[617be2ca0a6fd877]::panicking::panic_handler::{closure#0}, !>
[INFO] [stdout]    9:     0x559597476d4d - __rustc[ea4f61d10b84890b]::rust_begin_unwind
[INFO] [stdout]   10:     0x5595974b070c - core[a373ad73a504971]::panicking::panic_fmt
[INFO] [stdout]   11:     0x5595974b06d2 - core[a373ad73a504971]::panicking::panic
[INFO] [stdout]   12:     0x559597405be9 - <tetsy_ws[23f9ebf31eea1cab]::io::test::test_url_to_addrs::{closure#0} as core[a373ad73a504971]::ops::function::FnOnce<()>>::call_once
[INFO] [stdout]   13:     0x55959740839b - test[aada8e7e76ba119b]::__rust_begin_short_backtrace::<core[a373ad73a504971]::result::Result<(), alloc[2e1b2a31b91974c5]::string::String>, fn() -> core[a373ad73a504971]::result::Result<(), alloc[2e1b2a31b91974c5]::string::String>>
[INFO] [stdout]   14:     0x559597415575 - test[aada8e7e76ba119b]::run_test::{closure#0}
[INFO] [stdout]   15:     0x55959740ee64 - std[617be2ca0a6fd877]::sys::backtrace::__rust_begin_short_backtrace::<test[aada8e7e76ba119b]::run_test::{closure#1}, ()>
[INFO] [stdout]   16:     0x559597418602 - <std[617be2ca0a6fd877]::thread::lifecycle::spawn_unchecked<test[aada8e7e76ba119b]::run_test::{closure#1}, ()>::{closure#1} as core[a373ad73a504971]::ops::function::FnOnce<()>>::call_once::{shim:vtable#0}
[INFO] [stdout]   17:     0x55959749948f - <std[617be2ca0a6fd877]::sys::thread::unix::Thread>::new::thread_start
[INFO] [stdout]   18:     0x788bdba43dfa - <unknown>
[INFO] [stdout]   19:     0x788bdbad73d4 - clone
[INFO] [stdout]   20:                0x0 - <unknown>
[INFO] [stdout] 
[INFO] [stdout] 
[INFO] [stdout] failures:
[INFO] [stdout]     io::test::test_url_to_addrs
[INFO] [stdout] 
[INFO] [stdout] test result: FAILED. 22 passed; 1 failed; 0 ignored; 0 measured; 0 filtered out; finished in 0.02s
[INFO] [stdout] 
[INFO] running `Command { std: "docker" "inspect" "574b7cf779e73533126944d414716afd40691620814251e58f52e07d4100380e", kill_on_drop: false }`
[INFO] running `Command { std: "docker" "rm" "-f" "574b7cf779e73533126944d414716afd40691620814251e58f52e07d4100380e", kill_on_drop: false }`
[INFO] [stdout] 574b7cf779e73533126944d414716afd40691620814251e58f52e07d4100380e
