[INFO] fetching crate tetromino 0.3.0...
[INFO] testing tetromino-0.3.0 against 1.99.0-beta.8+cargoflags=--release for beta-release-1.100-2
[INFO] extracting crate tetromino 0.3.0 into /workspace/builds/worker-7-tc1/source
[INFO] removed /workspace/builds/worker-7-tc1/source/.cargo/config.toml
[INFO] started tweaking crates.io crate tetromino 0.3.0
[INFO] finished tweaking crates.io crate tetromino 0.3.0
[INFO] tweaked toml for crates.io crate tetromino 0.3.0 written to /workspace/builds/worker-7-tc1/source/Cargo.toml
[INFO] validating manifest of crates.io crate tetromino 0.3.0 on toolchain 1.99.0-beta.8
[INFO] running `Command { std: CARGO_HOME="/workspace/cargo-home" RUSTUP_HOME="/workspace/rustup-home" "/workspace/cargo-home/bin/cargo" "+1.99.0-beta.8" "metadata" "--manifest-path" "Cargo.toml" "--no-deps", kill_on_drop: false }`
[INFO] crate crates.io crate tetromino 0.3.0 already has a lockfile, it will not be regenerated
[INFO] running `Command { std: CARGO_HOME="/workspace/cargo-home" RUSTUP_HOME="/workspace/rustup-home" "/workspace/cargo-home/bin/cargo" "+1.99.0-beta.8" "fetch" "--manifest-path" "Cargo.toml", kill_on_drop: false }`
[INFO] [stderr] warning: Cargo.toml: `lints.clippy.absolute-paths` is deprecated in favor of `lints.clippy.absolute_paths` and will not work in a future edition
[INFO] [stderr] warning: Cargo.toml: `lints.clippy.allow-attributes` is deprecated in favor of `lints.clippy.allow_attributes` and will not work in a future edition
[INFO] [stderr] warning: Cargo.toml: `lints.clippy.clone-on-ref-ptr` is deprecated in favor of `lints.clippy.clone_on_ref_ptr` and will not work in a future edition
[INFO] [stderr] warning: Cargo.toml: `lints.clippy.collapsible-else-if` is deprecated in favor of `lints.clippy.collapsible_else_if` and will not work in a future edition
[INFO] [stderr] warning: Cargo.toml: `lints.clippy.collapsible-if` is deprecated in favor of `lints.clippy.collapsible_if` and will not work in a future edition
[INFO] [stderr] warning: Cargo.toml: `lints.clippy.dbg-macro` is deprecated in favor of `lints.clippy.dbg_macro` and will not work in a future edition
[INFO] [stderr] warning: Cargo.toml: `lints.clippy.derive-partial-eq-without-eq` is deprecated in favor of `lints.clippy.derive_partial_eq_without_eq` and will not work in a future edition
[INFO] [stderr] warning: Cargo.toml: `lints.clippy.diverging-sub-expression` is deprecated in favor of `lints.clippy.diverging_sub_expression` and will not work in a future edition
[INFO] [stderr] warning: Cargo.toml: `lints.clippy.doc-markdown` is deprecated in favor of `lints.clippy.doc_markdown` and will not work in a future edition
[INFO] [stderr] warning: Cargo.toml: `lints.clippy.join-absolute-paths` is deprecated in favor of `lints.clippy.join_absolute_paths` and will not work in a future edition
[INFO] [stderr] warning: Cargo.toml: `lints.clippy.large-enum-variant` is deprecated in favor of `lints.clippy.large_enum_variant` and will not work in a future edition
[INFO] [stderr] warning: Cargo.toml: `lints.clippy.let-and-return` is deprecated in favor of `lints.clippy.let_and_return` and will not work in a future edition
[INFO] [stderr] warning: Cargo.toml: `lints.clippy.let-unit-value` is deprecated in favor of `lints.clippy.let_unit_value` and will not work in a future edition
[INFO] [stderr] warning: Cargo.toml: `lints.clippy.module-inception` is deprecated in favor of `lints.clippy.module_inception` and will not work in a future edition
[INFO] [stderr] warning: Cargo.toml: `lints.clippy.redundant-closure-for-method-calls` is deprecated in favor of `lints.clippy.redundant_closure_for_method_calls` and will not work in a future edition
[INFO] [stderr] warning: Cargo.toml: `lints.clippy.type-complexity` is deprecated in favor of `lints.clippy.type_complexity` and will not work in a future edition
[INFO] [stderr] warning: Cargo.toml: `lints.clippy.unchecked-time-subtraction` is deprecated in favor of `lints.clippy.unchecked_time_subtraction` and will not work in a future edition
[INFO] [stderr] warning: Cargo.toml: `lints.clippy.uninlined-format-args` is deprecated in favor of `lints.clippy.uninlined_format_args` and will not work in a future edition
[INFO] [stderr] warning: Cargo.toml: `lints.clippy.wildcard-imports` is deprecated in favor of `lints.clippy.wildcard_imports` and will not work in a future edition
[INFO] [stderr] warning: Cargo.toml: `lints.rust.deprecated-safe` is deprecated in favor of `lints.rust.deprecated_safe` and will not work in a future edition
[INFO] [stderr] warning: Cargo.toml: `lints.rust.future-incompatible` is deprecated in favor of `lints.rust.future_incompatible` and will not work in a future edition
[INFO] [stderr] warning: Cargo.toml: `lints.rust.keyword-idents` is deprecated in favor of `lints.rust.keyword_idents` and will not work in a future edition
[INFO] [stderr] warning: Cargo.toml: `lints.rust.let-underscore` is deprecated in favor of `lints.rust.let_underscore` and will not work in a future edition
[INFO] [stderr] warning: Cargo.toml: `lints.rust.missing-debug-implementations` is deprecated in favor of `lints.rust.missing_debug_implementations` and will not work in a future edition
[INFO] [stderr] warning: Cargo.toml: `lints.rust.missing-docs` is deprecated in favor of `lints.rust.missing_docs` and will not work in a future edition
[INFO] [stderr] warning: Cargo.toml: `lints.rust.trivial-numeric-casts` is deprecated in favor of `lints.rust.trivial_numeric_casts` and will not work in a future edition
[INFO] [stderr] warning: Cargo.toml: `lints.rust.unsafe-op-in-unsafe-fn` is deprecated in favor of `lints.rust.unsafe_op_in_unsafe_fn` and will not work in a future edition
[INFO] [stderr] warning: `tetromino` (manifest) generated 27 warnings
[INFO] [stderr]     Updating crates.io index
[INFO] [stderr]  Downloading crates ...
[INFO] [stderr]   Downloaded wasm-bindgen-macro v0.2.125
[INFO] [stderr]   Downloaded wasm-bindgen-shared v0.2.125
[INFO] [stderr]   Downloaded xgl v0.3.0
[INFO] [stderr]   Downloaded wasm-bindgen v0.2.125
[INFO] [stderr]   Downloaded wasm-bindgen-futures v0.4.75
[INFO] [stderr]   Downloaded libredox v0.1.17
[INFO] [stderr]   Downloaded redox_syscall v0.8.1
[INFO] [stderr]   Downloaded wasm-bindgen-macro-support v0.2.125
[INFO] [stderr]   Downloaded serde_spanned v1.1.1
[INFO] [stderr]   Downloaded log v0.4.32
[INFO] [stderr]   Downloaded toml_writer v1.1.1+spec-1.1.0
[INFO] [stderr]   Downloaded js-sys v0.3.102
[INFO] [stderr]   Downloaded leb128fmt v0.1.0
[INFO] [stderr]   Downloaded web-sys v0.3.102
[INFO] [stderr]   Downloaded walrus-macro v0.26.0
[INFO] [stderr]   Downloaded either v1.16.0
[INFO] [stderr]   Downloaded leb128 v0.2.7
[INFO] [stderr]   Downloaded id-arena v2.3.0
[INFO] [stderr]   Downloaded wasm-encoder v0.245.1
[INFO] [stderr]   Downloaded wasm-bindgen-cli-support v0.2.125
[INFO] [stderr]   Downloaded walrus v0.26.4
[INFO] [stderr]   Downloaded gimli v0.32.3
[INFO] [stderr]   Downloaded wasmparser v0.245.1
[INFO] [stderr]   Downloaded test-fork v0.1.3
[INFO] [stderr]   Downloaded fallible-iterator v0.3.0
[INFO] [stderr]   Downloaded grev v0.1.4
[INFO] [stderr]   Downloaded vema v0.1.1
[INFO] [stderr]   Downloaded test-fork-core v0.1.3
[INFO] [stderr]   Downloaded test-fork-macros v0.1.3
[INFO] [stderr]   Downloaded keypeat v0.1.4
[INFO] [stderr]   Downloaded redox_users v0.5.2
[INFO] [stderr]   Downloaded bufio v0.2.0
[INFO] [stderr]   Downloaded dirs v6.0.0
[INFO] [stderr]   Downloaded dirs-sys v0.5.0
[INFO] running `Command { std: "docker" "create" "-v" "/var/lib/crater-agent-workspace/builds/worker-7-tc1/source:/opt/rustwide/workdir:ro,Z" "-v" "/var/lib/crater-agent-workspace/builds/worker-7-tc1/target:/opt/rustwide/target:rw,Z" "-v" "/var/lib/crater-agent-workspace/cargo-home:/opt/rustwide/cargo-home:ro,Z" "-v" "/var/lib/crater-agent-workspace/rustup-home:/opt/rustwide/rustup-home:ro,Z" "-m" "1610612736" "--network" "none" "ghcr.io/rust-lang/crates-build-env/linux@sha256:77db811e55d90add9212f6832c23229e3de5f1c1f9905e8cb07319ea15df73ac" "sleep" "infinity", kill_on_drop: false }`
[INFO] [stdout] c0bf16281993abc3ee3545d5a50c81c958f5ecc49e99acd524f8ba219198f1b9
[INFO] running `Command { std: "docker" "start" "c0bf16281993abc3ee3545d5a50c81c958f5ecc49e99acd524f8ba219198f1b9", kill_on_drop: false }`
[INFO] running `Command { std: "docker" "inspect" "c0bf16281993abc3ee3545d5a50c81c958f5ecc49e99acd524f8ba219198f1b9", kill_on_drop: false }`
[INFO] running `Command { std: "docker" "exec" "-e" "SOURCE_DIR=/opt/rustwide/workdir" "-e" "CARGO_HOME=/opt/rustwide/cargo-home" "-e" "RUSTUP_HOME=/opt/rustwide/rustup-home" "-e" "CARGO_TARGET_DIR=/opt/rustwide/target" "-w" "/opt/rustwide/workdir" "--user" "0:0" "c0bf16281993abc3ee3545d5a50c81c958f5ecc49e99acd524f8ba219198f1b9" "/opt/rustwide/cargo-home/bin/cargo" "+1.99.0-beta.8" "metadata" "--no-deps" "--format-version=1", kill_on_drop: false }`
[INFO] running `Command { std: "docker" "inspect" "c0bf16281993abc3ee3545d5a50c81c958f5ecc49e99acd524f8ba219198f1b9", kill_on_drop: false }`
[INFO] running `Command { std: "docker" "exec" "-e" "SOURCE_DIR=/opt/rustwide/workdir" "-e" "CARGO_HOME=/opt/rustwide/cargo-home" "-e" "RUSTUP_HOME=/opt/rustwide/rustup-home" "-e" "CARGO_TARGET_DIR=/opt/rustwide/target" "-e" "CARGO_INCREMENTAL=0" "-e" "RUST_BACKTRACE=full" "-e" "RUSTFLAGS=--cap-lints=warn" "-e" "RUSTDOCFLAGS=--cap-lints=warn" "-w" "/opt/rustwide/workdir" "--user" "0:0" "c0bf16281993abc3ee3545d5a50c81c958f5ecc49e99acd524f8ba219198f1b9" "/opt/rustwide/cargo-home/bin/cargo" "+1.99.0-beta.8" "build" "--frozen" "--message-format=json" "--release", kill_on_drop: false }`
[INFO] [stderr] warning: Cargo.toml: `lints.clippy.absolute-paths` is deprecated in favor of `lints.clippy.absolute_paths` and will not work in a future edition
[INFO] [stderr] warning: Cargo.toml: `lints.clippy.allow-attributes` is deprecated in favor of `lints.clippy.allow_attributes` and will not work in a future edition
[INFO] [stderr] warning: Cargo.toml: `lints.clippy.clone-on-ref-ptr` is deprecated in favor of `lints.clippy.clone_on_ref_ptr` and will not work in a future edition
[INFO] [stderr] warning: Cargo.toml: `lints.clippy.collapsible-else-if` is deprecated in favor of `lints.clippy.collapsible_else_if` and will not work in a future edition
[INFO] [stderr] warning: Cargo.toml: `lints.clippy.collapsible-if` is deprecated in favor of `lints.clippy.collapsible_if` and will not work in a future edition
[INFO] [stderr] warning: Cargo.toml: `lints.clippy.dbg-macro` is deprecated in favor of `lints.clippy.dbg_macro` and will not work in a future edition
[INFO] [stderr] warning: Cargo.toml: `lints.clippy.derive-partial-eq-without-eq` is deprecated in favor of `lints.clippy.derive_partial_eq_without_eq` and will not work in a future edition
[INFO] [stderr] warning: Cargo.toml: `lints.clippy.diverging-sub-expression` is deprecated in favor of `lints.clippy.diverging_sub_expression` and will not work in a future edition
[INFO] [stderr] warning: Cargo.toml: `lints.clippy.doc-markdown` is deprecated in favor of `lints.clippy.doc_markdown` and will not work in a future edition
[INFO] [stderr] warning: Cargo.toml: `lints.clippy.join-absolute-paths` is deprecated in favor of `lints.clippy.join_absolute_paths` and will not work in a future edition
[INFO] [stderr] warning: Cargo.toml: `lints.clippy.large-enum-variant` is deprecated in favor of `lints.clippy.large_enum_variant` and will not work in a future edition
[INFO] [stderr] warning: Cargo.toml: `lints.clippy.let-and-return` is deprecated in favor of `lints.clippy.let_and_return` and will not work in a future edition
[INFO] [stderr] warning: Cargo.toml: `lints.clippy.let-unit-value` is deprecated in favor of `lints.clippy.let_unit_value` and will not work in a future edition
[INFO] [stderr] warning: Cargo.toml: `lints.clippy.module-inception` is deprecated in favor of `lints.clippy.module_inception` and will not work in a future edition
[INFO] [stderr] warning: Cargo.toml: `lints.clippy.redundant-closure-for-method-calls` is deprecated in favor of `lints.clippy.redundant_closure_for_method_calls` and will not work in a future edition
[INFO] [stderr] warning: Cargo.toml: `lints.clippy.type-complexity` is deprecated in favor of `lints.clippy.type_complexity` and will not work in a future edition
[INFO] [stderr] warning: Cargo.toml: `lints.clippy.unchecked-time-subtraction` is deprecated in favor of `lints.clippy.unchecked_time_subtraction` and will not work in a future edition
[INFO] [stderr] warning: Cargo.toml: `lints.clippy.uninlined-format-args` is deprecated in favor of `lints.clippy.uninlined_format_args` and will not work in a future edition
[INFO] [stderr] warning: Cargo.toml: `lints.clippy.wildcard-imports` is deprecated in favor of `lints.clippy.wildcard_imports` and will not work in a future edition
[INFO] [stderr] warning: Cargo.toml: `lints.rust.deprecated-safe` is deprecated in favor of `lints.rust.deprecated_safe` and will not work in a future edition
[INFO] [stderr] warning: Cargo.toml: `lints.rust.future-incompatible` is deprecated in favor of `lints.rust.future_incompatible` and will not work in a future edition
[INFO] [stderr] warning: Cargo.toml: `lints.rust.keyword-idents` is deprecated in favor of `lints.rust.keyword_idents` and will not work in a future edition
[INFO] [stderr] warning: Cargo.toml: `lints.rust.let-underscore` is deprecated in favor of `lints.rust.let_underscore` and will not work in a future edition
[INFO] [stderr] warning: Cargo.toml: `lints.rust.missing-debug-implementations` is deprecated in favor of `lints.rust.missing_debug_implementations` and will not work in a future edition
[INFO] [stderr] warning: Cargo.toml: `lints.rust.missing-docs` is deprecated in favor of `lints.rust.missing_docs` and will not work in a future edition
[INFO] [stderr] warning: Cargo.toml: `lints.rust.trivial-numeric-casts` is deprecated in favor of `lints.rust.trivial_numeric_casts` and will not work in a future edition
[INFO] [stderr] warning: Cargo.toml: `lints.rust.unsafe-op-in-unsafe-fn` is deprecated in favor of `lints.rust.unsafe_op_in_unsafe_fn` and will not work in a future edition
[INFO] [stderr] warning: `tetromino` (manifest) generated 27 warnings
[INFO] [stderr]    Compiling cfg-if v1.0.4
[INFO] [stderr]    Compiling bitflags v2.13.0
[INFO] [stderr]    Compiling proc-macro2 v1.0.106
[INFO] [stderr]    Compiling libc v0.2.186
[INFO] [stderr]    Compiling unicode-ident v1.0.24
[INFO] [stderr]    Compiling quote v1.0.45
[INFO] [stderr]    Compiling anyhow v1.0.102
[INFO] [stderr]    Compiling khronos_api v3.1.0
[INFO] [stderr]    Compiling rustix v1.1.4
[INFO] [stderr]    Compiling linux-raw-sys v0.12.1
[INFO] [stderr]    Compiling cfg_aliases v0.2.1
[INFO] [stderr]    Compiling pkg-config v0.3.33
[INFO] [stderr]    Compiling serde_core v1.0.228
[INFO] [stderr]    Compiling once_cell v1.21.4
[INFO] [stderr]    Compiling simd-adler32 v0.3.9
[INFO] [stderr]    Compiling autocfg v1.5.1
[INFO] [stderr]    Compiling libloading v0.8.9
[INFO] [stderr]    Compiling xml-rs v0.8.28
[INFO] [stderr]    Compiling log v0.4.32
[INFO] [stderr]    Compiling crc32fast v1.5.0
[INFO] [stderr]    Compiling thiserror v1.0.69
[INFO] [stderr]    Compiling rustix v0.38.44
[INFO] [stderr]    Compiling adler2 v2.0.1
[INFO] [stderr]    Compiling miniz_oxide v0.8.9
[INFO] [stderr]    Compiling linux-raw-sys v0.4.15
[INFO] [stderr]    Compiling dlib v0.5.3
[INFO] [stderr]    Compiling fdeflate v0.3.7
[INFO] [stderr]    Compiling winit v0.30.13
[INFO] [stderr]    Compiling num-traits v0.2.19
[INFO] [stderr]    Compiling glutin v0.32.3
[INFO] [stderr]    Compiling x11rb-protocol v0.13.2
[INFO] [stderr]    Compiling x11-dl v2.21.0
[INFO] [stderr]    Compiling serde v1.0.228
[INFO] [stderr]    Compiling tracing-core v0.1.36
[INFO] [stderr]    Compiling grev v0.1.4
[INFO] [stderr]    Compiling pin-project-lite v0.2.17
[INFO] [stderr]    Compiling gl_generator v0.14.0
[INFO] [stderr]    Compiling slab v0.4.12
[INFO] [stderr]    Compiling equivalent v1.0.2
[INFO] [stderr]    Compiling option-ext v0.2.0
[INFO] [stderr]    Compiling syn v2.0.118
[INFO] [stderr]    Compiling flate2 v1.1.9
[INFO] [stderr]    Compiling bytemuck v1.25.0
[INFO] [stderr]    Compiling as-raw-xcb-connection v1.0.1
[INFO] [stderr]    Compiling winnow v1.0.3
[INFO] [stderr]    Compiling xkeysym v0.2.1
[INFO] [stderr]    Compiling pxfm v0.1.29
[INFO] [stderr]    Compiling raw-window-handle v0.6.2
[INFO] [stderr]    Compiling hashbrown v0.17.1
[INFO] [stderr]    Compiling tracing v0.1.44
[INFO] [stderr]    Compiling glutin_glx_sys v0.6.1
[INFO] [stderr]    Compiling png v0.18.1
[INFO] [stderr]    Compiling tetromino v0.3.0 (/opt/rustwide/workdir)
[INFO] [stderr]    Compiling indexmap v2.14.0
[INFO] [stderr]    Compiling byteorder-lite v0.1.0
[INFO] [stderr]    Compiling dirs-sys v0.5.0
[INFO] [stderr]    Compiling toml_writer v1.1.1+spec-1.1.0
[INFO] [stderr]    Compiling cursor-icon v1.2.0
[INFO] [stderr]    Compiling xkbcommon-dl v0.4.2
[INFO] [stderr]    Compiling dpi v0.1.2
[INFO] [stderr]    Compiling percent-encoding v2.3.2
[INFO] [stderr]    Compiling smol_str v0.2.2
[INFO] [stderr]    Compiling xgl v0.3.0
[INFO] [stderr]    Compiling dirs v6.0.0
[INFO] [stderr] warning: tetromino@0.3.0: Not in a git repository; unable to embed git revision
[INFO] [stderr]    Compiling keypeat v0.1.4
[INFO] [stderr]    Compiling bufio v0.2.0
[INFO] [stderr]    Compiling vema v0.1.1
[INFO] [stderr]    Compiling toml_parser v1.1.2+spec-1.1.0
[INFO] [stderr]    Compiling thiserror-impl v1.0.69
[INFO] [stderr]    Compiling serde_derive v1.0.228
[INFO] [stderr]    Compiling serde_spanned v1.1.1
[INFO] [stderr]    Compiling toml_datetime v1.1.1+spec-1.1.0
[INFO] [stderr]    Compiling toml_edit v0.25.12+spec-1.1.0
[INFO] [stderr]    Compiling moxcms v0.8.1
[INFO] [stderr]    Compiling gethostname v1.1.0
[INFO] [stderr]    Compiling polling v3.11.0
[INFO] [stderr]    Compiling calloop v0.13.0
[INFO] [stderr]    Compiling image v0.25.10
[INFO] [stderr]    Compiling x11rb v0.13.2
[INFO] [stderr]     Finished `release` profile [optimized] target(s) in 1m 34s
[INFO] running `Command { std: "docker" "inspect" "c0bf16281993abc3ee3545d5a50c81c958f5ecc49e99acd524f8ba219198f1b9", kill_on_drop: false }`
[INFO] running `Command { std: "docker" "exec" "-e" "SOURCE_DIR=/opt/rustwide/workdir" "-e" "CARGO_HOME=/opt/rustwide/cargo-home" "-e" "RUSTUP_HOME=/opt/rustwide/rustup-home" "-e" "CARGO_TARGET_DIR=/opt/rustwide/target" "-e" "CARGO_INCREMENTAL=0" "-e" "RUST_BACKTRACE=full" "-e" "RUSTFLAGS=--cap-lints=warn" "-e" "RUSTDOCFLAGS=--cap-lints=warn" "-w" "/opt/rustwide/workdir" "--user" "0:0" "c0bf16281993abc3ee3545d5a50c81c958f5ecc49e99acd524f8ba219198f1b9" "/opt/rustwide/cargo-home/bin/cargo" "+1.99.0-beta.8" "test" "--frozen" "--no-run" "--message-format=json" "--release", kill_on_drop: false }`
[INFO] [stderr] warning: Cargo.toml: `lints.clippy.absolute-paths` is deprecated in favor of `lints.clippy.absolute_paths` and will not work in a future edition
[INFO] [stderr] warning: Cargo.toml: `lints.clippy.allow-attributes` is deprecated in favor of `lints.clippy.allow_attributes` and will not work in a future edition
[INFO] [stderr] warning: Cargo.toml: `lints.clippy.clone-on-ref-ptr` is deprecated in favor of `lints.clippy.clone_on_ref_ptr` and will not work in a future edition
[INFO] [stderr] warning: Cargo.toml: `lints.clippy.collapsible-else-if` is deprecated in favor of `lints.clippy.collapsible_else_if` and will not work in a future edition
[INFO] [stderr] warning: Cargo.toml: `lints.clippy.collapsible-if` is deprecated in favor of `lints.clippy.collapsible_if` and will not work in a future edition
[INFO] [stderr] warning: Cargo.toml: `lints.clippy.dbg-macro` is deprecated in favor of `lints.clippy.dbg_macro` and will not work in a future edition
[INFO] [stderr] warning: Cargo.toml: `lints.clippy.derive-partial-eq-without-eq` is deprecated in favor of `lints.clippy.derive_partial_eq_without_eq` and will not work in a future edition
[INFO] [stderr] warning: Cargo.toml: `lints.clippy.diverging-sub-expression` is deprecated in favor of `lints.clippy.diverging_sub_expression` and will not work in a future edition
[INFO] [stderr] warning: Cargo.toml: `lints.clippy.doc-markdown` is deprecated in favor of `lints.clippy.doc_markdown` and will not work in a future edition
[INFO] [stderr] warning: Cargo.toml: `lints.clippy.join-absolute-paths` is deprecated in favor of `lints.clippy.join_absolute_paths` and will not work in a future edition
[INFO] [stderr] warning: Cargo.toml: `lints.clippy.large-enum-variant` is deprecated in favor of `lints.clippy.large_enum_variant` and will not work in a future edition
[INFO] [stderr] warning: Cargo.toml: `lints.clippy.let-and-return` is deprecated in favor of `lints.clippy.let_and_return` and will not work in a future edition
[INFO] [stderr] warning: Cargo.toml: `lints.clippy.let-unit-value` is deprecated in favor of `lints.clippy.let_unit_value` and will not work in a future edition
[INFO] [stderr] warning: Cargo.toml: `lints.clippy.module-inception` is deprecated in favor of `lints.clippy.module_inception` and will not work in a future edition
[INFO] [stderr] warning: Cargo.toml: `lints.clippy.redundant-closure-for-method-calls` is deprecated in favor of `lints.clippy.redundant_closure_for_method_calls` and will not work in a future edition
[INFO] [stderr] warning: Cargo.toml: `lints.clippy.type-complexity` is deprecated in favor of `lints.clippy.type_complexity` and will not work in a future edition
[INFO] [stderr] warning: Cargo.toml: `lints.clippy.unchecked-time-subtraction` is deprecated in favor of `lints.clippy.unchecked_time_subtraction` and will not work in a future edition
[INFO] [stderr] warning: Cargo.toml: `lints.clippy.uninlined-format-args` is deprecated in favor of `lints.clippy.uninlined_format_args` and will not work in a future edition
[INFO] [stderr] warning: Cargo.toml: `lints.clippy.wildcard-imports` is deprecated in favor of `lints.clippy.wildcard_imports` and will not work in a future edition
[INFO] [stderr] warning: Cargo.toml: `lints.rust.deprecated-safe` is deprecated in favor of `lints.rust.deprecated_safe` and will not work in a future edition
[INFO] [stderr] warning: Cargo.toml: `lints.rust.future-incompatible` is deprecated in favor of `lints.rust.future_incompatible` and will not work in a future edition
[INFO] [stderr] warning: Cargo.toml: `lints.rust.keyword-idents` is deprecated in favor of `lints.rust.keyword_idents` and will not work in a future edition
[INFO] [stderr] warning: Cargo.toml: `lints.rust.let-underscore` is deprecated in favor of `lints.rust.let_underscore` and will not work in a future edition
[INFO] [stderr] warning: Cargo.toml: `lints.rust.missing-debug-implementations` is deprecated in favor of `lints.rust.missing_debug_implementations` and will not work in a future edition
[INFO] [stderr] warning: Cargo.toml: `lints.rust.missing-docs` is deprecated in favor of `lints.rust.missing_docs` and will not work in a future edition
[INFO] [stderr] warning: Cargo.toml: `lints.rust.trivial-numeric-casts` is deprecated in favor of `lints.rust.trivial_numeric_casts` and will not work in a future edition
[INFO] [stderr] warning: Cargo.toml: `lints.rust.unsafe-op-in-unsafe-fn` is deprecated in favor of `lints.rust.unsafe_op_in_unsafe_fn` and will not work in a future edition
[INFO] [stderr] warning: `tetromino` (manifest) generated 27 warnings
[INFO] [stderr]    Compiling cfg-if v1.0.4
[INFO] [stderr]    Compiling bitflags v2.13.0
[INFO] [stderr]    Compiling rustix v1.1.4
[INFO] [stderr]    Compiling once_cell v1.21.4
[INFO] [stderr]    Compiling linux-raw-sys v0.12.1
[INFO] [stderr]    Compiling simd-adler32 v0.3.9
[INFO] [stderr]    Compiling libc v0.2.186
[INFO] [stderr]    Compiling serde_core v1.0.228
[INFO] [stderr]    Compiling adler2 v2.0.1
[INFO] [stderr]    Compiling syn v2.0.118
[INFO] [stderr]    Compiling linux-raw-sys v0.4.15
[INFO] [stderr]    Compiling log v0.4.32
[INFO] [stderr]    Compiling num-traits v0.2.19
[INFO] [stderr]    Compiling tracing-core v0.1.36
[INFO] [stderr]    Compiling pin-project-lite v0.2.17
[INFO] [stderr]    Compiling xkeysym v0.2.1
[INFO] [stderr]    Compiling libloading v0.8.9
[INFO] [stderr]    Compiling crc32fast v1.5.0
[INFO] [stderr]    Compiling dlib v0.5.3
[INFO] [stderr]    Compiling miniz_oxide v0.8.9
[INFO] [stderr]    Compiling fdeflate v0.3.7
[INFO] [stderr]    Compiling pxfm v0.1.29
[INFO] [stderr]    Compiling raw-window-handle v0.6.2
[INFO] [stderr]    Compiling slab v0.4.12
[INFO] [stderr]    Compiling x11rb-protocol v0.13.2
[INFO] [stderr]    Compiling as-raw-xcb-connection v1.0.1
[INFO] [stderr]    Compiling equivalent v1.0.2
[INFO] [stderr]    Compiling winnow v1.0.3
[INFO] [stderr]    Compiling option-ext v0.2.0
[INFO] [stderr]    Compiling rustix v0.38.44
[INFO] [stderr]    Compiling bytemuck v1.25.0
[INFO] [stderr]    Compiling hashbrown v0.17.1
[INFO] [stderr]    Compiling tracing v0.1.44
[INFO] [stderr]    Compiling flate2 v1.1.9
[INFO] [stderr]    Compiling anyhow v1.0.102
[INFO] [stderr]    Compiling cursor-icon v1.2.0
[INFO] [stderr]    Compiling dpi v0.1.2
[INFO] [stderr]    Compiling xkbcommon-dl v0.4.2
[INFO] [stderr]    Compiling byteorder-lite v0.1.0
[INFO] [stderr]    Compiling toml_writer v1.1.1+spec-1.1.0
[INFO] [stderr]    Compiling png v0.18.1
[INFO] [stderr]    Compiling indexmap v2.14.0
[INFO] [stderr]    Compiling percent-encoding v2.3.2
[INFO] [stderr]    Compiling smol_str v0.2.2
[INFO] [stderr]    Compiling xgl v0.3.0
[INFO] [stderr]    Compiling x11-dl v2.21.0
[INFO] [stderr]    Compiling dirs-sys v0.5.0
[INFO] [stderr] warning: tetromino@0.3.0: Not in a git repository; unable to embed git revision
[INFO] [stderr]    Compiling fastrand v2.4.1
[INFO] [stderr]    Compiling dirs v6.0.0
[INFO] [stderr]    Compiling test-fork-core v0.1.3
[INFO] [stderr]    Compiling bufio v0.2.0
[INFO] [stderr]    Compiling toml_parser v1.1.2+spec-1.1.0
[INFO] [stderr]    Compiling keypeat v0.1.4
[INFO] [stderr]    Compiling vema v0.1.1
[INFO] [stderr]    Compiling serde_spanned v1.1.1
[INFO] [stderr]    Compiling toml_datetime v1.1.1+spec-1.1.0
[INFO] [stderr]    Compiling toml_edit v0.25.12+spec-1.1.0
[INFO] [stderr]    Compiling moxcms v0.8.1
[INFO] [stderr]    Compiling thiserror-impl v1.0.69
[INFO] [stderr]    Compiling serde_derive v1.0.228
[INFO] [stderr]    Compiling test-fork-macros v0.1.3
[INFO] [stderr]    Compiling test-fork v0.1.3
[INFO] [stderr]    Compiling thiserror v1.0.69
[INFO] [stderr]    Compiling glutin_glx_sys v0.6.1
[INFO] [stderr]    Compiling glutin v0.32.3
[INFO] [stderr]    Compiling serde v1.0.228
[INFO] [stderr]    Compiling gethostname v1.1.0
[INFO] [stderr]    Compiling polling v3.11.0
[INFO] [stderr]    Compiling tempfile v3.27.0
[INFO] [stderr]    Compiling calloop v0.13.0
[INFO] [stderr]    Compiling image v0.25.10
[INFO] [stderr]    Compiling x11rb v0.13.2
[INFO] [stderr]    Compiling winit v0.30.13
[INFO] [stderr]    Compiling tetromino v0.3.0 (/opt/rustwide/workdir)
[INFO] [stderr]     Finished `release` profile [optimized] target(s) in 1m 35s
[INFO] running `Command { std: "docker" "inspect" "c0bf16281993abc3ee3545d5a50c81c958f5ecc49e99acd524f8ba219198f1b9", kill_on_drop: false }`
[INFO] running `Command { std: "docker" "exec" "-e" "SOURCE_DIR=/opt/rustwide/workdir" "-e" "CARGO_HOME=/opt/rustwide/cargo-home" "-e" "RUSTUP_HOME=/opt/rustwide/rustup-home" "-e" "CARGO_TARGET_DIR=/opt/rustwide/target" "-e" "CARGO_INCREMENTAL=0" "-e" "RUST_BACKTRACE=full" "-e" "RUSTFLAGS=--cap-lints=warn" "-e" "RUSTDOCFLAGS=--cap-lints=warn" "-w" "/opt/rustwide/workdir" "--user" "0:0" "c0bf16281993abc3ee3545d5a50c81c958f5ecc49e99acd524f8ba219198f1b9" "/opt/rustwide/cargo-home/bin/cargo" "+1.99.0-beta.8" "test" "--frozen" "--release", kill_on_drop: false }`
[INFO] [stderr] warning: Cargo.toml: `lints.clippy.absolute-paths` is deprecated in favor of `lints.clippy.absolute_paths` and will not work in a future edition
[INFO] [stderr] warning: Cargo.toml: `lints.clippy.allow-attributes` is deprecated in favor of `lints.clippy.allow_attributes` and will not work in a future edition
[INFO] [stderr] warning: Cargo.toml: `lints.clippy.clone-on-ref-ptr` is deprecated in favor of `lints.clippy.clone_on_ref_ptr` and will not work in a future edition
[INFO] [stderr] warning: Cargo.toml: `lints.clippy.collapsible-else-if` is deprecated in favor of `lints.clippy.collapsible_else_if` and will not work in a future edition
[INFO] [stderr] warning: Cargo.toml: `lints.clippy.collapsible-if` is deprecated in favor of `lints.clippy.collapsible_if` and will not work in a future edition
[INFO] [stderr] warning: Cargo.toml: `lints.clippy.dbg-macro` is deprecated in favor of `lints.clippy.dbg_macro` and will not work in a future edition
[INFO] [stderr] warning: Cargo.toml: `lints.clippy.derive-partial-eq-without-eq` is deprecated in favor of `lints.clippy.derive_partial_eq_without_eq` and will not work in a future edition
[INFO] [stderr] warning: Cargo.toml: `lints.clippy.diverging-sub-expression` is deprecated in favor of `lints.clippy.diverging_sub_expression` and will not work in a future edition
[INFO] [stderr] warning: Cargo.toml: `lints.clippy.doc-markdown` is deprecated in favor of `lints.clippy.doc_markdown` and will not work in a future edition
[INFO] [stderr] warning: Cargo.toml: `lints.clippy.join-absolute-paths` is deprecated in favor of `lints.clippy.join_absolute_paths` and will not work in a future edition
[INFO] [stderr] warning: Cargo.toml: `lints.clippy.large-enum-variant` is deprecated in favor of `lints.clippy.large_enum_variant` and will not work in a future edition
[INFO] [stderr] warning: Cargo.toml: `lints.clippy.let-and-return` is deprecated in favor of `lints.clippy.let_and_return` and will not work in a future edition
[INFO] [stderr] warning: Cargo.toml: `lints.clippy.let-unit-value` is deprecated in favor of `lints.clippy.let_unit_value` and will not work in a future edition
[INFO] [stderr] warning: Cargo.toml: `lints.clippy.module-inception` is deprecated in favor of `lints.clippy.module_inception` and will not work in a future edition
[INFO] [stderr] warning: Cargo.toml: `lints.clippy.redundant-closure-for-method-calls` is deprecated in favor of `lints.clippy.redundant_closure_for_method_calls` and will not work in a future edition
[INFO] [stderr] warning: Cargo.toml: `lints.clippy.type-complexity` is deprecated in favor of `lints.clippy.type_complexity` and will not work in a future edition
[INFO] [stderr] warning: Cargo.toml: `lints.clippy.unchecked-time-subtraction` is deprecated in favor of `lints.clippy.unchecked_time_subtraction` and will not work in a future edition
[INFO] [stderr] warning: Cargo.toml: `lints.clippy.uninlined-format-args` is deprecated in favor of `lints.clippy.uninlined_format_args` and will not work in a future edition
[INFO] [stderr] warning: Cargo.toml: `lints.clippy.wildcard-imports` is deprecated in favor of `lints.clippy.wildcard_imports` and will not work in a future edition
[INFO] [stderr] warning: Cargo.toml: `lints.rust.deprecated-safe` is deprecated in favor of `lints.rust.deprecated_safe` and will not work in a future edition
[INFO] [stderr] warning: Cargo.toml: `lints.rust.future-incompatible` is deprecated in favor of `lints.rust.future_incompatible` and will not work in a future edition
[INFO] [stderr] warning: Cargo.toml: `lints.rust.keyword-idents` is deprecated in favor of `lints.rust.keyword_idents` and will not work in a future edition
[INFO] [stderr] warning: Cargo.toml: `lints.rust.let-underscore` is deprecated in favor of `lints.rust.let_underscore` and will not work in a future edition
[INFO] [stderr] warning: Cargo.toml: `lints.rust.missing-debug-implementations` is deprecated in favor of `lints.rust.missing_debug_implementations` and will not work in a future edition
[INFO] [stderr] warning: Cargo.toml: `lints.rust.missing-docs` is deprecated in favor of `lints.rust.missing_docs` and will not work in a future edition
[INFO] [stderr] warning: Cargo.toml: `lints.rust.trivial-numeric-casts` is deprecated in favor of `lints.rust.trivial_numeric_casts` and will not work in a future edition
[INFO] [stderr] warning: Cargo.toml: `lints.rust.unsafe-op-in-unsafe-fn` is deprecated in favor of `lints.rust.unsafe_op_in_unsafe_fn` and will not work in a future edition
[INFO] [stderr] warning: `tetromino` (manifest) generated 27 warnings
[INFO] [stderr] warning: tetromino@0.3.0: Not in a git repository; unable to embed git revision
[INFO] [stderr]     Finished `release` profile [optimized] target(s) in 0.22s
[INFO] [stderr]      Running unittests src/lib.rs (/opt/rustwide/target/release/deps/tetromino-a8d1007e6393eff8)
[INFO] [stdout] 
[INFO] [stdout] running 57 tests
[INFO] [stdout] test game::ai::cost::tests::comparisons_and_ops ... ok
[INFO] [stdout] test game::ai::cost::tests::cost_size ... ok
[INFO] [stdout] test game::ai::search::tests::cost_avoid_central_placement ... ok
[INFO] [stdout] test game::ai::search::tests::cost_fewer_lines ... ok
[INFO] [stdout] test game::ai::orientation::tests::orientation_size ... ok
[INFO] [stdout] test game::ai::orientation::tests::orientations_size ... ok
[INFO] [stdout] test game::ai::orientation::tests::raw_right_rotation ... ok
[INFO] [stdout] test game::ai::orientation::tests::orientation_rotation ... ok
[INFO] [stdout] test game::ai::orientation::tests::raw_left_rotation ... ok
[INFO] [stdout] test game::ai::action::tests::action_size ... ok
[INFO] [stdout] test game::ai::search::tests::cost_hole_versus_cleared ... ok
[INFO] [stdout] test game::ai::orientation::tests::raw_mask_calculation ... ok
[INFO] [stdout] test game::ai::search::tests::cost_roughness_versus_holes ... ok
[INFO] [stdout] test game::ai::search::tests::cost_hole_versus_side ... ok
[INFO] [stdout] test game::ai::search::tests::cost_less_with_hole ... ok
[INFO] [stdout] test game::ai::search::tests::cost_rougher_field_sides ... ok
[INFO] [stdout] test game::ai::search::tests::cost_same_field ... ok
[INFO] [stdout] test game::ai::search::tests::cost_rougher_field ... ok
[INFO] [stdout] test game::ai::search::tests::action_list_creation ... ok
[INFO] [stdout] test game::ai::field::tests::line_clearing ... ok
[INFO] [stdout] test game::ai::field::tests::stone_reset ... ok
[INFO] [stdout] test game::ai::field::tests::stone_merge ... ok
[INFO] [stdout] test game::ai::search::tests::play_to_fix_mess1 ... ignored, stress test; may take excessive time
[INFO] [stdout] test game::ai::search::tests::play_to_fix_mess2 ... ignored, stress test; may take excessive time
[INFO] [stdout] test game::ai::search::tests::play_to_fix_mess3 ... ignored, stress test; may take excessive time
[INFO] [stdout] test game::ai::search::tests::play_until_over ... ignored, stress test; may take excessive time
[INFO] [stdout] test game::ai::search::tests::search_complex_with_look_ahead ... ignored, stress test; may take excessive time
[INFO] [stdout] test game::ai::search::tests::search_clearing_lines ... ok
[INFO] [stdout] test game::ai::search::tests::search_fill_hole_1 ... ok
[INFO] [stdout] test game::ai::state::tests::expansion ... ok
[INFO] [stdout] test game::ai::state::tests::state_size ... ok
[INFO] [stdout] test game::ai::stone::tests::rotation_left ... ok
[INFO] [stdout] test game::ai::stone::tests::rotation_right ... ok
[INFO] [stdout] test game::ai::search::tests::search_fill_hole_2 ... ok
[INFO] [stdout] test game::ai::util::tests::matrix_creation ... ok
[INFO] [stdout] test game::matrix::tests::index_access ... ok
[INFO] [stdout] test game::matrix::tests::line_removal ... ok
[INFO] [stdout] test game::ai::visited::tests::addition_and_check ... ok
[INFO] [stdout] test game::ai::util::tests::matrix_inconsistent_width - should panic ... ok
[INFO] [stdout] test config::tests::deserialization ... ok
[INFO] [stdout] test game::ai::orientation::tests::orientation_combination ... ok
[INFO] [stdout] test keys::tests::config_instantiation ... ok
[INFO] [stdout] test game::piece::tests::piece_size ... ok
[INFO] [stdout] test game::score::tests::digit_calculation ... ok
[INFO] [stdout] test game::score::tests::max_fixed_string_width_checking ... ok
[INFO] [stdout] test rand::tests::rng_seed_dependence ... ok
[INFO] [stdout] test rand::tests::rng_randomness ... ok
[INFO] [stdout] test gl::font::font::tests::font_loading ... ok
[INFO] [stdout] test gl::font::font::tests::string_width_determination ... ok
[INFO] [stdout] test game::score::tests::max_digit_width_checking ... ok
[INFO] [stdout] test game::stone::tests::stone_rotation ... FAILED
[INFO] [stdout] test game::factory::tests::stone_dimensions ... FAILED
[INFO] [stdout] test game::stone::tests::stone_movement ... FAILED
[INFO] [stdout] test game::score::tests::score_counting ... FAILED
[INFO] [stdout] test game::stone::tests::stone_bounds ... FAILED
[INFO] [stdout] test config::tests::save_config_no_change ... ok
[INFO] [stdout] test config::tests::save_config_with_change ... ok
[INFO] [stdout] 
[INFO] [stdout] failures:
[INFO] [stdout] 
[INFO] [stdout] ---- game::stone::tests::stone_rotation stdout ----
[INFO] [stdout] 
[INFO] [stdout] thread 'game::stone::tests::stone_rotation' (2157) panicked at /opt/rustwide/cargo-home/registry/src/index.crates.io-1949cf8c6b5b557f/test-fork-core-0.1.3/src/fork.rs:78:9:
[INFO] [stdout] child exited unsuccessfully with exit status: 70
[INFO] [stdout] stack backtrace:
[INFO] [stdout]    0:     0x56cfd6eecd25 - <<std[70759c8f55707aa4]::sys::backtrace::BacktraceLock>::print::DisplayBacktrace as core[df12db4294e9bfd3]::fmt::Display>::fmt
[INFO] [stdout]    1:     0x56cfd6ecd5f4 - core[df12db4294e9bfd3]::fmt::write
[INFO] [stdout]    2:     0x56cfd6eec3cb - <alloc[2182bb758b4b3781]::vec::Vec<u8> as core[df12db4294e9bfd3]::io::write::Write>::write_fmt
[INFO] [stdout]    3:     0x56cfd6eebfc9 - std[70759c8f55707aa4]::panicking::default_hook::{closure#0}
[INFO] [stdout]    4:     0x56cfd6eebc4a - std[70759c8f55707aa4]::panicking::default_hook
[INFO] [stdout]    5:     0x56cfd6eeb783 - std[70759c8f55707aa4]::panicking::panic_with_hook
[INFO] [stdout]    6:     0x56cfd6f11821 - std[70759c8f55707aa4]::panicking::panic_handler::{closure#0}
[INFO] [stdout]    7:     0x56cfd6f117d9 - std[70759c8f55707aa4]::sys::backtrace::__rust_end_short_backtrace::<std[70759c8f55707aa4]::panicking::panic_handler::{closure#0}, !>
[INFO] [stdout]    8:     0x56cfd6f11cdc - __rustc[8fa7c3cbc660c2b3]::rust_begin_unwind
[INFO] [stdout]    9:     0x56cfd6ecd48b - core[df12db4294e9bfd3]::panicking::panic_fmt
[INFO] [stdout]   10:     0x56cfd6ea162f - test_fork_core[625ece678c0309f6]::fork::fork::<fn(), ()>
[INFO] [stdout]   11:     0x56cfd6ec59cd - <tetromino[3f988eb5e0b4d4d5]::game::stone::tests::stone_rotation::{closure#0} as core[df12db4294e9bfd3]::ops::function::FnOnce<()>>::call_once
[INFO] [stdout]   12:     0x56cfd6f2aadb - test[9d35eded1c95d3be]::__rust_begin_short_backtrace::<core[df12db4294e9bfd3]::result::Result<(), alloc[2182bb758b4b3781]::string::String>, fn() -> core[df12db4294e9bfd3]::result::Result<(), alloc[2182bb758b4b3781]::string::String>>
[INFO] [stdout]   13:     0x56cfd6f26a92 - test[9d35eded1c95d3be]::run_test::{closure#0}
[INFO] [stdout]   14:     0x56cfd6f261fc - std[70759c8f55707aa4]::sys::backtrace::__rust_begin_short_backtrace::<test[9d35eded1c95d3be]::run_test::{closure#1}, ()>
[INFO] [stdout]   15:     0x56cfd6f411bc - <std[70759c8f55707aa4]::thread::lifecycle::spawn_unchecked<test[9d35eded1c95d3be]::run_test::{closure#1}, ()>::{closure#1} as core[df12db4294e9bfd3]::ops::function::FnOnce<()>>::call_once::{shim:vtable#0}
[INFO] [stdout]   16:     0x56cfd6f12e5a - <std[70759c8f55707aa4]::sys::thread::unix::Thread>::new::thread_start
[INFO] [stdout]   17:     0x728bddf3cdfa - <unknown>
[INFO] [stdout]   18:     0x728bddfd03d4 - clone
[INFO] [stdout]   19:                0x0 - <unknown>
[INFO] [stdout] 
[INFO] [stdout] running 1 test
[INFO] [stdout] 
[INFO] [stdout] thread 'game::stone::tests::stone_rotation' (2170) panicked at src/winit.rs:473:71:
[INFO] [stdout] called `Result::unwrap()` on an `Err` value: Os(OsError { line: 765, file: "/opt/rustwide/cargo-home/registry/src/index.crates.io-1949cf8c6b5b557f/winit-0.30.13/src/platform_impl/linux/mod.rs", error: Misc("neither WAYLAND_DISPLAY nor WAYLAND_SOCKET nor DISPLAY is set.") })
[INFO] [stdout] stack backtrace:
[INFO] [stdout]    0:     0x5bdd2595ad25 - <<std[70759c8f55707aa4]::sys::backtrace::BacktraceLock>::print::DisplayBacktrace as core[df12db4294e9bfd3]::fmt::Display>::fmt
[INFO] [stdout]    1:     0x5bdd2593b5f4 - core[df12db4294e9bfd3]::fmt::write
[INFO] [stdout]    2:     0x5bdd25959a1b - <std[70759c8f55707aa4]::sys::stdio::unix::Stderr as core[df12db4294e9bfd3]::io::write::Write>::write_fmt
[INFO] [stdout]    3:     0x5bdd25959fc9 - std[70759c8f55707aa4]::panicking::default_hook::{closure#0}
[INFO] [stdout]    4:     0x5bdd25959c09 - std[70759c8f55707aa4]::panicking::default_hook
[INFO] [stdout]    5:     0x5bdd25959746 - std[70759c8f55707aa4]::panicking::panic_with_hook
[INFO] [stdout]    6:     0x5bdd2597f821 - std[70759c8f55707aa4]::panicking::panic_handler::{closure#0}
[INFO] [stdout]    7:     0x5bdd2597f7d9 - std[70759c8f55707aa4]::sys::backtrace::__rust_end_short_backtrace::<std[70759c8f55707aa4]::panicking::panic_handler::{closure#0}, !>
[INFO] [stdout]    8:     0x5bdd2597fcdc - __rustc[8fa7c3cbc660c2b3]::rust_begin_unwind
[INFO] [stdout]    9:     0x5bdd2593b48b - core[df12db4294e9bfd3]::panicking::panic_fmt
[INFO] [stdout]   10:     0x5bdd2593f401 - core[df12db4294e9bfd3]::result::unwrap_failed
[INFO] [stdout]   11:     0x5bdd2592ccfb - tetromino[3f988eb5e0b4d4d5]::game::stone::tests::stone_rotation::body_fn
[INFO] [stdout]   12:     0x5bdd2590f67c - test_fork_core[625ece678c0309f6]::fork::fork::<fn(), ()>
[INFO] [stdout]   13:     0x5bdd259339cd - <tetromino[3f988eb5e0b4d4d5]::game::stone::tests::stone_rotation::{closure#0} as core[df12db4294e9bfd3]::ops::function::FnOnce<()>>::call_once
[INFO] [stdout]   14:     0x5bdd25998adb - test[9d35eded1c95d3be]::__rust_begin_short_backtrace::<core[df12db4294e9bfd3]::result::Result<(), alloc[2182bb758b4b3781]::string::String>, fn() -> core[df12db4294e9bfd3]::result::Result<(), alloc[2182bb758b4b3781]::string::String>>
[INFO] [stdout]   15:     0x5bdd25994a92 - test[9d35eded1c95d3be]::run_test::{closure#0}
[INFO] [stdout]   16:     0x5bdd259941fc - std[70759c8f55707aa4]::sys::backtrace::__rust_begin_short_backtrace::<test[9d35eded1c95d3be]::run_test::{closure#1}, ()>
[INFO] [stdout]   17:     0x5bdd259af1bc - <std[70759c8f55707aa4]::thread::lifecycle::spawn_unchecked<test[9d35eded1c95d3be]::run_test::{closure#1}, ()>::{closure#1} as core[df12db4294e9bfd3]::ops::function::FnOnce<()>>::call_once::{shim:vtable#0}
[INFO] [stdout]   18:     0x5bdd25980e5a - <std[70759c8f55707aa4]::sys::thread::unix::Thread>::new::thread_start
[INFO] [stdout]   19:     0x78380d19cdfa - <unknown>
[INFO] [stdout]   20:     0x78380d2303d4 - clone
[INFO] [stdout]   21:                0x0 - <unknown>
[INFO] [stdout] 
[INFO] [stdout] ---- game::factory::tests::stone_dimensions stdout ----
[INFO] [stdout] 
[INFO] [stdout] thread 'game::factory::tests::stone_dimensions' (2147) panicked at /opt/rustwide/cargo-home/registry/src/index.crates.io-1949cf8c6b5b557f/test-fork-core-0.1.3/src/fork.rs:78:9:
[INFO] [stdout] child exited unsuccessfully with exit status: 70
[INFO] [stdout] stack backtrace:
[INFO] [stdout]    0:     0x56cfd6eecd25 - <<std[70759c8f55707aa4]::sys::backtrace::BacktraceLock>::print::DisplayBacktrace as core[df12db4294e9bfd3]::fmt::Display>::fmt
[INFO] [stdout]    1:     0x56cfd6ecd5f4 - core[df12db4294e9bfd3]::fmt::write
[INFO] [stdout]    2:     0x56cfd6eec3cb - <alloc[2182bb758b4b3781]::vec::Vec<u8> as core[df12db4294e9bfd3]::io::write::Write>::write_fmt
[INFO] [stdout]    3:     0x56cfd6eebfc9 - std[70759c8f55707aa4]::panicking::default_hook::{closure#0}
[INFO] [stdout]    4:     0x56cfd6eebc4a - std[70759c8f55707aa4]::panicking::default_hook
[INFO] [stdout]    5:     0x56cfd6eeb783 - std[70759c8f55707aa4]::panicking::panic_with_hook
[INFO] [stdout]    6:     0x56cfd6f11821 - std[70759c8f55707aa4]::panicking::panic_handler::{closure#0}
[INFO] [stdout]    7:     0x56cfd6f117d9 - std[70759c8f55707aa4]::sys::backtrace::__rust_end_short_backtrace::<std[70759c8f55707aa4]::panicking::panic_handler::{closure#0}, !>
[INFO] [stdout]    8:     0x56cfd6f11cdc - __rustc[8fa7c3cbc660c2b3]::rust_begin_unwind
[INFO] [stdout]    9:     0x56cfd6ecd48b - core[df12db4294e9bfd3]::panicking::panic_fmt
[INFO] [stdout]   10:     0x56cfd6ea162f - test_fork_core[625ece678c0309f6]::fork::fork::<fn(), ()>
[INFO] [stdout]   11:     0x56cfd6ec5ed1 - <tetromino[3f988eb5e0b4d4d5]::game::factory::tests::stone_dimensions::{closure#0} as core[df12db4294e9bfd3]::ops::function::FnOnce<()>>::call_once
[INFO] [stdout]   12:     0x56cfd6f2aadb - test[9d35eded1c95d3be]::__rust_begin_short_backtrace::<core[df12db4294e9bfd3]::result::Result<(), alloc[2182bb758b4b3781]::string::String>, fn() -> core[df12db4294e9bfd3]::result::Result<(), alloc[2182bb758b4b3781]::string::String>>
[INFO] [stdout]   13:     0x56cfd6f26a92 - test[9d35eded1c95d3be]::run_test::{closure#0}
[INFO] [stdout]   14:     0x56cfd6f261fc - std[70759c8f55707aa4]::sys::backtrace::__rust_begin_short_backtrace::<test[9d35eded1c95d3be]::run_test::{closure#1}, ()>
[INFO] [stdout]   15:     0x56cfd6f411bc - <std[70759c8f55707aa4]::thread::lifecycle::spawn_unchecked<test[9d35eded1c95d3be]::run_test::{closure#1}, ()>::{closure#1} as core[df12db4294e9bfd3]::ops::function::FnOnce<()>>::call_once::{shim:vtable#0}
[INFO] [stdout]   16:     0x56cfd6f12e5a - <std[70759c8f55707aa4]::sys::thread::unix::Thread>::new::thread_start
[INFO] [stdout]   17:     0x728bddf3cdfa - <unknown>
[INFO] [stdout]   18:     0x728bddfd03d4 - clone
[INFO] [stdout]   19:                0x0 - <unknown>
[INFO] [stdout] 
[INFO] [stdout] running 1 test
[INFO] [stdout] 
[INFO] [stdout] thread 'game::factory::tests::stone_dimensions' (2168) panicked at src/winit.rs:473:71:
[INFO] [stdout] called `Result::unwrap()` on an `Err` value: Os(OsError { line: 765, file: "/opt/rustwide/cargo-home/registry/src/index.crates.io-1949cf8c6b5b557f/winit-0.30.13/src/platform_impl/linux/mod.rs", error: Misc("neither WAYLAND_DISPLAY nor WAYLAND_SOCKET nor DISPLAY is set.") })
[INFO] [stdout] stack backtrace:
[INFO] [stdout]    0:     0x5783897d7d25 - <<std[70759c8f55707aa4]::sys::backtrace::BacktraceLock>::print::DisplayBacktrace as core[df12db4294e9bfd3]::fmt::Display>::fmt
[INFO] [stdout]    1:     0x5783897b85f4 - core[df12db4294e9bfd3]::fmt::write
[INFO] [stdout]    2:     0x5783897d6a1b - <std[70759c8f55707aa4]::sys::stdio::unix::Stderr as core[df12db4294e9bfd3]::io::write::Write>::write_fmt
[INFO] [stdout]    3:     0x5783897d6fc9 - std[70759c8f55707aa4]::panicking::default_hook::{closure#0}
[INFO] [stdout]    4:     0x5783897d6c09 - std[70759c8f55707aa4]::panicking::default_hook
[INFO] [stdout]    5:     0x5783897d6746 - std[70759c8f55707aa4]::panicking::panic_with_hook
[INFO] [stdout]    6:     0x5783897fc821 - std[70759c8f55707aa4]::panicking::panic_handler::{closure#0}
[INFO] [stdout]    7:     0x5783897fc7d9 - std[70759c8f55707aa4]::sys::backtrace::__rust_end_short_backtrace::<std[70759c8f55707aa4]::panicking::panic_handler::{closure#0}, !>
[INFO] [stdout]    8:     0x5783897fccdc - __rustc[8fa7c3cbc660c2b3]::rust_begin_unwind
[INFO] [stdout]    9:     0x5783897b848b - core[df12db4294e9bfd3]::panicking::panic_fmt
[INFO] [stdout]   10:     0x5783897bc401 - core[df12db4294e9bfd3]::result::unwrap_failed
[INFO] [stdout]   11:     0x5783897aa566 - tetromino[3f988eb5e0b4d4d5]::game::factory::tests::stone_dimensions::body_fn
[INFO] [stdout]   12:     0x57838978c67c - test_fork_core[625ece678c0309f6]::fork::fork::<fn(), ()>
[INFO] [stdout]   13:     0x5783897b0ed1 - <tetromino[3f988eb5e0b4d4d5]::game::factory::tests::stone_dimensions::{closure#0} as core[df12db4294e9bfd3]::ops::function::FnOnce<()>>::call_once
[INFO] [stdout]   14:     0x578389815adb - test[9d35eded1c95d3be]::__rust_begin_short_backtrace::<core[df12db4294e9bfd3]::result::Result<(), alloc[2182bb758b4b3781]::string::String>, fn() -> core[df12db4294e9bfd3]::result::Result<(), alloc[2182bb758b4b3781]::string::String>>
[INFO] [stdout]   15:     0x578389811a92 - test[9d35eded1c95d3be]::run_test::{closure#0}
[INFO] [stdout]   16:     0x5783898111fc - std[70759c8f55707aa4]::sys::backtrace::__rust_begin_short_backtrace::<test[9d35eded1c95d3be]::run_test::{closure#1}, ()>
[INFO] [stdout]   17:     0x57838982c1bc - <std[70759c8f55707aa4]::thread::lifecycle::spawn_unchecked<test[9d35eded1c95d3be]::run_test::{closure#1}, ()>::{closure#1} as core[df12db4294e9bfd3]::ops::function::FnOnce<()>>::call_once::{shim:vtable#0}
[INFO] [stdout]   18:     0x5783897fde5a - <std[70759c8f55707aa4]::sys::thread::unix::Thread>::new::thread_start
[INFO] [stdout]   19:     0x704a5dfeddfa - <unknown>
[INFO] [stdout]   20:     0x704a5e0813d4 - clone
[INFO] [stdout]   21:                0x0 - <unknown>
[INFO] [stdout] 
[INFO] [stdout] ---- game::stone::tests::stone_movement stdout ----
[INFO] [stdout] 
[INFO] [stdout] thread 'game::stone::tests::stone_movement' (2156) panicked at /opt/rustwide/cargo-home/registry/src/index.crates.io-1949cf8c6b5b557f/test-fork-core-0.1.3/src/fork.rs:78:9:
[INFO] [stdout] child exited unsuccessfully with exit status: 70
[INFO] [stdout] stack backtrace:
[INFO] [stdout]    0:     0x56cfd6eecd25 - <<std[70759c8f55707aa4]::sys::backtrace::BacktraceLock>::print::DisplayBacktrace as core[df12db4294e9bfd3]::fmt::Display>::fmt
[INFO] [stdout]    1:     0x56cfd6ecd5f4 - core[df12db4294e9bfd3]::fmt::write
[INFO] [stdout]    2:     0x56cfd6eec3cb - <alloc[2182bb758b4b3781]::vec::Vec<u8> as core[df12db4294e9bfd3]::io::write::Write>::write_fmt
[INFO] [stdout]    3:     0x56cfd6eebfc9 - std[70759c8f55707aa4]::panicking::default_hook::{closure#0}
[INFO] [stdout]    4:     0x56cfd6eebc4a - std[70759c8f55707aa4]::panicking::default_hook
[INFO] [stdout]    5:     0x56cfd6eeb783 - std[70759c8f55707aa4]::panicking::panic_with_hook
[INFO] [stdout]    6:     0x56cfd6f11821 - std[70759c8f55707aa4]::panicking::panic_handler::{closure#0}
[INFO] [stdout]    7:     0x56cfd6f117d9 - std[70759c8f55707aa4]::sys::backtrace::__rust_end_short_backtrace::<std[70759c8f55707aa4]::panicking::panic_handler::{closure#0}, !>
[INFO] [stdout]    8:     0x56cfd6f11cdc - __rustc[8fa7c3cbc660c2b3]::rust_begin_unwind
[INFO] [stdout]    9:     0x56cfd6ecd48b - core[df12db4294e9bfd3]::panicking::panic_fmt
[INFO] [stdout]   10:     0x56cfd6ea162f - test_fork_core[625ece678c0309f6]::fork::fork::<fn(), ()>
[INFO] [stdout]   11:     0x56cfd6ec592f - <tetromino[3f988eb5e0b4d4d5]::game::stone::tests::stone_movement::{closure#0} as core[df12db4294e9bfd3]::ops::function::FnOnce<()>>::call_once
[INFO] [stdout]   12:     0x56cfd6f2aadb - test[9d35eded1c95d3be]::__rust_begin_short_backtrace::<core[df12db4294e9bfd3]::result::Result<(), alloc[2182bb758b4b3781]::string::String>, fn() -> core[df12db4294e9bfd3]::result::Result<(), alloc[2182bb758b4b3781]::string::String>>
[INFO] [stdout]   13:     0x56cfd6f26a92 - test[9d35eded1c95d3be]::run_test::{closure#0}
[INFO] [stdout]   14:     0x56cfd6f261fc - std[70759c8f55707aa4]::sys::backtrace::__rust_begin_short_backtrace::<test[9d35eded1c95d3be]::run_test::{closure#1}, ()>
[INFO] [stdout]   15:     0x56cfd6f411bc - <std[70759c8f55707aa4]::thread::lifecycle::spawn_unchecked<test[9d35eded1c95d3be]::run_test::{closure#1}, ()>::{closure#1} as core[df12db4294e9bfd3]::ops::function::FnOnce<()>>::call_once::{shim:vtable#0}
[INFO] [stdout]   16:     0x56cfd6f12e5a - <std[70759c8f55707aa4]::sys::thread::unix::Thread>::new::thread_start
[INFO] [stdout]   17:     0x728bddf3cdfa - <unknown>
[INFO] [stdout]   18:     0x728bddfd03d4 - clone
[INFO] [stdout]   19:                0x0 - <unknown>
[INFO] [stdout] 
[INFO] [stdout] running 1 test
[INFO] [stdout] 
[INFO] [stdout] thread 'game::stone::tests::stone_movement' (2169) panicked at src/winit.rs:473:71:
[INFO] [stdout] called `Result::unwrap()` on an `Err` value: Os(OsError { line: 765, file: "/opt/rustwide/cargo-home/registry/src/index.crates.io-1949cf8c6b5b557f/winit-0.30.13/src/platform_impl/linux/mod.rs", error: Misc("neither WAYLAND_DISPLAY nor WAYLAND_SOCKET nor DISPLAY is set.") })
[INFO] [stdout] stack backtrace:
[INFO] [stdout]    0:     0x59f965c8bd25 - <<std[70759c8f55707aa4]::sys::backtrace::BacktraceLock>::print::DisplayBacktrace as core[df12db4294e9bfd3]::fmt::Display>::fmt
[INFO] [stdout]    1:     0x59f965c6c5f4 - core[df12db4294e9bfd3]::fmt::write
[INFO] [stdout]    2:     0x59f965c8aa1b - <std[70759c8f55707aa4]::sys::stdio::unix::Stderr as core[df12db4294e9bfd3]::io::write::Write>::write_fmt
[INFO] [stdout]    3:     0x59f965c8afc9 - std[70759c8f55707aa4]::panicking::default_hook::{closure#0}
[INFO] [stdout]    4:     0x59f965c8ac09 - std[70759c8f55707aa4]::panicking::default_hook
[INFO] [stdout]    5:     0x59f965c8a746 - std[70759c8f55707aa4]::panicking::panic_with_hook
[INFO] [stdout]    6:     0x59f965cb0821 - std[70759c8f55707aa4]::panicking::panic_handler::{closure#0}
[INFO] [stdout]    7:     0x59f965cb07d9 - std[70759c8f55707aa4]::sys::backtrace::__rust_end_short_backtrace::<std[70759c8f55707aa4]::panicking::panic_handler::{closure#0}, !>
[INFO] [stdout]    8:     0x59f965cb0cdc - __rustc[8fa7c3cbc660c2b3]::rust_begin_unwind
[INFO] [stdout]    9:     0x59f965c6c48b - core[df12db4294e9bfd3]::panicking::panic_fmt
[INFO] [stdout]   10:     0x59f965c70401 - core[df12db4294e9bfd3]::result::unwrap_failed
[INFO] [stdout]   11:     0x59f965c5d71f - tetromino[3f988eb5e0b4d4d5]::game::stone::tests::stone_movement::body_fn
[INFO] [stdout]   12:     0x59f965c4067c - test_fork_core[625ece678c0309f6]::fork::fork::<fn(), ()>
[INFO] [stdout]   13:     0x59f965c6492f - <tetromino[3f988eb5e0b4d4d5]::game::stone::tests::stone_movement::{closure#0} as core[df12db4294e9bfd3]::ops::function::FnOnce<()>>::call_once
[INFO] [stdout]   14:     0x59f965cc9adb - test[9d35eded1c95d3be]::__rust_begin_short_backtrace::<core[df12db4294e9bfd3]::result::Result<(), alloc[2182bb758b4b3781]::string::String>, fn() -> core[df12db4294e9bfd3]::result::Result<(), alloc[2182bb758b4b3781]::string::String>>
[INFO] [stdout]   15:     0x59f965cc5a92 - test[9d35eded1c95d3be]::run_test::{closure#0}
[INFO] [stdout]   16:     0x59f965cc51fc - std[70759c8f55707aa4]::sys::backtrace::__rust_begin_short_backtrace::<test[9d35eded1c95d3be]::run_test::{closure#1}, ()>
[INFO] [stdout]   17:     0x59f965ce01bc - <std[70759c8f55707aa4]::thread::lifecycle::spawn_unchecked<test[9d35eded1c95d3be]::run_test::{closure#1}, ()>::{closure#1} as core[df12db4294e9bfd3]::ops::function::FnOnce<()>>::call_once::{shim:vtable#0}
[INFO] [stdout]   18:     0x59f965cb1e5a - <std[70759c8f55707aa4]::sys::thread::unix::Thread>::new::thread_start
[INFO] [stdout]   19:     0x761ffd5c5dfa - <unknown>
[INFO] [stdout]   20:     0x761ffd6593d4 - clone
[INFO] [stdout]   21:                0x0 - <unknown>
[INFO] [stdout] 
[INFO] [stdout] ---- game::score::tests::score_counting stdout ----
[INFO] [stdout] 
[INFO] [stdout] thread 'game::score::tests::score_counting' (2154) panicked at /opt/rustwide/cargo-home/registry/src/index.crates.io-1949cf8c6b5b557f/test-fork-core-0.1.3/src/fork.rs:78:9:
[INFO] [stdout] child exited unsuccessfully with exit status: 70
[INFO] [stdout] stack backtrace:
[INFO] [stdout]    0:     0x56cfd6eecd25 - <<std[70759c8f55707aa4]::sys::backtrace::BacktraceLock>::print::DisplayBacktrace as core[df12db4294e9bfd3]::fmt::Display>::fmt
[INFO] [stdout]    1:     0x56cfd6ecd5f4 - core[df12db4294e9bfd3]::fmt::write
[INFO] [stdout]    2:     0x56cfd6eec3cb - <alloc[2182bb758b4b3781]::vec::Vec<u8> as core[df12db4294e9bfd3]::io::write::Write>::write_fmt
[INFO] [stdout]    3:     0x56cfd6eebfc9 - std[70759c8f55707aa4]::panicking::default_hook::{closure#0}
[INFO] [stdout]    4:     0x56cfd6eebc4a - std[70759c8f55707aa4]::panicking::default_hook
[INFO] [stdout]    5:     0x56cfd6eeb783 - std[70759c8f55707aa4]::panicking::panic_with_hook
[INFO] [stdout]    6:     0x56cfd6f11821 - std[70759c8f55707aa4]::panicking::panic_handler::{closure#0}
[INFO] [stdout]    7:     0x56cfd6f117d9 - std[70759c8f55707aa4]::sys::backtrace::__rust_end_short_backtrace::<std[70759c8f55707aa4]::panicking::panic_handler::{closure#0}, !>
[INFO] [stdout]    8:     0x56cfd6f11cdc - __rustc[8fa7c3cbc660c2b3]::rust_begin_unwind
[INFO] [stdout]    9:     0x56cfd6ecd48b - core[df12db4294e9bfd3]::panicking::panic_fmt
[INFO] [stdout]   10:     0x56cfd6ea162f - test_fork_core[625ece678c0309f6]::fork::fork::<fn(), ()>
[INFO] [stdout]   11:     0x56cfd6ec5426 - <tetromino[3f988eb5e0b4d4d5]::game::score::tests::score_counting::{closure#0} as core[df12db4294e9bfd3]::ops::function::FnOnce<()>>::call_once
[INFO] [stdout]   12:     0x56cfd6f2aadb - test[9d35eded1c95d3be]::__rust_begin_short_backtrace::<core[df12db4294e9bfd3]::result::Result<(), alloc[2182bb758b4b3781]::string::String>, fn() -> core[df12db4294e9bfd3]::result::Result<(), alloc[2182bb758b4b3781]::string::String>>
[INFO] [stdout]   13:     0x56cfd6f26a92 - test[9d35eded1c95d3be]::run_test::{closure#0}
[INFO] [stdout]   14:     0x56cfd6f261fc - std[70759c8f55707aa4]::sys::backtrace::__rust_begin_short_backtrace::<test[9d35eded1c95d3be]::run_test::{closure#1}, ()>
[INFO] [stdout]   15:     0x56cfd6f411bc - <std[70759c8f55707aa4]::thread::lifecycle::spawn_unchecked<test[9d35eded1c95d3be]::run_test::{closure#1}, ()>::{closure#1} as core[df12db4294e9bfd3]::ops::function::FnOnce<()>>::call_once::{shim:vtable#0}
[INFO] [stdout]   16:     0x56cfd6f12e5a - <std[70759c8f55707aa4]::sys::thread::unix::Thread>::new::thread_start
[INFO] [stdout]   17:     0x728bddf3cdfa - <unknown>
[INFO] [stdout]   18:     0x728bddfd03d4 - clone
[INFO] [stdout]   19:                0x0 - <unknown>
[INFO] [stdout] 
[INFO] [stdout] running 1 test
[INFO] [stdout] 
[INFO] [stdout] thread 'game::score::tests::score_counting' (2171) panicked at src/winit.rs:473:71:
[INFO] [stdout] called `Result::unwrap()` on an `Err` value: Os(OsError { line: 765, file: "/opt/rustwide/cargo-home/registry/src/index.crates.io-1949cf8c6b5b557f/winit-0.30.13/src/platform_impl/linux/mod.rs", error: Misc("neither WAYLAND_DISPLAY nor WAYLAND_SOCKET nor DISPLAY is set.") })
[INFO] [stdout] stack backtrace:
[INFO] [stderr] error: test failed, to rerun pass `--lib`
[INFO] [stdout]    0:     0x6452c7f4dd25 - <<std[70759c8f55707aa4]::sys::backtrace::BacktraceLock>::print::DisplayBacktrace as core[df12db4294e9bfd3]::fmt::Display>::fmt
[INFO] [stdout]    1:     0x6452c7f2e5f4 - core[df12db4294e9bfd3]::fmt::write
[INFO] [stdout]    2:     0x6452c7f4ca1b - <std[70759c8f55707aa4]::sys::stdio::unix::Stderr as core[df12db4294e9bfd3]::io::write::Write>::write_fmt
[INFO] [stdout]    3:     0x6452c7f4cfc9 - std[70759c8f55707aa4]::panicking::default_hook::{closure#0}
[INFO] [stdout]    4:     0x6452c7f4cc09 - std[70759c8f55707aa4]::panicking::default_hook
[INFO] [stdout]    5:     0x6452c7f4c746 - std[70759c8f55707aa4]::panicking::panic_with_hook
[INFO] [stdout]    6:     0x6452c7f72821 - std[70759c8f55707aa4]::panicking::panic_handler::{closure#0}
[INFO] [stdout]    7:     0x6452c7f727d9 - std[70759c8f55707aa4]::sys::backtrace::__rust_end_short_backtrace::<std[70759c8f55707aa4]::panicking::panic_handler::{closure#0}, !>
[INFO] [stdout]    8:     0x6452c7f72cdc - __rustc[8fa7c3cbc660c2b3]::rust_begin_unwind
[INFO] [stdout]    9:     0x6452c7f2e48b - core[df12db4294e9bfd3]::panicking::panic_fmt
[INFO] [stdout]   10:     0x6452c7f32401 - core[df12db4294e9bfd3]::result::unwrap_failed
[INFO] [stdout]   11:     0x6452c7f1ea64 - tetromino[3f988eb5e0b4d4d5]::game::score::tests::score_counting::body_fn
[INFO] [stdout]   12:     0x6452c7f0267c - test_fork_core[625ece678c0309f6]::fork::fork::<fn(), ()>
[INFO] [stdout]   13:     0x6452c7f26426 - <tetromino[3f988eb5e0b4d4d5]::game::score::tests::score_counting::{closure#0} as core[df12db4294e9bfd3]::ops::function::FnOnce<()>>::call_once
[INFO] [stdout]   14:     0x6452c7f8badb - test[9d35eded1c95d3be]::__rust_begin_short_backtrace::<core[df12db4294e9bfd3]::result::Result<(), alloc[2182bb758b4b3781]::string::String>, fn() -> core[df12db4294e9bfd3]::result::Result<(), alloc[2182bb758b4b3781]::string::String>>
[INFO] [stdout]   15:     0x6452c7f87a92 - test[9d35eded1c95d3be]::run_test::{closure#0}
[INFO] [stdout]   16:     0x6452c7f871fc - std[70759c8f55707aa4]::sys::backtrace::__rust_begin_short_backtrace::<test[9d35eded1c95d3be]::run_test::{closure#1}, ()>
[INFO] [stdout]   17:     0x6452c7fa21bc - <std[70759c8f55707aa4]::thread::lifecycle::spawn_unchecked<test[9d35eded1c95d3be]::run_test::{closure#1}, ()>::{closure#1} as core[df12db4294e9bfd3]::ops::function::FnOnce<()>>::call_once::{shim:vtable#0}
[INFO] [stdout]   18:     0x6452c7f73e5a - <std[70759c8f55707aa4]::sys::thread::unix::Thread>::new::thread_start
[INFO] [stdout]   19:     0x70110c52bdfa - <unknown>
[INFO] [stdout]   20:     0x70110c5bf3d4 - clone
[INFO] [stdout]   21:                0x0 - <unknown>
[INFO] [stdout] 
[INFO] [stdout] ---- game::stone::tests::stone_bounds stdout ----
[INFO] [stdout] 
[INFO] [stdout] thread 'game::stone::tests::stone_bounds' (2155) panicked at /opt/rustwide/cargo-home/registry/src/index.crates.io-1949cf8c6b5b557f/test-fork-core-0.1.3/src/fork.rs:78:9:
[INFO] [stdout] child exited unsuccessfully with exit status: 70
[INFO] [stdout] stack backtrace:
[INFO] [stdout]    0:     0x56cfd6eecd25 - <<std[70759c8f55707aa4]::sys::backtrace::BacktraceLock>::print::DisplayBacktrace as core[df12db4294e9bfd3]::fmt::Display>::fmt
[INFO] [stdout]    1:     0x56cfd6ecd5f4 - core[df12db4294e9bfd3]::fmt::write
[INFO] [stdout]    2:     0x56cfd6eec3cb - <alloc[2182bb758b4b3781]::vec::Vec<u8> as core[df12db4294e9bfd3]::io::write::Write>::write_fmt
[INFO] [stdout]    3:     0x56cfd6eebfc9 - std[70759c8f55707aa4]::panicking::default_hook::{closure#0}
[INFO] [stdout]    4:     0x56cfd6eebc4a - std[70759c8f55707aa4]::panicking::default_hook
[INFO] [stdout]    5:     0x56cfd6eeb783 - std[70759c8f55707aa4]::panicking::panic_with_hook
[INFO] [stdout]    6:     0x56cfd6f11821 - std[70759c8f55707aa4]::panicking::panic_handler::{closure#0}
[INFO] [stdout]    7:     0x56cfd6f117d9 - std[70759c8f55707aa4]::sys::backtrace::__rust_end_short_backtrace::<std[70759c8f55707aa4]::panicking::panic_handler::{closure#0}, !>
[INFO] [stdout]    8:     0x56cfd6f11cdc - __rustc[8fa7c3cbc660c2b3]::rust_begin_unwind
[INFO] [stdout]    9:     0x56cfd6ecd48b - core[df12db4294e9bfd3]::panicking::panic_fmt
[INFO] [stdout]   10:     0x56cfd6ea162f - test_fork_core[625ece678c0309f6]::fork::fork::<fn(), ()>
[INFO] [stdout]   11:     0x56cfd6ec5891 - <tetromino[3f988eb5e0b4d4d5]::game::stone::tests::stone_bounds::{closure#0} as core[df12db4294e9bfd3]::ops::function::FnOnce<()>>::call_once
[INFO] [stdout]   12:     0x56cfd6f2aadb - test[9d35eded1c95d3be]::__rust_begin_short_backtrace::<core[df12db4294e9bfd3]::result::Result<(), alloc[2182bb758b4b3781]::string::String>, fn() -> core[df12db4294e9bfd3]::result::Result<(), alloc[2182bb758b4b3781]::string::String>>
[INFO] [stdout]   13:     0x56cfd6f26a92 - test[9d35eded1c95d3be]::run_test::{closure#0}
[INFO] [stdout]   14:     0x56cfd6f261fc - std[70759c8f55707aa4]::sys::backtrace::__rust_begin_short_backtrace::<test[9d35eded1c95d3be]::run_test::{closure#1}, ()>
[INFO] [stdout]   15:     0x56cfd6f411bc - <std[70759c8f55707aa4]::thread::lifecycle::spawn_unchecked<test[9d35eded1c95d3be]::run_test::{closure#1}, ()>::{closure#1} as core[df12db4294e9bfd3]::ops::function::FnOnce<()>>::call_once::{shim:vtable#0}
[INFO] [stdout]   16:     0x56cfd6f12e5a - <std[70759c8f55707aa4]::sys::thread::unix::Thread>::new::thread_start
[INFO] [stdout]   17:     0x728bddf3cdfa - <unknown>
[INFO] [stdout]   18:     0x728bddfd03d4 - clone
[INFO] [stdout]   19:                0x0 - <unknown>
[INFO] [stdout] 
[INFO] [stdout] running 1 test
[INFO] [stdout] 
[INFO] [stdout] thread 'game::stone::tests::stone_bounds' (2172) panicked at src/winit.rs:473:71:
[INFO] [stdout] called `Result::unwrap()` on an `Err` value: Os(OsError { line: 765, file: "/opt/rustwide/cargo-home/registry/src/index.crates.io-1949cf8c6b5b557f/winit-0.30.13/src/platform_impl/linux/mod.rs", error: Misc("neither WAYLAND_DISPLAY nor WAYLAND_SOCKET nor DISPLAY is set.") })
[INFO] [stdout] stack backtrace:
[INFO] [stdout]    0:     0x574956be9d25 - <<std[70759c8f55707aa4]::sys::backtrace::BacktraceLock>::print::DisplayBacktrace as core[df12db4294e9bfd3]::fmt::Display>::fmt
[INFO] [stdout]    1:     0x574956bca5f4 - core[df12db4294e9bfd3]::fmt::write
[INFO] [stdout]    2:     0x574956be8a1b - <std[70759c8f55707aa4]::sys::stdio::unix::Stderr as core[df12db4294e9bfd3]::io::write::Write>::write_fmt
[INFO] [stdout]    3:     0x574956be8fc9 - std[70759c8f55707aa4]::panicking::default_hook::{closure#0}
[INFO] [stdout]    4:     0x574956be8c09 - std[70759c8f55707aa4]::panicking::default_hook
[INFO] [stdout]    5:     0x574956be8746 - std[70759c8f55707aa4]::panicking::panic_with_hook
[INFO] [stdout]    6:     0x574956c0e821 - std[70759c8f55707aa4]::panicking::panic_handler::{closure#0}
[INFO] [stdout]    7:     0x574956c0e7d9 - std[70759c8f55707aa4]::sys::backtrace::__rust_end_short_backtrace::<std[70759c8f55707aa4]::panicking::panic_handler::{closure#0}, !>
[INFO] [stdout]    8:     0x574956c0ecdc - __rustc[8fa7c3cbc660c2b3]::rust_begin_unwind
[INFO] [stdout]    9:     0x574956bca48b - core[df12db4294e9bfd3]::panicking::panic_fmt
[INFO] [stdout]   10:     0x574956bce401 - core[df12db4294e9bfd3]::result::unwrap_failed
[INFO] [stdout]   11:     0x574956bbb15d - tetromino[3f988eb5e0b4d4d5]::game::stone::tests::stone_bounds::body_fn
[INFO] [stdout]   12:     0x574956b9e67c - test_fork_core[625ece678c0309f6]::fork::fork::<fn(), ()>
[INFO] [stdout]   13:     0x574956bc2891 - <tetromino[3f988eb5e0b4d4d5]::game::stone::tests::stone_bounds::{closure#0} as core[df12db4294e9bfd3]::ops::function::FnOnce<()>>::call_once
[INFO] [stdout]   14:     0x574956c27adb - test[9d35eded1c95d3be]::__rust_begin_short_backtrace::<core[df12db4294e9bfd3]::result::Result<(), alloc[2182bb758b4b3781]::string::String>, fn() -> core[df12db4294e9bfd3]::result::Result<(), alloc[2182bb758b4b3781]::string::String>>
[INFO] [stdout]   15:     0x574956c23a92 - test[9d35eded1c95d3be]::run_test::{closure#0}
[INFO] [stdout]   16:     0x574956c231fc - std[70759c8f55707aa4]::sys::backtrace::__rust_begin_short_backtrace::<test[9d35eded1c95d3be]::run_test::{closure#1}, ()>
[INFO] [stdout]   17:     0x574956c3e1bc - <std[70759c8f55707aa4]::thread::lifecycle::spawn_unchecked<test[9d35eded1c95d3be]::run_test::{closure#1}, ()>::{closure#1} as core[df12db4294e9bfd3]::ops::function::FnOnce<()>>::call_once::{shim:vtable#0}
[INFO] [stdout]   18:     0x574956c0fe5a - <std[70759c8f55707aa4]::sys::thread::unix::Thread>::new::thread_start
[INFO] [stdout]   19:     0x764f95414dfa - <unknown>
[INFO] [stdout]   20:     0x764f954a83d4 - clone
[INFO] [stdout]   21:                0x0 - <unknown>
[INFO] [stdout] 
[INFO] [stdout] 
[INFO] [stdout] failures:
[INFO] [stdout]     game::factory::tests::stone_dimensions
[INFO] [stdout]     game::score::tests::score_counting
[INFO] [stdout]     game::stone::tests::stone_bounds
[INFO] [stdout]     game::stone::tests::stone_movement
[INFO] [stdout]     game::stone::tests::stone_rotation
[INFO] [stdout] 
[INFO] [stdout] test result: FAILED. 47 passed; 5 failed; 5 ignored; 0 measured; 0 filtered out; finished in 0.11s
[INFO] [stdout] 
[INFO] running `Command { std: "docker" "inspect" "c0bf16281993abc3ee3545d5a50c81c958f5ecc49e99acd524f8ba219198f1b9", kill_on_drop: false }`
[INFO] running `Command { std: "docker" "rm" "-f" "c0bf16281993abc3ee3545d5a50c81c958f5ecc49e99acd524f8ba219198f1b9", kill_on_drop: false }`
[INFO] [stdout] c0bf16281993abc3ee3545d5a50c81c958f5ecc49e99acd524f8ba219198f1b9
