[INFO] fetching crate tetris-rs 0.1.4...
[INFO] testing tetris-rs-0.1.4 against 1.100.0-beta.1+cargoflags=--release for beta-release-1.100-2
[INFO] extracting crate tetris-rs 0.1.4 into /workspace/builds/worker-0-tc2/source
[INFO] started tweaking crates.io crate tetris-rs 0.1.4
[INFO] finished tweaking crates.io crate tetris-rs 0.1.4
[INFO] tweaked toml for crates.io crate tetris-rs 0.1.4 written to /workspace/builds/worker-0-tc2/source/Cargo.toml
[INFO] validating manifest of crates.io crate tetris-rs 0.1.4 on toolchain 1.100.0-beta.1
[INFO] running `Command { std: CARGO_HOME="/workspace/cargo-home" RUSTUP_HOME="/workspace/rustup-home" "/workspace/cargo-home/bin/cargo" "+1.100.0-beta.1" "metadata" "--manifest-path" "Cargo.toml" "--no-deps", kill_on_drop: false }`
[INFO] crate crates.io crate tetris-rs 0.1.4 already has a lockfile, it will not be regenerated
[INFO] running `Command { std: CARGO_HOME="/workspace/cargo-home" RUSTUP_HOME="/workspace/rustup-home" "/workspace/cargo-home/bin/cargo" "+1.100.0-beta.1" "fetch" "--manifest-path" "Cargo.toml", kill_on_drop: false }`
[INFO] [stderr] warning: Cargo.toml: `edition` is set on binary `tetris` which is deprecated
[INFO] [stderr] warning: `package.homepage` is redundant with `package.repository`
[INFO] [stderr]   --> Cargo.toml:33:12
[INFO] [stderr]    |
[INFO] [stderr] 33 | homepage = "https://github.com/kunieone/tetris_rs"
[INFO] [stderr]    |            ^^^^^^^^^^^^^^^^^^^^^^^^^^^^^^^^^^^^^^^
[INFO] [stderr] ...
[INFO] [stderr] 38 | repository = "https://github.com/kunieone/tetris_rs"
[INFO] [stderr]    |              ---------------------------------------
[INFO] [stderr]    |
[INFO] [stderr]    = note: `cargo::redundant_homepage` is set to `warn` by default
[INFO] [stderr] help: consider removing `package.homepage`
[INFO] [stderr] warning: `tetris-rs` (manifest) generated 2 warnings
[INFO] running `Command { std: "docker" "create" "-v" "/var/lib/crater-agent-workspace/builds/worker-0-tc2/source:/opt/rustwide/workdir:ro,Z" "-v" "/var/lib/crater-agent-workspace/builds/worker-0-tc2/target:/opt/rustwide/target:rw,Z" "-v" "/var/lib/crater-agent-workspace/cargo-home:/opt/rustwide/cargo-home:ro,Z" "-v" "/var/lib/crater-agent-workspace/rustup-home:/opt/rustwide/rustup-home:ro,Z" "-m" "1610612736" "--network" "none" "ghcr.io/rust-lang/crates-build-env/linux@sha256:77db811e55d90add9212f6832c23229e3de5f1c1f9905e8cb07319ea15df73ac" "sleep" "infinity", kill_on_drop: false }`
[INFO] [stdout] 82311f3138a87234c6d22b21f199f99cd306adfe6cedfc068754631ff41a83dd
[INFO] running `Command { std: "docker" "start" "82311f3138a87234c6d22b21f199f99cd306adfe6cedfc068754631ff41a83dd", kill_on_drop: false }`
[INFO] running `Command { std: "docker" "inspect" "82311f3138a87234c6d22b21f199f99cd306adfe6cedfc068754631ff41a83dd", kill_on_drop: false }`
[INFO] running `Command { std: "docker" "exec" "-e" "SOURCE_DIR=/opt/rustwide/workdir" "-e" "CARGO_HOME=/opt/rustwide/cargo-home" "-e" "RUSTUP_HOME=/opt/rustwide/rustup-home" "-e" "CARGO_TARGET_DIR=/opt/rustwide/target" "-w" "/opt/rustwide/workdir" "--user" "0:0" "82311f3138a87234c6d22b21f199f99cd306adfe6cedfc068754631ff41a83dd" "/opt/rustwide/cargo-home/bin/cargo" "+1.100.0-beta.1" "metadata" "--no-deps" "--format-version=1", kill_on_drop: false }`
[INFO] running `Command { std: "docker" "inspect" "82311f3138a87234c6d22b21f199f99cd306adfe6cedfc068754631ff41a83dd", kill_on_drop: false }`
[INFO] running `Command { std: "docker" "exec" "-e" "SOURCE_DIR=/opt/rustwide/workdir" "-e" "CARGO_HOME=/opt/rustwide/cargo-home" "-e" "RUSTUP_HOME=/opt/rustwide/rustup-home" "-e" "CARGO_TARGET_DIR=/opt/rustwide/target" "-e" "CARGO_INCREMENTAL=0" "-e" "RUST_BACKTRACE=full" "-e" "RUSTFLAGS=--cap-lints=warn" "-e" "RUSTDOCFLAGS=--cap-lints=warn" "-w" "/opt/rustwide/workdir" "--user" "0:0" "82311f3138a87234c6d22b21f199f99cd306adfe6cedfc068754631ff41a83dd" "/opt/rustwide/cargo-home/bin/cargo" "+1.100.0-beta.1" "build" "--frozen" "--message-format=json" "--release", kill_on_drop: false }`
[INFO] [stderr] warning: Cargo.toml: `edition` is set on binary `tetris` which is deprecated
[INFO] [stderr] warning: `package.homepage` is redundant with `package.repository`
[INFO] [stderr]   --> Cargo.toml:33:12
[INFO] [stderr]    |
[INFO] [stderr] 33 | homepage = "https://github.com/kunieone/tetris_rs"
[INFO] [stderr]    |            ^^^^^^^^^^^^^^^^^^^^^^^^^^^^^^^^^^^^^^^
[INFO] [stderr] ...
[INFO] [stderr] 38 | repository = "https://github.com/kunieone/tetris_rs"
[INFO] [stderr]    |              ---------------------------------------
[INFO] [stderr]    |
[INFO] [stderr]    = note: `cargo::redundant_homepage` is set to `warn` by default
[INFO] [stderr] help: consider removing `package.homepage`
[INFO] [stderr] warning: `tetris-rs` (manifest) generated 2 warnings
[INFO] [stderr]    Compiling libc v0.2.139
[INFO] [stderr]    Compiling cfg-if v1.0.0
[INFO] [stderr]    Compiling autocfg v1.1.0
[INFO] [stderr]    Compiling log v0.4.17
[INFO] [stderr]    Compiling proc-macro2 v1.0.50
[INFO] [stderr]    Compiling unicode-ident v1.0.6
[INFO] [stderr]    Compiling parking_lot_core v0.9.7
[INFO] [stderr]    Compiling quote v1.0.23
[INFO] [stderr]    Compiling signal-hook v0.3.14
[INFO] [stderr]    Compiling smallvec v1.10.0
[INFO] [stderr]    Compiling futures-core v0.3.26
[INFO] [stderr]    Compiling rustversion v1.0.11
[INFO] [stderr]    Compiling syn v1.0.107
[INFO] [stderr]    Compiling ppv-lite86 v0.2.17
[INFO] [stderr]    Compiling numtoa v0.1.0
[INFO] [stderr]    Compiling bitflags v1.3.2
[INFO] [stderr]    Compiling heck v0.4.1
[INFO] [stderr]    Compiling strum v0.24.1
[INFO] [stderr]    Compiling dotenv v0.15.0
[INFO] [stderr]    Compiling lock_api v0.4.9
[INFO] [stderr]    Compiling getrandom v0.2.8
[INFO] [stderr]    Compiling signal-hook-registry v1.4.0
[INFO] [stderr]    Compiling mio v0.8.5
[INFO] [stderr]    Compiling atty v0.2.14
[INFO] [stderr]    Compiling termion v2.0.1
[INFO] [stderr]    Compiling colored v2.0.0
[INFO] [stderr]    Compiling rand_core v0.6.4
[INFO] [stderr]    Compiling parking_lot v0.12.1
[INFO] [stderr]    Compiling rand_chacha v0.3.1
[INFO] [stderr]    Compiling rand v0.8.5
[INFO] [stderr]    Compiling signal-hook-mio v0.2.3
[INFO] [stderr]    Compiling crossterm v0.26.0
[INFO] [stderr]    Compiling strum_macros v0.24.3
[INFO] [stderr]    Compiling tetris-rs v0.1.4 (/opt/rustwide/workdir)
[INFO] [stdout] warning: use of deprecated constant `std::isize::MAX`: replaced by the `MAX` associated constant on this type
[INFO] [stdout]    --> src/bricks.rs:133:29
[INFO] [stdout]     |
[INFO] [stdout] 133 |                 std::isize::MAX,
[INFO] [stdout]     |                             ^^^
[INFO] [stdout]     |
[INFO] [stdout]     = note: `#[warn(deprecated)]` on by default
[INFO] [stdout] 
[INFO] [stdout] 
[INFO] [stdout] warning: use of deprecated constant `std::isize::MIN`: replaced by the `MIN` associated constant on this type
[INFO] [stdout]    --> src/bricks.rs:134:29
[INFO] [stdout]     |
[INFO] [stdout] 134 |                 std::isize::MIN,
[INFO] [stdout]     |                             ^^^
[INFO] [stdout] 
[INFO] [stdout] 
[INFO] [stdout] warning: use of deprecated constant `std::isize::MAX`: replaced by the `MAX` associated constant on this type
[INFO] [stdout]    --> src/bricks.rs:135:29
[INFO] [stdout]     |
[INFO] [stdout] 135 |                 std::isize::MAX,
[INFO] [stdout]     |                             ^^^
[INFO] [stdout] 
[INFO] [stdout] 
[INFO] [stdout] warning: use of deprecated constant `std::isize::MIN`: replaced by the `MIN` associated constant on this type
[INFO] [stdout]    --> src/bricks.rs:136:29
[INFO] [stdout]     |
[INFO] [stdout] 136 |                 std::isize::MIN,
[INFO] [stdout]     |                             ^^^
[INFO] [stdout] 
[INFO] [stdout] 
[INFO] [stderr]     Finished `release` profile [optimized] target(s) in 16.62s
[INFO] running `Command { std: "docker" "inspect" "82311f3138a87234c6d22b21f199f99cd306adfe6cedfc068754631ff41a83dd", kill_on_drop: false }`
[INFO] running `Command { std: "docker" "exec" "-e" "SOURCE_DIR=/opt/rustwide/workdir" "-e" "CARGO_HOME=/opt/rustwide/cargo-home" "-e" "RUSTUP_HOME=/opt/rustwide/rustup-home" "-e" "CARGO_TARGET_DIR=/opt/rustwide/target" "-e" "CARGO_INCREMENTAL=0" "-e" "RUST_BACKTRACE=full" "-e" "RUSTFLAGS=--cap-lints=warn" "-e" "RUSTDOCFLAGS=--cap-lints=warn" "-w" "/opt/rustwide/workdir" "--user" "0:0" "82311f3138a87234c6d22b21f199f99cd306adfe6cedfc068754631ff41a83dd" "/opt/rustwide/cargo-home/bin/cargo" "+1.100.0-beta.1" "test" "--frozen" "--no-run" "--message-format=json" "--release", kill_on_drop: false }`
[INFO] [stderr] warning: Cargo.toml: `edition` is set on binary `tetris` which is deprecated
[INFO] [stderr] warning: `package.homepage` is redundant with `package.repository`
[INFO] [stderr]   --> Cargo.toml:33:12
[INFO] [stderr]    |
[INFO] [stderr] 33 | homepage = "https://github.com/kunieone/tetris_rs"
[INFO] [stderr]    |            ^^^^^^^^^^^^^^^^^^^^^^^^^^^^^^^^^^^^^^^
[INFO] [stderr] ...
[INFO] [stderr] 38 | repository = "https://github.com/kunieone/tetris_rs"
[INFO] [stderr]    |              ---------------------------------------
[INFO] [stderr]    |
[INFO] [stderr]    = note: `cargo::redundant_homepage` is set to `warn` by default
[INFO] [stderr] help: consider removing `package.homepage`
[INFO] [stderr] warning: `tetris-rs` (manifest) generated 2 warnings
[INFO] [stderr]    Compiling tetris-rs v0.1.4 (/opt/rustwide/workdir)
[INFO] [stdout] warning: use of deprecated constant `std::isize::MAX`: replaced by the `MAX` associated constant on this type
[INFO] [stdout]    --> src/bricks.rs:133:29
[INFO] [stdout]     |
[INFO] [stdout] 133 |                 std::isize::MAX,
[INFO] [stdout]     |                             ^^^
[INFO] [stdout]     |
[INFO] [stdout]     = note: `#[warn(deprecated)]` on by default
[INFO] [stdout] 
[INFO] [stdout] 
[INFO] [stdout] warning: use of deprecated constant `std::isize::MIN`: replaced by the `MIN` associated constant on this type
[INFO] [stdout]    --> src/bricks.rs:134:29
[INFO] [stdout]     |
[INFO] [stdout] 134 |                 std::isize::MIN,
[INFO] [stdout]     |                             ^^^
[INFO] [stdout] 
[INFO] [stdout] 
[INFO] [stdout] warning: use of deprecated constant `std::isize::MAX`: replaced by the `MAX` associated constant on this type
[INFO] [stdout]    --> src/bricks.rs:135:29
[INFO] [stdout]     |
[INFO] [stdout] 135 |                 std::isize::MAX,
[INFO] [stdout]     |                             ^^^
[INFO] [stdout] 
[INFO] [stdout] 
[INFO] [stdout] warning: use of deprecated constant `std::isize::MIN`: replaced by the `MIN` associated constant on this type
[INFO] [stdout]    --> src/bricks.rs:136:29
[INFO] [stdout]     |
[INFO] [stdout] 136 |                 std::isize::MIN,
[INFO] [stdout]     |                             ^^^
[INFO] [stdout] 
[INFO] [stdout] 
[INFO] [stderr]     Finished `release` profile [optimized] target(s) in 10.77s
[INFO] running `Command { std: "docker" "inspect" "82311f3138a87234c6d22b21f199f99cd306adfe6cedfc068754631ff41a83dd", kill_on_drop: false }`
[INFO] running `Command { std: "docker" "exec" "-e" "SOURCE_DIR=/opt/rustwide/workdir" "-e" "CARGO_HOME=/opt/rustwide/cargo-home" "-e" "RUSTUP_HOME=/opt/rustwide/rustup-home" "-e" "CARGO_TARGET_DIR=/opt/rustwide/target" "-e" "CARGO_INCREMENTAL=0" "-e" "RUST_BACKTRACE=full" "-e" "RUSTFLAGS=--cap-lints=warn" "-e" "RUSTDOCFLAGS=--cap-lints=warn" "-w" "/opt/rustwide/workdir" "--user" "0:0" "82311f3138a87234c6d22b21f199f99cd306adfe6cedfc068754631ff41a83dd" "/opt/rustwide/cargo-home/bin/cargo" "+1.100.0-beta.1" "test" "--frozen" "--release", kill_on_drop: false }`
[INFO] [stderr] warning: Cargo.toml: `edition` is set on binary `tetris` which is deprecated
[INFO] [stderr] warning: `package.homepage` is redundant with `package.repository`
[INFO] [stderr]   --> Cargo.toml:33:12
[INFO] [stderr]    |
[INFO] [stderr] 33 | homepage = "https://github.com/kunieone/tetris_rs"
[INFO] [stderr]    |            ^^^^^^^^^^^^^^^^^^^^^^^^^^^^^^^^^^^^^^^
[INFO] [stderr] ...
[INFO] [stderr] 38 | repository = "https://github.com/kunieone/tetris_rs"
[INFO] [stderr]    |              ---------------------------------------
[INFO] [stderr]    |
[INFO] [stderr]    = note: `cargo::redundant_homepage` is set to `warn` by default
[INFO] [stderr] help: consider removing `package.homepage`
[INFO] [stderr] warning: `tetris-rs` (manifest) generated 2 warnings
[INFO] [stderr] warning: use of deprecated constant `std::isize::MAX`: replaced by the `MAX` associated constant on this type
[INFO] [stderr]    --> src/bricks.rs:133:29
[INFO] [stderr]     |
[INFO] [stderr] 133 |                 std::isize::MAX,
[INFO] [stderr]     |                             ^^^
[INFO] [stderr]     |
[INFO] [stderr]     = note: `#[warn(deprecated)]` on by default
[INFO] [stderr] 
[INFO] [stderr] warning: use of deprecated constant `std::isize::MIN`: replaced by the `MIN` associated constant on this type
[INFO] [stderr]    --> src/bricks.rs:134:29
[INFO] [stderr]     |
[INFO] [stderr] 134 |                 std::isize::MIN,
[INFO] [stderr]     |                             ^^^
[INFO] [stderr] 
[INFO] [stderr] warning: use of deprecated constant `std::isize::MAX`: replaced by the `MAX` associated constant on this type
[INFO] [stderr]    --> src/bricks.rs:135:29
[INFO] [stderr]     |
[INFO] [stderr] 135 |                 std::isize::MAX,
[INFO] [stderr]     |                             ^^^
[INFO] [stderr] 
[INFO] [stderr] warning: use of deprecated constant `std::isize::MIN`: replaced by the `MIN` associated constant on this type
[INFO] [stderr]    --> src/bricks.rs:136:29
[INFO] [stderr]     |
[INFO] [stderr] 136 |                 std::isize::MIN,
[INFO] [stderr]     |                             ^^^
[INFO] [stderr] 
[INFO] [stderr] warning: `tetris-rs` (bin "tetris" test) generated 4 warnings
[INFO] [stderr]     Finished `release` profile [optimized] target(s) in 0.05s
[INFO] [stderr]      Running unittests src/main.rs (/opt/rustwide/target/release/build/tetris-rs/5ae880ccf5cf2e5a/out/tetris-5ae880ccf5cf2e5a)
[INFO] [stdout] 
[INFO] [stdout] running 2 tests
[INFO] [stdout] test display::paint_board_test ... ok
[INFO] [stdout] test display::game_print_test ... FAILED
[INFO] [stdout] 
[INFO] [stdout] failures:
[INFO] [stdout] 
[INFO] [stdout] ---- display::game_print_test stdout ----
[INFO] [stdout] 
[INFO] [stdout] thread 'display::game_print_test' (801) panicked at src/display.rs:100:51:
[INFO] [stdout] called `Result::unwrap()` on an `Err` value: Os { code: 25, kind: Uncategorized, message: "Inappropriate ioctl for device" }
[INFO] [stdout] stack backtrace:
[INFO] [stdout]    0:     0x5bb7cf68c357 - <<std[617be2ca0a6fd877]::sys::backtrace::BacktraceLock>::print::DisplayBacktrace as core[a373ad73a504971]::fmt::Display>::fmt
[INFO] [stdout]    1:     0x5bb7cf6712fa - core[a373ad73a504971]::fmt::write
[INFO] [stdout]    2:     0x5bb7cf68b90b - <alloc[2e1b2a31b91974c5]::vec::Vec<u8> as core[a373ad73a504971]::io::write::Write>::write_fmt
[INFO] [stdout]    3:     0x5bb7cf68b3ef - std[617be2ca0a6fd877]::panicking::default_hook::{closure#0}
[INFO] [stdout]    4:     0x5bb7cf68b01a - std[617be2ca0a6fd877]::panicking::default_hook
[INFO] [stdout]    5:     0x5bb7cf68ab55 - std[617be2ca0a6fd877]::panicking::panic_with_hook
[INFO] [stdout]    6:     0x5bb7cf6b1901 - std[617be2ca0a6fd877]::panicking::panic_handler::{closure#0}
[INFO] [stdout]    7:     0x5bb7cf6b18b9 - std[617be2ca0a6fd877]::sys::backtrace::__rust_end_short_backtrace::<std[617be2ca0a6fd877]::panicking::panic_handler::{closure#0}, !>
[INFO] [stdout]    8:     0x5bb7cf6b1dbc - __rustc[ea4f61d10b84890b]::rust_begin_unwind
[INFO] [stdout]    9:     0x5bb7cf67118b - core[a373ad73a504971]::panicking::panic_fmt
[INFO] [stdout]   10:     0x5bb7cf6743f1 - core[a373ad73a504971]::result::unwrap_failed
[INFO] [stdout]   11:     0x5bb7cf702acd - <tetris[143c1a5d218374b1]::display::game_print_test::{closure#0} as core[a373ad73a504971]::ops::function::FnOnce<()>>::call_once
[INFO] [stdout]   12:     0x5bb7cf6ca80b - test[aada8e7e76ba119b]::__rust_begin_short_backtrace::<core[a373ad73a504971]::result::Result<(), alloc[2e1b2a31b91974c5]::string::String>, fn() -> core[a373ad73a504971]::result::Result<(), alloc[2e1b2a31b91974c5]::string::String>>
[INFO] [stdout]   13:     0x5bb7cf6c5c4f - test[aada8e7e76ba119b]::run_test::{closure#0}
[INFO] [stdout]   14:     0x5bb7cf6c56cc - std[617be2ca0a6fd877]::sys::backtrace::__rust_begin_short_backtrace::<test[aada8e7e76ba119b]::run_test::{closure#1}, ()>
[INFO] [stdout]   15:     0x5bb7cf6e598c - <std[617be2ca0a6fd877]::thread::lifecycle::spawn_unchecked<test[aada8e7e76ba119b]::run_test::{closure#1}, ()>::{closure#1} as core[a373ad73a504971]::ops::function::FnOnce<()>>::call_once::{shim:vtable#0}
[INFO] [stdout]   16:     0x5bb7cf6b3594 - <std[617be2ca0a6fd877]::sys::thread::unix::Thread>::new::thread_start
[INFO] [stdout]   17:     0x7ddd29fecdfa - <unknown>
[INFO] [stdout]   18:     0x7ddd2a0803d4 - clone
[INFO] [stdout]   19:                0x0 - <unknown>
[INFO] [stdout] 
[INFO] [stdout] 
[INFO] [stdout] failures:
[INFO] [stdout]     display::game_print_test
[INFO] [stdout] 
[INFO] [stdout] test result: FAILED. 1 passed; 1 failed; 0 ignored; 0 measured; 0 filtered out; finished in 0.00s
[INFO] [stdout] 
[INFO] [stderr] error: test failed, to rerun pass `--bin tetris`
[INFO] running `Command { std: "docker" "inspect" "82311f3138a87234c6d22b21f199f99cd306adfe6cedfc068754631ff41a83dd", kill_on_drop: false }`
[INFO] running `Command { std: "docker" "rm" "-f" "82311f3138a87234c6d22b21f199f99cd306adfe6cedfc068754631ff41a83dd", kill_on_drop: false }`
[INFO] [stdout] 82311f3138a87234c6d22b21f199f99cd306adfe6cedfc068754631ff41a83dd
