[INFO] fetching crate tetra3 0.14.0...
[INFO] testing tetra3-0.14.0 against 1.99.0-beta.8+cargoflags=--release for beta-release-1.100-2
[INFO] extracting crate tetra3 0.14.0 into /workspace/builds/worker-4-tc1/source
[INFO] started tweaking crates.io crate tetra3 0.14.0
[INFO] removed 0 missing examples
[INFO] removed 0 missing tests
[INFO] finished tweaking crates.io crate tetra3 0.14.0
[INFO] tweaked toml for crates.io crate tetra3 0.14.0 written to /workspace/builds/worker-4-tc1/source/Cargo.toml
[INFO] validating manifest of crates.io crate tetra3 0.14.0 on toolchain 1.99.0-beta.8
[INFO] running `Command { std: CARGO_HOME="/workspace/cargo-home" RUSTUP_HOME="/workspace/rustup-home" "/workspace/cargo-home/bin/cargo" "+1.99.0-beta.8" "metadata" "--manifest-path" "Cargo.toml" "--no-deps", kill_on_drop: false }`
[INFO] crate crates.io crate tetra3 0.14.0 already has a lockfile, it will not be regenerated
[INFO] running `Command { std: CARGO_HOME="/workspace/cargo-home" RUSTUP_HOME="/workspace/rustup-home" "/workspace/cargo-home/bin/cargo" "+1.99.0-beta.8" "fetch" "--manifest-path" "Cargo.toml", kill_on_drop: false }`
[INFO] [stderr]     Updating crates.io index
[INFO] [stderr]  Downloading crates ...
[INFO] [stderr]   Downloaded numeris v0.6.0
[INFO] running `Command { std: "docker" "create" "-v" "/var/lib/crater-agent-workspace/builds/worker-4-tc1/source:/opt/rustwide/workdir:ro,Z" "-v" "/var/lib/crater-agent-workspace/builds/worker-4-tc1/target:/opt/rustwide/target:rw,Z" "-v" "/var/lib/crater-agent-workspace/cargo-home:/opt/rustwide/cargo-home:ro,Z" "-v" "/var/lib/crater-agent-workspace/rustup-home:/opt/rustwide/rustup-home:ro,Z" "-m" "1610612736" "--network" "none" "ghcr.io/rust-lang/crates-build-env/linux@sha256:77db811e55d90add9212f6832c23229e3de5f1c1f9905e8cb07319ea15df73ac" "sleep" "infinity", kill_on_drop: false }`
[INFO] [stdout] 84f497512bb1f076dd5dbfb0d66236e5af98329c492d1dc86d67d75c09e82362
[INFO] running `Command { std: "docker" "start" "84f497512bb1f076dd5dbfb0d66236e5af98329c492d1dc86d67d75c09e82362", kill_on_drop: false }`
[INFO] running `Command { std: "docker" "inspect" "84f497512bb1f076dd5dbfb0d66236e5af98329c492d1dc86d67d75c09e82362", kill_on_drop: false }`
[INFO] running `Command { std: "docker" "exec" "-e" "SOURCE_DIR=/opt/rustwide/workdir" "-e" "CARGO_HOME=/opt/rustwide/cargo-home" "-e" "RUSTUP_HOME=/opt/rustwide/rustup-home" "-e" "CARGO_TARGET_DIR=/opt/rustwide/target" "-w" "/opt/rustwide/workdir" "--user" "0:0" "84f497512bb1f076dd5dbfb0d66236e5af98329c492d1dc86d67d75c09e82362" "/opt/rustwide/cargo-home/bin/cargo" "+1.99.0-beta.8" "metadata" "--no-deps" "--format-version=1", kill_on_drop: false }`
[INFO] running `Command { std: "docker" "inspect" "84f497512bb1f076dd5dbfb0d66236e5af98329c492d1dc86d67d75c09e82362", kill_on_drop: false }`
[INFO] running `Command { std: "docker" "exec" "-e" "SOURCE_DIR=/opt/rustwide/workdir" "-e" "CARGO_HOME=/opt/rustwide/cargo-home" "-e" "RUSTUP_HOME=/opt/rustwide/rustup-home" "-e" "CARGO_TARGET_DIR=/opt/rustwide/target" "-e" "CARGO_INCREMENTAL=0" "-e" "RUST_BACKTRACE=full" "-e" "RUSTFLAGS=--cap-lints=warn" "-e" "RUSTDOCFLAGS=--cap-lints=warn" "-w" "/opt/rustwide/workdir" "--user" "0:0" "84f497512bb1f076dd5dbfb0d66236e5af98329c492d1dc86d67d75c09e82362" "/opt/rustwide/cargo-home/bin/cargo" "+1.99.0-beta.8" "build" "--frozen" "--message-format=json" "--release", kill_on_drop: false }`
[INFO] [stderr]    Compiling proc-macro2 v1.0.106
[INFO] [stderr]    Compiling quote v1.0.45
[INFO] [stderr]    Compiling unicode-ident v1.0.24
[INFO] [stderr]    Compiling serde_core v1.0.228
[INFO] [stderr]    Compiling semver v1.0.28
[INFO] [stderr]    Compiling serde v1.0.228
[INFO] [stderr]    Compiling scopeguard v1.2.0
[INFO] [stderr]    Compiling autocfg v1.5.1
[INFO] [stderr]    Compiling libm v0.2.16
[INFO] [stderr]    Compiling thiserror v2.0.18
[INFO] [stderr]    Compiling byteorder v1.5.0
[INFO] [stderr]    Compiling stable_deref_trait v1.2.1
[INFO] [stderr]    Compiling log v0.4.30
[INFO] [stderr]    Compiling lock_api v0.4.14
[INFO] [stderr]    Compiling hash32 v0.2.1
[INFO] [stderr]    Compiling rustc_version v0.4.1
[INFO] [stderr]    Compiling spin v0.9.9
[INFO] [stderr]    Compiling num-traits v0.2.19
[INFO] [stderr]    Compiling heapless v0.7.17
[INFO] [stderr]    Compiling syn v2.0.117
[INFO] [stderr]    Compiling serde_derive v1.0.228
[INFO] [stderr]    Compiling thiserror-impl v2.0.18
[INFO] [stderr]    Compiling cobs v0.3.0
[INFO] [stderr]    Compiling numeris v0.6.0
[INFO] [stderr]    Compiling postcard v1.1.3
[INFO] [stderr]    Compiling tetra3 v0.14.0 (/opt/rustwide/workdir)
[INFO] [stderr]     Finished `release` profile [optimized] target(s) in 19.59s
[INFO] running `Command { std: "docker" "inspect" "84f497512bb1f076dd5dbfb0d66236e5af98329c492d1dc86d67d75c09e82362", kill_on_drop: false }`
[INFO] running `Command { std: "docker" "exec" "-e" "SOURCE_DIR=/opt/rustwide/workdir" "-e" "CARGO_HOME=/opt/rustwide/cargo-home" "-e" "RUSTUP_HOME=/opt/rustwide/rustup-home" "-e" "CARGO_TARGET_DIR=/opt/rustwide/target" "-e" "CARGO_INCREMENTAL=0" "-e" "RUST_BACKTRACE=full" "-e" "RUSTFLAGS=--cap-lints=warn" "-e" "RUSTDOCFLAGS=--cap-lints=warn" "-w" "/opt/rustwide/workdir" "--user" "0:0" "84f497512bb1f076dd5dbfb0d66236e5af98329c492d1dc86d67d75c09e82362" "/opt/rustwide/cargo-home/bin/cargo" "+1.99.0-beta.8" "test" "--frozen" "--no-run" "--message-format=json" "--release", kill_on_drop: false }`
[INFO] [stderr]    Compiling cfg-if v1.0.4
[INFO] [stderr]    Compiling libc v0.2.186
[INFO] [stderr]    Compiling shlex v2.0.1
[INFO] [stderr]    Compiling find-msvc-tools v0.1.9
[INFO] [stderr]    Compiling log v0.4.30
[INFO] [stderr]    Compiling memchr v2.8.1
[INFO] [stderr]    Compiling zeroize v1.8.2
[INFO] [stderr]    Compiling getrandom v0.4.2
[INFO] [stderr]    Compiling regex-syntax v0.8.11
[INFO] [stderr]    Compiling untrusted v0.9.0
[INFO] [stderr]    Compiling httparse v1.10.1
[INFO] [stderr]    Compiling rand_core v0.10.1
[INFO] [stderr]    Compiling crc32fast v1.5.0
[INFO] [stderr]    Compiling itoa v1.0.18
[INFO] [stderr]    Compiling cpufeatures v0.3.0
[INFO] [stderr]    Compiling bytes v1.11.1
[INFO] [stderr]    Compiling simd-adler32 v0.3.9
[INFO] [stderr]    Compiling rustls v0.23.45
[INFO] [stderr]    Compiling adler2 v2.0.1
[INFO] [stderr]    Compiling utf8parse v0.2.2
[INFO] [stderr]    Compiling chacha20 v0.10.2
[INFO] [stderr]    Compiling once_cell v1.21.4
[INFO] [stderr]    Compiling cc v1.2.63
[INFO] [stderr]    Compiling rustls-pki-types v1.14.1
[INFO] [stderr]    Compiling miniz_oxide v0.8.9
[INFO] [stderr]    Compiling anstyle-parse v1.0.0
[INFO] [stderr]    Compiling is_terminal_polyfill v1.70.2
[INFO] [stderr]    Compiling colorchoice v1.0.5
[INFO] [stderr]    Compiling anstyle v1.0.14
[INFO] [stderr]    Compiling jiff-core v0.1.1
[INFO] [stderr]    Compiling subtle v2.6.1
[INFO] [stderr]    Compiling anstyle-query v1.1.5
[INFO] [stderr]    Compiling base64 v0.22.1
[INFO] [stderr]    Compiling percent-encoding v2.3.2
[INFO] [stderr]    Compiling utf8-zero v0.8.1
[INFO] [stderr]    Compiling tetra3 v0.14.0 (/opt/rustwide/workdir)
[INFO] [stderr]    Compiling webpki-roots v1.0.7
[INFO] [stderr]    Compiling anstream v1.0.0
[INFO] [stderr]    Compiling flate2 v1.1.9
[INFO] [stderr]    Compiling aho-corasick v1.1.4
[INFO] [stderr]    Compiling http v1.4.1
[INFO] [stderr]    Compiling jiff v0.2.37
[INFO] [stderr]    Compiling ring v0.17.14
[INFO] [stderr]    Compiling getrandom v0.2.17
[INFO] [stderr]    Compiling ureq-proto v0.6.0
[INFO] [stderr]    Compiling rand v0.10.1
[INFO] [stderr]    Compiling regex-automata v0.4.18
[INFO] [stderr]    Compiling rand_distr v0.6.0
[INFO] [stderr]    Compiling regex v1.13.1
[INFO] [stderr]    Compiling env_filter v2.0.0
[INFO] [stderr]    Compiling env_logger v0.11.11
[INFO] [stderr]    Compiling rustls-webpki v0.103.15
[INFO] [stderr]    Compiling ureq v3.3.0
[INFO] [stderr]     Finished `release` profile [optimized] target(s) in 1m 39s
[INFO] running `Command { std: "docker" "inspect" "84f497512bb1f076dd5dbfb0d66236e5af98329c492d1dc86d67d75c09e82362", kill_on_drop: false }`
[INFO] running `Command { std: "docker" "exec" "-e" "SOURCE_DIR=/opt/rustwide/workdir" "-e" "CARGO_HOME=/opt/rustwide/cargo-home" "-e" "RUSTUP_HOME=/opt/rustwide/rustup-home" "-e" "CARGO_TARGET_DIR=/opt/rustwide/target" "-e" "CARGO_INCREMENTAL=0" "-e" "RUST_BACKTRACE=full" "-e" "RUSTFLAGS=--cap-lints=warn" "-e" "RUSTDOCFLAGS=--cap-lints=warn" "-w" "/opt/rustwide/workdir" "--user" "0:0" "84f497512bb1f076dd5dbfb0d66236e5af98329c492d1dc86d67d75c09e82362" "/opt/rustwide/cargo-home/bin/cargo" "+1.99.0-beta.8" "test" "--frozen" "--release", kill_on_drop: false }`
[INFO] [stderr]     Finished `release` profile [optimized] target(s) in 0.15s
[INFO] [stderr]      Running unittests src/lib.rs (/opt/rustwide/target/release/deps/tetra3-2ccfaca9b1ebc192)
[INFO] [stdout] 
[INFO] [stdout] running 83 tests
[INFO] [stdout] test camera_model::tests::test_roundtrip_with_crpix ... ok
[INFO] [stdout] test camera_model::tests::test_save_load_roundtrip ... ok
[INFO] [stdout] test aberration::tests::test_speed_is_approximately_30_km_s ... ok
[INFO] [stdout] test camera_model::tests::test_validate_and_load_reject_degenerate_models ... ok
[INFO] [stdout] test distortion::fit::tests::test_fit_radial_scale_and_distortion_jointly ... ok
[INFO] [stdout] test distortion::fit::tests::test_fit_radial_synthetic ... ok
[INFO] [stdout] test distortion::fit::tests::test_polynomial_sigma_clip_keeps_good_points_under_noise ... ok
[INFO] [stdout] test distortion::fit::tests::test_radial_sigma_clip_keeps_good_points_under_noise ... ok
[INFO] [stdout] test camera_model::tests::test_center_pixel_maps_to_origin ... ok
[INFO] [stdout] test camera_model::tests::test_from_fov_rejects_zero_fov - should panic ... ok
[INFO] [stdout] test aberration::tests::test_half_year_reversal ... ok
[INFO] [stdout] test camera_model::tests::test_pixel_to_tanplane_known_values ... ok
[INFO] [stdout] test camera_model::tests::test_parity_flip ... ok
[INFO] [stdout] test distortion::polynomial::tests::test_distort_undistort_basic ... ok
[INFO] [stdout] test distortion::polynomial::tests::test_newton_undistort_exact_inverse ... ok
[INFO] [stdout] test distortion::polynomial::tests::test_coeff_index ... ok
[INFO] [stdout] test distortion::radial::tests::test_roundtrip_full_brown_conrady ... ok
[INFO] [stdout] test distortion::radial::tests::test_roundtrip_radial_only ... ok
[INFO] [stdout] test distortion::polynomial::tests::test_undistort_nan_input_returns_without_panic ... ok
[INFO] [stdout] test distortion::polynomial::tests::test_validate_catches_inconsistent_fields ... ok
[INFO] [stdout] test distortion::radial::tests::test_origin ... ok
[INFO] [stdout] test distortion::radial::tests::test_roundtrip_off_center ... ok
[INFO] [stdout] test solver::combinations::tests::test_bfs_combinations_early_stop ... ok
[INFO] [stdout] test solver::combinations::tests::test_bfs_combinations_order ... ok
[INFO] [stdout] test solver::database::header_tests::current_format_roundtrips ... ok
[INFO] [stdout] test solver::combinations::tests::test_bfs_too_few_items ... ok
[INFO] [stdout] test solver::database::header_tests::from_vec_shares_the_buffer ... ok
[INFO] [stdout] test distortion::polynomial::tests::test_num_coeffs_no_overflow ... ok
[INFO] [stdout] test solver::database::header_tests::garbage_payload_is_an_error_not_a_panic ... ok
[INFO] [stdout] test distortion::polynomial::tests::test_term_pairs ... ok
[INFO] [stdout] test solver::database::header_tests::validate_rejects_star_index_past_the_table ... ok
[INFO] [stdout] test distortion::polynomial::tests::test_zero_distortion_roundtrip ... ok
[INFO] [stdout] test solver::database::header_tests::version_1_load_warns_and_version_2_does_not ... ok
[INFO] [stdout] test solver::database::header_tests::version_1_and_legacy_files_still_load ... ok
[INFO] [stdout] test solver::pattern_catalog::tests::build_places_entries_where_dense_probing_would ... ok
[INFO] [stdout] test solver::pattern_catalog::tests::get_matches_dense_across_block_boundaries ... ok
[INFO] [stdout] test solver::pattern_wire::tests::bit_layout_is_little_endian_words ... ok
[INFO] [stdout] test distortion::radial::tests::test_zero_distortion ... ok
[INFO] [stdout] test solver::database::header_tests::rejects_unsupported_version_and_truncated_header ... ok
[INFO] [stdout] test solver::pattern_search::tests::test_build_fov_sweep_terminates_on_extreme_max_error ... ok
[INFO] [stdout] test solver::pattern_search::tests::test_enumerate_key_range_monotone_pruning ... ok
[INFO] [stdout] test solver::pattern_catalog::tests::get_past_the_end_panics - should panic ... ok
[INFO] [stdout] test distortion::fit::tests::test_fit_radial_recovers_focal_scale ... ok
[INFO] [stdout] test aberration::tests::test_vernal_equinox_direction ... ok
[INFO] [stdout] test distortion::polynomial::tests::test_num_coeffs ... ok
[INFO] [stdout] test distortion::calibrate::tests::test_calibrate_config_defaults ... ok
[INFO] [stdout] test camera_model::tests::test_from_fov_and_recovery ... ok
[INFO] [stdout] test solver::pattern_wire::tests::packed_section_is_smaller_than_the_table ... ok
[INFO] [stdout] test camera_model::tests::test_roundtrip_no_distortion ... ok
[INFO] [stdout] test solver::combinations::tests::test_bfs_combinations_complete ... ok
[INFO] [stdout] test solver::solve::tests::test_aberration_correct_zero_velocity ... ok
[INFO] [stdout] test solver::tests::generate_config_validate_accepts_default ... ok
[INFO] [stdout] test solver::tests::generate_config_validate_rejects_bad_values ... ok
[INFO] [stdout] test solver::verify::tests::log_add_exp_matches_direct ... ok
[INFO] [stdout] test solver::wcs_refine::tests::test_cd_from_theta_no_parity ... ok
[INFO] [stdout] test solver::wcs_refine::tests::test_cd_from_theta_with_parity ... ok
[INFO] [stdout] test solver::wcs_refine::tests::covariance_from_normal_scales_the_inverse ... ok
[INFO] [stdout] test solver::tests::solve_config_validate ... ok
[INFO] [stdout] test solver::pattern_wire::tests::roundtrips_odd_sizes_and_edges ... ok
[INFO] [stdout] test solver::solve::tests::test_aberration_correct_shift_direction ... ok
[INFO] [stdout] test solver::pattern_wire::tests::tampered_sections_are_errors_not_panics ... ok
[INFO] [stdout] test solver::pattern_wire::tests::dense_table_roundtrips ... ok
[INFO] [stdout] test starcatalog::tests::cone_query_finds_nearby_stars ... ok
[INFO] [stdout] test solver::wcs_refine::tests::test_parity_conventions_consistent ... ok
[INFO] [stdout] test solver::wcs_refine::tests::test_wcs_to_rotation_simple ... ok
[INFO] [stdout] test solver::wcs_refine::tests::test_tan_project_at_reference ... ok
[INFO] [stdout] test solver::wcs_refine::tests::test_solve_3x3_identity ... ok
[INFO] [stdout] test solver::wcs_refine::tests::test_tan_project_behind ... ok
[INFO] [stdout] test solver::wcs_refine::tests::test_tan_project_roundtrip ... ok
[INFO] [stdout] test starcatalog::tests::query_from_uvec_matches_radec_query ... ok
[INFO] [stdout] test starcatalog::tests::validate_accepts_constructed_and_rejects_tampered ... ok
[INFO] [stdout] test stats::tests::median_mad_tolerates_nan ... ok
[INFO] [stdout] test stats::tests::median_mad_basic ... ok
[INFO] [stdout] test solver::wcs_refine::tests::test_solve_3x3_singular ... ok
[INFO] [stdout] test solver::wcs_refine::tests::test_cd_inverse_roundtrip ... ok
[INFO] [stdout] test solver::wcs_refine::tests::test_solve_3x3_known ... ok
[INFO] [stdout] test solver::wcs_refine::tests::test_predict_tanplane_roundtrip ... ok
[INFO] [stdout] test solver::wcs_refine::tests::test_rotation_from_theta_crval_always_proper ... ok
[INFO] [stdout] test solver::wcs_refine::tests::test_inverse_tan_project_at_origin ... ok
[INFO] [stdout] test solver::solve::tests::test_aberration_correct_parallel_velocity ... ok
[INFO] [stdout] test starcatalog::tests::cone_query_handles_ra_wraparound ... ok
[INFO] [stdout] test distortion::fit::tests::test_fit_radial_mosaic_corner_center ... ok
[INFO] [stdout] test starcatalog::tests::cone_query_matches_brute_force_near_poles ... ok
[INFO] [stdout] 
[INFO] [stdout] test result: ok. 83 passed; 0 failed; 0 ignored; 0 measured; 0 filtered out; finished in 0.29s
[INFO] [stdout] 
[INFO] [stderr]      Running tests/golden_dump.rs (/opt/rustwide/target/release/deps/golden_dump-218b66e660a287ef)
[INFO] [stdout] 
[INFO] [stdout] running 1 test
[INFO] [stdout] test golden_dump ... ignored, golden dump: needs data/gaia_merged.bin and TETRA3_GOLDEN_OUT; see the module docs
[INFO] [stdout] 
[INFO] [stdout] test result: ok. 0 passed; 0 failed; 1 ignored; 0 measured; 0 filtered out; finished in 0.00s
[INFO] [stdout] 
[INFO] [stderr]      Running tests/integration_test.rs (/opt/rustwide/target/release/deps/integration_test-66c716648c56ba3d)
[INFO] [stdout] 
[INFO] [stdout] running 12 tests
[INFO] [stdout] test test_multiscale_database ... ignored, slow: generates a multi-GB pattern catalog; run with --ignored
[INFO] [stdout] test test_save_and_load_database ... FAILED
[INFO] [stdout] test test_statistical_1000_noisy_centroids ... FAILED
[INFO] [stdout] test test_generate_and_solve ... FAILED
[INFO] [stdout] test test_calibration_corrects_aberration_per_image ... FAILED
[INFO] [stdout] test test_tracking_with_attitude_hint ... FAILED
[INFO] [stdout] test test_statistical_1000_random_orientations ... FAILED
[INFO] [stdout] test test_nan_mass_treated_as_unknown ... FAILED
[INFO] [stdout] test test_calibrate_tolerates_nan_centroid ... FAILED
[INFO] [stdout] test test_parity_flipped_solve ... FAILED
[INFO] [stdout] test test_pattern_budget_reports_timeout ... FAILED
[INFO] [stdout] test test_matched_indices_survive_dropped_centroid ... FAILED
[INFO] [stdout] 
[INFO] [stdout] failures:
[INFO] [stdout] 
[INFO] [stdout] ---- test_save_and_load_database stdout ----
[INFO] [stdout] 
[INFO] [stdout] thread 'test_save_and_load_database' (1839) panicked at tests/test_data.rs:28:33:
[INFO] [stdout] Failed to create directory "data": Read-only file system (os error 30)
[INFO] [stdout] stack backtrace:
[INFO] [stdout]    0:     0x5c86214206f6 - <<std[70759c8f55707aa4]::sys::backtrace::BacktraceLock>::print::DisplayBacktrace as core[df12db4294e9bfd3]::fmt::Display>::fmt
[INFO] [stdout]    1:     0x5c86212781aa - core[df12db4294e9bfd3]::fmt::write
[INFO] [stdout]    2:     0x5c86214279bc - <alloc[2182bb758b4b3781]::vec::Vec<u8> as core[df12db4294e9bfd3]::io::write::Write>::write_fmt
[INFO] [stdout]    3:     0x5c86213f7772 - std[70759c8f55707aa4]::panicking::default_hook::{closure#0}
[INFO] [stdout]    4:     0x5c86214180f1 - std[70759c8f55707aa4]::panicking::default_hook
[INFO] [stdout]    5:     0x5c86214182d2 - std[70759c8f55707aa4]::panicking::panic_with_hook
[INFO] [stdout]    6:     0x5c86213f7822 - std[70759c8f55707aa4]::panicking::panic_handler::{closure#0}
[INFO] [stdout]    7:     0x5c86213f03e9 - std[70759c8f55707aa4]::sys::backtrace::__rust_end_short_backtrace::<std[70759c8f55707aa4]::panicking::panic_handler::{closure#0}, !>
[INFO] [stdout]    8:     0x5c86213fc8dd - __rustc[8fa7c3cbc660c2b3]::rust_begin_unwind
[INFO] [stdout]    9:     0x5c86212788cc - core[df12db4294e9bfd3]::panicking::panic_fmt
[INFO] [stdout]   10:     0x5c86212a46ca - integration_test[e9a79a089d0b8554]::test_data::ensure_test_file::{closure#0}
[INFO] [stdout]   11:     0x5c86212a68de - integration_test[e9a79a089d0b8554]::test_data::ensure_test_file
[INFO] [stdout]   12:     0x5c86212ae86a - <integration_test[e9a79a089d0b8554]::test_save_and_load_database::{closure#0} as core[df12db4294e9bfd3]::ops::function::FnOnce<()>>::call_once
[INFO] [stdout]   13:     0x5c862142977b - test[9d35eded1c95d3be]::__rust_begin_short_backtrace::<core[df12db4294e9bfd3]::result::Result<(), alloc[2182bb758b4b3781]::string::String>, fn() -> core[df12db4294e9bfd3]::result::Result<(), alloc[2182bb758b4b3781]::string::String>>
[INFO] [stdout]   14:     0x5c86214378d1 - test[9d35eded1c95d3be]::run_test::{closure#0}
[INFO] [stdout]   15:     0x5c8621430fe4 - std[70759c8f55707aa4]::sys::backtrace::__rust_begin_short_backtrace::<test[9d35eded1c95d3be]::run_test::{closure#1}, ()>
[INFO] [stdout]   16:     0x5c862143b6f2 - <std[70759c8f55707aa4]::thread::lifecycle::spawn_unchecked<test[9d35eded1c95d3be]::run_test::{closure#1}, ()>::{closure#1} as core[df12db4294e9bfd3]::ops::function::FnOnce<()>>::call_once::{shim:vtable#0}
[INFO] [stdout]   17:     0x5c862141f19e - <std[70759c8f55707aa4]::sys::thread::unix::Thread>::new::thread_start
[INFO] [stdout]   18:     0x74137db3adfa - <unknown>
[INFO] [stdout]   19:     0x74137dbce3d4 - clone
[INFO] [stdout]   20:                0x0 - <unknown>
[INFO] [stdout] 
[INFO] [stdout] ---- test_statistical_1000_noisy_centroids stdout ----
[INFO] [stdout] 
[INFO] [stdout] thread 'test_statistical_1000_noisy_centroids' (1840) panicked at tests/test_data.rs:28:33:
[INFO] [stdout] Failed to create directory "data": Read-only file system (os error 30)
[INFO] [stdout] stack backtrace:
[INFO] [stdout]    0:     0x5c86214206f6 - <<std[70759c8f55707aa4]::sys::backtrace::BacktraceLock>::print::DisplayBacktrace as core[df12db4294e9bfd3]::fmt::Display>::fmt
[INFO] [stdout]    1:     0x5c86212781aa - core[df12db4294e9bfd3]::fmt::write
[INFO] [stdout]    2:     0x5c86214279bc - <alloc[2182bb758b4b3781]::vec::Vec<u8> as core[df12db4294e9bfd3]::io::write::Write>::write_fmt
[INFO] [stdout]    3:     0x5c86213f7772 - std[70759c8f55707aa4]::panicking::default_hook::{closure#0}
[INFO] [stdout]    4:     0x5c86214180f1 - std[70759c8f55707aa4]::panicking::default_hook
[INFO] [stdout]    5:     0x5c86214182d2 - std[70759c8f55707aa4]::panicking::panic_with_hook
[INFO] [stdout]    6:     0x5c86213f7822 - std[70759c8f55707aa4]::panicking::panic_handler::{closure#0}
[INFO] [stdout]    7:     0x5c86213f03e9 - std[70759c8f55707aa4]::sys::backtrace::__rust_end_short_backtrace::<std[70759c8f55707aa4]::panicking::panic_handler::{closure#0}, !>
[INFO] [stdout]    8:     0x5c86213fc8dd - __rustc[8fa7c3cbc660c2b3]::rust_begin_unwind
[INFO] [stdout]    9:     0x5c86212788cc - core[df12db4294e9bfd3]::panicking::panic_fmt
[INFO] [stdout]   10:     0x5c86212a46ca - integration_test[e9a79a089d0b8554]::test_data::ensure_test_file::{closure#0}
[INFO] [stdout]   11:     0x5c86212a68de - integration_test[e9a79a089d0b8554]::test_data::ensure_test_file
[INFO] [stdout]   12:     0x5c86212b46f1 - <integration_test[e9a79a089d0b8554]::test_statistical_1000_noisy_centroids::{closure#0} as core[df12db4294e9bfd3]::ops::function::FnOnce<()>>::call_once
[INFO] [stdout]   13:     0x5c862142977b - test[9d35eded1c95d3be]::__rust_begin_short_backtrace::<core[df12db4294e9bfd3]::result::Result<(), alloc[2182bb758b4b3781]::string::String>, fn() -> core[df12db4294e9bfd3]::result::Result<(), alloc[2182bb758b4b3781]::string::String>>
[INFO] [stdout]   14:     0x5c86214378d1 - test[9d35eded1c95d3be]::run_test::{closure#0}
[INFO] [stdout]   15:     0x5c8621430fe4 - std[70759c8f55707aa4]::sys::backtrace::__rust_begin_short_backtrace::<test[9d35eded1c95d3be]::run_test::{closure#1}, ()>
[INFO] [stdout]   16:     0x5c862143b6f2 - <std[70759c8f55707aa4]::thread::lifecycle::spawn_unchecked<test[9d35eded1c95d3be]::run_test::{closure#1}, ()>::{closure#1} as core[df12db4294e9bfd3]::ops::function::FnOnce<()>>::call_once::{shim:vtable#0}
[INFO] [stdout]   17:     0x5c862141f19e - <std[70759c8f55707aa4]::sys::thread::unix::Thread>::new::thread_start
[INFO] [stdout]   18:     0x74137db3adfa - <unknown>
[INFO] [stdout]   19:     0x74137dbce3d4 - clone
[INFO] [stdout]   20:                0x0 - <unknown>
[INFO] [stdout] 
[INFO] [stdout] ---- test_generate_and_solve stdout ----
[INFO] [stdout] 
[INFO] [stdout] thread 'test_generate_and_solve' (1834) panicked at tests/test_data.rs:28:33:
[INFO] [stdout] Failed to create directory "data": Read-only file system (os error 30)
[INFO] [stdout] stack backtrace:
[INFO] [stdout]    0:     0x5c86214206f6 - <<std[70759c8f55707aa4]::sys::backtrace::BacktraceLock>::print::DisplayBacktrace as core[df12db4294e9bfd3]::fmt::Display>::fmt
[INFO] [stdout]    1:     0x5c86212781aa - core[df12db4294e9bfd3]::fmt::write
[INFO] [stdout]    2:     0x5c86214279bc - <alloc[2182bb758b4b3781]::vec::Vec<u8> as core[df12db4294e9bfd3]::io::write::Write>::write_fmt
[INFO] [stdout]    3:     0x5c86213f7772 - std[70759c8f55707aa4]::panicking::default_hook::{closure#0}
[INFO] [stdout]    4:     0x5c86214180f1 - std[70759c8f55707aa4]::panicking::default_hook
[INFO] [stdout]    5:     0x5c86214182d2 - std[70759c8f55707aa4]::panicking::panic_with_hook
[INFO] [stdout]    6:     0x5c86213f7822 - std[70759c8f55707aa4]::panicking::panic_handler::{closure#0}
[INFO] [stdout]    7:     0x5c86213f03e9 - std[70759c8f55707aa4]::sys::backtrace::__rust_end_short_backtrace::<std[70759c8f55707aa4]::panicking::panic_handler::{closure#0}, !>
[INFO] [stdout]    8:     0x5c86213fc8dd - __rustc[8fa7c3cbc660c2b3]::rust_begin_unwind
[INFO] [stdout]    9:     0x5c86212788cc - core[df12db4294e9bfd3]::panicking::panic_fmt
[INFO] [stdout]   10:     0x5c86212a46ca - integration_test[e9a79a089d0b8554]::test_data::ensure_test_file::{closure#0}
[INFO] [stdout]   11:     0x5c86212a68de - integration_test[e9a79a089d0b8554]::test_data::ensure_test_file
[INFO] [stdout]   12:     0x5c86212ac201 - <integration_test[e9a79a089d0b8554]::test_generate_and_solve::{closure#0} as core[df12db4294e9bfd3]::ops::function::FnOnce<()>>::call_once
[INFO] [stdout]   13:     0x5c862142977b - test[9d35eded1c95d3be]::__rust_begin_short_backtrace::<core[df12db4294e9bfd3]::result::Result<(), alloc[2182bb758b4b3781]::string::String>, fn() -> core[df12db4294e9bfd3]::result::Result<(), alloc[2182bb758b4b3781]::string::String>>
[INFO] [stdout]   14:     0x5c86214378d1 - test[9d35eded1c95d3be]::run_test::{closure#0}
[INFO] [stdout]   15:     0x5c8621430fe4 - std[70759c8f55707aa4]::sys::backtrace::__rust_begin_short_backtrace::<test[9d35eded1c95d3be]::run_test::{closure#1}, ()>
[INFO] [stdout]   16:     0x5c862143b6f2 - <std[70759c8f55707aa4]::thread::lifecycle::spawn_unchecked<test[9d35eded1c95d3be]::run_test::{closure#1}, ()>::{closure#1} as core[df12db4294e9bfd3]::ops::function::FnOnce<()>>::call_once::{shim:vtable#0}
[INFO] [stdout]   17:     0x5c862141f19e - <std[70759c8f55707aa4]::sys::thread::unix::Thread>::new::thread_start
[INFO] [stdout]   18:     0x74137db3adfa - <unknown>
[INFO] [stdout]   19:     0x74137dbce3d4 - clone
[INFO] [stdout]   20:                0x0 - <unknown>
[INFO] [stdout] 
[INFO] [stdout] ---- test_calibration_corrects_aberration_per_image stdout ----
[INFO] [stdout] 
[INFO] [stdout] thread 'test_calibration_corrects_aberration_per_image' (1833) panicked at tests/test_data.rs:28:33:
[INFO] [stdout] Failed to create directory "data": Read-only file system (os error 30)
[INFO] [stdout] stack backtrace:
[INFO] [stdout]    0:     0x5c86214206f6 - <<std[70759c8f55707aa4]::sys::backtrace::BacktraceLock>::print::DisplayBacktrace as core[df12db4294e9bfd3]::fmt::Display>::fmt
[INFO] [stdout]    1:     0x5c86212781aa - core[df12db4294e9bfd3]::fmt::write
[INFO] [stdout]    2:     0x5c86214279bc - <alloc[2182bb758b4b3781]::vec::Vec<u8> as core[df12db4294e9bfd3]::io::write::Write>::write_fmt
[INFO] [stdout]    3:     0x5c86213f7772 - std[70759c8f55707aa4]::panicking::default_hook::{closure#0}
[INFO] [stdout]    4:     0x5c86214180f1 - std[70759c8f55707aa4]::panicking::default_hook
[INFO] [stdout]    5:     0x5c86214182d2 - std[70759c8f55707aa4]::panicking::panic_with_hook
[INFO] [stdout]    6:     0x5c86213f7822 - std[70759c8f55707aa4]::panicking::panic_handler::{closure#0}
[INFO] [stdout]    7:     0x5c86213f03e9 - std[70759c8f55707aa4]::sys::backtrace::__rust_end_short_backtrace::<std[70759c8f55707aa4]::panicking::panic_handler::{closure#0}, !>
[INFO] [stdout]    8:     0x5c86213fc8dd - __rustc[8fa7c3cbc660c2b3]::rust_begin_unwind
[INFO] [stdout]    9:     0x5c86212788cc - core[df12db4294e9bfd3]::panicking::panic_fmt
[INFO] [stdout]   10:     0x5c86212a46ca - integration_test[e9a79a089d0b8554]::test_data::ensure_test_file::{closure#0}
[INFO] [stdout]   11:     0x5c86212a68de - integration_test[e9a79a089d0b8554]::test_data::ensure_test_file
[INFO] [stdout]   12:     0x5c86212a4d28 - integration_test[e9a79a089d0b8554]::small_test_db
[INFO] [stdout]   13:     0x5c86212b9c30 - <integration_test[e9a79a089d0b8554]::test_calibration_corrects_aberration_per_image::{closure#0} as core[df12db4294e9bfd3]::ops::function::FnOnce<()>>::call_once
[INFO] [stdout]   14:     0x5c862142977b - test[9d35eded1c95d3be]::__rust_begin_short_backtrace::<core[df12db4294e9bfd3]::result::Result<(), alloc[2182bb758b4b3781]::string::String>, fn() -> core[df12db4294e9bfd3]::result::Result<(), alloc[2182bb758b4b3781]::string::String>>
[INFO] [stdout]   15:     0x5c86214378d1 - test[9d35eded1c95d3be]::run_test::{closure#0}
[INFO] [stdout]   16:     0x5c8621430fe4 - std[70759c8f55707aa4]::sys::backtrace::__rust_begin_short_backtrace::<test[9d35eded1c95d3be]::run_test::{closure#1}, ()>
[INFO] [stdout]   17:     0x5c862143b6f2 - <std[70759c8f55707aa4]::thread::lifecycle::spawn_unchecked<test[9d35eded1c95d3be]::run_test::{closure#1}, ()>::{closure#1} as core[df12db4294e9bfd3]::ops::function::FnOnce<()>>::call_once::{shim:vtable#0}
[INFO] [stdout]   18:     0x5c862141f19e - <std[70759c8f55707aa4]::sys::thread::unix::Thread>::new::thread_start
[INFO] [stdout]   19:     0x74137db3adfa - <unknown>
[INFO] [stdout]   20:     0x74137dbce3d4 - clone
[INFO] [stdout]   21:                0x0 - <unknown>
[INFO] [stdout] 
[INFO] [stdout] ---- test_tracking_with_attitude_hint stdout ----
[INFO] [stdout] 
[INFO] [stdout] thread 'test_tracking_with_attitude_hint' (1842) panicked at tests/test_data.rs:28:33:
[INFO] [stdout] Failed to create directory "data": Read-only file system (os error 30)
[INFO] [stdout] stack backtrace:
[INFO] [stdout]    0:     0x5c86214206f6 - <<std[70759c8f55707aa4]::sys::backtrace::BacktraceLock>::print::DisplayBacktrace as core[df12db4294e9bfd3]::fmt::Display>::fmt
[INFO] [stdout]    1:     0x5c86212781aa - core[df12db4294e9bfd3]::fmt::write
[INFO] [stdout]    2:     0x5c86214279bc - <alloc[2182bb758b4b3781]::vec::Vec<u8> as core[df12db4294e9bfd3]::io::write::Write>::write_fmt
[INFO] [stdout]    3:     0x5c86213f7772 - std[70759c8f55707aa4]::panicking::default_hook::{closure#0}
[INFO] [stdout]    4:     0x5c86214180f1 - std[70759c8f55707aa4]::panicking::default_hook
[INFO] [stdout]    5:     0x5c86214182d2 - std[70759c8f55707aa4]::panicking::panic_with_hook
[INFO] [stdout]    6:     0x5c86213f7822 - std[70759c8f55707aa4]::panicking::panic_handler::{closure#0}
[INFO] [stdout]    7:     0x5c86213f03e9 - std[70759c8f55707aa4]::sys::backtrace::__rust_end_short_backtrace::<std[70759c8f55707aa4]::panicking::panic_handler::{closure#0}, !>
[INFO] [stdout]    8:     0x5c86213fc8dd - __rustc[8fa7c3cbc660c2b3]::rust_begin_unwind
[INFO] [stdout]    9:     0x5c86212788cc - core[df12db4294e9bfd3]::panicking::panic_fmt
[INFO] [stdout]   10:     0x5c86212a46ca - integration_test[e9a79a089d0b8554]::test_data::ensure_test_file::{closure#0}
[INFO] [stdout]   11:     0x5c86212a68de - integration_test[e9a79a089d0b8554]::test_data::ensure_test_file
[INFO] [stdout]   12:     0x5c86212b1ad0 - <integration_test[e9a79a089d0b8554]::test_tracking_with_attitude_hint::{closure#0} as core[df12db4294e9bfd3]::ops::function::FnOnce<()>>::call_once
[INFO] [stdout]   13:     0x5c862142977b - test[9d35eded1c95d3be]::__rust_begin_short_backtrace::<core[df12db4294e9bfd3]::result::Result<(), alloc[2182bb758b4b3781]::string::String>, fn() -> core[df12db4294e9bfd3]::result::Result<(), alloc[2182bb758b4b3781]::string::String>>
[INFO] [stdout]   14:     0x5c86214378d1 - test[9d35eded1c95d3be]::run_test::{closure#0}
[INFO] [stdout]   15:     0x5c8621430fe4 - std[70759c8f55707aa4]::sys::backtrace::__rust_begin_short_backtrace::<test[9d35eded1c95d3be]::run_test::{closure#1}, ()>
[INFO] [stdout]   16:     0x5c862143b6f2 - <std[70759c8f55707aa4]::thread::lifecycle::spawn_unchecked<test[9d35eded1c95d3be]::run_test::{closure#1}, ()>::{closure#1} as core[df12db4294e9bfd3]::ops::function::FnOnce<()>>::call_once::{shim:vtable#0}
[INFO] [stdout]   17:     0x5c862141f19e - <std[70759c8f55707aa4]::sys::thread::unix::Thread>::new::thread_start
[INFO] [stdout]   18:     0x74137db3adfa - <unknown>
[INFO] [stdout]   19:     0x74137dbce3d4 - clone
[INFO] [stdout]   20:                0x0 - <unknown>
[INFO] [stdout] 
[INFO] [stdout] ---- test_statistical_1000_random_orientations stdout ----
[INFO] [stdout] 
[INFO] [stdout] thread 'test_statistical_1000_random_orientations' (1841) panicked at tests/test_data.rs:28:33:
[INFO] [stdout] Failed to create directory "data": Read-only file system (os error 30)
[INFO] [stdout] stack backtrace:
[INFO] [stdout]    0:     0x5c86214206f6 - <<std[70759c8f55707aa4]::sys::backtrace::BacktraceLock>::print::DisplayBacktrace as core[df12db4294e9bfd3]::fmt::Display>::fmt
[INFO] [stdout]    1:     0x5c86212781aa - core[df12db4294e9bfd3]::fmt::write
[INFO] [stdout]    2:     0x5c86214279bc - <alloc[2182bb758b4b3781]::vec::Vec<u8> as core[df12db4294e9bfd3]::io::write::Write>::write_fmt
[INFO] [stdout]    3:     0x5c86213f7772 - std[70759c8f55707aa4]::panicking::default_hook::{closure#0}
[INFO] [stdout]    4:     0x5c86214180f1 - std[70759c8f55707aa4]::panicking::default_hook
[INFO] [stdout]    5:     0x5c86214182d2 - std[70759c8f55707aa4]::panicking::panic_with_hook
[INFO] [stdout]    6:     0x5c86213f7822 - std[70759c8f55707aa4]::panicking::panic_handler::{closure#0}
[INFO] [stdout]    7:     0x5c86213f03e9 - std[70759c8f55707aa4]::sys::backtrace::__rust_end_short_backtrace::<std[70759c8f55707aa4]::panicking::panic_handler::{closure#0}, !>
[INFO] [stdout]    8:     0x5c86213fc8dd - __rustc[8fa7c3cbc660c2b3]::rust_begin_unwind
[INFO] [stdout]    9:     0x5c86212788cc - core[df12db4294e9bfd3]::panicking::panic_fmt
[INFO] [stdout]   10:     0x5c86212a46ca - integration_test[e9a79a089d0b8554]::test_data::ensure_test_file::{closure#0}
[INFO] [stdout]   11:     0x5c86212a68de - integration_test[e9a79a089d0b8554]::test_data::ensure_test_file
[INFO] [stdout]   12:     0x5c86212b6fa6 - <integration_test[e9a79a089d0b8554]::test_statistical_1000_random_orientations::{closure#0} as core[df12db4294e9bfd3]::ops::function::FnOnce<()>>::call_once
[INFO] [stdout]   13:     0x5c862142977b - test[9d35eded1c95d3be]::__rust_begin_short_backtrace::<core[df12db4294e9bfd3]::result::Result<(), alloc[2182bb758b4b3781]::string::String>, fn() -> core[df12db4294e9bfd3]::result::Result<(), alloc[2182bb758b4b3781]::string::String>>
[INFO] [stdout]   14:     0x5c86214378d1 - test[9d35eded1c95d3be]::run_test::{closure#0}
[INFO] [stdout]   15:     0x5c8621430fe4 - std[70759c8f55707aa4]::sys::backtrace::__rust_begin_short_backtrace::<test[9d35eded1c95d3be]::run_test::{closure#1}, ()>
[INFO] [stdout]   16:     0x5c862143b6f2 - <std[70759c8f55707aa4]::thread::lifecycle::spawn_unchecked<test[9d35eded1c95d3be]::run_test::{closure#1}, ()>::{closure#1} as core[df12db4294e9bfd3]::ops::function::FnOnce<()>>::call_once::{shim:vtable#0}
[INFO] [stdout]   17:     0x5c862141f19e - <std[70759c8f55707aa4]::sys::thread::unix::Thread>::new::thread_start
[INFO] [stdout]   18:     0x74137db3adfa - <unknown>
[INFO] [stdout]   19:     0x74137dbce3d4 - clone
[INFO] [stdout]   20:                0x0 - <unknown>
[INFO] [stdout] 
[INFO] [stdout] ---- test_nan_mass_treated_as_unknown stdout ----
[INFO] [stdout] 
[INFO] [stdout] thread 'test_nan_mass_treated_as_unknown' (1836) panicked at tests/test_data.rs:28:33:
[INFO] [stdout] Failed to create directory "data": Read-only file system (os error 30)
[INFO] [stdout] stack backtrace:
[INFO] [stdout]    0:     0x5c86214206f6 - <<std[70759c8f55707aa4]::sys::backtrace::BacktraceLock>::print::DisplayBacktrace as core[df12db4294e9bfd3]::fmt::Display>::fmt
[INFO] [stdout]    1:     0x5c86212781aa - core[df12db4294e9bfd3]::fmt::write
[INFO] [stdout]    2:     0x5c86214279bc - <alloc[2182bb758b4b3781]::vec::Vec<u8> as core[df12db4294e9bfd3]::io::write::Write>::write_fmt
[INFO] [stdout]    3:     0x5c86213f7772 - std[70759c8f55707aa4]::panicking::default_hook::{closure#0}
[INFO] [stdout]    4:     0x5c86214180f1 - std[70759c8f55707aa4]::panicking::default_hook
[INFO] [stdout]    5:     0x5c86214182d2 - std[70759c8f55707aa4]::panicking::panic_with_hook
[INFO] [stdout]    6:     0x5c86213f7822 - std[70759c8f55707aa4]::panicking::panic_handler::{closure#0}
[INFO] [stdout]    7:     0x5c86213f03e9 - std[70759c8f55707aa4]::sys::backtrace::__rust_end_short_backtrace::<std[70759c8f55707aa4]::panicking::panic_handler::{closure#0}, !>
[INFO] [stdout]    8:     0x5c86213fc8dd - __rustc[8fa7c3cbc660c2b3]::rust_begin_unwind
[INFO] [stdout]    9:     0x5c86212788cc - core[df12db4294e9bfd3]::panicking::panic_fmt
[INFO] [stdout]   10:     0x5c86212a46ca - integration_test[e9a79a089d0b8554]::test_data::ensure_test_file::{closure#0}
[INFO] [stdout]   11:     0x5c86212a68de - integration_test[e9a79a089d0b8554]::test_data::ensure_test_file
[INFO] [stdout]   12:     0x5c86212a4d28 - integration_test[e9a79a089d0b8554]::small_test_db
[INFO] [stdout]   13:     0x5c86212b0e94 - <integration_test[e9a79a089d0b8554]::test_nan_mass_treated_as_unknown::{closure#0} as core[df12db4294e9bfd3]::ops::function::FnOnce<()>>::call_once
[INFO] [stdout]   14:     0x5c862142977b - test[9d35eded1c95d3be]::__rust_begin_short_backtrace::<core[df12db4294e9bfd3]::result::Result<(), alloc[2182bb758b4b3781]::string::String>, fn() -> core[df12db4294e9bfd3]::result::Result<(), alloc[2182bb758b4b3781]::string::String>>
[INFO] [stdout]   15:     0x5c86214378d1 - test[9d35eded1c95d3be]::run_test::{closure#0}
[INFO] [stdout]   16:     0x5c8621430fe4 - std[70759c8f55707aa4]::sys::backtrace::__rust_begin_short_backtrace::<test[9d35eded1c95d3be]::run_test::{closure#1}, ()>
[INFO] [stdout]   17:     0x5c862143b6f2 - <std[70759c8f55707aa4]::thread::lifecycle::spawn_unchecked<test[9d35eded1c95d3be]::run_test::{closure#1}, ()>::{closure#1} as core[df12db4294e9bfd3]::ops::function::FnOnce<()>>::call_once::{shim:vtable#0}
[INFO] [stdout]   18:     0x5c862141f19e - <std[70759c8f55707aa4]::sys::thread::unix::Thread>::new::thread_start
[INFO] [stdout]   19:     0x74137db3adfa - <unknown>
[INFO] [stdout]   20:     0x74137dbce3d4 - clone
[INFO] [stdout]   21:                0x0 - <unknown>
[INFO] [stdout] 
[INFO] [stdout] ---- test_calibrate_tolerates_nan_centroid stdout ----
[INFO] [stdout] 
[INFO] [stdout] thread 'test_calibrate_tolerates_nan_centroid' (1832) panicked at tests/test_data.rs:28:33:
[INFO] [stdout] Failed to create directory "data": Read-only file system (os error 30)
[INFO] [stdout] stack backtrace:
[INFO] [stdout]    0:     0x5c86214206f6 - <<std[70759c8f55707aa4]::sys::backtrace::BacktraceLock>::print::DisplayBacktrace as core[df12db4294e9bfd3]::fmt::Display>::fmt
[INFO] [stdout]    1:     0x5c86212781aa - core[df12db4294e9bfd3]::fmt::write
[INFO] [stdout]    2:     0x5c86214279bc - <alloc[2182bb758b4b3781]::vec::Vec<u8> as core[df12db4294e9bfd3]::io::write::Write>::write_fmt
[INFO] [stdout]    3:     0x5c86213f7772 - std[70759c8f55707aa4]::panicking::default_hook::{closure#0}
[INFO] [stdout]    4:     0x5c86214180f1 - std[70759c8f55707aa4]::panicking::default_hook
[INFO] [stdout]    5:     0x5c86214182d2 - std[70759c8f55707aa4]::panicking::panic_with_hook
[INFO] [stdout]    6:     0x5c86213f7822 - std[70759c8f55707aa4]::panicking::panic_handler::{closure#0}
[INFO] [stdout]    7:     0x5c86213f03e9 - std[70759c8f55707aa4]::sys::backtrace::__rust_end_short_backtrace::<std[70759c8f55707aa4]::panicking::panic_handler::{closure#0}, !>
[INFO] [stdout]    8:     0x5c86213fc8dd - __rustc[8fa7c3cbc660c2b3]::rust_begin_unwind
[INFO] [stdout]    9:     0x5c86212788cc - core[df12db4294e9bfd3]::panicking::panic_fmt
[INFO] [stdout]   10:     0x5c86212a46ca - integration_test[e9a79a089d0b8554]::test_data::ensure_test_file::{closure#0}
[INFO] [stdout]   11:     0x5c86212a68de - integration_test[e9a79a089d0b8554]::test_data::ensure_test_file
[INFO] [stdout]   12:     0x5c86212a4d28 - integration_test[e9a79a089d0b8554]::small_test_db
[INFO] [stdout]   13:     0x5c86212b3bf4 - <integration_test[e9a79a089d0b8554]::test_calibrate_tolerates_nan_centroid::{closure#0} as core[df12db4294e9bfd3]::ops::function::FnOnce<()>>::call_once
[INFO] [stdout]   14:     0x5c862142977b - test[9d35eded1c95d3be]::__rust_begin_short_backtrace::<core[df12db4294e9bfd3]::result::Result<(), alloc[2182bb758b4b3781]::string::String>, fn() -> core[df12db4294e9bfd3]::result::Result<(), alloc[2182bb758b4b3781]::string::String>>
[INFO] [stdout]   15:     0x5c86214378d1 - test[9d35eded1c95d3be]::run_test::{closure#0}
[INFO] [stdout]   16:     0x5c8621430fe4 - std[70759c8f55707aa4]::sys::backtrace::__rust_begin_short_backtrace::<test[9d35eded1c95d3be]::run_test::{closure#1}, ()>
[INFO] [stdout]   17:     0x5c862143b6f2 - <std[70759c8f55707aa4]::thread::lifecycle::spawn_unchecked<test[9d35eded1c95d3be]::run_test::{closure#1}, ()>::{closure#1} as core[df12db4294e9bfd3]::ops::function::FnOnce<()>>::call_once::{shim:vtable#0}
[INFO] [stdout]   18:     0x5c862141f19e - <std[70759c8f55707aa4]::sys::thread::unix::Thread>::new::thread_start
[INFO] [stdout]   19:     0x74137db3adfa - <unknown>
[INFO] [stdout]   20:     0x74137dbce3d4 - clone
[INFO] [stdout]   21:                0x0 - <unknown>
[INFO] [stdout] 
[INFO] [stdout] ---- test_parity_flipped_solve stdout ----
[INFO] [stdout] 
[INFO] [stdout] thread 'test_parity_flipped_solve' (1837) panicked at tests/test_data.rs:28:33:
[INFO] [stdout] Failed to create directory "data": Read-only file system (os error 30)
[INFO] [stdout] stack backtrace:
[INFO] [stdout]    0:     0x5c86214206f6 - <<std[70759c8f55707aa4]::sys::backtrace::BacktraceLock>::print::DisplayBacktrace as core[df12db4294e9bfd3]::fmt::Display>::fmt
[INFO] [stdout]    1:     0x5c86212781aa - core[df12db4294e9bfd3]::fmt::write
[INFO] [stdout]    2:     0x5c86214279bc - <alloc[2182bb758b4b3781]::vec::Vec<u8> as core[df12db4294e9bfd3]::io::write::Write>::write_fmt
[INFO] [stdout]    3:     0x5c86213f7772 - std[70759c8f55707aa4]::panicking::default_hook::{closure#0}
[INFO] [stdout]    4:     0x5c86214180f1 - std[70759c8f55707aa4]::panicking::default_hook
[INFO] [stdout]    5:     0x5c86214182d2 - std[70759c8f55707aa4]::panicking::panic_with_hook
[INFO] [stdout]    6:     0x5c86213f7822 - std[70759c8f55707aa4]::panicking::panic_handler::{closure#0}
[INFO] [stdout]    7:     0x5c86213f03e9 - std[70759c8f55707aa4]::sys::backtrace::__rust_end_short_backtrace::<std[70759c8f55707aa4]::panicking::panic_handler::{closure#0}, !>
[INFO] [stdout]    8:     0x5c86213fc8dd - __rustc[8fa7c3cbc660c2b3]::rust_begin_unwind
[INFO] [stdout]    9:     0x5c86212788cc - core[df12db4294e9bfd3]::panicking::panic_fmt
[INFO] [stdout]   10:     0x5c86212a46ca - integration_test[e9a79a089d0b8554]::test_data::ensure_test_file::{closure#0}
[INFO] [stdout]   11:     0x5c86212a68de - integration_test[e9a79a089d0b8554]::test_data::ensure_test_file
[INFO] [stdout]   12:     0x5c86212ada4e - <integration_test[e9a79a089d0b8554]::test_parity_flipped_solve::{closure#0} as core[df12db4294e9bfd3]::ops::function::FnOnce<()>>::call_once
[INFO] [stdout]   13:     0x5c862142977b - test[9d35eded1c95d3be]::__rust_begin_short_backtrace::<core[df12db4294e9bfd3]::result::Result<(), alloc[2182bb758b4b3781]::string::String>, fn() -> core[df12db4294e9bfd3]::result::Result<(), alloc[2182bb758b4b3781]::string::String>>
[INFO] [stdout]   14:     0x5c86214378d1 - test[9d35eded1c95d3be]::run_test::{closure#0}
[INFO] [stdout]   15:     0x5c8621430fe4 - std[70759c8f55707aa4]::sys::backtrace::__rust_begin_short_backtrace::<test[9d35eded1c95d3be]::run_test::{closure#1}, ()>
[INFO] [stdout]   16:     0x5c862143b6f2 - <std[70759c8f55707aa4]::thread::lifecycle::spawn_unchecked<test[9d35eded1c95d3be]::run_test::{closure#1}, ()>::{closure#1} as core[df12db4294e9bfd3]::ops::function::FnOnce<()>>::call_once::{shim:vtable#0}
[INFO] [stdout]   17:     0x5c862141f19e - <std[70759c8f55707aa4]::sys::thread::unix::Thread>::new::thread_start
[INFO] [stdout]   18:     0x74137db3adfa - <unknown>
[INFO] [stdout]   19:     0x74137dbce3d4 - clone
[INFO] [stdout]   20:                0x0 - <unknown>
[INFO] [stdout] 
[INFO] [stdout] ---- test_pattern_budget_reports_timeout stdout ----
[INFO] [stdout] 
[INFO] [stdout] thread 'test_pattern_budget_reports_timeout' (1838) panicked at tests/test_data.rs:28:33:
[INFO] [stdout] Failed to create directory "data": Read-only file system (os error 30)
[INFO] [stdout] stack backtrace:
[INFO] [stdout]    0:     0x5c86214206f6 - <<std[70759c8f55707aa4]::sys::backtrace::BacktraceLock>::print::DisplayBacktrace as core[df12db4294e9bfd3]::fmt::Display>::fmt
[INFO] [stdout]    1:     0x5c86212781aa - core[df12db4294e9bfd3]::fmt::write
[INFO] [stdout]    2:     0x5c86214279bc - <alloc[2182bb758b4b3781]::vec::Vec<u8> as core[df12db4294e9bfd3]::io::write::Write>::write_fmt
[INFO] [stdout]    3:     0x5c86213f7772 - std[70759c8f55707aa4]::panicking::default_hook::{closure#0}
[INFO] [stdout]    4:     0x5c86214180f1 - std[70759c8f55707aa4]::panicking::default_hook
[INFO] [stdout]    5:     0x5c86214182d2 - std[70759c8f55707aa4]::panicking::panic_with_hook
[INFO] [stdout]    6:     0x5c86213f7822 - std[70759c8f55707aa4]::panicking::panic_handler::{closure#0}
[INFO] [stdout]    7:     0x5c86213f03e9 - std[70759c8f55707aa4]::sys::backtrace::__rust_end_short_backtrace::<std[70759c8f55707aa4]::panicking::panic_handler::{closure#0}, !>
[INFO] [stdout]    8:     0x5c86213fc8dd - __rustc[8fa7c3cbc660c2b3]::rust_begin_unwind
[INFO] [stdout]    9:     0x5c86212788cc - core[df12db4294e9bfd3]::panicking::panic_fmt
[INFO] [stdout]   10:     0x5c86212a46ca - integration_test[e9a79a089d0b8554]::test_data::ensure_test_file::{closure#0}
[INFO] [stdout]   11:     0x5c86212a68de - integration_test[e9a79a089d0b8554]::test_data::ensure_test_file
[INFO] [stdout]   12:     0x5c86212b33a2 - <integration_test[e9a79a089d0b8554]::test_pattern_budget_reports_timeout::{closure#0} as core[df12db4294e9bfd3]::ops::function::FnOnce<()>>::call_once
[INFO] [stdout]   13:     0x5c862142977b - test[9d35eded1c95d3be]::__rust_begin_short_backtrace::<core[df12db4294e9bfd3]::result::Result<(), alloc[2182bb758b4b3781]::string::String>, fn() -> core[df12db4294e9bfd3]::result::Result<(), alloc[2182bb758b4b3781]::string::String>>
[INFO] [stdout]   14:     0x5c86214378d1 - test[9d35eded1c95d3be]::run_test::{closure#0}
[INFO] [stdout]   15:     0x5c8621430fe4 - std[70759c8f55707aa4]::sys::backtrace::__rust_begin_short_backtrace::<test[9d35eded1c95d3be]::run_test::{closure#1}, ()>
[INFO] [stdout]   16:     0x5c862143b6f2 - <std[70759c8f55707aa4]::thread::lifecycle::spawn_unchecked<test[9d35eded1c95d3be]::run_test::{closure#1}, ()>::{closure#1} as core[df12db4294e9bfd3]::ops::function::FnOnce<()>>::call_once::{shim:vtable#0}
[INFO] [stdout]   17:     0x5c862141f19e - <std[70759c8f55707aa4]::sys::thread::unix::Thread>::new::thread_start
[INFO] [stdout]   18:     0x74137db3adfa - <unknown>
[INFO] [stdout]   19:     0x74137dbce3d4 - clone
[INFO] [stdout]   20:                0x0 - <unknown>
[INFO] [stdout] 
[INFO] [stdout] ---- test_matched_indices_survive_dropped_centroid stdout ----
[INFO] [stdout] 
[INFO] [stdout] thread 'test_matched_indices_survive_dropped_centroid' (1835) panicked at tests/test_data.rs:28:33:
[INFO] [stdout] Failed to create directory "data": Read-only file system (os error 30)
[INFO] [stdout] stack backtrace:
[INFO] [stdout]    0:     0x5c86214206f6 - <<std[70759c8f55707aa4]::sys::backtrace::BacktraceLock>::print::DisplayBacktrace as core[df12db4294e9bfd3]::fmt::Display>::fmt
[INFO] [stdout]    1:     0x5c86212781aa - core[df12db4294e9bfd3]::fmt::write
[INFO] [stdout]    2:     0x5c86214279bc - <alloc[2182bb758b4b3781]::vec::Vec<u8> as core[df12db4294e9bfd3]::io::write::Write>::write_fmt
[INFO] [stdout]    3:     0x5c86213f7772 - std[70759c8f55707aa4]::panicking::default_hook::{closure#0}
[INFO] [stdout]    4:     0x5c86214180f1 - std[70759c8f55707aa4]::panicking::default_hook
[INFO] [stdout]    5:     0x5c86214182d2 - std[70759c8f55707aa4]::panicking::panic_with_hook
[INFO] [stdout]    6:     0x5c86213f7822 - std[70759c8f55707aa4]::panicking::panic_handler::{closure#0}
[INFO] [stdout]    7:     0x5c86213f03e9 - std[70759c8f55707aa4]::sys::backtrace::__rust_end_short_backtrace::<std[70759c8f55707aa4]::panicking::panic_handler::{closure#0}, !>
[INFO] [stdout]    8:     0x5c86213fc8dd - __rustc[8fa7c3cbc660c2b3]::rust_begin_unwind
[INFO] [stdout]    9:     0x5c86212788cc - core[df12db4294e9bfd3]::panicking::panic_fmt
[INFO] [stdout]   10:     0x5c86212a46ca - integration_test[e9a79a089d0b8554]::test_data::ensure_test_file::{closure#0}
[INFO] [stdout]   11:     0x5c86212a68de - integration_test[e9a79a089d0b8554]::test_data::ensure_test_file
[INFO] [stdout]   12:     0x5c86212b91b0 - <integration_test[e9a79a089d0b8554]::test_matched_indices_survive_dropped_centroid::{closure#0} as core[df12db4294e9bfd3]::ops::function::FnOnce<()>>::call_once
[INFO] [stdout]   13:     0x5c862142977b - test[9d35eded1c95d3be]::__rust_begin_short_backtrace::<core[df12db4294e9bfd3]::result::Result<(), alloc[2182bb758b4b3781]::string::String>, fn() -> core[df12db4294e9bfd3]::result::Result<(), alloc[2182bb758b4b3781]::string::String>>
[INFO] [stdout]   14:     0x5c86214378d1 - test[9d35eded1c95d3be]::run_test::{closure#0}
[INFO] [stdout]   15:     0x5c8621430fe4 - std[70759c8f55707aa4]::sys::backtrace::__rust_begin_short_backtrace::<test[9d35eded1c95d3be]::run_test::{closure#1}, ()>
[INFO] [stdout]   16:     0x5c862143b6f2 - <std[70759c8f55707aa4]::thread::lifecycle::spawn_unchecked<test[9d35eded1c95d3be]::run_test::{closure#1}, ()>::{closure#1} as core[df12db4294e9bfd3]::ops::function::FnOnce<()>>::call_once::{shim:vtable#0}
[INFO] [stdout]   17:     0x5c862141f19e - <std[70759c8f55707aa4]::sys::thread::unix::Thread>::new::thread_start
[INFO] [stdout]   18:     0x74137db3adfa - <unknown>
[INFO] [stdout]   19:     0x74137dbce3d4 - clone
[INFO] [stdout]   20:                0x0 - <unknown>
[INFO] [stdout] 
[INFO] [stdout] 
[INFO] [stdout] failures:
[INFO] [stdout]     test_calibrate_tolerates_nan_centroid
[INFO] [stdout]     test_calibration_corrects_aberration_per_image
[INFO] [stdout]     test_generate_and_solve
[INFO] [stdout]     test_matched_indices_survive_dropped_centroid
[INFO] [stdout]     test_nan_mass_treated_as_unknown
[INFO] [stdout]     test_parity_flipped_solve
[INFO] [stdout]     test_pattern_budget_reports_timeout
[INFO] [stdout]     test_save_and_load_database
[INFO] [stdout]     test_statistical_1000_noisy_centroids
[INFO] [stdout]     test_statistical_1000_random_orientations
[INFO] [stdout]     test_tracking_with_attitude_hint
[INFO] [stdout] 
[INFO] [stdout] test result: FAILED. 0 passed; 11 failed; 1 ignored; 0 measured; 0 filtered out; finished in 0.03s
[INFO] [stdout] 
[INFO] [stderr] error: test failed, to rerun pass `--test integration_test`
[INFO] running `Command { std: "docker" "inspect" "84f497512bb1f076dd5dbfb0d66236e5af98329c492d1dc86d67d75c09e82362", kill_on_drop: false }`
[INFO] running `Command { std: "docker" "rm" "-f" "84f497512bb1f076dd5dbfb0d66236e5af98329c492d1dc86d67d75c09e82362", kill_on_drop: false }`
[INFO] [stdout] 84f497512bb1f076dd5dbfb0d66236e5af98329c492d1dc86d67d75c09e82362
