[INFO] fetching crate testkit-core 0.1.1...
[INFO] testing testkit-core-0.1.1 against 1.99.0-beta.8+cargoflags=--release for beta-release-1.100-2
[INFO] extracting crate testkit-core 0.1.1 into /workspace/builds/worker-6-tc1/source
[INFO] started tweaking crates.io crate testkit-core 0.1.1
[INFO] removed 0 missing tests
[INFO] finished tweaking crates.io crate testkit-core 0.1.1
[INFO] tweaked toml for crates.io crate testkit-core 0.1.1 written to /workspace/builds/worker-6-tc1/source/Cargo.toml
[INFO] validating manifest of crates.io crate testkit-core 0.1.1 on toolchain 1.99.0-beta.8
[INFO] running `Command { std: CARGO_HOME="/workspace/cargo-home" RUSTUP_HOME="/workspace/rustup-home" "/workspace/cargo-home/bin/cargo" "+1.99.0-beta.8" "metadata" "--manifest-path" "Cargo.toml" "--no-deps", kill_on_drop: false }`
[INFO] crate crates.io crate testkit-core 0.1.1 already has a lockfile, it will not be regenerated
[INFO] running `Command { std: CARGO_HOME="/workspace/cargo-home" RUSTUP_HOME="/workspace/rustup-home" "/workspace/cargo-home/bin/cargo" "+1.99.0-beta.8" "fetch" "--manifest-path" "Cargo.toml", kill_on_drop: false }`
[INFO] [stderr]  Downloading crates ...
[INFO] [stderr]   Downloaded uuid v1.15.1
[INFO] [stderr]   Downloaded bytes v1.10.0
[INFO] [stderr]   Downloaded foldhash v0.1.4
[INFO] [stderr]   Downloaded sqlx-core v0.8.3
[INFO] [stderr]   Downloaded sqlx v0.8.3
[INFO] [stderr]   Downloaded sqlx-postgres v0.8.3
[INFO] [stderr]   Downloaded serde_json v1.0.139
[INFO] [stderr]   Downloaded event-listener v5.4.0
[INFO] [stderr]   Downloaded either v1.14.0
[INFO] [stderr]   Downloaded sqlx-macros-core v0.8.3
[INFO] [stderr]   Downloaded sqlx-macros v0.8.3
[INFO] [stderr]   Downloaded async-trait v0.1.86
[INFO] running `Command { std: "docker" "create" "-v" "/var/lib/crater-agent-workspace/builds/worker-6-tc1/source:/opt/rustwide/workdir:ro,Z" "-v" "/var/lib/crater-agent-workspace/builds/worker-6-tc1/target:/opt/rustwide/target:rw,Z" "-v" "/var/lib/crater-agent-workspace/cargo-home:/opt/rustwide/cargo-home:ro,Z" "-v" "/var/lib/crater-agent-workspace/rustup-home:/opt/rustwide/rustup-home:ro,Z" "-m" "1610612736" "--network" "none" "ghcr.io/rust-lang/crates-build-env/linux@sha256:77db811e55d90add9212f6832c23229e3de5f1c1f9905e8cb07319ea15df73ac" "sleep" "infinity", kill_on_drop: false }`
[INFO] [stdout] 012d277793395aa283c50065ebf8d7e91a90ae7b8c80f3fe157bb919ccc4366b
[INFO] running `Command { std: "docker" "start" "012d277793395aa283c50065ebf8d7e91a90ae7b8c80f3fe157bb919ccc4366b", kill_on_drop: false }`
[INFO] running `Command { std: "docker" "inspect" "012d277793395aa283c50065ebf8d7e91a90ae7b8c80f3fe157bb919ccc4366b", kill_on_drop: false }`
[INFO] running `Command { std: "docker" "exec" "-e" "SOURCE_DIR=/opt/rustwide/workdir" "-e" "CARGO_HOME=/opt/rustwide/cargo-home" "-e" "RUSTUP_HOME=/opt/rustwide/rustup-home" "-e" "CARGO_TARGET_DIR=/opt/rustwide/target" "-w" "/opt/rustwide/workdir" "--user" "0:0" "012d277793395aa283c50065ebf8d7e91a90ae7b8c80f3fe157bb919ccc4366b" "/opt/rustwide/cargo-home/bin/cargo" "+1.99.0-beta.8" "metadata" "--no-deps" "--format-version=1", kill_on_drop: false }`
[INFO] running `Command { std: "docker" "inspect" "012d277793395aa283c50065ebf8d7e91a90ae7b8c80f3fe157bb919ccc4366b", kill_on_drop: false }`
[INFO] running `Command { std: "docker" "exec" "-e" "SOURCE_DIR=/opt/rustwide/workdir" "-e" "CARGO_HOME=/opt/rustwide/cargo-home" "-e" "RUSTUP_HOME=/opt/rustwide/rustup-home" "-e" "CARGO_TARGET_DIR=/opt/rustwide/target" "-e" "CARGO_INCREMENTAL=0" "-e" "RUST_BACKTRACE=full" "-e" "RUSTFLAGS=--cap-lints=warn" "-e" "RUSTDOCFLAGS=--cap-lints=warn" "-w" "/opt/rustwide/workdir" "--user" "0:0" "012d277793395aa283c50065ebf8d7e91a90ae7b8c80f3fe157bb919ccc4366b" "/opt/rustwide/cargo-home/bin/cargo" "+1.99.0-beta.8" "build" "--frozen" "--message-format=json" "--release", kill_on_drop: false }`
[INFO] [stderr]    Compiling proc-macro2 v1.0.93
[INFO] [stderr]    Compiling unicode-ident v1.0.17
[INFO] [stderr]    Compiling libc v0.2.170
[INFO] [stderr]    Compiling once_cell v1.20.3
[INFO] [stderr]    Compiling regex-syntax v0.6.29
[INFO] [stderr]    Compiling smallvec v1.14.0
[INFO] [stderr]    Compiling regex-syntax v0.8.5
[INFO] [stderr]    Compiling getrandom v0.3.1
[INFO] [stderr]    Compiling overload v0.1.1
[INFO] [stderr]    Compiling log v0.4.26
[INFO] [stderr]    Compiling nu-ansi-term v0.46.0
[INFO] [stderr]    Compiling tracing-core v0.1.33
[INFO] [stderr]    Compiling thread_local v1.1.8
[INFO] [stderr]    Compiling parking_lot_core v0.9.10
[INFO] [stderr]    Compiling tracing-log v0.2.0
[INFO] [stderr]    Compiling uuid v1.15.1
[INFO] [stderr]    Compiling parking_lot v0.12.3
[INFO] [stderr]    Compiling quote v1.0.38
[INFO] [stderr]    Compiling syn v2.0.98
[INFO] [stderr]    Compiling regex-automata v0.1.10
[INFO] [stderr]    Compiling regex-automata v0.4.9
[INFO] [stderr]    Compiling matchers v0.1.0
[INFO] [stderr]    Compiling regex v1.11.1
[INFO] [stderr]    Compiling tracing-attributes v0.1.28
[INFO] [stderr]    Compiling async-trait v0.1.86
[INFO] [stderr]    Compiling tracing v0.1.41
[INFO] [stderr]    Compiling tracing-subscriber v0.3.19
[INFO] [stderr]    Compiling testkit-core v0.1.1 (/opt/rustwide/workdir)
[INFO] [stderr]     Finished `release` profile [optimized] target(s) in 27.90s
[INFO] running `Command { std: "docker" "inspect" "012d277793395aa283c50065ebf8d7e91a90ae7b8c80f3fe157bb919ccc4366b", kill_on_drop: false }`
[INFO] running `Command { std: "docker" "exec" "-e" "SOURCE_DIR=/opt/rustwide/workdir" "-e" "CARGO_HOME=/opt/rustwide/cargo-home" "-e" "RUSTUP_HOME=/opt/rustwide/rustup-home" "-e" "CARGO_TARGET_DIR=/opt/rustwide/target" "-e" "CARGO_INCREMENTAL=0" "-e" "RUST_BACKTRACE=full" "-e" "RUSTFLAGS=--cap-lints=warn" "-e" "RUSTDOCFLAGS=--cap-lints=warn" "-w" "/opt/rustwide/workdir" "--user" "0:0" "012d277793395aa283c50065ebf8d7e91a90ae7b8c80f3fe157bb919ccc4366b" "/opt/rustwide/cargo-home/bin/cargo" "+1.99.0-beta.8" "test" "--frozen" "--no-run" "--message-format=json" "--release", kill_on_drop: false }`
[INFO] [stderr]    Compiling syn v2.0.98
[INFO] [stderr]    Compiling serde v1.0.218
[INFO] [stderr]    Compiling writeable v0.5.5
[INFO] [stderr]    Compiling litemap v0.7.5
[INFO] [stderr]    Compiling icu_locid_transform_data v1.5.0
[INFO] [stderr]    Compiling icu_properties_data v1.5.0
[INFO] [stderr]    Compiling write16 v1.0.0
[INFO] [stderr]    Compiling utf16_iter v1.0.5
[INFO] [stderr]    Compiling icu_normalizer_data v1.5.0
[INFO] [stderr]    Compiling generic-array v0.14.7
[INFO] [stderr]    Compiling slab v0.4.9
[INFO] [stderr]    Compiling foldhash v0.1.4
[INFO] [stderr]    Compiling getrandom v0.2.15
[INFO] [stderr]    Compiling socket2 v0.5.8
[INFO] [stderr]    Compiling mio v1.0.3
[INFO] [stderr]    Compiling num-traits v0.2.19
[INFO] [stderr]    Compiling bytes v1.10.0
[INFO] [stderr]    Compiling futures-sink v0.3.31
[INFO] [stderr]    Compiling hashbrown v0.15.2
[INFO] [stderr]    Compiling serde_json v1.0.139
[INFO] [stderr]    Compiling thiserror v2.0.11
[INFO] [stderr]    Compiling percent-encoding v2.3.1
[INFO] [stderr]    Compiling form_urlencoded v1.2.1
[INFO] [stderr]    Compiling tinyvec v1.8.1
[INFO] [stderr]    Compiling itoa v1.0.14
[INFO] [stderr]    Compiling ryu v1.0.19
[INFO] [stderr]    Compiling futures-util v0.3.31
[INFO] [stderr]    Compiling event-listener v5.4.0
[INFO] [stderr]    Compiling crc v3.2.1
[INFO] [stderr]    Compiling unicode-properties v0.1.3
[INFO] [stderr]    Compiling rand_core v0.6.4
[INFO] [stderr]    Compiling futures-channel v0.3.31
[INFO] [stderr]    Compiling home v0.5.11
[INFO] [stderr]    Compiling bitflags v2.9.0
[INFO] [stderr]    Compiling whoami v1.5.2
[INFO] [stderr]    Compiling indexmap v2.7.1
[INFO] [stderr]    Compiling hashlink v0.10.0
[INFO] [stderr]    Compiling block-buffer v0.10.4
[INFO] [stderr]    Compiling crypto-common v0.1.6
[INFO] [stderr]    Compiling unicode-normalization v0.1.24
[INFO] [stderr]    Compiling digest v0.10.7
[INFO] [stderr]    Compiling stringprep v0.1.5
[INFO] [stderr]    Compiling atoi v2.0.0
[INFO] [stderr]    Compiling hmac v0.12.1
[INFO] [stderr]    Compiling sha2 v0.10.8
[INFO] [stderr]    Compiling md-5 v0.10.6
[INFO] [stderr]    Compiling hkdf v0.12.4
[INFO] [stderr]    Compiling synstructure v0.13.1
[INFO] [stderr]    Compiling zerofrom-derive v0.1.6
[INFO] [stderr]    Compiling serde_derive v1.0.218
[INFO] [stderr]    Compiling yoke-derive v0.7.5
[INFO] [stderr]    Compiling zerovec-derive v0.10.3
[INFO] [stderr]    Compiling displaydoc v0.2.5
[INFO] [stderr]    Compiling icu_provider_macros v1.5.0
[INFO] [stderr]    Compiling zerocopy-derive v0.7.35
[INFO] [stderr]    Compiling tracing-attributes v0.1.28
[INFO] [stderr]    Compiling tokio-macros v2.5.0
[INFO] [stderr]    Compiling thiserror-impl v2.0.11
[INFO] [stderr]    Compiling async-trait v0.1.86
[INFO] [stderr]    Compiling tokio v1.43.0
[INFO] [stderr]    Compiling zerocopy v0.7.35
[INFO] [stderr]    Compiling zerofrom v0.1.6
[INFO] [stderr]    Compiling yoke v0.7.5
[INFO] [stderr]    Compiling tracing v0.1.41
[INFO] [stderr]    Compiling zerovec v0.10.4
[INFO] [stderr]    Compiling ppv-lite86 v0.2.20
[INFO] [stderr]    Compiling rand_chacha v0.3.1
[INFO] [stderr]    Compiling rand v0.8.5
[INFO] [stderr]    Compiling tinystr v0.7.6
[INFO] [stderr]    Compiling icu_collections v1.5.0
[INFO] [stderr]    Compiling icu_locid v1.5.0
[INFO] [stderr]    Compiling icu_provider v1.5.0
[INFO] [stderr]    Compiling icu_locid_transform v1.5.0
[INFO] [stderr]    Compiling icu_properties v1.5.1
[INFO] [stderr]    Compiling smallvec v1.14.0
[INFO] [stderr]    Compiling either v1.14.0
[INFO] [stderr]    Compiling parking_lot_core v0.9.10
[INFO] [stderr]    Compiling tracing-subscriber v0.3.19
[INFO] [stderr]    Compiling parking_lot v0.12.3
[INFO] [stderr]    Compiling futures-intrusive v0.5.0
[INFO] [stderr]    Compiling tokio-stream v0.1.17
[INFO] [stderr]    Compiling icu_normalizer v1.5.0
[INFO] [stderr]    Compiling idna_adapter v1.2.0
[INFO] [stderr]    Compiling idna v1.0.3
[INFO] [stderr]    Compiling testkit-core v0.1.1 (/opt/rustwide/workdir)
[INFO] [stderr]    Compiling url v2.5.4
[INFO] [stderr]    Compiling sqlx-core v0.8.3
[INFO] [stderr]    Compiling sqlx-postgres v0.8.3
[INFO] [stderr]    Compiling sqlx v0.8.3
[INFO] [stderr]     Finished `release` profile [optimized] target(s) in 1m 04s
[INFO] running `Command { std: "docker" "inspect" "012d277793395aa283c50065ebf8d7e91a90ae7b8c80f3fe157bb919ccc4366b", kill_on_drop: false }`
[INFO] running `Command { std: "docker" "exec" "-e" "SOURCE_DIR=/opt/rustwide/workdir" "-e" "CARGO_HOME=/opt/rustwide/cargo-home" "-e" "RUSTUP_HOME=/opt/rustwide/rustup-home" "-e" "CARGO_TARGET_DIR=/opt/rustwide/target" "-e" "CARGO_INCREMENTAL=0" "-e" "RUST_BACKTRACE=full" "-e" "RUSTFLAGS=--cap-lints=warn" "-e" "RUSTDOCFLAGS=--cap-lints=warn" "-w" "/opt/rustwide/workdir" "--user" "0:0" "012d277793395aa283c50065ebf8d7e91a90ae7b8c80f3fe157bb919ccc4366b" "/opt/rustwide/cargo-home/bin/cargo" "+1.99.0-beta.8" "test" "--frozen" "--release", kill_on_drop: false }`
[INFO] [stderr]     Finished `release` profile [optimized] target(s) in 0.21s
[INFO] [stderr]      Running unittests src/lib.rs (/opt/rustwide/target/release/deps/testkit_core-1991a654a1cf5544)
[INFO] [stdout] 
[INFO] [stdout] running 11 tests
[INFO] [stdout] test handlers::tests::test_with_database_and_setup ... FAILED
[INFO] [stdout] test handlers::tests::test_with_database_only ... FAILED
[INFO] [stdout] test handlers::boxed::tests::test_boxed_database ... FAILED
[INFO] [stdout] test handlers::tests::test_error_in_setup_with_transaction ... FAILED
[INFO] [stdout] test handlers::tests::test_error_in_transaction ... FAILED
[INFO] [stdout] test handlers::tests::test_database_entry_point_directly ... FAILED
[INFO] [stdout] test handlers::tests::test_with_database_and_transaction ... FAILED
[INFO] [stdout] test handlers::tests::test_isolated_transaction ... ok
[INFO] [stdout] test handlers::tests::test_with_database_setup_and_transaction ... FAILED
[INFO] [stdout] test testdb::test_database::tests::test_database_name ... ok
[INFO] [stderr] error: test failed, to rerun pass `--lib`
[INFO] [stdout] test handlers::tests::test_error_in_setup ... FAILED
[INFO] [stdout] 
[INFO] [stdout] failures:
[INFO] [stdout] 
[INFO] [stdout] ---- handlers::tests::test_with_database_and_setup stdout ----
[INFO] [stdout] 
[INFO] [stdout] thread 'handlers::tests::test_with_database_and_setup' (2238) panicked at src/testdb/test_database.rs:23:13:
[INFO] [stdout] Failed to create DatabaseConfig: environment variable not found
[INFO] [stdout] stack backtrace:
[INFO] [stdout]    0:     0x5ad86e101fb1 - <<std[70759c8f55707aa4]::sys::backtrace::BacktraceLock>::print::DisplayBacktrace as core[df12db4294e9bfd3]::fmt::Display>::fmt
[INFO] [stdout]    1:     0x5ad86e116c2a - core[df12db4294e9bfd3]::fmt::write
[INFO] [stdout]    2:     0x5ad86e1065fc - <alloc[2182bb758b4b3781]::vec::Vec<u8> as core[df12db4294e9bfd3]::io::write::Write>::write_fmt
[INFO] [stdout]    3:     0x5ad86e0ddc36 - std[70759c8f55707aa4]::panicking::default_hook::{closure#0}
[INFO] [stdout]    4:     0x5ad86e0fa3d9 - std[70759c8f55707aa4]::panicking::default_hook
[INFO] [stdout]    5:     0x5ad86e07bbe0 - test[9d35eded1c95d3be]::test_main_inner::<test[9d35eded1c95d3be]::test_main_static::{closure#0}>::{closure#0}
[INFO] [stdout]    6:     0x5ad86e0fa592 - std[70759c8f55707aa4]::panicking::panic_with_hook
[INFO] [stdout]    7:     0x5ad86e0ddce2 - std[70759c8f55707aa4]::panicking::panic_handler::{closure#0}
[INFO] [stdout]    8:     0x5ad86e0d67f9 - std[70759c8f55707aa4]::sys::backtrace::__rust_end_short_backtrace::<std[70759c8f55707aa4]::panicking::panic_handler::{closure#0}, !>
[INFO] [stdout]    9:     0x5ad86e0de97d - __rustc[8fa7c3cbc660c2b3]::rust_begin_unwind
[INFO] [stdout]   10:     0x5ad86e11738c - core[df12db4294e9bfd3]::panicking::panic_fmt
[INFO] [stdout]   11:     0x5ad86e06a07f - <testkit_core[6078850a77e9f3bf]::testdb::test_database::DatabaseConfig as core[df12db4294e9bfd3]::default::Default>::default::{closure#0}
[INFO] [stdout]   12:     0x5ad86e06a73a - <testkit_core[6078850a77e9f3bf]::testdb::test_database::DatabaseConfig as core[df12db4294e9bfd3]::default::Default>::default
[INFO] [stdout]   13:     0x5ad86e05e019 - <testkit_core[6078850a77e9f3bf]::handlers::boxed::BoxedSetupHandler<testkit_core[6078850a77e9f3bf]::handlers::tests::MockBackend>>::execute::{closure#0}
[INFO] [stdout]   14:     0x5ad86e06110c - testkit_core[6078850a77e9f3bf]::handlers::tests::test_with_database_and_setup::{closure#0}
[INFO] [stdout]   15:     0x5ad86e06639a - <tokio[8caffe391f7b3b78]::runtime::park::CachedParkThread>::block_on::<core[df12db4294e9bfd3]::pin::Pin<&mut dyn core[df12db4294e9bfd3]::future::future::Future<Output = ()>>>
[INFO] [stdout]   16:     0x5ad86e067ab0 - tokio[8caffe391f7b3b78]::runtime::context::runtime::enter_runtime::<<tokio[8caffe391f7b3b78]::runtime::scheduler::multi_thread::MultiThread>::block_on<core[df12db4294e9bfd3]::pin::Pin<&mut dyn core[df12db4294e9bfd3]::future::future::Future<Output = ()>>>::{closure#0}, ()>
[INFO] [stdout]   17:     0x5ad86e0635da - <tokio[8caffe391f7b3b78]::runtime::runtime::Runtime>::block_on::<core[df12db4294e9bfd3]::pin::Pin<&mut dyn core[df12db4294e9bfd3]::future::future::Future<Output = ()>>>
[INFO] [stdout]   18:     0x5ad86e062e8f - testkit_core[6078850a77e9f3bf]::handlers::tests::test_with_database_and_setup
[INFO] [stdout]   19:     0x5ad86e066b59 - <testkit_core[6078850a77e9f3bf]::handlers::tests::test_with_database_and_setup::{closure#0} as core[df12db4294e9bfd3]::ops::function::FnOnce<()>>::call_once
[INFO] [stdout]   20:     0x5ad86e06eecb - test[9d35eded1c95d3be]::__rust_begin_short_backtrace::<core[df12db4294e9bfd3]::result::Result<(), alloc[2182bb758b4b3781]::string::String>, fn() -> core[df12db4294e9bfd3]::result::Result<(), alloc[2182bb758b4b3781]::string::String>>
[INFO] [stdout]   21:     0x5ad86e07c535 - test[9d35eded1c95d3be]::run_test::{closure#0}
[INFO] [stdout]   22:     0x5ad86e075df4 - std[70759c8f55707aa4]::sys::backtrace::__rust_begin_short_backtrace::<test[9d35eded1c95d3be]::run_test::{closure#1}, ()>
[INFO] [stdout]   23:     0x5ad86e07f692 - <std[70759c8f55707aa4]::thread::lifecycle::spawn_unchecked<test[9d35eded1c95d3be]::run_test::{closure#1}, ()>::{closure#1} as core[df12db4294e9bfd3]::ops::function::FnOnce<()>>::call_once::{shim:vtable#0}
[INFO] [stdout]   24:     0x5ad86e101859 - <std[70759c8f55707aa4]::sys::thread::unix::Thread>::new::thread_start
[INFO] [stdout]   25:     0x7ca4df4dcdfa - <unknown>
[INFO] [stdout]   26:     0x7ca4df5703d4 - clone
[INFO] [stdout]   27:                0x0 - <unknown>
[INFO] [stdout] 
[INFO] [stdout] ---- handlers::tests::test_with_database_only stdout ----
[INFO] [stdout] 
[INFO] [stdout] thread 'handlers::tests::test_with_database_only' (2240) panicked at src/testdb/test_database.rs:23:13:
[INFO] [stdout] Failed to create DatabaseConfig: environment variable not found
[INFO] [stdout] stack backtrace:
[INFO] [stdout]    0:     0x5ad86e101fb1 - <<std[70759c8f55707aa4]::sys::backtrace::BacktraceLock>::print::DisplayBacktrace as core[df12db4294e9bfd3]::fmt::Display>::fmt
[INFO] [stdout]    1:     0x5ad86e116c2a - core[df12db4294e9bfd3]::fmt::write
[INFO] [stdout]    2:     0x5ad86e1065fc - <alloc[2182bb758b4b3781]::vec::Vec<u8> as core[df12db4294e9bfd3]::io::write::Write>::write_fmt
[INFO] [stdout]    3:     0x5ad86e0ddc36 - std[70759c8f55707aa4]::panicking::default_hook::{closure#0}
[INFO] [stdout]    4:     0x5ad86e0fa3d9 - std[70759c8f55707aa4]::panicking::default_hook
[INFO] [stdout]    5:     0x5ad86e07bbe0 - test[9d35eded1c95d3be]::test_main_inner::<test[9d35eded1c95d3be]::test_main_static::{closure#0}>::{closure#0}
[INFO] [stdout]    6:     0x5ad86e0fa592 - std[70759c8f55707aa4]::panicking::panic_with_hook
[INFO] [stdout]    7:     0x5ad86e0ddce2 - std[70759c8f55707aa4]::panicking::panic_handler::{closure#0}
[INFO] [stdout]    8:     0x5ad86e0d67f9 - std[70759c8f55707aa4]::sys::backtrace::__rust_end_short_backtrace::<std[70759c8f55707aa4]::panicking::panic_handler::{closure#0}, !>
[INFO] [stdout]    9:     0x5ad86e0de97d - __rustc[8fa7c3cbc660c2b3]::rust_begin_unwind
[INFO] [stdout]   10:     0x5ad86e11738c - core[df12db4294e9bfd3]::panicking::panic_fmt
[INFO] [stdout]   11:     0x5ad86e06a07f - <testkit_core[6078850a77e9f3bf]::testdb::test_database::DatabaseConfig as core[df12db4294e9bfd3]::default::Default>::default::{closure#0}
[INFO] [stdout]   12:     0x5ad86e06a73a - <testkit_core[6078850a77e9f3bf]::testdb::test_database::DatabaseConfig as core[df12db4294e9bfd3]::default::Default>::default
[INFO] [stdout]   13:     0x5ad86e05de54 - <testkit_core[6078850a77e9f3bf]::handlers::boxed::BoxedDatabaseEntryPoint<testkit_core[6078850a77e9f3bf]::handlers::tests::MockBackend>>::execute::{closure#0}
[INFO] [stdout]   14:     0x5ad86e0609a7 - testkit_core[6078850a77e9f3bf]::handlers::tests::test_with_database_only::{closure#0}
[INFO] [stdout]   15:     0x5ad86e06639a - <tokio[8caffe391f7b3b78]::runtime::park::CachedParkThread>::block_on::<core[df12db4294e9bfd3]::pin::Pin<&mut dyn core[df12db4294e9bfd3]::future::future::Future<Output = ()>>>
[INFO] [stdout]   16:     0x5ad86e067ab0 - tokio[8caffe391f7b3b78]::runtime::context::runtime::enter_runtime::<<tokio[8caffe391f7b3b78]::runtime::scheduler::multi_thread::MultiThread>::block_on<core[df12db4294e9bfd3]::pin::Pin<&mut dyn core[df12db4294e9bfd3]::future::future::Future<Output = ()>>>::{closure#0}, ()>
[INFO] [stdout]   17:     0x5ad86e0635da - <tokio[8caffe391f7b3b78]::runtime::runtime::Runtime>::block_on::<core[df12db4294e9bfd3]::pin::Pin<&mut dyn core[df12db4294e9bfd3]::future::future::Future<Output = ()>>>
[INFO] [stdout]   18:     0x5ad86e062a4f - testkit_core[6078850a77e9f3bf]::handlers::tests::test_with_database_only
[INFO] [stdout]   19:     0x5ad86e066af9 - <testkit_core[6078850a77e9f3bf]::handlers::tests::test_with_database_only::{closure#0} as core[df12db4294e9bfd3]::ops::function::FnOnce<()>>::call_once
[INFO] [stdout]   20:     0x5ad86e06eecb - test[9d35eded1c95d3be]::__rust_begin_short_backtrace::<core[df12db4294e9bfd3]::result::Result<(), alloc[2182bb758b4b3781]::string::String>, fn() -> core[df12db4294e9bfd3]::result::Result<(), alloc[2182bb758b4b3781]::string::String>>
[INFO] [stdout]   21:     0x5ad86e07c535 - test[9d35eded1c95d3be]::run_test::{closure#0}
[INFO] [stdout]   22:     0x5ad86e075df4 - std[70759c8f55707aa4]::sys::backtrace::__rust_begin_short_backtrace::<test[9d35eded1c95d3be]::run_test::{closure#1}, ()>
[INFO] [stdout]   23:     0x5ad86e07f692 - <std[70759c8f55707aa4]::thread::lifecycle::spawn_unchecked<test[9d35eded1c95d3be]::run_test::{closure#1}, ()>::{closure#1} as core[df12db4294e9bfd3]::ops::function::FnOnce<()>>::call_once::{shim:vtable#0}
[INFO] [stdout]   24:     0x5ad86e101859 - <std[70759c8f55707aa4]::sys::thread::unix::Thread>::new::thread_start
[INFO] [stdout]   25:     0x7ca4df4dcdfa - <unknown>
[INFO] [stdout]   26:     0x7ca4df5703d4 - clone
[INFO] [stdout]   27:                0x0 - <unknown>
[INFO] [stdout] 
[INFO] [stdout] ---- handlers::boxed::tests::test_boxed_database stdout ----
[INFO] [stdout] 
[INFO] [stdout] thread 'handlers::boxed::tests::test_boxed_database' (2232) panicked at src/testdb/test_database.rs:23:13:
[INFO] [stdout] Failed to create DatabaseConfig: environment variable not found
[INFO] [stdout] stack backtrace:
[INFO] [stdout]    0:     0x5ad86e101fb1 - <<std[70759c8f55707aa4]::sys::backtrace::BacktraceLock>::print::DisplayBacktrace as core[df12db4294e9bfd3]::fmt::Display>::fmt
[INFO] [stdout]    1:     0x5ad86e116c2a - core[df12db4294e9bfd3]::fmt::write
[INFO] [stdout]    2:     0x5ad86e1065fc - <alloc[2182bb758b4b3781]::vec::Vec<u8> as core[df12db4294e9bfd3]::io::write::Write>::write_fmt
[INFO] [stdout]    3:     0x5ad86e0ddc36 - std[70759c8f55707aa4]::panicking::default_hook::{closure#0}
[INFO] [stdout]    4:     0x5ad86e0fa3d9 - std[70759c8f55707aa4]::panicking::default_hook
[INFO] [stdout]    5:     0x5ad86e07bbe0 - test[9d35eded1c95d3be]::test_main_inner::<test[9d35eded1c95d3be]::test_main_static::{closure#0}>::{closure#0}
[INFO] [stdout]    6:     0x5ad86e0fa592 - std[70759c8f55707aa4]::panicking::panic_with_hook
[INFO] [stdout]    7:     0x5ad86e0ddce2 - std[70759c8f55707aa4]::panicking::panic_handler::{closure#0}
[INFO] [stdout]    8:     0x5ad86e0d67f9 - std[70759c8f55707aa4]::sys::backtrace::__rust_end_short_backtrace::<std[70759c8f55707aa4]::panicking::panic_handler::{closure#0}, !>
[INFO] [stdout]    9:     0x5ad86e0de97d - __rustc[8fa7c3cbc660c2b3]::rust_begin_unwind
[INFO] [stdout]   10:     0x5ad86e11738c - core[df12db4294e9bfd3]::panicking::panic_fmt
[INFO] [stdout]   11:     0x5ad86e06a07f - <testkit_core[6078850a77e9f3bf]::testdb::test_database::DatabaseConfig as core[df12db4294e9bfd3]::default::Default>::default::{closure#0}
[INFO] [stdout]   12:     0x5ad86e06a73a - <testkit_core[6078850a77e9f3bf]::testdb::test_database::DatabaseConfig as core[df12db4294e9bfd3]::default::Default>::default
[INFO] [stdout]   13:     0x5ad86e0643b3 - testkit_core[6078850a77e9f3bf]::handlers::boxed::tests::test_boxed_database::{closure#0}
[INFO] [stdout]   14:     0x5ad86e068b23 - <tokio[8caffe391f7b3b78]::runtime::scheduler::current_thread::Context>::enter::<core[df12db4294e9bfd3]::task::poll::Poll<()>, <tokio[8caffe391f7b3b78]::runtime::scheduler::current_thread::CoreGuard>::block_on<core[df12db4294e9bfd3]::pin::Pin<&mut core[df12db4294e9bfd3]::pin::Pin<&mut dyn core[df12db4294e9bfd3]::future::future::Future<Output = ()>>>>::{closure#0}::{closure#0}>
[INFO] [stdout]   15:     0x5ad86e0661cf - <std[70759c8f55707aa4]::thread::local::LocalKey<tokio[8caffe391f7b3b78]::runtime::context::Context>>::with::<tokio[8caffe391f7b3b78]::runtime::context::set_scheduler<(alloc[2182bb758b4b3781]::boxed::Box<tokio[8caffe391f7b3b78]::runtime::scheduler::current_thread::Core>, core[df12db4294e9bfd3]::option::Option<()>), <tokio[8caffe391f7b3b78]::runtime::scheduler::current_thread::CoreGuard>::enter<<tokio[8caffe391f7b3b78]::runtime::scheduler::current_thread::CoreGuard>::block_on<core[df12db4294e9bfd3]::pin::Pin<&mut core[df12db4294e9bfd3]::pin::Pin<&mut dyn core[df12db4294e9bfd3]::future::future::Future<Output = ()>>>>::{closure#0}, core[df12db4294e9bfd3]::option::Option<()>>::{closure#0}>::{closure#0}, (alloc[2182bb758b4b3781]::boxed::Box<tokio[8caffe391f7b3b78]::runtime::scheduler::current_thread::Core>, core[df12db4294e9bfd3]::option::Option<()>)>
[INFO] [stdout]   16:     0x5ad86e068e57 - <tokio[8caffe391f7b3b78]::runtime::scheduler::current_thread::CoreGuard>::block_on::<core[df12db4294e9bfd3]::pin::Pin<&mut core[df12db4294e9bfd3]::pin::Pin<&mut dyn core[df12db4294e9bfd3]::future::future::Future<Output = ()>>>>
[INFO] [stdout]   17:     0x5ad86e067e69 - tokio[8caffe391f7b3b78]::runtime::context::runtime::enter_runtime::<<tokio[8caffe391f7b3b78]::runtime::scheduler::current_thread::CurrentThread>::block_on<core[df12db4294e9bfd3]::pin::Pin<&mut dyn core[df12db4294e9bfd3]::future::future::Future<Output = ()>>>::{closure#0}, ()>
[INFO] [stdout]   18:     0x5ad86e063615 - <tokio[8caffe391f7b3b78]::runtime::runtime::Runtime>::block_on::<core[df12db4294e9bfd3]::pin::Pin<&mut dyn core[df12db4294e9bfd3]::future::future::Future<Output = ()>>>
[INFO] [stdout]   19:     0x5ad86e06605b - testkit_core[6078850a77e9f3bf]::handlers::boxed::tests::test_boxed_database
[INFO] [stdout]   20:     0x5ad86e066c19 - <testkit_core[6078850a77e9f3bf]::handlers::boxed::tests::test_boxed_database::{closure#0} as core[df12db4294e9bfd3]::ops::function::FnOnce<()>>::call_once
[INFO] [stdout]   21:     0x5ad86e06eecb - test[9d35eded1c95d3be]::__rust_begin_short_backtrace::<core[df12db4294e9bfd3]::result::Result<(), alloc[2182bb758b4b3781]::string::String>, fn() -> core[df12db4294e9bfd3]::result::Result<(), alloc[2182bb758b4b3781]::string::String>>
[INFO] [stdout]   22:     0x5ad86e07c535 - test[9d35eded1c95d3be]::run_test::{closure#0}
[INFO] [stdout]   23:     0x5ad86e075df4 - std[70759c8f55707aa4]::sys::backtrace::__rust_begin_short_backtrace::<test[9d35eded1c95d3be]::run_test::{closure#1}, ()>
[INFO] [stdout]   24:     0x5ad86e07f692 - <std[70759c8f55707aa4]::thread::lifecycle::spawn_unchecked<test[9d35eded1c95d3be]::run_test::{closure#1}, ()>::{closure#1} as core[df12db4294e9bfd3]::ops::function::FnOnce<()>>::call_once::{shim:vtable#0}
[INFO] [stdout]   25:     0x5ad86e101859 - <std[70759c8f55707aa4]::sys::thread::unix::Thread>::new::thread_start
[INFO] [stdout]   26:     0x7ca4df4dcdfa - <unknown>
[INFO] [stdout]   27:     0x7ca4df5703d4 - clone
[INFO] [stdout]   28:                0x0 - <unknown>
[INFO] [stdout] 
[INFO] [stdout] ---- handlers::tests::test_error_in_setup_with_transaction stdout ----
[INFO] [stdout] 
[INFO] [stdout] thread 'handlers::tests::test_error_in_setup_with_transaction' (2235) panicked at src/testdb/test_database.rs:23:13:
[INFO] [stdout] Failed to create DatabaseConfig: environment variable not found
[INFO] [stdout] stack backtrace:
[INFO] [stdout]    0:     0x5ad86e101fb1 - <<std[70759c8f55707aa4]::sys::backtrace::BacktraceLock>::print::DisplayBacktrace as core[df12db4294e9bfd3]::fmt::Display>::fmt
[INFO] [stdout]    1:     0x5ad86e116c2a - core[df12db4294e9bfd3]::fmt::write
[INFO] [stdout]    2:     0x5ad86e1065fc - <alloc[2182bb758b4b3781]::vec::Vec<u8> as core[df12db4294e9bfd3]::io::write::Write>::write_fmt
[INFO] [stdout]    3:     0x5ad86e0ddc36 - std[70759c8f55707aa4]::panicking::default_hook::{closure#0}
[INFO] [stdout]    4:     0x5ad86e0fa3d9 - std[70759c8f55707aa4]::panicking::default_hook
[INFO] [stdout]    5:     0x5ad86e07bbe0 - test[9d35eded1c95d3be]::test_main_inner::<test[9d35eded1c95d3be]::test_main_static::{closure#0}>::{closure#0}
[INFO] [stdout]    6:     0x5ad86e0fa592 - std[70759c8f55707aa4]::panicking::panic_with_hook
[INFO] [stdout]    7:     0x5ad86e0ddce2 - std[70759c8f55707aa4]::panicking::panic_handler::{closure#0}
[INFO] [stdout]    8:     0x5ad86e0d67f9 - std[70759c8f55707aa4]::sys::backtrace::__rust_end_short_backtrace::<std[70759c8f55707aa4]::panicking::panic_handler::{closure#0}, !>
[INFO] [stdout]    9:     0x5ad86e0de97d - __rustc[8fa7c3cbc660c2b3]::rust_begin_unwind
[INFO] [stdout]   10:     0x5ad86e11738c - core[df12db4294e9bfd3]::panicking::panic_fmt
[INFO] [stdout]   11:     0x5ad86e06a07f - <testkit_core[6078850a77e9f3bf]::testdb::test_database::DatabaseConfig as core[df12db4294e9bfd3]::default::Default>::default::{closure#0}
[INFO] [stdout]   12:     0x5ad86e06a73a - <testkit_core[6078850a77e9f3bf]::testdb::test_database::DatabaseConfig as core[df12db4294e9bfd3]::default::Default>::default
[INFO] [stdout]   13:     0x5ad86e05e72e - <testkit_core[6078850a77e9f3bf]::handlers::boxed::BoxedTransactionHandler<testkit_core[6078850a77e9f3bf]::handlers::tests::MockBackend>>::execute::{closure#0}
[INFO] [stdout]   14:     0x5ad86e061b2d - testkit_core[6078850a77e9f3bf]::handlers::tests::test_error_in_setup_with_transaction::{closure#0}
[INFO] [stdout]   15:     0x5ad86e06639a - <tokio[8caffe391f7b3b78]::runtime::park::CachedParkThread>::block_on::<core[df12db4294e9bfd3]::pin::Pin<&mut dyn core[df12db4294e9bfd3]::future::future::Future<Output = ()>>>
[INFO] [stdout]   16:     0x5ad86e067ab0 - tokio[8caffe391f7b3b78]::runtime::context::runtime::enter_runtime::<<tokio[8caffe391f7b3b78]::runtime::scheduler::multi_thread::MultiThread>::block_on<core[df12db4294e9bfd3]::pin::Pin<&mut dyn core[df12db4294e9bfd3]::future::future::Future<Output = ()>>>::{closure#0}, ()>
[INFO] [stdout]   17:     0x5ad86e0635da - <tokio[8caffe391f7b3b78]::runtime::runtime::Runtime>::block_on::<core[df12db4294e9bfd3]::pin::Pin<&mut dyn core[df12db4294e9bfd3]::future::future::Future<Output = ()>>>
[INFO] [stdout]   18:     0x5ad86e06330f - testkit_core[6078850a77e9f3bf]::handlers::tests::test_error_in_setup_with_transaction
[INFO] [stdout]   19:     0x5ad86e066bb9 - <testkit_core[6078850a77e9f3bf]::handlers::tests::test_error_in_setup_with_transaction::{closure#0} as core[df12db4294e9bfd3]::ops::function::FnOnce<()>>::call_once
[INFO] [stdout]   20:     0x5ad86e06eecb - test[9d35eded1c95d3be]::__rust_begin_short_backtrace::<core[df12db4294e9bfd3]::result::Result<(), alloc[2182bb758b4b3781]::string::String>, fn() -> core[df12db4294e9bfd3]::result::Result<(), alloc[2182bb758b4b3781]::string::String>>
[INFO] [stdout]   21:     0x5ad86e07c535 - test[9d35eded1c95d3be]::run_test::{closure#0}
[INFO] [stdout]   22:     0x5ad86e075df4 - std[70759c8f55707aa4]::sys::backtrace::__rust_begin_short_backtrace::<test[9d35eded1c95d3be]::run_test::{closure#1}, ()>
[INFO] [stdout]   23:     0x5ad86e07f692 - <std[70759c8f55707aa4]::thread::lifecycle::spawn_unchecked<test[9d35eded1c95d3be]::run_test::{closure#1}, ()>::{closure#1} as core[df12db4294e9bfd3]::ops::function::FnOnce<()>>::call_once::{shim:vtable#0}
[INFO] [stdout]   24:     0x5ad86e101859 - <std[70759c8f55707aa4]::sys::thread::unix::Thread>::new::thread_start
[INFO] [stdout]   25:     0x7ca4df4dcdfa - <unknown>
[INFO] [stdout]   26:     0x7ca4df5703d4 - clone
[INFO] [stdout]   27:                0x0 - <unknown>
[INFO] [stdout] 
[INFO] [stdout] ---- handlers::tests::test_error_in_transaction stdout ----
[INFO] [stdout] 
[INFO] [stdout] thread 'handlers::tests::test_error_in_transaction' (2236) panicked at src/testdb/test_database.rs:23:13:
[INFO] [stdout] Failed to create DatabaseConfig: environment variable not found
[INFO] [stdout] stack backtrace:
[INFO] [stdout]    0:     0x5ad86e101fb1 - <<std[70759c8f55707aa4]::sys::backtrace::BacktraceLock>::print::DisplayBacktrace as core[df12db4294e9bfd3]::fmt::Display>::fmt
[INFO] [stdout]    1:     0x5ad86e116c2a - core[df12db4294e9bfd3]::fmt::write
[INFO] [stdout]    2:     0x5ad86e1065fc - <alloc[2182bb758b4b3781]::vec::Vec<u8> as core[df12db4294e9bfd3]::io::write::Write>::write_fmt
[INFO] [stdout]    3:     0x5ad86e0ddc36 - std[70759c8f55707aa4]::panicking::default_hook::{closure#0}
[INFO] [stdout]    4:     0x5ad86e0fa3d9 - std[70759c8f55707aa4]::panicking::default_hook
[INFO] [stdout]    5:     0x5ad86e07bbe0 - test[9d35eded1c95d3be]::test_main_inner::<test[9d35eded1c95d3be]::test_main_static::{closure#0}>::{closure#0}
[INFO] [stdout]    6:     0x5ad86e0fa592 - std[70759c8f55707aa4]::panicking::panic_with_hook
[INFO] [stdout]    7:     0x5ad86e0ddce2 - std[70759c8f55707aa4]::panicking::panic_handler::{closure#0}
[INFO] [stdout]    8:     0x5ad86e0d67f9 - std[70759c8f55707aa4]::sys::backtrace::__rust_end_short_backtrace::<std[70759c8f55707aa4]::panicking::panic_handler::{closure#0}, !>
[INFO] [stdout]    9:     0x5ad86e0de97d - __rustc[8fa7c3cbc660c2b3]::rust_begin_unwind
[INFO] [stdout]   10:     0x5ad86e11738c - core[df12db4294e9bfd3]::panicking::panic_fmt
[INFO] [stdout]   11:     0x5ad86e06a07f - <testkit_core[6078850a77e9f3bf]::testdb::test_database::DatabaseConfig as core[df12db4294e9bfd3]::default::Default>::default::{closure#0}
[INFO] [stdout]   12:     0x5ad86e06a73a - <testkit_core[6078850a77e9f3bf]::testdb::test_database::DatabaseConfig as core[df12db4294e9bfd3]::default::Default>::default
[INFO] [stdout]   13:     0x5ad86e05feeb - <testkit_core[6078850a77e9f3bf]::handlers::boxed::BoxedTransactionOnlyHandler<testkit_core[6078850a77e9f3bf]::handlers::tests::MockBackend>>::execute::{closure#0}
[INFO] [stdout]   14:     0x5ad86e060d5a - testkit_core[6078850a77e9f3bf]::handlers::tests::test_error_in_transaction::{closure#0}
[INFO] [stdout]   15:     0x5ad86e06639a - <tokio[8caffe391f7b3b78]::runtime::park::CachedParkThread>::block_on::<core[df12db4294e9bfd3]::pin::Pin<&mut dyn core[df12db4294e9bfd3]::future::future::Future<Output = ()>>>
[INFO] [stdout]   16:     0x5ad86e067ab0 - tokio[8caffe391f7b3b78]::runtime::context::runtime::enter_runtime::<<tokio[8caffe391f7b3b78]::runtime::scheduler::multi_thread::MultiThread>::block_on<core[df12db4294e9bfd3]::pin::Pin<&mut dyn core[df12db4294e9bfd3]::future::future::Future<Output = ()>>>::{closure#0}, ()>
[INFO] [stdout]   17:     0x5ad86e0635da - <tokio[8caffe391f7b3b78]::runtime::runtime::Runtime>::block_on::<core[df12db4294e9bfd3]::pin::Pin<&mut dyn core[df12db4294e9bfd3]::future::future::Future<Output = ()>>>
[INFO] [stdout]   18:     0x5ad86e062bcf - testkit_core[6078850a77e9f3bf]::handlers::tests::test_error_in_transaction
[INFO] [stdout]   19:     0x5ad86e066b19 - <testkit_core[6078850a77e9f3bf]::handlers::tests::test_error_in_transaction::{closure#0} as core[df12db4294e9bfd3]::ops::function::FnOnce<()>>::call_once
[INFO] [stdout]   20:     0x5ad86e06eecb - test[9d35eded1c95d3be]::__rust_begin_short_backtrace::<core[df12db4294e9bfd3]::result::Result<(), alloc[2182bb758b4b3781]::string::String>, fn() -> core[df12db4294e9bfd3]::result::Result<(), alloc[2182bb758b4b3781]::string::String>>
[INFO] [stdout]   21:     0x5ad86e07c535 - test[9d35eded1c95d3be]::run_test::{closure#0}
[INFO] [stdout]   22:     0x5ad86e075df4 - std[70759c8f55707aa4]::sys::backtrace::__rust_begin_short_backtrace::<test[9d35eded1c95d3be]::run_test::{closure#1}, ()>
[INFO] [stdout]   23:     0x5ad86e07f692 - <std[70759c8f55707aa4]::thread::lifecycle::spawn_unchecked<test[9d35eded1c95d3be]::run_test::{closure#1}, ()>::{closure#1} as core[df12db4294e9bfd3]::ops::function::FnOnce<()>>::call_once::{shim:vtable#0}
[INFO] [stdout]   24:     0x5ad86e101859 - <std[70759c8f55707aa4]::sys::thread::unix::Thread>::new::thread_start
[INFO] [stdout]   25:     0x7ca4df4dcdfa - <unknown>
[INFO] [stdout]   26:     0x7ca4df5703d4 - clone
[INFO] [stdout]   27:                0x0 - <unknown>
[INFO] [stdout] 
[INFO] [stdout] ---- handlers::tests::test_database_entry_point_directly stdout ----
[INFO] [stdout] 
[INFO] [stdout] thread 'handlers::tests::test_database_entry_point_directly' (2233) panicked at src/testdb/test_database.rs:23:13:
[INFO] [stdout] Failed to create DatabaseConfig: environment variable not found
[INFO] [stdout] stack backtrace:
[INFO] [stdout]    0:     0x5ad86e101fb1 - <<std[70759c8f55707aa4]::sys::backtrace::BacktraceLock>::print::DisplayBacktrace as core[df12db4294e9bfd3]::fmt::Display>::fmt
[INFO] [stdout]    1:     0x5ad86e116c2a - core[df12db4294e9bfd3]::fmt::write
[INFO] [stdout]    2:     0x5ad86e1065fc - <alloc[2182bb758b4b3781]::vec::Vec<u8> as core[df12db4294e9bfd3]::io::write::Write>::write_fmt
[INFO] [stdout]    3:     0x5ad86e0ddc36 - std[70759c8f55707aa4]::panicking::default_hook::{closure#0}
[INFO] [stdout]    4:     0x5ad86e0fa3d9 - std[70759c8f55707aa4]::panicking::default_hook
[INFO] [stdout]    5:     0x5ad86e07bbe0 - test[9d35eded1c95d3be]::test_main_inner::<test[9d35eded1c95d3be]::test_main_static::{closure#0}>::{closure#0}
[INFO] [stdout]    6:     0x5ad86e0fa592 - std[70759c8f55707aa4]::panicking::panic_with_hook
[INFO] [stdout]    7:     0x5ad86e0ddce2 - std[70759c8f55707aa4]::panicking::panic_handler::{closure#0}
[INFO] [stdout]    8:     0x5ad86e0d67f9 - std[70759c8f55707aa4]::sys::backtrace::__rust_end_short_backtrace::<std[70759c8f55707aa4]::panicking::panic_handler::{closure#0}, !>
[INFO] [stdout]    9:     0x5ad86e0de97d - __rustc[8fa7c3cbc660c2b3]::rust_begin_unwind
[INFO] [stdout]   10:     0x5ad86e11738c - core[df12db4294e9bfd3]::panicking::panic_fmt
[INFO] [stdout]   11:     0x5ad86e06a07f - <testkit_core[6078850a77e9f3bf]::testdb::test_database::DatabaseConfig as core[df12db4294e9bfd3]::default::Default>::default::{closure#0}
[INFO] [stdout]   12:     0x5ad86e06a73a - <testkit_core[6078850a77e9f3bf]::testdb::test_database::DatabaseConfig as core[df12db4294e9bfd3]::default::Default>::default
[INFO] [stdout]   13:     0x5ad86e05de54 - <testkit_core[6078850a77e9f3bf]::handlers::boxed::BoxedDatabaseEntryPoint<testkit_core[6078850a77e9f3bf]::handlers::tests::MockBackend>>::execute::{closure#0}
[INFO] [stdout]   14:     0x5ad86e061467 - testkit_core[6078850a77e9f3bf]::handlers::tests::test_database_entry_point_directly::{closure#0}
[INFO] [stdout]   15:     0x5ad86e06639a - <tokio[8caffe391f7b3b78]::runtime::park::CachedParkThread>::block_on::<core[df12db4294e9bfd3]::pin::Pin<&mut dyn core[df12db4294e9bfd3]::future::future::Future<Output = ()>>>
[INFO] [stdout]   16:     0x5ad86e067ab0 - tokio[8caffe391f7b3b78]::runtime::context::runtime::enter_runtime::<<tokio[8caffe391f7b3b78]::runtime::scheduler::multi_thread::MultiThread>::block_on<core[df12db4294e9bfd3]::pin::Pin<&mut dyn core[df12db4294e9bfd3]::future::future::Future<Output = ()>>>::{closure#0}, ()>
[INFO] [stdout]   17:     0x5ad86e0635da - <tokio[8caffe391f7b3b78]::runtime::runtime::Runtime>::block_on::<core[df12db4294e9bfd3]::pin::Pin<&mut dyn core[df12db4294e9bfd3]::future::future::Future<Output = ()>>>
[INFO] [stdout]   18:     0x5ad86e06300f - testkit_core[6078850a77e9f3bf]::handlers::tests::test_database_entry_point_directly
[INFO] [stdout]   19:     0x5ad86e066b79 - <testkit_core[6078850a77e9f3bf]::handlers::tests::test_database_entry_point_directly::{closure#0} as core[df12db4294e9bfd3]::ops::function::FnOnce<()>>::call_once
[INFO] [stdout]   20:     0x5ad86e06eecb - test[9d35eded1c95d3be]::__rust_begin_short_backtrace::<core[df12db4294e9bfd3]::result::Result<(), alloc[2182bb758b4b3781]::string::String>, fn() -> core[df12db4294e9bfd3]::result::Result<(), alloc[2182bb758b4b3781]::string::String>>
[INFO] [stdout]   21:     0x5ad86e07c535 - test[9d35eded1c95d3be]::run_test::{closure#0}
[INFO] [stdout]   22:     0x5ad86e075df4 - std[70759c8f55707aa4]::sys::backtrace::__rust_begin_short_backtrace::<test[9d35eded1c95d3be]::run_test::{closure#1}, ()>
[INFO] [stdout]   23:     0x5ad86e07f692 - <std[70759c8f55707aa4]::thread::lifecycle::spawn_unchecked<test[9d35eded1c95d3be]::run_test::{closure#1}, ()>::{closure#1} as core[df12db4294e9bfd3]::ops::function::FnOnce<()>>::call_once::{shim:vtable#0}
[INFO] [stdout]   24:     0x5ad86e101859 - <std[70759c8f55707aa4]::sys::thread::unix::Thread>::new::thread_start
[INFO] [stdout]   25:     0x7ca4df4dcdfa - <unknown>
[INFO] [stdout]   26:     0x7ca4df5703d4 - clone
[INFO] [stdout]   27:                0x0 - <unknown>
[INFO] [stdout] 
[INFO] [stdout] ---- handlers::tests::test_with_database_and_transaction stdout ----
[INFO] [stdout] 
[INFO] [stdout] thread 'handlers::tests::test_with_database_and_transaction' (2239) panicked at src/testdb/test_database.rs:23:13:
[INFO] [stdout] Failed to create DatabaseConfig: environment variable not found
[INFO] [stdout] stack backtrace:
[INFO] [stdout]    0:     0x5ad86e101fb1 - <<std[70759c8f55707aa4]::sys::backtrace::BacktraceLock>::print::DisplayBacktrace as core[df12db4294e9bfd3]::fmt::Display>::fmt
[INFO] [stdout]    1:     0x5ad86e116c2a - core[df12db4294e9bfd3]::fmt::write
[INFO] [stdout]    2:     0x5ad86e1065fc - <alloc[2182bb758b4b3781]::vec::Vec<u8> as core[df12db4294e9bfd3]::io::write::Write>::write_fmt
[INFO] [stdout]    3:     0x5ad86e0ddc36 - std[70759c8f55707aa4]::panicking::default_hook::{closure#0}
[INFO] [stdout]    4:     0x5ad86e0fa3d9 - std[70759c8f55707aa4]::panicking::default_hook
[INFO] [stdout]    5:     0x5ad86e07bbe0 - test[9d35eded1c95d3be]::test_main_inner::<test[9d35eded1c95d3be]::test_main_static::{closure#0}>::{closure#0}
[INFO] [stdout]    6:     0x5ad86e0fa592 - std[70759c8f55707aa4]::panicking::panic_with_hook
[INFO] [stdout]    7:     0x5ad86e0ddce2 - std[70759c8f55707aa4]::panicking::panic_handler::{closure#0}
[INFO] [stdout]    8:     0x5ad86e0d67f9 - std[70759c8f55707aa4]::sys::backtrace::__rust_end_short_backtrace::<std[70759c8f55707aa4]::panicking::panic_handler::{closure#0}, !>
[INFO] [stdout]    9:     0x5ad86e0de97d - __rustc[8fa7c3cbc660c2b3]::rust_begin_unwind
[INFO] [stdout]   10:     0x5ad86e11738c - core[df12db4294e9bfd3]::panicking::panic_fmt
[INFO] [stdout]   11:     0x5ad86e06a07f - <testkit_core[6078850a77e9f3bf]::testdb::test_database::DatabaseConfig as core[df12db4294e9bfd3]::default::Default>::default::{closure#0}
[INFO] [stdout]   12:     0x5ad86e06a73a - <testkit_core[6078850a77e9f3bf]::testdb::test_database::DatabaseConfig as core[df12db4294e9bfd3]::default::Default>::default
[INFO] [stdout]   13:     0x5ad86e05feeb - <testkit_core[6078850a77e9f3bf]::handlers::boxed::BoxedTransactionOnlyHandler<testkit_core[6078850a77e9f3bf]::handlers::tests::MockBackend>>::execute::{closure#0}
[INFO] [stdout]   14:     0x5ad86e0617bd - testkit_core[6078850a77e9f3bf]::handlers::tests::test_with_database_and_transaction::{closure#0}
[INFO] [stdout]   15:     0x5ad86e06639a - <tokio[8caffe391f7b3b78]::runtime::park::CachedParkThread>::block_on::<core[df12db4294e9bfd3]::pin::Pin<&mut dyn core[df12db4294e9bfd3]::future::future::Future<Output = ()>>>
[INFO] [stdout]   16:     0x5ad86e067ab0 - tokio[8caffe391f7b3b78]::runtime::context::runtime::enter_runtime::<<tokio[8caffe391f7b3b78]::runtime::scheduler::multi_thread::MultiThread>::block_on<core[df12db4294e9bfd3]::pin::Pin<&mut dyn core[df12db4294e9bfd3]::future::future::Future<Output = ()>>>::{closure#0}, ()>
[INFO] [stdout]   17:     0x5ad86e0635da - <tokio[8caffe391f7b3b78]::runtime::runtime::Runtime>::block_on::<core[df12db4294e9bfd3]::pin::Pin<&mut dyn core[df12db4294e9bfd3]::future::future::Future<Output = ()>>>
[INFO] [stdout]   18:     0x5ad86e06318f - testkit_core[6078850a77e9f3bf]::handlers::tests::test_with_database_and_transaction
[INFO] [stdout]   19:     0x5ad86e066b99 - <testkit_core[6078850a77e9f3bf]::handlers::tests::test_with_database_and_transaction::{closure#0} as core[df12db4294e9bfd3]::ops::function::FnOnce<()>>::call_once
[INFO] [stdout]   20:     0x5ad86e06eecb - test[9d35eded1c95d3be]::__rust_begin_short_backtrace::<core[df12db4294e9bfd3]::result::Result<(), alloc[2182bb758b4b3781]::string::String>, fn() -> core[df12db4294e9bfd3]::result::Result<(), alloc[2182bb758b4b3781]::string::String>>
[INFO] [stdout]   21:     0x5ad86e07c535 - test[9d35eded1c95d3be]::run_test::{closure#0}
[INFO] [stdout]   22:     0x5ad86e075df4 - std[70759c8f55707aa4]::sys::backtrace::__rust_begin_short_backtrace::<test[9d35eded1c95d3be]::run_test::{closure#1}, ()>
[INFO] [stdout]   23:     0x5ad86e07f692 - <std[70759c8f55707aa4]::thread::lifecycle::spawn_unchecked<test[9d35eded1c95d3be]::run_test::{closure#1}, ()>::{closure#1} as core[df12db4294e9bfd3]::ops::function::FnOnce<()>>::call_once::{shim:vtable#0}
[INFO] [stdout]   24:     0x5ad86e101859 - <std[70759c8f55707aa4]::sys::thread::unix::Thread>::new::thread_start
[INFO] [stdout]   25:     0x7ca4df4dcdfa - <unknown>
[INFO] [stdout]   26:     0x7ca4df5703d4 - clone
[INFO] [stdout]   27:                0x0 - <unknown>
[INFO] [stdout] 
[INFO] [stdout] ---- handlers::tests::test_with_database_setup_and_transaction stdout ----
[INFO] [stdout] 
[INFO] [stdout] thread 'handlers::tests::test_with_database_setup_and_transaction' (2241) panicked at src/testdb/test_database.rs:23:13:
[INFO] [stdout] Failed to create DatabaseConfig: environment variable not found
[INFO] [stdout] stack backtrace:
[INFO] [stdout]    0:     0x5ad86e101fb1 - <<std[70759c8f55707aa4]::sys::backtrace::BacktraceLock>::print::DisplayBacktrace as core[df12db4294e9bfd3]::fmt::Display>::fmt
[INFO] [stdout]    1:     0x5ad86e116c2a - core[df12db4294e9bfd3]::fmt::write
[INFO] [stdout]    2:     0x5ad86e1065fc - <alloc[2182bb758b4b3781]::vec::Vec<u8> as core[df12db4294e9bfd3]::io::write::Write>::write_fmt
[INFO] [stdout]    3:     0x5ad86e0ddc36 - std[70759c8f55707aa4]::panicking::default_hook::{closure#0}
[INFO] [stdout]    4:     0x5ad86e0fa3d9 - std[70759c8f55707aa4]::panicking::default_hook
[INFO] [stdout]    5:     0x5ad86e07bbe0 - test[9d35eded1c95d3be]::test_main_inner::<test[9d35eded1c95d3be]::test_main_static::{closure#0}>::{closure#0}
[INFO] [stdout]    6:     0x5ad86e0fa592 - std[70759c8f55707aa4]::panicking::panic_with_hook
[INFO] [stdout]    7:     0x5ad86e0ddce2 - std[70759c8f55707aa4]::panicking::panic_handler::{closure#0}
[INFO] [stdout]    8:     0x5ad86e0d67f9 - std[70759c8f55707aa4]::sys::backtrace::__rust_end_short_backtrace::<std[70759c8f55707aa4]::panicking::panic_handler::{closure#0}, !>
[INFO] [stdout]    9:     0x5ad86e0de97d - __rustc[8fa7c3cbc660c2b3]::rust_begin_unwind
[INFO] [stdout]   10:     0x5ad86e11738c - core[df12db4294e9bfd3]::panicking::panic_fmt
[INFO] [stdout]   11:     0x5ad86e06a07f - <testkit_core[6078850a77e9f3bf]::testdb::test_database::DatabaseConfig as core[df12db4294e9bfd3]::default::Default>::default::{closure#0}
[INFO] [stdout]   12:     0x5ad86e06a73a - <testkit_core[6078850a77e9f3bf]::testdb::test_database::DatabaseConfig as core[df12db4294e9bfd3]::default::Default>::default
[INFO] [stdout]   13:     0x5ad86e05e72e - <testkit_core[6078850a77e9f3bf]::handlers::boxed::BoxedTransactionHandler<testkit_core[6078850a77e9f3bf]::handlers::tests::MockBackend>>::execute::{closure#0}
[INFO] [stdout]   14:     0x5ad86e061dd0 - testkit_core[6078850a77e9f3bf]::handlers::tests::test_with_database_setup_and_transaction::{closure#0}
[INFO] [stdout]   15:     0x5ad86e06639a - <tokio[8caffe391f7b3b78]::runtime::park::CachedParkThread>::block_on::<core[df12db4294e9bfd3]::pin::Pin<&mut dyn core[df12db4294e9bfd3]::future::future::Future<Output = ()>>>
[INFO] [stdout]   16:     0x5ad86e067ab0 - tokio[8caffe391f7b3b78]::runtime::context::runtime::enter_runtime::<<tokio[8caffe391f7b3b78]::runtime::scheduler::multi_thread::MultiThread>::block_on<core[df12db4294e9bfd3]::pin::Pin<&mut dyn core[df12db4294e9bfd3]::future::future::Future<Output = ()>>>::{closure#0}, ()>
[INFO] [stdout]   17:     0x5ad86e0635da - <tokio[8caffe391f7b3b78]::runtime::runtime::Runtime>::block_on::<core[df12db4294e9bfd3]::pin::Pin<&mut dyn core[df12db4294e9bfd3]::future::future::Future<Output = ()>>>
[INFO] [stdout]   18:     0x5ad86e06348f - testkit_core[6078850a77e9f3bf]::handlers::tests::test_with_database_setup_and_transaction
[INFO] [stdout]   19:     0x5ad86e066bd9 - <testkit_core[6078850a77e9f3bf]::handlers::tests::test_with_database_setup_and_transaction::{closure#0} as core[df12db4294e9bfd3]::ops::function::FnOnce<()>>::call_once
[INFO] [stdout]   20:     0x5ad86e06eecb - test[9d35eded1c95d3be]::__rust_begin_short_backtrace::<core[df12db4294e9bfd3]::result::Result<(), alloc[2182bb758b4b3781]::string::String>, fn() -> core[df12db4294e9bfd3]::result::Result<(), alloc[2182bb758b4b3781]::string::String>>
[INFO] [stdout]   21:     0x5ad86e07c535 - test[9d35eded1c95d3be]::run_test::{closure#0}
[INFO] [stdout]   22:     0x5ad86e075df4 - std[70759c8f55707aa4]::sys::backtrace::__rust_begin_short_backtrace::<test[9d35eded1c95d3be]::run_test::{closure#1}, ()>
[INFO] [stdout]   23:     0x5ad86e07f692 - <std[70759c8f55707aa4]::thread::lifecycle::spawn_unchecked<test[9d35eded1c95d3be]::run_test::{closure#1}, ()>::{closure#1} as core[df12db4294e9bfd3]::ops::function::FnOnce<()>>::call_once::{shim:vtable#0}
[INFO] [stdout]   24:     0x5ad86e101859 - <std[70759c8f55707aa4]::sys::thread::unix::Thread>::new::thread_start
[INFO] [stdout]   25:     0x7ca4df4dcdfa - <unknown>
[INFO] [stdout]   26:     0x7ca4df5703d4 - clone
[INFO] [stdout]   27:                0x0 - <unknown>
[INFO] [stdout] 
[INFO] [stdout] ---- handlers::tests::test_error_in_setup stdout ----
[INFO] [stdout] 
[INFO] [stdout] thread 'handlers::tests::test_error_in_setup' (2234) panicked at src/testdb/test_database.rs:23:13:
[INFO] [stdout] Failed to create DatabaseConfig: environment variable not found
[INFO] [stdout] stack backtrace:
[INFO] [stdout]    0:     0x5ad86e101fb1 - <<std[70759c8f55707aa4]::sys::backtrace::BacktraceLock>::print::DisplayBacktrace as core[df12db4294e9bfd3]::fmt::Display>::fmt
[INFO] [stdout]    1:     0x5ad86e116c2a - core[df12db4294e9bfd3]::fmt::write
[INFO] [stdout]    2:     0x5ad86e1065fc - <alloc[2182bb758b4b3781]::vec::Vec<u8> as core[df12db4294e9bfd3]::io::write::Write>::write_fmt
[INFO] [stdout]    3:     0x5ad86e0ddc36 - std[70759c8f55707aa4]::panicking::default_hook::{closure#0}
[INFO] [stdout]    4:     0x5ad86e0fa3d9 - std[70759c8f55707aa4]::panicking::default_hook
[INFO] [stdout]    5:     0x5ad86e07bbe0 - test[9d35eded1c95d3be]::test_main_inner::<test[9d35eded1c95d3be]::test_main_static::{closure#0}>::{closure#0}
[INFO] [stdout]    6:     0x5ad86e0fa592 - std[70759c8f55707aa4]::panicking::panic_with_hook
[INFO] [stdout]    7:     0x5ad86e0ddce2 - std[70759c8f55707aa4]::panicking::panic_handler::{closure#0}
[INFO] [stdout]    8:     0x5ad86e0d67f9 - std[70759c8f55707aa4]::sys::backtrace::__rust_end_short_backtrace::<std[70759c8f55707aa4]::panicking::panic_handler::{closure#0}, !>
[INFO] [stdout]    9:     0x5ad86e0de97d - __rustc[8fa7c3cbc660c2b3]::rust_begin_unwind
[INFO] [stdout]   10:     0x5ad86e11738c - core[df12db4294e9bfd3]::panicking::panic_fmt
[INFO] [stdout]   11:     0x5ad86e06a07f - <testkit_core[6078850a77e9f3bf]::testdb::test_database::DatabaseConfig as core[df12db4294e9bfd3]::default::Default>::default::{closure#0}
[INFO] [stdout]   12:     0x5ad86e06a73a - <testkit_core[6078850a77e9f3bf]::testdb::test_database::DatabaseConfig as core[df12db4294e9bfd3]::default::Default>::default
[INFO] [stdout]   13:     0x5ad86e05e019 - <testkit_core[6078850a77e9f3bf]::handlers::boxed::BoxedSetupHandler<testkit_core[6078850a77e9f3bf]::handlers::tests::MockBackend>>::execute::{closure#0}
[INFO] [stdout]   14:     0x5ad86e060769 - testkit_core[6078850a77e9f3bf]::handlers::tests::test_error_in_setup::{closure#0}
[INFO] [stdout]   15:     0x5ad86e06639a - <tokio[8caffe391f7b3b78]::runtime::park::CachedParkThread>::block_on::<core[df12db4294e9bfd3]::pin::Pin<&mut dyn core[df12db4294e9bfd3]::future::future::Future<Output = ()>>>
[INFO] [stdout]   16:     0x5ad86e067ab0 - tokio[8caffe391f7b3b78]::runtime::context::runtime::enter_runtime::<<tokio[8caffe391f7b3b78]::runtime::scheduler::multi_thread::MultiThread>::block_on<core[df12db4294e9bfd3]::pin::Pin<&mut dyn core[df12db4294e9bfd3]::future::future::Future<Output = ()>>>::{closure#0}, ()>
[INFO] [stdout]   17:     0x5ad86e0635da - <tokio[8caffe391f7b3b78]::runtime::runtime::Runtime>::block_on::<core[df12db4294e9bfd3]::pin::Pin<&mut dyn core[df12db4294e9bfd3]::future::future::Future<Output = ()>>>
[INFO] [stdout]   18:     0x5ad86e0628cf - testkit_core[6078850a77e9f3bf]::handlers::tests::test_error_in_setup
[INFO] [stdout]   19:     0x5ad86e066ad9 - <testkit_core[6078850a77e9f3bf]::handlers::tests::test_error_in_setup::{closure#0} as core[df12db4294e9bfd3]::ops::function::FnOnce<()>>::call_once
[INFO] [stdout]   20:     0x5ad86e06eecb - test[9d35eded1c95d3be]::__rust_begin_short_backtrace::<core[df12db4294e9bfd3]::result::Result<(), alloc[2182bb758b4b3781]::string::String>, fn() -> core[df12db4294e9bfd3]::result::Result<(), alloc[2182bb758b4b3781]::string::String>>
[INFO] [stdout]   21:     0x5ad86e07c535 - test[9d35eded1c95d3be]::run_test::{closure#0}
[INFO] [stdout]   22:     0x5ad86e075df4 - std[70759c8f55707aa4]::sys::backtrace::__rust_begin_short_backtrace::<test[9d35eded1c95d3be]::run_test::{closure#1}, ()>
[INFO] [stdout]   23:     0x5ad86e07f692 - <std[70759c8f55707aa4]::thread::lifecycle::spawn_unchecked<test[9d35eded1c95d3be]::run_test::{closure#1}, ()>::{closure#1} as core[df12db4294e9bfd3]::ops::function::FnOnce<()>>::call_once::{shim:vtable#0}
[INFO] [stdout]   24:     0x5ad86e101859 - <std[70759c8f55707aa4]::sys::thread::unix::Thread>::new::thread_start
[INFO] [stdout]   25:     0x7ca4df4dcdfa - <unknown>
[INFO] [stdout]   26:     0x7ca4df5703d4 - clone
[INFO] [stdout]   27:                0x0 - <unknown>
[INFO] [stdout] 
[INFO] [stdout] 
[INFO] [stdout] failures:
[INFO] [stdout]     handlers::boxed::tests::test_boxed_database
[INFO] [stdout]     handlers::tests::test_database_entry_point_directly
[INFO] [stdout]     handlers::tests::test_error_in_setup
[INFO] [stdout]     handlers::tests::test_error_in_setup_with_transaction
[INFO] [stdout]     handlers::tests::test_error_in_transaction
[INFO] [stdout]     handlers::tests::test_with_database_and_setup
[INFO] [stdout]     handlers::tests::test_with_database_and_transaction
[INFO] [stdout]     handlers::tests::test_with_database_only
[INFO] [stdout]     handlers::tests::test_with_database_setup_and_transaction
[INFO] [stdout] 
[INFO] [stdout] test result: FAILED. 2 passed; 9 failed; 0 ignored; 0 measured; 0 filtered out; finished in 0.01s
[INFO] [stdout] 
[INFO] running `Command { std: "docker" "inspect" "012d277793395aa283c50065ebf8d7e91a90ae7b8c80f3fe157bb919ccc4366b", kill_on_drop: false }`
[INFO] running `Command { std: "docker" "rm" "-f" "012d277793395aa283c50065ebf8d7e91a90ae7b8c80f3fe157bb919ccc4366b", kill_on_drop: false }`
[INFO] [stdout] 012d277793395aa283c50065ebf8d7e91a90ae7b8c80f3fe157bb919ccc4366b
