[INFO] fetching crate testify-rs 0.1.2...
[INFO] testing testify-rs-0.1.2 against 1.100.0-beta.1+cargoflags=--release for beta-release-1.100-2
[INFO] extracting crate testify-rs 0.1.2 into /workspace/builds/worker-1-tc2/source
[INFO] started tweaking crates.io crate testify-rs 0.1.2
[INFO] finished tweaking crates.io crate testify-rs 0.1.2
[INFO] tweaked toml for crates.io crate testify-rs 0.1.2 written to /workspace/builds/worker-1-tc2/source/Cargo.toml
[INFO] validating manifest of crates.io crate testify-rs 0.1.2 on toolchain 1.100.0-beta.1
[INFO] running `Command { std: CARGO_HOME="/workspace/cargo-home" RUSTUP_HOME="/workspace/rustup-home" "/workspace/cargo-home/bin/cargo" "+1.100.0-beta.1" "metadata" "--manifest-path" "Cargo.toml" "--no-deps", kill_on_drop: false }`
[INFO] crate crates.io crate testify-rs 0.1.2 already has a lockfile, it will not be regenerated
[INFO] running `Command { std: CARGO_HOME="/workspace/cargo-home" RUSTUP_HOME="/workspace/rustup-home" "/workspace/cargo-home/bin/cargo" "+1.100.0-beta.1" "fetch" "--manifest-path" "Cargo.toml", kill_on_drop: false }`
[INFO] running `Command { std: "docker" "create" "-v" "/var/lib/crater-agent-workspace/builds/worker-1-tc2/source:/opt/rustwide/workdir:ro,Z" "-v" "/var/lib/crater-agent-workspace/builds/worker-1-tc2/target:/opt/rustwide/target:rw,Z" "-v" "/var/lib/crater-agent-workspace/cargo-home:/opt/rustwide/cargo-home:ro,Z" "-v" "/var/lib/crater-agent-workspace/rustup-home:/opt/rustwide/rustup-home:ro,Z" "-m" "1610612736" "--network" "none" "ghcr.io/rust-lang/crates-build-env/linux@sha256:77db811e55d90add9212f6832c23229e3de5f1c1f9905e8cb07319ea15df73ac" "sleep" "infinity", kill_on_drop: false }`
[INFO] [stdout] 3fb9c42d87e448f5ba6938a01360eea817f06e67e436d848115072dd5709aad2
[INFO] running `Command { std: "docker" "start" "3fb9c42d87e448f5ba6938a01360eea817f06e67e436d848115072dd5709aad2", kill_on_drop: false }`
[INFO] running `Command { std: "docker" "inspect" "3fb9c42d87e448f5ba6938a01360eea817f06e67e436d848115072dd5709aad2", kill_on_drop: false }`
[INFO] running `Command { std: "docker" "exec" "-e" "SOURCE_DIR=/opt/rustwide/workdir" "-e" "CARGO_HOME=/opt/rustwide/cargo-home" "-e" "RUSTUP_HOME=/opt/rustwide/rustup-home" "-e" "CARGO_TARGET_DIR=/opt/rustwide/target" "-w" "/opt/rustwide/workdir" "--user" "0:0" "3fb9c42d87e448f5ba6938a01360eea817f06e67e436d848115072dd5709aad2" "/opt/rustwide/cargo-home/bin/cargo" "+1.100.0-beta.1" "metadata" "--no-deps" "--format-version=1", kill_on_drop: false }`
[INFO] running `Command { std: "docker" "inspect" "3fb9c42d87e448f5ba6938a01360eea817f06e67e436d848115072dd5709aad2", kill_on_drop: false }`
[INFO] running `Command { std: "docker" "exec" "-e" "SOURCE_DIR=/opt/rustwide/workdir" "-e" "CARGO_HOME=/opt/rustwide/cargo-home" "-e" "RUSTUP_HOME=/opt/rustwide/rustup-home" "-e" "CARGO_TARGET_DIR=/opt/rustwide/target" "-e" "CARGO_INCREMENTAL=0" "-e" "RUST_BACKTRACE=full" "-e" "RUSTFLAGS=--cap-lints=warn" "-e" "RUSTDOCFLAGS=--cap-lints=warn" "-w" "/opt/rustwide/workdir" "--user" "0:0" "3fb9c42d87e448f5ba6938a01360eea817f06e67e436d848115072dd5709aad2" "/opt/rustwide/cargo-home/bin/cargo" "+1.100.0-beta.1" "build" "--frozen" "--message-format=json" "--release", kill_on_drop: false }`
[INFO] [stderr]    Compiling proc-macro2 v1.0.95
[INFO] [stderr]    Compiling serde v1.0.219
[INFO] [stderr]    Compiling serde_json v1.0.140
[INFO] [stderr]    Compiling dtor-proc-macro v0.0.5
[INFO] [stderr]    Compiling is_terminal_polyfill v1.70.1
[INFO] [stderr]    Compiling anstyle-query v1.1.2
[INFO] [stderr]    Compiling anstyle-parse v0.2.6
[INFO] [stderr]    Compiling colorchoice v1.0.3
[INFO] [stderr]    Compiling itoa v1.0.15
[INFO] [stderr]    Compiling ctor-proc-macro v0.0.5
[INFO] [stderr]    Compiling memchr v2.7.4
[INFO] [stderr]    Compiling ryu v1.0.20
[INFO] [stderr]    Compiling anstyle v1.0.10
[INFO] [stderr]    Compiling dtor v0.0.6
[INFO] [stderr]    Compiling clap_lex v0.7.4
[INFO] [stderr]    Compiling glob v0.3.2
[INFO] [stderr]    Compiling colored v3.0.0
[INFO] [stderr]    Compiling anstream v0.6.18
[INFO] [stderr]    Compiling ctor v0.4.2
[INFO] [stderr]    Compiling clap_builder v4.5.37
[INFO] [stderr]    Compiling quote v1.0.40
[INFO] [stderr]    Compiling syn v2.0.101
[INFO] [stderr]    Compiling serde_derive v1.0.219
[INFO] [stderr]    Compiling clap_derive v4.5.32
[INFO] [stderr]    Compiling clap v4.5.37
[INFO] [stderr]    Compiling testify_core v0.1.2
[INFO] [stderr]    Compiling testify_macros v0.1.2
[INFO] [stderr]    Compiling testify-rs v0.1.2 (/opt/rustwide/workdir)
[INFO] [stderr]     Finished `release` profile [optimized] target(s) in 37.85s
[INFO] running `Command { std: "docker" "inspect" "3fb9c42d87e448f5ba6938a01360eea817f06e67e436d848115072dd5709aad2", kill_on_drop: false }`
[INFO] running `Command { std: "docker" "exec" "-e" "SOURCE_DIR=/opt/rustwide/workdir" "-e" "CARGO_HOME=/opt/rustwide/cargo-home" "-e" "RUSTUP_HOME=/opt/rustwide/rustup-home" "-e" "CARGO_TARGET_DIR=/opt/rustwide/target" "-e" "CARGO_INCREMENTAL=0" "-e" "RUST_BACKTRACE=full" "-e" "RUSTFLAGS=--cap-lints=warn" "-e" "RUSTDOCFLAGS=--cap-lints=warn" "-w" "/opt/rustwide/workdir" "--user" "0:0" "3fb9c42d87e448f5ba6938a01360eea817f06e67e436d848115072dd5709aad2" "/opt/rustwide/cargo-home/bin/cargo" "+1.100.0-beta.1" "test" "--frozen" "--no-run" "--message-format=json" "--release", kill_on_drop: false }`
[INFO] [stderr]    Compiling testify-rs v0.1.2 (/opt/rustwide/workdir)
[INFO] [stderr]     Finished `release` profile [optimized] target(s) in 0.47s
[INFO] running `Command { std: "docker" "inspect" "3fb9c42d87e448f5ba6938a01360eea817f06e67e436d848115072dd5709aad2", kill_on_drop: false }`
[INFO] running `Command { std: "docker" "exec" "-e" "SOURCE_DIR=/opt/rustwide/workdir" "-e" "CARGO_HOME=/opt/rustwide/cargo-home" "-e" "RUSTUP_HOME=/opt/rustwide/rustup-home" "-e" "CARGO_TARGET_DIR=/opt/rustwide/target" "-e" "CARGO_INCREMENTAL=0" "-e" "RUST_BACKTRACE=full" "-e" "RUSTFLAGS=--cap-lints=warn" "-e" "RUSTDOCFLAGS=--cap-lints=warn" "-w" "/opt/rustwide/workdir" "--user" "0:0" "3fb9c42d87e448f5ba6938a01360eea817f06e67e436d848115072dd5709aad2" "/opt/rustwide/cargo-home/bin/cargo" "+1.100.0-beta.1" "test" "--frozen" "--release", kill_on_drop: false }`
[INFO] [stderr]     Finished `release` profile [optimized] target(s) in 0.06s
[INFO] [stderr]      Running unittests src/lib.rs (/opt/rustwide/target/release/build/testify-rs/0e5f84a234745054/out/testify-0e5f84a234745054)
[INFO] [stdout] 
[INFO] [stdout] running 0 tests
[INFO] [stdout] 
[INFO] [stdout] test result: ok. 0 passed; 0 failed; 0 ignored; 0 measured; 0 filtered out; finished in 0.00s
[INFO] [stdout] 
[INFO] [stderr]      Running unittests src/bin/cargo-testify.rs (/opt/rustwide/target/release/build/testify-rs/dabab9239c059a54/out/cargo_testify-dabab9239c059a54)
[INFO] [stdout] 
[INFO] [stdout] running 0 tests
[INFO] [stderr]    Doc-tests testify
[INFO] [stdout] 
[INFO] [stdout] test result: ok. 0 passed; 0 failed; 0 ignored; 0 measured; 0 filtered out; finished in 0.00s
[INFO] [stdout] 
[INFO] [stdout] 
[INFO] [stdout] running 9 tests
[INFO] [stdout] test src/lib.rs - (line 126) ... FAILED
[INFO] [stdout] test src/lib.rs - (line 166) ... FAILED
[INFO] [stdout] test src/lib.rs - (line 182) ... FAILED
[INFO] [stdout] test src/lib.rs - (line 79) ... FAILED
[INFO] [stdout] test src/lib.rs - (line 105) ... FAILED
[INFO] [stdout] test src/lib.rs - (line 19) ... ok
[INFO] [stdout] test src/lib.rs - (line 156) ... FAILED
[INFO] [stdout] test src/lib.rs - (line 175) ... FAILED
[INFO] [stderr] error: doctest failed, to rerun pass `--doc`
[INFO] [stdout] test src/lib.rs - (line 60) ... ok
[INFO] [stdout] 
[INFO] [stdout] failures:
[INFO] [stdout] 
[INFO] [stdout] ---- src/lib.rs - (line 126) stdout ----
[INFO] [stdout] error: This function is async but the `async-tokio` feature is not enabled. Enable it to use async tests.
[INFO] [stdout]    --> src/lib.rs:131:1
[INFO] [stdout]     |
[INFO] [stdout] 131 | #[testify::test]
[INFO] [stdout]     | ^^^^^^^^^^^^^^^^
[INFO] [stdout]     |
[INFO] [stdout]     = note: this error originates in the attribute macro `testify::test` (in Nightly builds, run with -Z macro-backtrace for more info)
[INFO] [stdout] 
[INFO] [stdout] error: This function is async but the `async-tokio` feature is not enabled. Enable it to use async tests.
[INFO] [stdout]    --> src/lib.rs:136:1
[INFO] [stdout]     |
[INFO] [stdout] 136 | #[testify::setup]
[INFO] [stdout]     | ^^^^^^^^^^^^^^^^^
[INFO] [stdout]     |
[INFO] [stdout]     = note: this error originates in the attribute macro `testify::setup` (in Nightly builds, run with -Z macro-backtrace for more info)
[INFO] [stdout] 
[INFO] [stdout] error: This function is async but the `async-tokio` feature is not enabled. Enable it to use async tests.
[INFO] [stdout]    --> src/lib.rs:141:1
[INFO] [stdout]     |
[INFO] [stdout] 141 | #[testify::cleanup]
[INFO] [stdout]     | ^^^^^^^^^^^^^^^^^^^
[INFO] [stdout]     |
[INFO] [stdout]     = note: this error originates in the attribute macro `testify::cleanup` (in Nightly builds, run with -Z macro-backtrace for more info)
[INFO] [stdout] 
[INFO] [stdout] error: aborting due to 3 previous errors
[INFO] [stdout] 
[INFO] [stdout] Couldn't compile the test.
[INFO] [stdout] ---- src/lib.rs - (line 166) stdout ----
[INFO] [stdout] error: expected item, found `$`
[INFO] [stdout]    --> src/lib.rs:167:1
[INFO] [stdout]     |
[INFO] [stdout] 167 | $ cargo testify hello*
[INFO] [stdout]     | ^ expected item
[INFO] [stdout]     |
[INFO] [stdout]     = note: for a full list of items that can appear in modules, see <https://doc.rust-lang.org/reference/items.html>
[INFO] [stdout] 
[INFO] [stdout] error: aborting due to 1 previous error
[INFO] [stdout] 
[INFO] [stdout] Couldn't compile the test.
[INFO] [stdout] ---- src/lib.rs - (line 182) stdout ----
[INFO] [stdout] error: expected item, found `$`
[INFO] [stdout]    --> src/lib.rs:183:1
[INFO] [stdout]     |
[INFO] [stdout] 183 | $ cargo testify --exclude-tag db
[INFO] [stdout]     | ^ expected item
[INFO] [stdout]     |
[INFO] [stdout]     = note: for a full list of items that can appear in modules, see <https://doc.rust-lang.org/reference/items.html>
[INFO] [stdout] 
[INFO] [stdout] error: aborting due to 1 previous error
[INFO] [stdout] 
[INFO] [stdout] Couldn't compile the test.
[INFO] [stdout] ---- src/lib.rs - (line 79) stdout ----
[INFO] [stdout] error: This function is async but the `async-tokio` feature is not enabled. Enable it to use async tests.
[INFO] [stdout]   --> src/lib.rs:81:1
[INFO] [stdout]    |
[INFO] [stdout] 81 | #[testify::test]
[INFO] [stdout]    | ^^^^^^^^^^^^^^^^
[INFO] [stdout]    |
[INFO] [stdout]    = note: this error originates in the attribute macro `testify::test` (in Nightly builds, run with -Z macro-backtrace for more info)
[INFO] [stdout] 
[INFO] [stdout] error: aborting due to 1 previous error
[INFO] [stdout] 
[INFO] [stdout] Couldn't compile the test.
[INFO] [stdout] ---- src/lib.rs - (line 105) stdout ----
[INFO] [stdout] error[E0117]: only traits defined in the current crate can be implemented for types defined outside of the crate
[INFO] [stdout]    --> src/lib.rs:110:1
[INFO] [stdout]     |
[INFO] [stdout] 110 | impl<T: TestTermination, E> TestTermination for Result<T, E> {
[INFO] [stdout]     | ^^^^^^^^^^^^^^^^^^^^^^^^^^^^^^^^^^^^^^^^^^^^^^^^------------
[INFO] [stdout]     |                                                 |
[INFO] [stdout]     |                                                 `Result` is not defined in the current crate
[INFO] [stdout]     |
[INFO] [stdout]     = note: impl doesn't have any local type before any uncovered type parameters
[INFO] [stdout]     = note: for more information see https://doc.rust-lang.org/reference/items/implementations.html#orphan-rules
[INFO] [stdout]     = note: define and implement a trait or new type instead
[INFO] [stdout] 
[INFO] [stdout] error: aborting due to 1 previous error
[INFO] [stdout] 
[INFO] [stdout] For more information about this error, try `rustc --explain E0117`.
[INFO] [stdout] Couldn't compile the test.
[INFO] [stdout] ---- src/lib.rs - (line 156) stdout ----
[INFO] [stdout] error: expected item, found `$`
[INFO] [stdout]    --> src/lib.rs:157:1
[INFO] [stdout]     |
[INFO] [stdout] 157 | $ cargo testify --help
[INFO] [stdout]     | ^ expected item
[INFO] [stdout]     |
[INFO] [stdout]     = note: for a full list of items that can appear in modules, see <https://doc.rust-lang.org/reference/items.html>
[INFO] [stdout] 
[INFO] [stdout] error: aborting due to 1 previous error
[INFO] [stdout] 
[INFO] [stdout] Couldn't compile the test.
[INFO] [stdout] ---- src/lib.rs - (line 175) stdout ----
[INFO] [stdout] error: expected item, found `$`
[INFO] [stdout]    --> src/lib.rs:177:1
[INFO] [stdout]     |
[INFO] [stdout] 177 | $ cargo testify --tag auth -t api
[INFO] [stdout]     | ^ expected item
[INFO] [stdout]     |
[INFO] [stdout]     = note: for a full list of items that can appear in modules, see <https://doc.rust-lang.org/reference/items.html>
[INFO] [stdout] 
[INFO] [stdout] error: aborting due to 1 previous error
[INFO] [stdout] 
[INFO] [stdout] Couldn't compile the test.
[INFO] [stdout] 
[INFO] [stdout] failures:
[INFO] [stdout]     src/lib.rs - (line 105)
[INFO] [stdout]     src/lib.rs - (line 126)
[INFO] [stdout]     src/lib.rs - (line 156)
[INFO] [stdout]     src/lib.rs - (line 166)
[INFO] [stdout]     src/lib.rs - (line 175)
[INFO] [stdout]     src/lib.rs - (line 182)
[INFO] [stdout]     src/lib.rs - (line 79)
[INFO] [stdout] 
[INFO] [stdout] test result: FAILED. 2 passed; 7 failed; 0 ignored; 0 measured; 0 filtered out; finished in 0.51s
[INFO] [stdout] 
[INFO] [stdout] all doctests ran in 0.62s; merged doctests compilation took 0.10s
[INFO] running `Command { std: "docker" "inspect" "3fb9c42d87e448f5ba6938a01360eea817f06e67e436d848115072dd5709aad2", kill_on_drop: false }`
[INFO] running `Command { std: "docker" "rm" "-f" "3fb9c42d87e448f5ba6938a01360eea817f06e67e436d848115072dd5709aad2", kill_on_drop: false }`
[INFO] [stdout] 3fb9c42d87e448f5ba6938a01360eea817f06e67e436d848115072dd5709aad2
