[INFO] fetching crate testdenali 0.0.2...
[INFO] testing testdenali-0.0.2 against 1.100.0-beta.1+cargoflags=--release for beta-release-1.100-2
[INFO] extracting crate testdenali 0.0.2 into /workspace/builds/worker-1-tc2/source
[INFO] started tweaking crates.io crate testdenali 0.0.2
[INFO] removed 0 missing tests
[INFO] finished tweaking crates.io crate testdenali 0.0.2
[INFO] tweaked toml for crates.io crate testdenali 0.0.2 written to /workspace/builds/worker-1-tc2/source/Cargo.toml
[INFO] validating manifest of crates.io crate testdenali 0.0.2 on toolchain 1.100.0-beta.1
[INFO] running `Command { std: CARGO_HOME="/workspace/cargo-home" RUSTUP_HOME="/workspace/rustup-home" "/workspace/cargo-home/bin/cargo" "+1.100.0-beta.1" "metadata" "--manifest-path" "Cargo.toml" "--no-deps", kill_on_drop: false }`
[INFO] running `Command { std: CARGO_HOME="/workspace/cargo-home" RUSTUP_HOME="/workspace/rustup-home" "/workspace/cargo-home/bin/cargo" "+1.100.0-beta.1" "generate-lockfile" "--manifest-path" "Cargo.toml", kill_on_drop: false }`
[INFO] [stderr]     Updating crates.io index
[INFO] [stderr]      Locking 27 packages to highest compatible versions
[INFO] [stderr]       Adding num-bigint v0.4.8 (available: v0.5.1)
[INFO] [stderr]       Adding sha3 v0.9.1 (available: v0.12.0)
[INFO] running `Command { std: CARGO_HOME="/workspace/cargo-home" RUSTUP_HOME="/workspace/rustup-home" "/workspace/cargo-home/bin/cargo" "+1.100.0-beta.1" "fetch" "--manifest-path" "Cargo.toml", kill_on_drop: false }`
[INFO] running `Command { std: "docker" "create" "-v" "/var/lib/crater-agent-workspace/builds/worker-1-tc2/source:/opt/rustwide/workdir:ro,Z" "-v" "/var/lib/crater-agent-workspace/builds/worker-1-tc2/target:/opt/rustwide/target:rw,Z" "-v" "/var/lib/crater-agent-workspace/cargo-home:/opt/rustwide/cargo-home:ro,Z" "-v" "/var/lib/crater-agent-workspace/rustup-home:/opt/rustwide/rustup-home:ro,Z" "-m" "1610612736" "--network" "none" "ghcr.io/rust-lang/crates-build-env/linux@sha256:77db811e55d90add9212f6832c23229e3de5f1c1f9905e8cb07319ea15df73ac" "sleep" "infinity", kill_on_drop: false }`
[INFO] [stdout] b09d9247b22db17e0d3250b2725df761e24bb2dccebfb799686a8cb6613b326b
[INFO] running `Command { std: "docker" "start" "b09d9247b22db17e0d3250b2725df761e24bb2dccebfb799686a8cb6613b326b", kill_on_drop: false }`
[INFO] running `Command { std: "docker" "inspect" "b09d9247b22db17e0d3250b2725df761e24bb2dccebfb799686a8cb6613b326b", kill_on_drop: false }`
[INFO] running `Command { std: "docker" "exec" "-e" "SOURCE_DIR=/opt/rustwide/workdir" "-e" "CARGO_HOME=/opt/rustwide/cargo-home" "-e" "RUSTUP_HOME=/opt/rustwide/rustup-home" "-e" "CARGO_TARGET_DIR=/opt/rustwide/target" "-w" "/opt/rustwide/workdir" "--user" "0:0" "b09d9247b22db17e0d3250b2725df761e24bb2dccebfb799686a8cb6613b326b" "/opt/rustwide/cargo-home/bin/cargo" "+1.100.0-beta.1" "metadata" "--no-deps" "--format-version=1", kill_on_drop: false }`
[INFO] running `Command { std: "docker" "inspect" "b09d9247b22db17e0d3250b2725df761e24bb2dccebfb799686a8cb6613b326b", kill_on_drop: false }`
[INFO] running `Command { std: "docker" "exec" "-e" "SOURCE_DIR=/opt/rustwide/workdir" "-e" "CARGO_HOME=/opt/rustwide/cargo-home" "-e" "RUSTUP_HOME=/opt/rustwide/rustup-home" "-e" "CARGO_TARGET_DIR=/opt/rustwide/target" "-e" "CARGO_INCREMENTAL=0" "-e" "RUST_BACKTRACE=full" "-e" "RUSTFLAGS=--cap-lints=warn" "-e" "RUSTDOCFLAGS=--cap-lints=warn" "-w" "/opt/rustwide/workdir" "--user" "0:0" "b09d9247b22db17e0d3250b2725df761e24bb2dccebfb799686a8cb6613b326b" "/opt/rustwide/cargo-home/bin/cargo" "+1.100.0-beta.1" "build" "--frozen" "--message-format=json" "--release", kill_on_drop: false }`
[INFO] [stderr]    Compiling proc-macro2 v1.0.107
[INFO] [stderr]    Compiling generic-array v0.14.9
[INFO] [stderr]    Compiling quote v1.0.47
[INFO] [stderr]    Compiling typenum v1.20.1
[INFO] [stderr]    Compiling block-padding v0.2.1
[INFO] [stderr]    Compiling serde v1.0.229
[INFO] [stderr]    Compiling serde_json v1.0.154
[INFO] [stderr]    Compiling memchr v2.8.3
[INFO] [stderr]    Compiling keccak v0.1.6
[INFO] [stderr]    Compiling num-traits v0.2.19
[INFO] [stderr]    Compiling serde_core v1.0.229
[INFO] [stderr]    Compiling syn v3.0.9
[INFO] [stderr]    Compiling num-integer v0.1.47
[INFO] [stderr]    Compiling num-bigint v0.4.8
[INFO] [stderr]    Compiling block-buffer v0.9.0
[INFO] [stderr]    Compiling digest v0.9.0
[INFO] [stderr]    Compiling sha3 v0.9.1
[INFO] [stderr]    Compiling serde_derive v1.0.229
[INFO] [stderr]    Compiling testdenali v0.0.2 (/opt/rustwide/workdir)
[INFO] [stderr]     Finished `release` profile [optimized] target(s) in 23.04s
[INFO] running `Command { std: "docker" "inspect" "b09d9247b22db17e0d3250b2725df761e24bb2dccebfb799686a8cb6613b326b", kill_on_drop: false }`
[INFO] running `Command { std: "docker" "exec" "-e" "SOURCE_DIR=/opt/rustwide/workdir" "-e" "CARGO_HOME=/opt/rustwide/cargo-home" "-e" "RUSTUP_HOME=/opt/rustwide/rustup-home" "-e" "CARGO_TARGET_DIR=/opt/rustwide/target" "-e" "CARGO_INCREMENTAL=0" "-e" "RUST_BACKTRACE=full" "-e" "RUSTFLAGS=--cap-lints=warn" "-e" "RUSTDOCFLAGS=--cap-lints=warn" "-w" "/opt/rustwide/workdir" "--user" "0:0" "b09d9247b22db17e0d3250b2725df761e24bb2dccebfb799686a8cb6613b326b" "/opt/rustwide/cargo-home/bin/cargo" "+1.100.0-beta.1" "test" "--frozen" "--no-run" "--message-format=json" "--release", kill_on_drop: false }`
[INFO] [stderr]    Compiling testdenali v0.0.2 (/opt/rustwide/workdir)
[INFO] [stderr]     Finished `release` profile [optimized] target(s) in 8.15s
[INFO] running `Command { std: "docker" "inspect" "b09d9247b22db17e0d3250b2725df761e24bb2dccebfb799686a8cb6613b326b", kill_on_drop: false }`
[INFO] running `Command { std: "docker" "exec" "-e" "SOURCE_DIR=/opt/rustwide/workdir" "-e" "CARGO_HOME=/opt/rustwide/cargo-home" "-e" "RUSTUP_HOME=/opt/rustwide/rustup-home" "-e" "CARGO_TARGET_DIR=/opt/rustwide/target" "-e" "CARGO_INCREMENTAL=0" "-e" "RUST_BACKTRACE=full" "-e" "RUSTFLAGS=--cap-lints=warn" "-e" "RUSTDOCFLAGS=--cap-lints=warn" "-w" "/opt/rustwide/workdir" "--user" "0:0" "b09d9247b22db17e0d3250b2725df761e24bb2dccebfb799686a8cb6613b326b" "/opt/rustwide/cargo-home/bin/cargo" "+1.100.0-beta.1" "test" "--frozen" "--release", kill_on_drop: false }`
[INFO] [stderr]     Finished `release` profile [optimized] target(s) in 0.04s
[INFO] [stderr]      Running unittests src/lib.rs (/opt/rustwide/target/release/build/testdenali/2c47af68f9c88e6b/out/testdenali-2c47af68f9c88e6b)
[INFO] [stdout] 
[INFO] [stdout] running 2 tests
[INFO] [stdout] test value_check::tests::check_u64 ... ok
[INFO] [stdout] test value_check::tests::check_bytes ... ok
[INFO] [stdout] 
[INFO] [stdout] test result: ok. 2 passed; 0 failed; 0 ignored; 0 measured; 0 filtered out; finished in 0.00s
[INFO] [stdout] 
[INFO] [stderr]      Running tests/interpreter_test.rs (/opt/rustwide/target/release/build/testdenali/87bb11732c5dc758/out/interpreter_test-87bb11732c5dc758)
[INFO] [stdout] 
[INFO] [stdout] running 15 tests
[INFO] [stdout] test test_sc_address ... ok
[INFO] [stdout] test test_sc_address_with_shard_id ... ok
[INFO] [stdout] test test_biguint_nested ... ok
[INFO] [stdout] test test_signed_fixed_width_panic_1 - should panic ... ok
[INFO] [stdout] test test_signed_fixed_width_panic_2 - should panic ... ok
[INFO] [stdout] test test_string ... ok
[INFO] [stdout] test test_biguint_nested_neg - should panic ... ok
[INFO] [stdout] test test_unsigned_fixed_width ... ok
[INFO] [stdout] test test_unsigned_number ... ok
[INFO] [stdout] test test_signed_fixed_width_panic_3 - should panic ... ok
[INFO] [stdout] test test_bool ... ok
[INFO] [stdout] test test_address ... ok
[INFO] [stdout] test test_address_with_shard_id ... ok
[INFO] [stdout] test test_signed_fixed_width ... ok
[INFO] [stdout] test test_signed_number ... ok
[INFO] [stdout] 
[INFO] [stdout] test result: ok. 15 passed; 0 failed; 0 ignored; 0 measured; 0 filtered out; finished in 0.01s
[INFO] [stdout] 
[INFO] [stderr]      Running tests/serde_test.rs (/opt/rustwide/target/release/build/testdenali/d4cb67d155feb540/out/serde_test-d4cb67d155feb540)
[INFO] [stdout] 
[INFO] [stdout] running 2 tests
[INFO] [stdout] test test_scenario_raw_ser_de ... FAILED
[INFO] [stderr] error: test failed, to rerun pass `--test serde_test`
[INFO] [stdout] test test_ser ... ok
[INFO] [stdout] 
[INFO] [stdout] failures:
[INFO] [stdout] 
[INFO] [stdout] ---- test_scenario_raw_ser_de stdout ----
[INFO] [stdout] 
[INFO] [stdout] thread 'test_scenario_raw_ser_de' (703) panicked at tests/serde_test.rs:22:57:
[INFO] [stdout] called `Result::unwrap()` on an `Err` value: Os { code: 30, kind: ReadOnlyFilesystem, message: "Read-only file system" }
[INFO] [stdout] stack backtrace:
[INFO] [stdout]    0:     0x58eb9b37e611 - <<std[617be2ca0a6fd877]::sys::backtrace::BacktraceLock>::print::DisplayBacktrace as core[a373ad73a504971]::fmt::Display>::fmt
[INFO] [stdout]    1:     0x58eb9b392d4a - core[a373ad73a504971]::fmt::write
[INFO] [stdout]    2:     0x58eb9b38282c - <alloc[2e1b2a31b91974c5]::vec::Vec<u8> as core[a373ad73a504971]::io::write::Write>::write_fmt
[INFO] [stdout]    3:     0x58eb9b35a716 - std[617be2ca0a6fd877]::panicking::default_hook::{closure#0}
[INFO] [stdout]    4:     0x58eb9b376949 - std[617be2ca0a6fd877]::panicking::default_hook
[INFO] [stdout]    5:     0x58eb9b30d360 - test[aada8e7e76ba119b]::test_main_inner::{closure#0}
[INFO] [stdout]    6:     0x58eb9b376b02 - std[617be2ca0a6fd877]::panicking::panic_with_hook
[INFO] [stdout]    7:     0x58eb9b35a7c2 - std[617be2ca0a6fd877]::panicking::panic_handler::{closure#0}
[INFO] [stdout]    8:     0x58eb9b353349 - std[617be2ca0a6fd877]::sys::backtrace::__rust_end_short_backtrace::<std[617be2ca0a6fd877]::panicking::panic_handler::{closure#0}, !>
[INFO] [stdout]    9:     0x58eb9b35b3cd - __rustc[ea4f61d10b84890b]::rust_begin_unwind
[INFO] [stdout]   10:     0x58eb9b39347c - core[a373ad73a504971]::panicking::panic_fmt
[INFO] [stdout]   11:     0x58eb9b393252 - core[a373ad73a504971]::result::unwrap_failed
[INFO] [stdout]   12:     0x58eb9b2fcf9e - <serde_test[b1e6be9f243e935d]::test_scenario_raw_ser_de::{closure#0} as core[a373ad73a504971]::ops::function::FnOnce<()>>::call_once
[INFO] [stdout]   13:     0x58eb9b3007ab - test[aada8e7e76ba119b]::__rust_begin_short_backtrace::<core[a373ad73a504971]::result::Result<(), alloc[2e1b2a31b91974c5]::string::String>, fn() -> core[a373ad73a504971]::result::Result<(), alloc[2e1b2a31b91974c5]::string::String>>
[INFO] [stdout]   14:     0x58eb9b30d985 - test[aada8e7e76ba119b]::run_test::{closure#0}
[INFO] [stdout]   15:     0x58eb9b307274 - std[617be2ca0a6fd877]::sys::backtrace::__rust_begin_short_backtrace::<test[aada8e7e76ba119b]::run_test::{closure#1}, ()>
[INFO] [stdout]   16:     0x58eb9b310a12 - <std[617be2ca0a6fd877]::thread::lifecycle::spawn_unchecked<test[aada8e7e76ba119b]::run_test::{closure#1}, ()>::{closure#1} as core[a373ad73a504971]::ops::function::FnOnce<()>>::call_once::{shim:vtable#0}
[INFO] [stdout]   17:     0x58eb9b37db0f - <std[617be2ca0a6fd877]::sys::thread::unix::Thread>::new::thread_start
[INFO] [stdout]   18:     0x70997249ddfa - <unknown>
[INFO] [stdout]   19:     0x7099725313d4 - clone
[INFO] [stdout]   20:                0x0 - <unknown>
[INFO] [stdout] 
[INFO] [stdout] 
[INFO] [stdout] failures:
[INFO] [stdout]     test_scenario_raw_ser_de
[INFO] [stdout] 
[INFO] [stdout] test result: FAILED. 1 passed; 1 failed; 0 ignored; 0 measured; 0 filtered out; finished in 0.01s
[INFO] [stdout] 
[INFO] running `Command { std: "docker" "inspect" "b09d9247b22db17e0d3250b2725df761e24bb2dccebfb799686a8cb6613b326b", kill_on_drop: false }`
[INFO] running `Command { std: "docker" "rm" "-f" "b09d9247b22db17e0d3250b2725df761e24bb2dccebfb799686a8cb6613b326b", kill_on_drop: false }`
[INFO] [stdout] b09d9247b22db17e0d3250b2725df761e24bb2dccebfb799686a8cb6613b326b
