[INFO] fetching crate testcontainers 0.28.0...
[INFO] testing testcontainers-0.28.0 against 1.100.0-beta.1+cargoflags=--release for beta-release-1.100-2
[INFO] extracting crate testcontainers 0.28.0 into /workspace/builds/worker-6-tc2/source
[INFO] started tweaking crates.io crate testcontainers 0.28.0
[INFO] removed 0 missing tests
[INFO] finished tweaking crates.io crate testcontainers 0.28.0
[INFO] tweaked toml for crates.io crate testcontainers 0.28.0 written to /workspace/builds/worker-6-tc2/source/Cargo.toml
[INFO] validating manifest of crates.io crate testcontainers 0.28.0 on toolchain 1.100.0-beta.1
[INFO] running `Command { std: CARGO_HOME="/workspace/cargo-home" RUSTUP_HOME="/workspace/rustup-home" "/workspace/cargo-home/bin/cargo" "+1.100.0-beta.1" "metadata" "--manifest-path" "Cargo.toml" "--no-deps", kill_on_drop: false }`
[INFO] crate crates.io crate testcontainers 0.28.0 already has a lockfile, it will not be regenerated
[INFO] running `Command { std: CARGO_HOME="/workspace/cargo-home" RUSTUP_HOME="/workspace/rustup-home" "/workspace/cargo-home/bin/cargo" "+1.100.0-beta.1" "fetch" "--manifest-path" "Cargo.toml", kill_on_drop: false }`
[INFO] running `Command { std: "docker" "create" "-v" "/var/lib/crater-agent-workspace/builds/worker-6-tc2/source:/opt/rustwide/workdir:ro,Z" "-v" "/var/lib/crater-agent-workspace/builds/worker-6-tc2/target:/opt/rustwide/target:rw,Z" "-v" "/var/lib/crater-agent-workspace/cargo-home:/opt/rustwide/cargo-home:ro,Z" "-v" "/var/lib/crater-agent-workspace/rustup-home:/opt/rustwide/rustup-home:ro,Z" "-m" "1610612736" "--network" "none" "ghcr.io/rust-lang/crates-build-env/linux@sha256:77db811e55d90add9212f6832c23229e3de5f1c1f9905e8cb07319ea15df73ac" "sleep" "infinity", kill_on_drop: false }`
[INFO] [stdout] dabf4cab328e72de04dfb105d77b345c80261121365902ed1ebc8132a4b07851
[INFO] running `Command { std: "docker" "start" "dabf4cab328e72de04dfb105d77b345c80261121365902ed1ebc8132a4b07851", kill_on_drop: false }`
[INFO] running `Command { std: "docker" "inspect" "dabf4cab328e72de04dfb105d77b345c80261121365902ed1ebc8132a4b07851", kill_on_drop: false }`
[INFO] running `Command { std: "docker" "exec" "-e" "SOURCE_DIR=/opt/rustwide/workdir" "-e" "CARGO_HOME=/opt/rustwide/cargo-home" "-e" "RUSTUP_HOME=/opt/rustwide/rustup-home" "-e" "CARGO_TARGET_DIR=/opt/rustwide/target" "-w" "/opt/rustwide/workdir" "--user" "0:0" "dabf4cab328e72de04dfb105d77b345c80261121365902ed1ebc8132a4b07851" "/opt/rustwide/cargo-home/bin/cargo" "+1.100.0-beta.1" "metadata" "--no-deps" "--format-version=1", kill_on_drop: false }`
[INFO] running `Command { std: "docker" "inspect" "dabf4cab328e72de04dfb105d77b345c80261121365902ed1ebc8132a4b07851", kill_on_drop: false }`
[INFO] running `Command { std: "docker" "exec" "-e" "SOURCE_DIR=/opt/rustwide/workdir" "-e" "CARGO_HOME=/opt/rustwide/cargo-home" "-e" "RUSTUP_HOME=/opt/rustwide/rustup-home" "-e" "CARGO_TARGET_DIR=/opt/rustwide/target" "-e" "CARGO_INCREMENTAL=0" "-e" "RUST_BACKTRACE=full" "-e" "RUSTFLAGS=--cap-lints=warn" "-e" "RUSTDOCFLAGS=--cap-lints=warn" "-w" "/opt/rustwide/workdir" "--user" "0:0" "dabf4cab328e72de04dfb105d77b345c80261121365902ed1ebc8132a4b07851" "/opt/rustwide/cargo-home/bin/cargo" "+1.100.0-beta.1" "build" "--frozen" "--message-format=json" "--release", kill_on_drop: false }`
[INFO] [stderr]    Compiling libc v0.2.189
[INFO] [stderr]    Compiling futures-core v0.3.33
[INFO] [stderr]    Compiling futures-sink v0.3.33
[INFO] [stderr]    Compiling proc-macro2 v1.0.107
[INFO] [stderr]    Compiling http v1.5.0
[INFO] [stderr]    Compiling serde_core v1.0.229
[INFO] [stderr]    Compiling futures-io v0.3.33
[INFO] [stderr]    Compiling smallvec v1.15.2
[INFO] [stderr]    Compiling futures-task v0.3.33
[INFO] [stderr]    Compiling cc v1.4.0
[INFO] [stderr]    Compiling rustls-pki-types v1.15.1
[INFO] [stderr]    Compiling num-traits v0.2.19
[INFO] [stderr]    Compiling sync_wrapper v1.0.2
[INFO] [stderr]    Compiling rustls v0.23.43
[INFO] [stderr]    Compiling either v1.17.0
[INFO] [stderr]    Compiling mime v0.3.17
[INFO] [stderr]    Compiling matchit v0.8.4
[INFO] [stderr]    Compiling rand_core v0.10.1
[INFO] [stderr]    Compiling getrandom v0.4.3
[INFO] [stderr]    Compiling memchr v2.8.3
[INFO] [stderr]    Compiling serde_json v1.0.151
[INFO] [stderr]    Compiling futures-channel v0.3.33
[INFO] [stderr]    Compiling utf8-zero v0.8.1
[INFO] [stderr]    Compiling portable-atomic v1.14.0
[INFO] [stderr]    Compiling bitflags v2.13.1
[INFO] [stderr]    Compiling cpufeatures v0.3.0
[INFO] [stderr]    Compiling bollard-buildkit-proto v0.8.0
[INFO] [stderr]    Compiling chacha20 v0.10.1
[INFO] [stderr]    Compiling powerfmt v0.2.0
[INFO] [stderr]    Compiling itertools v0.14.0
[INFO] [stderr]    Compiling webpki-roots v1.0.9
[INFO] [stderr]    Compiling thiserror v2.0.19
[INFO] [stderr]    Compiling rustix v1.1.4
[INFO] [stderr]    Compiling quote v1.0.47
[INFO] [stderr]    Compiling hex v0.4.3
[INFO] [stderr]    Compiling openssl-probe v0.2.1
[INFO] [stderr]    Compiling regex v1.13.1
[INFO] [stderr]    Compiling rustls-native-certs v0.8.4
[INFO] [stderr]    Compiling aho-corasick v1.1.5
[INFO] [stderr]    Compiling home v0.5.12
[INFO] [stderr]    Compiling syn v2.0.119
[INFO] [stderr]    Compiling syn v3.0.3
[INFO] [stderr]    Compiling rustc-hash v2.1.3
[INFO] [stderr]    Compiling etcetera v0.11.0
[INFO] [stderr]    Compiling http-body v1.1.0
[INFO] [stderr]    Compiling num-integer v0.1.46
[INFO] [stderr]    Compiling ureq-proto v0.6.0
[INFO] [stderr]    Compiling http-body-util v0.1.4
[INFO] [stderr]    Compiling num-complex v0.4.6
[INFO] [stderr]    Compiling axum-core v0.5.6
[INFO] [stderr]    Compiling num-bigint v0.4.8
[INFO] [stderr]    Compiling errno v0.3.14
[INFO] [stderr]    Compiling socket2 v0.6.5
[INFO] [stderr]    Compiling signal-hook-registry v1.4.8
[INFO] [stderr]    Compiling mio v1.2.2
[INFO] [stderr]    Compiling ring v0.17.14
[INFO] [stderr]    Compiling getrandom v0.2.17
[INFO] [stderr]    Compiling regex-automata v0.4.18
[INFO] [stderr]    Compiling num-iter v0.1.46
[INFO] [stderr]    Compiling rand v0.10.2
[INFO] [stderr]    Compiling xattr v1.6.1
[INFO] [stderr]    Compiling ferroid v2.0.0
[INFO] [stderr]    Compiling num-rational v0.4.2
[INFO] [stderr]    Compiling tokio-macros v2.7.2
[INFO] [stderr]    Compiling displaydoc v0.2.7
[INFO] [stderr]    Compiling serde_derive v1.0.229
[INFO] [stderr]    Compiling async-trait v0.1.91
[INFO] [stderr]    Compiling thiserror-impl v2.0.19
[INFO] [stderr]    Compiling serde_repr v0.1.21
[INFO] [stderr]    Compiling tokio v1.53.1
[INFO] [stderr]    Compiling deranged v0.5.8
[INFO] [stderr]    Compiling num v0.4.3
[INFO] [stderr]    Compiling synstructure v0.13.2
[INFO] [stderr]    Compiling darling_core v0.23.0
[INFO] [stderr]    Compiling zerofrom-derive v0.1.7
[INFO] [stderr]    Compiling tracing-attributes v0.1.31
[INFO] [stderr]    Compiling yoke-derive v0.8.2
[INFO] [stderr]    Compiling futures-macro v0.3.33
[INFO] [stderr]    Compiling zerovec-derive v0.11.3
[INFO] [stderr]    Compiling prost-derive v0.14.4
[INFO] [stderr]    Compiling pin-project-internal v1.1.13
[INFO] [stderr]    Compiling structmeta-derive v0.3.0
[INFO] [stderr]    Compiling time v0.3.55
[INFO] [stderr]    Compiling async-stream-impl v0.3.6
[INFO] [stderr]    Compiling async-stream v0.3.6
[INFO] [stderr]    Compiling futures-util v0.3.33
[INFO] [stderr]    Compiling prost v0.14.4
[INFO] [stderr]    Compiling tracing v0.1.44
[INFO] [stderr]    Compiling structmeta v0.3.0
[INFO] [stderr]    Compiling pin-project v1.1.13
[INFO] [stderr]    Compiling zerofrom v0.1.8
[INFO] [stderr]    Compiling parse-display-derive v0.11.0
[INFO] [stderr]    Compiling prost-types v0.14.4
[INFO] [stderr]    Compiling yoke v0.8.3
[INFO] [stderr]    Compiling zerovec v0.11.6
[INFO] [stderr]    Compiling zerotrie v0.2.4
[INFO] [stderr]    Compiling darling_macro v0.23.0
[INFO] [stderr]    Compiling darling v0.23.0
[INFO] [stderr]    Compiling serde_with_macros v3.21.0
[INFO] [stderr]    Compiling serde v1.0.229
[INFO] [stderr]    Compiling tinystr v0.8.3
[INFO] [stderr]    Compiling potential_utf v0.1.5
[INFO] [stderr]    Compiling icu_collections v2.2.0
[INFO] [stderr]    Compiling serde_urlencoded v0.7.1
[INFO] [stderr]    Compiling docker_credential v1.4.0
[INFO] [stderr]    Compiling icu_locale_core v2.2.0
[INFO] [stderr]    Compiling parse-display v0.11.0
[INFO] [stderr]    Compiling serde_with v3.21.0
[INFO] [stderr]    Compiling futures-executor v0.3.33
[INFO] [stderr]    Compiling futures v0.3.33
[INFO] [stderr]    Compiling icu_provider v2.2.0
[INFO] [stderr]    Compiling icu_normalizer v2.2.0
[INFO] [stderr]    Compiling icu_properties v2.2.0
[INFO] [stderr]    Compiling idna_adapter v1.2.2
[INFO] [stderr]    Compiling tokio-util v0.7.19
[INFO] [stderr]    Compiling tokio-stream v0.1.19
[INFO] [stderr]    Compiling idna v1.1.0
[INFO] [stderr]    Compiling url v2.5.8
[INFO] [stderr]    Compiling astral-tokio-tar v0.6.4
[INFO] [stderr]    Compiling h2 v0.4.15
[INFO] [stderr]    Compiling tower v0.5.3
[INFO] [stderr]    Compiling rustls-webpki v0.103.13
[INFO] [stderr]    Compiling axum v0.8.9
[INFO] [stderr]    Compiling hyper v1.11.0
[INFO] [stderr]    Compiling hyper-util v0.1.20
[INFO] [stderr]    Compiling hyper-timeout v0.5.2
[INFO] [stderr]    Compiling hyperlocal v0.9.1
[INFO] [stderr]    Compiling tonic v0.14.6
[INFO] [stderr]    Compiling ureq v3.3.0
[INFO] [stderr]    Compiling tokio-rustls v0.26.4
[INFO] [stderr]    Compiling hyper-rustls v0.27.9
[INFO] [stderr]    Compiling tonic-prost v0.14.6
[INFO] [stderr]    Compiling bollard-stubs v1.53.1-rc.29.3.1
[INFO] [stderr]    Compiling bollard v0.21.0
[INFO] [stderr]    Compiling testcontainers v0.28.0 (/opt/rustwide/workdir)
[INFO] [stderr] warning: unused dependency `itertools`
[INFO] [stderr]   --> Cargo.toml:41:15
[INFO] [stderr]    |
[INFO] [stderr] 41 | [dependencies.itertools]
[INFO] [stderr]    |               ^^^^^^^^^^
[INFO] [stderr]    |
[INFO] [stderr]    = note: `cargo::unused_dependencies` is set to `warn` by default
[INFO] [stderr] help: consider removing the dependency on `itertools`
[INFO] [stderr] warning: unused dependency `serde_with`
[INFO] [stderr]   --> Cargo.toml:78:15
[INFO] [stderr]    |
[INFO] [stderr] 78 | [dependencies.serde_with]
[INFO] [stderr]    |               ^^^^^^^^^^^
[INFO] [stderr]    |
[INFO] [stderr] help: consider removing the dependency on `serde_with`
[INFO] [stderr] warning: `testcontainers` (manifest) generated 2 warnings
[INFO] [stderr]     Finished `release` profile [optimized] target(s) in 2m 24s
[INFO] running `Command { std: "docker" "inspect" "dabf4cab328e72de04dfb105d77b345c80261121365902ed1ebc8132a4b07851", kill_on_drop: false }`
[INFO] running `Command { std: "docker" "exec" "-e" "SOURCE_DIR=/opt/rustwide/workdir" "-e" "CARGO_HOME=/opt/rustwide/cargo-home" "-e" "RUSTUP_HOME=/opt/rustwide/rustup-home" "-e" "CARGO_TARGET_DIR=/opt/rustwide/target" "-e" "CARGO_INCREMENTAL=0" "-e" "RUST_BACKTRACE=full" "-e" "RUSTFLAGS=--cap-lints=warn" "-e" "RUSTDOCFLAGS=--cap-lints=warn" "-w" "/opt/rustwide/workdir" "--user" "0:0" "dabf4cab328e72de04dfb105d77b345c80261121365902ed1ebc8132a4b07851" "/opt/rustwide/cargo-home/bin/cargo" "+1.100.0-beta.1" "test" "--frozen" "--no-run" "--message-format=json" "--release", kill_on_drop: false }`
[INFO] [stderr]    Compiling log v0.4.33
[INFO] [stderr]    Compiling sync_wrapper v1.0.2
[INFO] [stderr]    Compiling ipnet v2.12.1
[INFO] [stderr]    Compiling tower v0.5.3
[INFO] [stderr]    Compiling axum-core v0.5.6
[INFO] [stderr]    Compiling is-terminal v0.4.17
[INFO] [stderr]    Compiling termcolor v1.4.1
[INFO] [stderr]    Compiling humantime v2.4.0
[INFO] [stderr]    Compiling anyhow v1.0.104
[INFO] [stderr]    Compiling temp-dir v0.2.0
[INFO] [stderr]    Compiling tempfile v3.27.0
[INFO] [stderr]    Compiling rustls v0.23.43
[INFO] [stderr]    Compiling ureq-proto v0.6.0
[INFO] [stderr]    Compiling env_logger v0.10.2
[INFO] [stderr]    Compiling hyper-util v0.1.20
[INFO] [stderr]    Compiling pretty_env_logger v0.5.0
[INFO] [stderr]    Compiling tower-http v0.6.11
[INFO] [stderr]    Compiling hyper-timeout v0.5.2
[INFO] [stderr]    Compiling hyperlocal v0.9.1
[INFO] [stderr]    Compiling reqwest v0.13.4
[INFO] [stderr]    Compiling axum v0.8.9
[INFO] [stderr]    Compiling ureq v3.3.0
[INFO] [stderr]    Compiling tokio-rustls v0.26.4
[INFO] [stderr]    Compiling hyper-rustls v0.27.9
[INFO] [stderr]    Compiling tonic v0.14.6
[INFO] [stderr]    Compiling tonic-prost v0.14.6
[INFO] [stderr]    Compiling bollard-buildkit-proto v0.8.0
[INFO] [stderr]    Compiling bollard-stubs v1.53.1-rc.29.3.1
[INFO] [stderr]    Compiling bollard v0.21.0
[INFO] [stderr]    Compiling testcontainers v0.28.0 (/opt/rustwide/workdir)
[INFO] [stderr] warning: unused dependency `itertools`
[INFO] [stderr]   --> Cargo.toml:41:15
[INFO] [stderr]    |
[INFO] [stderr] 41 | [dependencies.itertools]
[INFO] [stderr]    |               ^^^^^^^^^^
[INFO] [stderr]    |
[INFO] [stderr]    = note: `cargo::unused_dependencies` is set to `warn` by default
[INFO] [stderr] help: consider removing the dependency on `itertools`
[INFO] [stderr] warning: unused dependency `serde_with`
[INFO] [stderr]   --> Cargo.toml:78:15
[INFO] [stderr]    |
[INFO] [stderr] 78 | [dependencies.serde_with]
[INFO] [stderr]    |               ^^^^^^^^^^^
[INFO] [stderr]    |
[INFO] [stderr] help: consider removing the dependency on `serde_with`
[INFO] [stderr] warning: `testcontainers` (manifest) generated 2 warnings
[INFO] [stderr]     Finished `release` profile [optimized] target(s) in 3m 06s
[INFO] running `Command { std: "docker" "inspect" "dabf4cab328e72de04dfb105d77b345c80261121365902ed1ebc8132a4b07851", kill_on_drop: false }`
[INFO] running `Command { std: "docker" "exec" "-e" "SOURCE_DIR=/opt/rustwide/workdir" "-e" "CARGO_HOME=/opt/rustwide/cargo-home" "-e" "RUSTUP_HOME=/opt/rustwide/rustup-home" "-e" "CARGO_TARGET_DIR=/opt/rustwide/target" "-e" "CARGO_INCREMENTAL=0" "-e" "RUST_BACKTRACE=full" "-e" "RUSTFLAGS=--cap-lints=warn" "-e" "RUSTDOCFLAGS=--cap-lints=warn" "-w" "/opt/rustwide/workdir" "--user" "0:0" "dabf4cab328e72de04dfb105d77b345c80261121365902ed1ebc8132a4b07851" "/opt/rustwide/cargo-home/bin/cargo" "+1.100.0-beta.1" "test" "--frozen" "--release", kill_on_drop: false }`
[INFO] [stderr] warning: unused dependency `itertools`
[INFO] [stderr]   --> Cargo.toml:41:15
[INFO] [stderr]    |
[INFO] [stderr] 41 | [dependencies.itertools]
[INFO] [stderr]    |               ^^^^^^^^^^
[INFO] [stderr]    |
[INFO] [stderr]    = note: `cargo::unused_dependencies` is set to `warn` by default
[INFO] [stderr] help: consider removing the dependency on `itertools`
[INFO] [stderr] warning: unused dependency `serde_with`
[INFO] [stderr]   --> Cargo.toml:78:15
[INFO] [stderr]    |
[INFO] [stderr] 78 | [dependencies.serde_with]
[INFO] [stderr]    |               ^^^^^^^^^^^
[INFO] [stderr]    |
[INFO] [stderr] help: consider removing the dependency on `serde_with`
[INFO] [stderr] warning: `testcontainers` (manifest) generated 2 warnings
[INFO] [stderr]     Finished `release` profile [optimized] target(s) in 0.43s
[INFO] [stderr]      Running unittests src/lib.rs (/opt/rustwide/target/release/build/testcontainers/9ddda691ab076bba/out/testcontainers-9ddda691ab076bba)
[INFO] [stdout] 
[INFO] [stdout] running 68 tests
[INFO] [stdout] test core::copy::tests::copytocontainer_tar_data_success ... ok
[INFO] [stdout] test core::client::tests::test_resolve_registry_private_registry ... ok
[INFO] [stdout] test core::client::tests::test_resolve_registry_with_digest ... ok
[INFO] [stdout] test core::client::bollard_client::tests::user_agent_value_has_correct_format ... ok
[INFO] [stdout] test core::env::tests::command_looks_up_testcontainers_env_variables ... ok
[INFO] [stdout] test core::client::tests::test_resolve_registry_docker_hub_library_image ... ok
[INFO] [stdout] test core::mounts::tests::test_bind_mount_has_no_tmpfs_options ... ok
[INFO] [stdout] test core::mounts::tests::test_parse_size_bytes ... ok
[INFO] [stdout] test core::image::exec::tests::test_with_env_vars ... ok
[INFO] [stdout] test core::env::tests::errors_on_unknown_command ... ok
[INFO] [stdout] test core::client::bollard_client::tests::user_agent_value_matches_expected ... ok
[INFO] [stdout] test core::logs::tests::given_logs_when_line_contains_message_should_find_it ... ok
[INFO] [stdout] test core::mounts::tests::test_parse_size_gigabytes ... ok
[INFO] [stdout] test core::mounts::tests::test_parse_size_empty_string ... ok
[INFO] [stdout] test core::mounts::tests::test_parse_size_kilobytes ... ok
[INFO] [stdout] test core::mounts::tests::test_parse_size_megabytes ... ok
[INFO] [stdout] test core::mounts::tests::test_parse_size_overflow ... ok
[INFO] [stdout] test core::client::tests::test_resolve_registry_docker_hub_namespaced_image ... ok
[INFO] [stdout] test core::mounts::tests::test_parse_size_negative ... ok
[INFO] [stdout] test core::copy::tests::tar_bytes_respects_custom_mode ... ok
[INFO] [stdout] test core::mounts::tests::test_tmpfs_mount_with_size_bytes ... ok
[INFO] [stdout] test core::mounts::tests::test_tmpfs_mount_with_mode ... ok
[INFO] [stdout] test core::mounts::tests::test_tmpfs_mount_with_size_string ... ok
[INFO] [stdout] test core::mounts::tests::test_tmpfs_mount_builder_chain ... ok
[INFO] [stdout] test core::mounts::tests::test_tmpfs_mount_without_options ... ok
[INFO] [stdout] test core::copy::tests::copytocontainer_tar_file_success ... ok
[INFO] [stdout] test core::mounts::tests::test_tmpfs_options_can_be_overwritten ... ok
[INFO] [stdout] test core::mounts::tests::test_tmpfs_mount_with_size_and_mode ... ok
[INFO] [stdout] test core::ports::tests::can_deserialize_docker_inspect_response_into_api_ports ... ok
[INFO] [stderr]  ERROR testcontainers::core::copy > Could not append file/dir to tar: "/tmp/.tmpu7EvyQ/non_existent_file.txt":file.txt
[INFO] [stdout] test core::mounts::tests::test_volume_mount_has_no_tmpfs_options ... ok
[INFO] [stdout] test core::mounts::tests::test_parse_size_invalid_number ... ok
[INFO] [stdout] test core::copy::tests::tar_file_respects_custom_mode ... ok
[INFO] [stdout] test core::mounts::tests::test_parse_size_with_whitespace ... ok
[INFO] [stdout] test core::copy::tests::copytocontainer_tar_file_not_found ... ok
[INFO] [stdout] test core::copy::tests::copytocontainercollection_tar_file_and_data ... ok
[INFO] [stdout] test core::mounts::tests::test_with_size_panics_on_invalid_format - should panic ... ok
[INFO] [stdout] test core::env::tests::default_command_is_remove ... ok
[INFO] [stdout] test core::containers::async_container::tests::async_custom_healthcheck_is_applied ... FAILED
[INFO] [stdout] test runners::async_builder::tests::build_image_skip_if_exists ... FAILED
[INFO] [stdout] test core::containers::async_container::tests::async_logs_are_accessible ... FAILED
[INFO] [stdout] test core::containers::async_container::tests::async_containers_custom_ready_conditions_are_used ... FAILED
[INFO] [stdout] test runners::async_runner::tests::async_run_command_should_have_user ... FAILED
[INFO] [stdout] test core::client::tests::test_client_pull_image_with_platform ... FAILED
[INFO] [stdout] test runners::async_runner::tests::async_run_command_should_expose_all_ports_if_no_explicit_mapping_requested ... FAILED
[INFO] [stdout] test runners::async_builder::tests::build_image_and_run ... FAILED
[INFO] [stdout] test runners::async_builder::tests::build_image_parallel_with_skip_if_exists ... FAILED
[INFO] [stdout] test runners::async_builder::tests::build_image_with_build_args ... FAILED
[INFO] [stdout] test runners::async_runner::tests::async_run_command_should_map_exposed_port ... FAILED
[INFO] [stdout] test runners::async_runner::tests::async_run_command_should_expose_only_requested_ports ... FAILED
[INFO] [stdout] test runners::async_builder::tests::build_image_with_options ... FAILED
[INFO] [stdout] test runners::async_runner::tests::async_run_command_should_have_cap_add ... FAILED
[INFO] [stdout] test images::generic::tests::should_return_env_vars ... ok
[INFO] [stdout] test runners::async_runner::tests::async_run_command_should_have_cap_drop ... FAILED
[INFO] [stdout] test runners::async_runner::tests::async_run_command_should_include_name ... FAILED
[INFO] [stdout] test runners::async_runner::tests::async_run_command_should_have_host_cgroupns_mode ... FAILED
[INFO] [stdout] test runners::async_runner::tests::async_run_command_should_have_host_userns_mode ... FAILED
[INFO] [stdout] test runners::async_runner::tests::async_run_command_should_include_network ... FAILED
[INFO] [stdout] test runners::async_runner::tests::async_run_command_should_have_private_cgroupns_mode ... FAILED
[INFO] [stdout] test runners::async_runner::tests::async_run_command_should_have_working_dir ... FAILED
[INFO] [stdout] test runners::async_runner::tests::async_should_rely_on_network_mode_when_network_is_provided_and_settings_bridge_empty ... FAILED
[INFO] [stdout] test runners::async_runner::tests::async_should_return_error_when_non_bridged_network_selected ... FAILED
[INFO] [stdout] test runners::async_runner::tests::async_run_command_should_include_privileged ... FAILED
[INFO] [stdout] test runners::async_runner::tests::async_run_command_should_include_ulimits ... FAILED
[INFO] [stdout] test runners::async_runner::tests::async_run_command_should_map_exposed_port_udp_sctp ... FAILED
[INFO] [stdout] test runners::async_runner::tests::async_run_command_should_map_ports_udp_sctp ... FAILED
[INFO] [stdout] test runners::async_runner::tests::async_run_command_should_set_shared_memory_size ... FAILED
[INFO] [stdout] test runners::async_runner::tests::async_should_create_network_if_image_needs_it_and_drop_it_in_the_end ... FAILED
[INFO] [stdout] test runners::async_runner::tests::async_start_should_apply_expected_labels ... FAILED
[INFO] [stdout] 
[INFO] [stdout] failures:
[INFO] [stdout] 
[INFO] [stdout] ---- core::containers::async_container::tests::async_custom_healthcheck_is_applied stdout ----
[INFO] [stdout] Error: failed to initialize a docker client: Socket not found: /var/run/docker.sock
[INFO] [stdout] 
[INFO] [stdout] Stack backtrace:
[INFO] [stdout]    0: <anyhow::Error as core::convert::From<testcontainers::core::error::TestcontainersError>>::from
[INFO] [stdout]    1: testcontainers::core::containers::async_container::tests::async_custom_healthcheck_is_applied::{closure#0}
[INFO] [stdout]    2: <tokio::runtime::scheduler::current_thread::CurrentThread>::block_on::<core::pin::Pin<&mut dyn core::future::future::Future<Output = core::result::Result<(), anyhow::Error>>>>
[INFO] [stdout]    3: <tokio::runtime::runtime::Runtime>::block_on::<core::pin::Pin<&mut dyn core::future::future::Future<Output = core::result::Result<(), anyhow::Error>>>>
[INFO] [stdout]    4: <testcontainers::core::containers::async_container::tests::async_custom_healthcheck_is_applied::{closure#0} as core::ops::function::FnOnce<()>>::call_once
[INFO] [stdout]    5: test::__rust_begin_short_backtrace::<core::result::Result<(), alloc::string::String>, fn() -> core::result::Result<(), alloc::string::String>>
[INFO] [stdout]    6: test::run_test::{closure#0}
[INFO] [stdout]    7: std::sys::backtrace::__rust_begin_short_backtrace::<test::run_test::{closure#1}, ()>
[INFO] [stdout]    8: <std::thread::lifecycle::spawn_unchecked<test::run_test::{closure#1}, ()>::{closure#1} as core::ops::function::FnOnce<()>>::call_once::{shim:vtable#0}
[INFO] [stdout]    9: <std::sys::thread::unix::Thread>::new::thread_start
[INFO] [stdout]   10: <unknown>
[INFO] [stdout]   11: clone
[INFO] [stdout] 
[INFO] [stdout] ---- runners::async_builder::tests::build_image_skip_if_exists stdout ----
[INFO] [stdout] Error: failed to initialize a docker client: Socket not found: /var/run/docker.sock
[INFO] [stdout] 
[INFO] [stdout] Stack backtrace:
[INFO] [stdout]    0: <anyhow::Error as core::convert::From<testcontainers::core::error::TestcontainersError>>::from
[INFO] [stderr] error: test failed, to rerun pass `--lib`
[INFO] [stdout]    1: testcontainers::runners::async_builder::tests::build_image_skip_if_exists::{closure#0}
[INFO] [stdout]    2: <tokio::runtime::scheduler::current_thread::CurrentThread>::block_on::<core::pin::Pin<&mut dyn core::future::future::Future<Output = core::result::Result<(), anyhow::Error>>>>
[INFO] [stdout]    3: <tokio::runtime::runtime::Runtime>::block_on::<core::pin::Pin<&mut dyn core::future::future::Future<Output = core::result::Result<(), anyhow::Error>>>>
[INFO] [stdout]    4: <testcontainers::runners::async_builder::tests::build_image_skip_if_exists::{closure#0} as core::ops::function::FnOnce<()>>::call_once
[INFO] [stdout]    5: test::__rust_begin_short_backtrace::<core::result::Result<(), alloc::string::String>, fn() -> core::result::Result<(), alloc::string::String>>
[INFO] [stdout]    6: test::run_test::{closure#0}
[INFO] [stdout]    7: std::sys::backtrace::__rust_begin_short_backtrace::<test::run_test::{closure#1}, ()>
[INFO] [stdout]    8: <std::thread::lifecycle::spawn_unchecked<test::run_test::{closure#1}, ()>::{closure#1} as core::ops::function::FnOnce<()>>::call_once::{shim:vtable#0}
[INFO] [stdout]    9: <std::sys::thread::unix::Thread>::new::thread_start
[INFO] [stdout]   10: <unknown>
[INFO] [stdout]   11: clone
[INFO] [stdout] 
[INFO] [stdout] ---- core::containers::async_container::tests::async_logs_are_accessible stdout ----
[INFO] [stdout] Error: failed to initialize a docker client: Socket not found: /var/run/docker.sock
[INFO] [stdout] 
[INFO] [stdout] Stack backtrace:
[INFO] [stdout]    0: <anyhow::Error as core::convert::From<testcontainers::core::error::TestcontainersError>>::from
[INFO] [stdout]    1: testcontainers::core::containers::async_container::tests::async_logs_are_accessible::{closure#0}
[INFO] [stdout]    2: <tokio::runtime::scheduler::current_thread::CurrentThread>::block_on::<core::pin::Pin<&mut dyn core::future::future::Future<Output = core::result::Result<(), anyhow::Error>>>>
[INFO] [stdout]    3: <tokio::runtime::runtime::Runtime>::block_on::<core::pin::Pin<&mut dyn core::future::future::Future<Output = core::result::Result<(), anyhow::Error>>>>
[INFO] [stdout]    4: <testcontainers::core::containers::async_container::tests::async_logs_are_accessible::{closure#0} as core::ops::function::FnOnce<()>>::call_once
[INFO] [stdout]    5: test::__rust_begin_short_backtrace::<core::result::Result<(), alloc::string::String>, fn() -> core::result::Result<(), alloc::string::String>>
[INFO] [stdout]    6: test::run_test::{closure#0}
[INFO] [stdout]    7: std::sys::backtrace::__rust_begin_short_backtrace::<test::run_test::{closure#1}, ()>
[INFO] [stdout]    8: <std::thread::lifecycle::spawn_unchecked<test::run_test::{closure#1}, ()>::{closure#1} as core::ops::function::FnOnce<()>>::call_once::{shim:vtable#0}
[INFO] [stdout]    9: <std::sys::thread::unix::Thread>::new::thread_start
[INFO] [stdout]   10: <unknown>
[INFO] [stdout]   11: clone
[INFO] [stdout] 
[INFO] [stdout] ---- core::containers::async_container::tests::async_containers_custom_ready_conditions_are_used stdout ----
[INFO] [stdout] 
[INFO] [stdout] thread 'core::containers::async_container::tests::async_containers_custom_ready_conditions_are_used' (3437) panicked at src/core/containers/async_container.rs:689:41:
[INFO] [stdout] called `Result::unwrap()` on an `Err` value: Client(Init(SocketNotFoundError("/var/run/docker.sock")))
[INFO] [stdout] stack backtrace:
[INFO] [stdout]    0:     0x63bf07309e91 - <<std[617be2ca0a6fd877]::sys::backtrace::BacktraceLock>::print::DisplayBacktrace as core[a373ad73a504971]::fmt::Display>::fmt
[INFO] [stdout]    1:     0x63bf0732125a - core[a373ad73a504971]::fmt::write
[INFO] [stdout]    2:     0x63bf0730f4fc - <alloc[2e1b2a31b91974c5]::vec::Vec<u8> as core[a373ad73a504971]::io::write::Write>::write_fmt
[INFO] [stdout]    3:     0x63bf072e2116 - std[617be2ca0a6fd877]::panicking::default_hook::{closure#0}
[INFO] [stdout]    4:     0x63bf07300ac9 - std[617be2ca0a6fd877]::panicking::default_hook
[INFO] [stdout]    5:     0x63bf06f9cfd0 - test[aada8e7e76ba119b]::test_main_inner::{closure#0}
[INFO] [stdout]    6:     0x63bf07300df2 - std[617be2ca0a6fd877]::panicking::panic_with_hook
[INFO] [stdout]    7:     0x63bf072e21c2 - std[617be2ca0a6fd877]::panicking::panic_handler::{closure#0}
[INFO] [stdout]    8:     0x63bf072da519 - std[617be2ca0a6fd877]::sys::backtrace::__rust_end_short_backtrace::<std[617be2ca0a6fd877]::panicking::panic_handler::{closure#0}, !>
[INFO] [stdout]    9:     0x63bf072e30cd - __rustc[ea4f61d10b84890b]::rust_begin_unwind
[INFO] [stdout]   10:     0x63bf07321a3c - core[a373ad73a504971]::panicking::panic_fmt
[INFO] [stdout]   11:     0x63bf07321812 - core[a373ad73a504971]::result::unwrap_failed
[INFO] [stdout]   12:     0x63bf06e3e3d7 - testcontainers[36310310a9ca2e3d]::core::containers::async_container::tests::async_containers_custom_ready_conditions_are_used::{closure#0}
[INFO] [stdout]   13:     0x63bf06e15685 - <tokio[7c82eff53331b35b]::runtime::scheduler::current_thread::CurrentThread>::block_on::<core[a373ad73a504971]::pin::Pin<&mut dyn core[a373ad73a504971]::future::future::Future<Output = ()>>>
[INFO] [stdout]   14:     0x63bf06d8e3e2 - <tokio[7c82eff53331b35b]::runtime::runtime::Runtime>::block_on::<core[a373ad73a504971]::pin::Pin<&mut dyn core[a373ad73a504971]::future::future::Future<Output = ()>>>
[INFO] [stdout]   15:     0x63bf06e45975 - <testcontainers[36310310a9ca2e3d]::core::containers::async_container::tests::async_containers_custom_ready_conditions_are_used::{closure#0} as core[a373ad73a504971]::ops::function::FnOnce<()>>::call_once
[INFO] [stdout]   16:     0x63bf06f9041b - test[aada8e7e76ba119b]::__rust_begin_short_backtrace::<core[a373ad73a504971]::result::Result<(), alloc[2e1b2a31b91974c5]::string::String>, fn() -> core[a373ad73a504971]::result::Result<(), alloc[2e1b2a31b91974c5]::string::String>>
[INFO] [stdout]   17:     0x63bf06f9d5f5 - test[aada8e7e76ba119b]::run_test::{closure#0}
[INFO] [stdout]   18:     0x63bf06f96ee4 - std[617be2ca0a6fd877]::sys::backtrace::__rust_begin_short_backtrace::<test[aada8e7e76ba119b]::run_test::{closure#1}, ()>
[INFO] [stdout]   19:     0x63bf06fa0682 - <std[617be2ca0a6fd877]::thread::lifecycle::spawn_unchecked<test[aada8e7e76ba119b]::run_test::{closure#1}, ()>::{closure#1} as core[a373ad73a504971]::ops::function::FnOnce<()>>::call_once::{shim:vtable#0}
[INFO] [stdout]   20:     0x63bf07308ccf - <std[617be2ca0a6fd877]::sys::thread::unix::Thread>::new::thread_start
[INFO] [stdout]   21:     0x7d52f2ab4dfa - <unknown>
[INFO] [stdout]   22:     0x7d52f2b483d4 - clone
[INFO] [stdout]   23:                0x0 - <unknown>
[INFO] [stdout] 
[INFO] [stdout] ---- runners::async_runner::tests::async_run_command_should_have_user stdout ----
[INFO] [stdout] 
[INFO] [stdout] thread 'runners::async_runner::tests::async_run_command_should_have_user' (3499) panicked at src/runners/async_runner.rs:469:74:
[INFO] [stdout] called `Result::unwrap()` on an `Err` value: Os { code: 2, kind: NotFound, message: "No such file or directory" }
[INFO] [stdout] stack backtrace:
[INFO] [stdout]    0:     0x63bf07309e91 - <<std[617be2ca0a6fd877]::sys::backtrace::BacktraceLock>::print::DisplayBacktrace as core[a373ad73a504971]::fmt::Display>::fmt
[INFO] [stdout]    1:     0x63bf0732125a - core[a373ad73a504971]::fmt::write
[INFO] [stdout]    2:     0x63bf0730f4fc - <alloc[2e1b2a31b91974c5]::vec::Vec<u8> as core[a373ad73a504971]::io::write::Write>::write_fmt
[INFO] [stdout]    3:     0x63bf072e2116 - std[617be2ca0a6fd877]::panicking::default_hook::{closure#0}
[INFO] [stdout]    4:     0x63bf07300ac9 - std[617be2ca0a6fd877]::panicking::default_hook
[INFO] [stdout]    5:     0x63bf06f9cfd0 - test[aada8e7e76ba119b]::test_main_inner::{closure#0}
[INFO] [stdout]    6:     0x63bf07300df2 - std[617be2ca0a6fd877]::panicking::panic_with_hook
[INFO] [stdout]    7:     0x63bf072e21c2 - std[617be2ca0a6fd877]::panicking::panic_handler::{closure#0}
[INFO] [stdout]    8:     0x63bf072da519 - std[617be2ca0a6fd877]::sys::backtrace::__rust_end_short_backtrace::<std[617be2ca0a6fd877]::panicking::panic_handler::{closure#0}, !>
[INFO] [stdout]    9:     0x63bf072e30cd - __rustc[ea4f61d10b84890b]::rust_begin_unwind
[INFO] [stdout]   10:     0x63bf07321a3c - core[a373ad73a504971]::panicking::panic_fmt
[INFO] [stdout]   11:     0x63bf07321812 - core[a373ad73a504971]::result::unwrap_failed
[INFO] [stdout]   12:     0x63bf06cfbf59 - testcontainers[36310310a9ca2e3d]::runners::async_runner::tests::get_server_image::{closure#0}
[INFO] [stdout]   13:     0x63bf06cfc212 - testcontainers[36310310a9ca2e3d]::runners::async_runner::tests::async_run_command_should_have_user::{closure#0}
[INFO] [stdout]   14:     0x63bf06e14ccc - <tokio[7c82eff53331b35b]::runtime::scheduler::current_thread::CurrentThread>::block_on::<core[a373ad73a504971]::pin::Pin<&mut dyn core[a373ad73a504971]::future::future::Future<Output = core[a373ad73a504971]::result::Result<(), anyhow[99151d60601c3017]::Error>>>>
[INFO] [stdout]   15:     0x63bf06d8e2f2 - <tokio[7c82eff53331b35b]::runtime::runtime::Runtime>::block_on::<core[a373ad73a504971]::pin::Pin<&mut dyn core[a373ad73a504971]::future::future::Future<Output = core[a373ad73a504971]::result::Result<(), anyhow[99151d60601c3017]::Error>>>>
[INFO] [stdout]   16:     0x63bf06d2f2a2 - <testcontainers[36310310a9ca2e3d]::runners::async_runner::tests::async_run_command_should_have_user::{closure#0} as core[a373ad73a504971]::ops::function::FnOnce<()>>::call_once
[INFO] [stdout]   17:     0x63bf06f9041b - test[aada8e7e76ba119b]::__rust_begin_short_backtrace::<core[a373ad73a504971]::result::Result<(), alloc[2e1b2a31b91974c5]::string::String>, fn() -> core[a373ad73a504971]::result::Result<(), alloc[2e1b2a31b91974c5]::string::String>>
[INFO] [stdout]   18:     0x63bf06f9d5f5 - test[aada8e7e76ba119b]::run_test::{closure#0}
[INFO] [stdout]   19:     0x63bf06f96ee4 - std[617be2ca0a6fd877]::sys::backtrace::__rust_begin_short_backtrace::<test[aada8e7e76ba119b]::run_test::{closure#1}, ()>
[INFO] [stdout]   20:     0x63bf06fa0682 - <std[617be2ca0a6fd877]::thread::lifecycle::spawn_unchecked<test[aada8e7e76ba119b]::run_test::{closure#1}, ()>::{closure#1} as core[a373ad73a504971]::ops::function::FnOnce<()>>::call_once::{shim:vtable#0}
[INFO] [stdout]   21:     0x63bf07308ccf - <std[617be2ca0a6fd877]::sys::thread::unix::Thread>::new::thread_start
[INFO] [stdout]   22:     0x7d52f2ab4dfa - <unknown>
[INFO] [stdout]   23:     0x7d52f2b483d4 - clone
[INFO] [stdout]   24:                0x0 - <unknown>
[INFO] [stdout] 
[INFO] [stdout] ---- core::client::tests::test_client_pull_image_with_platform stdout ----
[INFO] [stdout] Config platform: Some("linux/amd64")
[INFO] [stdout] Error: failed to initialize a docker client: Socket not found: /var/run/docker.sock
[INFO] [stdout] 
[INFO] [stdout] Stack backtrace:
[INFO] [stdout]    0: <anyhow::Error as core::convert::From<testcontainers::core::client::ClientError>>::from
[INFO] [stdout]    1: testcontainers::core::client::tests::test_client_pull_image_with_platform::{closure#0}
[INFO] [stdout]    2: <tokio::runtime::scheduler::current_thread::CurrentThread>::block_on::<core::pin::Pin<&mut dyn core::future::future::Future<Output = core::result::Result<(), anyhow::Error>>>>
[INFO] [stdout]    3: <tokio::runtime::runtime::Runtime>::block_on::<core::pin::Pin<&mut dyn core::future::future::Future<Output = core::result::Result<(), anyhow::Error>>>>
[INFO] [stdout]    4: <testcontainers::core::client::tests::test_client_pull_image_with_platform::{closure#0} as core::ops::function::FnOnce<()>>::call_once
[INFO] [stdout]    5: test::__rust_begin_short_backtrace::<core::result::Result<(), alloc::string::String>, fn() -> core::result::Result<(), alloc::string::String>>
[INFO] [stdout]    6: test::run_test::{closure#0}
[INFO] [stdout]    7: std::sys::backtrace::__rust_begin_short_backtrace::<test::run_test::{closure#1}, ()>
[INFO] [stdout]    8: <std::thread::lifecycle::spawn_unchecked<test::run_test::{closure#1}, ()>::{closure#1} as core::ops::function::FnOnce<()>>::call_once::{shim:vtable#0}
[INFO] [stdout]    9: <std::sys::thread::unix::Thread>::new::thread_start
[INFO] [stdout]   10: <unknown>
[INFO] [stdout]   11: clone
[INFO] [stdout] 
[INFO] [stdout] ---- runners::async_runner::tests::async_run_command_should_expose_all_ports_if_no_explicit_mapping_requested stdout ----
[INFO] [stdout] Error: failed to initialize a docker client: Socket not found: /var/run/docker.sock
[INFO] [stdout] 
[INFO] [stdout] Stack backtrace:
[INFO] [stdout]    0: <anyhow::Error as core::convert::From<testcontainers::core::client::ClientError>>::from
[INFO] [stdout]    1: testcontainers::runners::async_runner::tests::async_run_command_should_expose_all_ports_if_no_explicit_mapping_requested::{closure#0}
[INFO] [stdout]    2: <tokio::runtime::scheduler::current_thread::CurrentThread>::block_on::<core::pin::Pin<&mut dyn core::future::future::Future<Output = core::result::Result<(), anyhow::Error>>>>
[INFO] [stdout]    3: <tokio::runtime::runtime::Runtime>::block_on::<core::pin::Pin<&mut dyn core::future::future::Future<Output = core::result::Result<(), anyhow::Error>>>>
[INFO] [stdout]    4: <testcontainers::runners::async_runner::tests::async_run_command_should_expose_all_ports_if_no_explicit_mapping_requested::{closure#0} as core::ops::function::FnOnce<()>>::call_once
[INFO] [stdout]    5: test::__rust_begin_short_backtrace::<core::result::Result<(), alloc::string::String>, fn() -> core::result::Result<(), alloc::string::String>>
[INFO] [stdout]    6: test::run_test::{closure#0}
[INFO] [stdout]    7: std::sys::backtrace::__rust_begin_short_backtrace::<test::run_test::{closure#1}, ()>
[INFO] [stdout]    8: <std::thread::lifecycle::spawn_unchecked<test::run_test::{closure#1}, ()>::{closure#1} as core::ops::function::FnOnce<()>>::call_once::{shim:vtable#0}
[INFO] [stdout]    9: <std::sys::thread::unix::Thread>::new::thread_start
[INFO] [stdout]   10: <unknown>
[INFO] [stdout]   11: clone
[INFO] [stdout] 
[INFO] [stdout] ---- runners::async_builder::tests::build_image_and_run stdout ----
[INFO] [stdout] Error: failed to initialize a docker client: Socket not found: /var/run/docker.sock
[INFO] [stdout] 
[INFO] [stdout] Stack backtrace:
[INFO] [stdout]    0: <anyhow::Error as core::convert::From<testcontainers::core::error::TestcontainersError>>::from
[INFO] [stdout]    1: testcontainers::runners::async_builder::tests::build_image_and_run::{closure#0}
[INFO] [stdout]    2: <tokio::runtime::scheduler::current_thread::CurrentThread>::block_on::<core::pin::Pin<&mut dyn core::future::future::Future<Output = core::result::Result<(), anyhow::Error>>>>
[INFO] [stdout]    3: <tokio::runtime::runtime::Runtime>::block_on::<core::pin::Pin<&mut dyn core::future::future::Future<Output = core::result::Result<(), anyhow::Error>>>>
[INFO] [stdout]    4: <testcontainers::runners::async_builder::tests::build_image_and_run::{closure#0} as core::ops::function::FnOnce<()>>::call_once
[INFO] [stdout]    5: test::__rust_begin_short_backtrace::<core::result::Result<(), alloc::string::String>, fn() -> core::result::Result<(), alloc::string::String>>
[INFO] [stdout]    6: test::run_test::{closure#0}
[INFO] [stdout]    7: std::sys::backtrace::__rust_begin_short_backtrace::<test::run_test::{closure#1}, ()>
[INFO] [stdout]    8: <std::thread::lifecycle::spawn_unchecked<test::run_test::{closure#1}, ()>::{closure#1} as core::ops::function::FnOnce<()>>::call_once::{shim:vtable#0}
[INFO] [stdout]    9: <std::sys::thread::unix::Thread>::new::thread_start
[INFO] [stdout]   10: <unknown>
[INFO] [stdout]   11: clone
[INFO] [stdout] 
[INFO] [stdout] ---- runners::async_builder::tests::build_image_parallel_with_skip_if_exists stdout ----
[INFO] [stdout] Error: failed to initialize a docker client: Socket not found: /var/run/docker.sock
[INFO] [stdout] 
[INFO] [stdout] Stack backtrace:
[INFO] [stdout]    0: <anyhow::Error as core::convert::From<testcontainers::core::error::TestcontainersError>>::from
[INFO] [stdout]    1: testcontainers::runners::async_builder::tests::build_image_parallel_with_skip_if_exists::{closure#0}
[INFO] [stdout]    2: <tokio::runtime::scheduler::current_thread::CurrentThread>::block_on::<core::pin::Pin<&mut dyn core::future::future::Future<Output = core::result::Result<(), anyhow::Error>>>>
[INFO] [stdout]    3: <tokio::runtime::runtime::Runtime>::block_on::<core::pin::Pin<&mut dyn core::future::future::Future<Output = core::result::Result<(), anyhow::Error>>>>
[INFO] [stdout]    4: <testcontainers::runners::async_builder::tests::build_image_parallel_with_skip_if_exists::{closure#0} as core::ops::function::FnOnce<()>>::call_once
[INFO] [stdout]    5: test::__rust_begin_short_backtrace::<core::result::Result<(), alloc::string::String>, fn() -> core::result::Result<(), alloc::string::String>>
[INFO] [stdout]    6: test::run_test::{closure#0}
[INFO] [stdout]    7: std::sys::backtrace::__rust_begin_short_backtrace::<test::run_test::{closure#1}, ()>
[INFO] [stdout]    8: <std::thread::lifecycle::spawn_unchecked<test::run_test::{closure#1}, ()>::{closure#1} as core::ops::function::FnOnce<()>>::call_once::{shim:vtable#0}
[INFO] [stdout]    9: <std::sys::thread::unix::Thread>::new::thread_start
[INFO] [stdout]   10: <unknown>
[INFO] [stdout]   11: clone
[INFO] [stdout] 
[INFO] [stdout] ---- runners::async_builder::tests::build_image_with_build_args stdout ----
[INFO] [stdout] Error: failed to initialize a docker client: Socket not found: /var/run/docker.sock
[INFO] [stdout] 
[INFO] [stdout] Stack backtrace:
[INFO] [stdout]    0: <anyhow::Error as core::convert::From<testcontainers::core::error::TestcontainersError>>::from
[INFO] [stdout]    1: testcontainers::runners::async_builder::tests::build_image_with_build_args::{closure#0}
[INFO] [stdout]    2: <tokio::runtime::scheduler::current_thread::CurrentThread>::block_on::<core::pin::Pin<&mut dyn core::future::future::Future<Output = core::result::Result<(), anyhow::Error>>>>
[INFO] [stdout]    3: <tokio::runtime::runtime::Runtime>::block_on::<core::pin::Pin<&mut dyn core::future::future::Future<Output = core::result::Result<(), anyhow::Error>>>>
[INFO] [stdout]    4: <testcontainers::runners::async_builder::tests::build_image_with_build_args::{closure#0} as core::ops::function::FnOnce<()>>::call_once
[INFO] [stdout]    5: test::__rust_begin_short_backtrace::<core::result::Result<(), alloc::string::String>, fn() -> core::result::Result<(), alloc::string::String>>
[INFO] [stdout]    6: test::run_test::{closure#0}
[INFO] [stdout]    7: std::sys::backtrace::__rust_begin_short_backtrace::<test::run_test::{closure#1}, ()>
[INFO] [stdout]    8: <std::thread::lifecycle::spawn_unchecked<test::run_test::{closure#1}, ()>::{closure#1} as core::ops::function::FnOnce<()>>::call_once::{shim:vtable#0}
[INFO] [stdout]    9: <std::sys::thread::unix::Thread>::new::thread_start
[INFO] [stdout]   10: <unknown>
[INFO] [stdout]   11: clone
[INFO] [stdout] 
[INFO] [stdout] ---- runners::async_runner::tests::async_run_command_should_map_exposed_port stdout ----
[INFO] [stdout] 
[INFO] [stdout] thread 'runners::async_runner::tests::async_run_command_should_map_exposed_port' (3506) panicked at src/runners/async_runner.rs:469:74:
[INFO] [stdout] called `Result::unwrap()` on an `Err` value: Os { code: 2, kind: NotFound, message: "No such file or directory" }
[INFO] [stdout] stack backtrace:
[INFO] [stdout]    0:     0x63bf07309e91 - <<std[617be2ca0a6fd877]::sys::backtrace::BacktraceLock>::print::DisplayBacktrace as core[a373ad73a504971]::fmt::Display>::fmt
[INFO] [stdout]    1:     0x63bf0732125a - core[a373ad73a504971]::fmt::write
[INFO] [stdout]    2:     0x63bf0730f4fc - <alloc[2e1b2a31b91974c5]::vec::Vec<u8> as core[a373ad73a504971]::io::write::Write>::write_fmt
[INFO] [stdout]    3:     0x63bf072e2116 - std[617be2ca0a6fd877]::panicking::default_hook::{closure#0}
[INFO] [stdout]    4:     0x63bf07300ac9 - std[617be2ca0a6fd877]::panicking::default_hook
[INFO] [stdout]    5:     0x63bf06f9cfd0 - test[aada8e7e76ba119b]::test_main_inner::{closure#0}
[INFO] [stdout]    6:     0x63bf07300df2 - std[617be2ca0a6fd877]::panicking::panic_with_hook
[INFO] [stdout]    7:     0x63bf072e21c2 - std[617be2ca0a6fd877]::panicking::panic_handler::{closure#0}
[INFO] [stdout]    8:     0x63bf072da519 - std[617be2ca0a6fd877]::sys::backtrace::__rust_end_short_backtrace::<std[617be2ca0a6fd877]::panicking::panic_handler::{closure#0}, !>
[INFO] [stdout]    9:     0x63bf072e30cd - __rustc[ea4f61d10b84890b]::rust_begin_unwind
[INFO] [stdout]   10:     0x63bf07321a3c - core[a373ad73a504971]::panicking::panic_fmt
[INFO] [stdout]   11:     0x63bf07321812 - core[a373ad73a504971]::result::unwrap_failed
[INFO] [stdout]   12:     0x63bf06cfbf59 - testcontainers[36310310a9ca2e3d]::runners::async_runner::tests::get_server_image::{closure#0}
[INFO] [stdout]   13:     0x63bf06d0b4ae - testcontainers[36310310a9ca2e3d]::runners::async_runner::tests::async_run_command_should_map_exposed_port::{closure#0}
[INFO] [stdout]   14:     0x63bf06e14ccc - <tokio[7c82eff53331b35b]::runtime::scheduler::current_thread::CurrentThread>::block_on::<core[a373ad73a504971]::pin::Pin<&mut dyn core[a373ad73a504971]::future::future::Future<Output = core[a373ad73a504971]::result::Result<(), anyhow[99151d60601c3017]::Error>>>>
[INFO] [stdout]   15:     0x63bf06d8e2f2 - <tokio[7c82eff53331b35b]::runtime::runtime::Runtime>::block_on::<core[a373ad73a504971]::pin::Pin<&mut dyn core[a373ad73a504971]::future::future::Future<Output = core[a373ad73a504971]::result::Result<(), anyhow[99151d60601c3017]::Error>>>>
[INFO] [stdout]   16:     0x63bf06d30332 - <testcontainers[36310310a9ca2e3d]::runners::async_runner::tests::async_run_command_should_map_exposed_port::{closure#0} as core[a373ad73a504971]::ops::function::FnOnce<()>>::call_once
[INFO] [stdout]   17:     0x63bf06f9041b - test[aada8e7e76ba119b]::__rust_begin_short_backtrace::<core[a373ad73a504971]::result::Result<(), alloc[2e1b2a31b91974c5]::string::String>, fn() -> core[a373ad73a504971]::result::Result<(), alloc[2e1b2a31b91974c5]::string::String>>
[INFO] [stdout]   18:     0x63bf06f9d5f5 - test[aada8e7e76ba119b]::run_test::{closure#0}
[INFO] [stdout]   19:     0x63bf06f96ee4 - std[617be2ca0a6fd877]::sys::backtrace::__rust_begin_short_backtrace::<test[aada8e7e76ba119b]::run_test::{closure#1}, ()>
[INFO] [stdout]   20:     0x63bf06fa0682 - <std[617be2ca0a6fd877]::thread::lifecycle::spawn_unchecked<test[aada8e7e76ba119b]::run_test::{closure#1}, ()>::{closure#1} as core[a373ad73a504971]::ops::function::FnOnce<()>>::call_once::{shim:vtable#0}
[INFO] [stdout]   21:     0x63bf07308ccf - <std[617be2ca0a6fd877]::sys::thread::unix::Thread>::new::thread_start
[INFO] [stdout]   22:     0x7d52f2ab4dfa - <unknown>
[INFO] [stdout]   23:     0x7d52f2b483d4 - clone
[INFO] [stdout]   24:                0x0 - <unknown>
[INFO] [stdout] 
[INFO] [stdout] ---- runners::async_runner::tests::async_run_command_should_expose_only_requested_ports stdout ----
[INFO] [stdout] Error: failed to initialize a docker client: Socket not found: /var/run/docker.sock
[INFO] [stdout] 
[INFO] [stdout] Stack backtrace:
[INFO] [stdout]    0: <anyhow::Error as core::convert::From<testcontainers::core::client::ClientError>>::from
[INFO] [stdout]    1: testcontainers::runners::async_runner::tests::async_run_command_should_expose_only_requested_ports::{closure#0}
[INFO] [stdout]    2: <tokio::runtime::scheduler::current_thread::CurrentThread>::block_on::<core::pin::Pin<&mut dyn core::future::future::Future<Output = core::result::Result<(), anyhow::Error>>>>
[INFO] [stdout]    3: <tokio::runtime::runtime::Runtime>::block_on::<core::pin::Pin<&mut dyn core::future::future::Future<Output = core::result::Result<(), anyhow::Error>>>>
[INFO] [stdout]    4: <testcontainers::runners::async_runner::tests::async_run_command_should_expose_only_requested_ports::{closure#0} as core::ops::function::FnOnce<()>>::call_once
[INFO] [stdout]    5: test::__rust_begin_short_backtrace::<core::result::Result<(), alloc::string::String>, fn() -> core::result::Result<(), alloc::string::String>>
[INFO] [stdout]    6: test::run_test::{closure#0}
[INFO] [stdout]    7: std::sys::backtrace::__rust_begin_short_backtrace::<test::run_test::{closure#1}, ()>
[INFO] [stdout]    8: <std::thread::lifecycle::spawn_unchecked<test::run_test::{closure#1}, ()>::{closure#1} as core::ops::function::FnOnce<()>>::call_once::{shim:vtable#0}
[INFO] [stdout]    9: <std::sys::thread::unix::Thread>::new::thread_start
[INFO] [stdout]   10: <unknown>
[INFO] [stdout]   11: clone
[INFO] [stdout] 
[INFO] [stdout] ---- runners::async_builder::tests::build_image_with_options stdout ----
[INFO] [stdout] Error: failed to initialize a docker client: Socket not found: /var/run/docker.sock
[INFO] [stdout] 
[INFO] [stdout] Stack backtrace:
[INFO] [stdout]    0: <anyhow::Error as core::convert::From<testcontainers::core::error::TestcontainersError>>::from
[INFO] [stdout]    1: testcontainers::runners::async_builder::tests::build_image_with_options::{closure#0}
[INFO] [stdout]    2: <tokio::runtime::scheduler::current_thread::CurrentThread>::block_on::<core::pin::Pin<&mut dyn core::future::future::Future<Output = core::result::Result<(), anyhow::Error>>>>
[INFO] [stdout]    3: <tokio::runtime::runtime::Runtime>::block_on::<core::pin::Pin<&mut dyn core::future::future::Future<Output = core::result::Result<(), anyhow::Error>>>>
[INFO] [stdout]    4: <testcontainers::runners::async_builder::tests::build_image_with_options::{closure#0} as core::ops::function::FnOnce<()>>::call_once
[INFO] [stdout]    5: test::__rust_begin_short_backtrace::<core::result::Result<(), alloc::string::String>, fn() -> core::result::Result<(), alloc::string::String>>
[INFO] [stdout]    6: test::run_test::{closure#0}
[INFO] [stdout]    7: std::sys::backtrace::__rust_begin_short_backtrace::<test::run_test::{closure#1}, ()>
[INFO] [stdout]    8: <std::thread::lifecycle::spawn_unchecked<test::run_test::{closure#1}, ()>::{closure#1} as core::ops::function::FnOnce<()>>::call_once::{shim:vtable#0}
[INFO] [stdout]    9: <std::sys::thread::unix::Thread>::new::thread_start
[INFO] [stdout]   10: <unknown>
[INFO] [stdout]   11: clone
[INFO] [stdout] 
[INFO] [stdout] ---- runners::async_runner::tests::async_run_command_should_have_cap_add stdout ----
[INFO] [stdout] Error: failed to initialize a docker client: Socket not found: /var/run/docker.sock
[INFO] [stdout] 
[INFO] [stdout] Stack backtrace:
[INFO] [stdout]    0: <anyhow::Error as core::convert::From<testcontainers::core::error::TestcontainersError>>::from
[INFO] [stdout]    1: testcontainers::runners::async_runner::tests::async_run_command_should_have_cap_add::{closure#0}
[INFO] [stdout]    2: <tokio::runtime::scheduler::current_thread::CurrentThread>::block_on::<core::pin::Pin<&mut dyn core::future::future::Future<Output = core::result::Result<(), anyhow::Error>>>>
[INFO] [stdout]    3: <tokio::runtime::runtime::Runtime>::block_on::<core::pin::Pin<&mut dyn core::future::future::Future<Output = core::result::Result<(), anyhow::Error>>>>
[INFO] [stdout]    4: <testcontainers::runners::async_runner::tests::async_run_command_should_have_cap_add::{closure#0} as core::ops::function::FnOnce<()>>::call_once
[INFO] [stdout]    5: test::__rust_begin_short_backtrace::<core::result::Result<(), alloc::string::String>, fn() -> core::result::Result<(), alloc::string::String>>
[INFO] [stdout]    6: test::run_test::{closure#0}
[INFO] [stdout]    7: std::sys::backtrace::__rust_begin_short_backtrace::<test::run_test::{closure#1}, ()>
[INFO] [stdout]    8: <std::thread::lifecycle::spawn_unchecked<test::run_test::{closure#1}, ()>::{closure#1} as core::ops::function::FnOnce<()>>::call_once::{shim:vtable#0}
[INFO] [stdout]    9: <std::sys::thread::unix::Thread>::new::thread_start
[INFO] [stdout]   10: <unknown>
[INFO] [stdout]   11: clone
[INFO] [stdout] 
[INFO] [stdout] ---- runners::async_runner::tests::async_run_command_should_have_cap_drop stdout ----
[INFO] [stdout] Error: failed to initialize a docker client: Socket not found: /var/run/docker.sock
[INFO] [stdout] 
[INFO] [stdout] Stack backtrace:
[INFO] [stdout]    0: <anyhow::Error as core::convert::From<testcontainers::core::error::TestcontainersError>>::from
[INFO] [stdout]    1: testcontainers::runners::async_runner::tests::async_run_command_should_have_cap_drop::{closure#0}
[INFO] [stdout]    2: <tokio::runtime::scheduler::current_thread::CurrentThread>::block_on::<core::pin::Pin<&mut dyn core::future::future::Future<Output = core::result::Result<(), anyhow::Error>>>>
[INFO] [stdout]    3: <tokio::runtime::runtime::Runtime>::block_on::<core::pin::Pin<&mut dyn core::future::future::Future<Output = core::result::Result<(), anyhow::Error>>>>
[INFO] [stdout]    4: <testcontainers::runners::async_runner::tests::async_run_command_should_have_cap_drop::{closure#0} as core::ops::function::FnOnce<()>>::call_once
[INFO] [stdout]    5: test::__rust_begin_short_backtrace::<core::result::Result<(), alloc::string::String>, fn() -> core::result::Result<(), alloc::string::String>>
[INFO] [stdout]    6: test::run_test::{closure#0}
[INFO] [stdout]    7: std::sys::backtrace::__rust_begin_short_backtrace::<test::run_test::{closure#1}, ()>
[INFO] [stdout]    8: <std::thread::lifecycle::spawn_unchecked<test::run_test::{closure#1}, ()>::{closure#1} as core::ops::function::FnOnce<()>>::call_once::{shim:vtable#0}
[INFO] [stdout]    9: <std::sys::thread::unix::Thread>::new::thread_start
[INFO] [stdout]   10: <unknown>
[INFO] [stdout]   11: clone
[INFO] [stdout] 
[INFO] [stdout] ---- runners::async_runner::tests::async_run_command_should_include_name stdout ----
[INFO] [stdout] Error: failed to initialize a docker client: Socket not found: /var/run/docker.sock
[INFO] [stdout] 
[INFO] [stdout] Stack backtrace:
[INFO] [stdout]    0: <anyhow::Error as core::convert::From<testcontainers::core::client::ClientError>>::from
[INFO] [stdout]    1: testcontainers::runners::async_runner::tests::async_run_command_should_include_name::{closure#0}
[INFO] [stdout]    2: <tokio::runtime::scheduler::current_thread::CurrentThread>::block_on::<core::pin::Pin<&mut dyn core::future::future::Future<Output = core::result::Result<(), anyhow::Error>>>>
[INFO] [stdout]    3: <tokio::runtime::runtime::Runtime>::block_on::<core::pin::Pin<&mut dyn core::future::future::Future<Output = core::result::Result<(), anyhow::Error>>>>
[INFO] [stdout]    4: <testcontainers::runners::async_runner::tests::async_run_command_should_include_name::{closure#0} as core::ops::function::FnOnce<()>>::call_once
[INFO] [stdout]    5: test::__rust_begin_short_backtrace::<core::result::Result<(), alloc::string::String>, fn() -> core::result::Result<(), alloc::string::String>>
[INFO] [stdout]    6: test::run_test::{closure#0}
[INFO] [stdout]    7: std::sys::backtrace::__rust_begin_short_backtrace::<test::run_test::{closure#1}, ()>
[INFO] [stdout]    8: <std::thread::lifecycle::spawn_unchecked<test::run_test::{closure#1}, ()>::{closure#1} as core::ops::function::FnOnce<()>>::call_once::{shim:vtable#0}
[INFO] [stdout]    9: <std::sys::thread::unix::Thread>::new::thread_start
[INFO] [stdout]   10: <unknown>
[INFO] [stdout]   11: clone
[INFO] [stdout] 
[INFO] [stdout] ---- runners::async_runner::tests::async_run_command_should_have_host_cgroupns_mode stdout ----
[INFO] [stdout] Error: failed to initialize a docker client: Socket not found: /var/run/docker.sock
[INFO] [stdout] 
[INFO] [stdout] Stack backtrace:
[INFO] [stdout]    0: <anyhow::Error as core::convert::From<testcontainers::core::error::TestcontainersError>>::from
[INFO] [stdout]    1: testcontainers::runners::async_runner::tests::async_run_command_should_have_host_cgroupns_mode::{closure#0}
[INFO] [stdout]    2: <tokio::runtime::scheduler::current_thread::CurrentThread>::block_on::<core::pin::Pin<&mut dyn core::future::future::Future<Output = core::result::Result<(), anyhow::Error>>>>
[INFO] [stdout]    3: <tokio::runtime::runtime::Runtime>::block_on::<core::pin::Pin<&mut dyn core::future::future::Future<Output = core::result::Result<(), anyhow::Error>>>>
[INFO] [stdout]    4: <testcontainers::runners::async_runner::tests::async_run_command_should_have_host_cgroupns_mode::{closure#0} as core::ops::function::FnOnce<()>>::call_once
[INFO] [stdout]    5: test::__rust_begin_short_backtrace::<core::result::Result<(), alloc::string::String>, fn() -> core::result::Result<(), alloc::string::String>>
[INFO] [stdout]    6: test::run_test::{closure#0}
[INFO] [stdout]    7: std::sys::backtrace::__rust_begin_short_backtrace::<test::run_test::{closure#1}, ()>
[INFO] [stdout]    8: <std::thread::lifecycle::spawn_unchecked<test::run_test::{closure#1}, ()>::{closure#1} as core::ops::function::FnOnce<()>>::call_once::{shim:vtable#0}
[INFO] [stdout]    9: <std::sys::thread::unix::Thread>::new::thread_start
[INFO] [stdout]   10: <unknown>
[INFO] [stdout]   11: clone
[INFO] [stdout] 
[INFO] [stdout] ---- runners::async_runner::tests::async_run_command_should_have_host_userns_mode stdout ----
[INFO] [stdout] Error: failed to initialize a docker client: Socket not found: /var/run/docker.sock
[INFO] [stdout] 
[INFO] [stdout] Stack backtrace:
[INFO] [stdout]    0: <anyhow::Error as core::convert::From<testcontainers::core::error::TestcontainersError>>::from
[INFO] [stdout]    1: testcontainers::runners::async_runner::tests::async_run_command_should_have_host_userns_mode::{closure#0}
[INFO] [stdout]    2: <tokio::runtime::scheduler::current_thread::CurrentThread>::block_on::<core::pin::Pin<&mut dyn core::future::future::Future<Output = core::result::Result<(), anyhow::Error>>>>
[INFO] [stdout]    3: <tokio::runtime::runtime::Runtime>::block_on::<core::pin::Pin<&mut dyn core::future::future::Future<Output = core::result::Result<(), anyhow::Error>>>>
[INFO] [stdout]    4: <testcontainers::runners::async_runner::tests::async_run_command_should_have_host_userns_mode::{closure#0} as core::ops::function::FnOnce<()>>::call_once
[INFO] [stdout]    5: test::__rust_begin_short_backtrace::<core::result::Result<(), alloc::string::String>, fn() -> core::result::Result<(), alloc::string::String>>
[INFO] [stdout]    6: test::run_test::{closure#0}
[INFO] [stdout]    7: std::sys::backtrace::__rust_begin_short_backtrace::<test::run_test::{closure#1}, ()>
[INFO] [stdout]    8: <std::thread::lifecycle::spawn_unchecked<test::run_test::{closure#1}, ()>::{closure#1} as core::ops::function::FnOnce<()>>::call_once::{shim:vtable#0}
[INFO] [stdout]    9: <std::sys::thread::unix::Thread>::new::thread_start
[INFO] [stdout]   10: <unknown>
[INFO] [stdout]   11: clone
[INFO] [stdout] 
[INFO] [stdout] ---- runners::async_runner::tests::async_run_command_should_include_network stdout ----
[INFO] [stdout] Error: failed to initialize a docker client: Socket not found: /var/run/docker.sock
[INFO] [stdout] 
[INFO] [stdout] Stack backtrace:
[INFO] [stdout]    0: <anyhow::Error as core::convert::From<testcontainers::core::client::ClientError>>::from
[INFO] [stdout]    1: testcontainers::runners::async_runner::tests::async_run_command_should_include_network::{closure#0}
[INFO] [stdout]    2: <tokio::runtime::scheduler::current_thread::CurrentThread>::block_on::<core::pin::Pin<&mut dyn core::future::future::Future<Output = core::result::Result<(), anyhow::Error>>>>
[INFO] [stdout]    3: <tokio::runtime::runtime::Runtime>::block_on::<core::pin::Pin<&mut dyn core::future::future::Future<Output = core::result::Result<(), anyhow::Error>>>>
[INFO] [stdout]    4: <testcontainers::runners::async_runner::tests::async_run_command_should_include_network::{closure#0} as core::ops::function::FnOnce<()>>::call_once
[INFO] [stdout]    5: test::__rust_begin_short_backtrace::<core::result::Result<(), alloc::string::String>, fn() -> core::result::Result<(), alloc::string::String>>
[INFO] [stdout]    6: test::run_test::{closure#0}
[INFO] [stdout]    7: std::sys::backtrace::__rust_begin_short_backtrace::<test::run_test::{closure#1}, ()>
[INFO] [stdout]    8: <std::thread::lifecycle::spawn_unchecked<test::run_test::{closure#1}, ()>::{closure#1} as core::ops::function::FnOnce<()>>::call_once::{shim:vtable#0}
[INFO] [stdout]    9: <std::sys::thread::unix::Thread>::new::thread_start
[INFO] [stdout]   10: <unknown>
[INFO] [stdout]   11: clone
[INFO] [stdout] 
[INFO] [stdout] ---- runners::async_runner::tests::async_run_command_should_have_private_cgroupns_mode stdout ----
[INFO] [stdout] Error: failed to initialize a docker client: Socket not found: /var/run/docker.sock
[INFO] [stdout] 
[INFO] [stdout] Stack backtrace:
[INFO] [stdout]    0: <anyhow::Error as core::convert::From<testcontainers::core::error::TestcontainersError>>::from
[INFO] [stdout]    1: testcontainers::runners::async_runner::tests::async_run_command_should_have_private_cgroupns_mode::{closure#0}
[INFO] [stdout]    2: <tokio::runtime::scheduler::current_thread::CurrentThread>::block_on::<core::pin::Pin<&mut dyn core::future::future::Future<Output = core::result::Result<(), anyhow::Error>>>>
[INFO] [stdout]    3: <tokio::runtime::runtime::Runtime>::block_on::<core::pin::Pin<&mut dyn core::future::future::Future<Output = core::result::Result<(), anyhow::Error>>>>
[INFO] [stdout]    4: <testcontainers::runners::async_runner::tests::async_run_command_should_have_private_cgroupns_mode::{closure#0} as core::ops::function::FnOnce<()>>::call_once
[INFO] [stdout]    5: test::__rust_begin_short_backtrace::<core::result::Result<(), alloc::string::String>, fn() -> core::result::Result<(), alloc::string::String>>
[INFO] [stdout]    6: test::run_test::{closure#0}
[INFO] [stdout]    7: std::sys::backtrace::__rust_begin_short_backtrace::<test::run_test::{closure#1}, ()>
[INFO] [stdout]    8: <std::thread::lifecycle::spawn_unchecked<test::run_test::{closure#1}, ()>::{closure#1} as core::ops::function::FnOnce<()>>::call_once::{shim:vtable#0}
[INFO] [stdout]    9: <std::sys::thread::unix::Thread>::new::thread_start
[INFO] [stdout]   10: <unknown>
[INFO] [stdout]   11: clone
[INFO] [stdout] 
[INFO] [stdout] ---- runners::async_runner::tests::async_run_command_should_have_working_dir stdout ----
[INFO] [stdout] Error: failed to initialize a docker client: Socket not found: /var/run/docker.sock
[INFO] [stdout] 
[INFO] [stdout] Stack backtrace:
[INFO] [stdout]    0: <anyhow::Error as core::convert::From<testcontainers::core::error::TestcontainersError>>::from
[INFO] [stdout]    1: testcontainers::runners::async_runner::tests::async_run_command_should_have_working_dir::{closure#0}
[INFO] [stdout]    2: <tokio::runtime::scheduler::current_thread::CurrentThread>::block_on::<core::pin::Pin<&mut dyn core::future::future::Future<Output = core::result::Result<(), anyhow::Error>>>>
[INFO] [stdout]    3: <tokio::runtime::runtime::Runtime>::block_on::<core::pin::Pin<&mut dyn core::future::future::Future<Output = core::result::Result<(), anyhow::Error>>>>
[INFO] [stdout]    4: <testcontainers::runners::async_runner::tests::async_run_command_should_have_working_dir::{closure#0} as core::ops::function::FnOnce<()>>::call_once
[INFO] [stdout]    5: test::__rust_begin_short_backtrace::<core::result::Result<(), alloc::string::String>, fn() -> core::result::Result<(), alloc::string::String>>
[INFO] [stdout]    6: test::run_test::{closure#0}
[INFO] [stdout]    7: std::sys::backtrace::__rust_begin_short_backtrace::<test::run_test::{closure#1}, ()>
[INFO] [stdout]    8: <std::thread::lifecycle::spawn_unchecked<test::run_test::{closure#1}, ()>::{closure#1} as core::ops::function::FnOnce<()>>::call_once::{shim:vtable#0}
[INFO] [stdout]    9: <std::sys::thread::unix::Thread>::new::thread_start
[INFO] [stdout]   10: <unknown>
[INFO] [stdout]   11: clone
[INFO] [stdout] 
[INFO] [stdout] ---- runners::async_runner::tests::async_should_rely_on_network_mode_when_network_is_provided_and_settings_bridge_empty stdout ----
[INFO] [stdout] 
[INFO] [stdout] thread 'runners::async_runner::tests::async_should_rely_on_network_mode_when_network_is_provided_and_settings_bridge_empty' (3521) panicked at src/runners/async_runner.rs:469:74:
[INFO] [stdout] called `Result::unwrap()` on an `Err` value: Os { code: 2, kind: NotFound, message: "No such file or directory" }
[INFO] [stdout] stack backtrace:
[INFO] [stdout]    0:     0x63bf07309e91 - <<std[617be2ca0a6fd877]::sys::backtrace::BacktraceLock>::print::DisplayBacktrace as core[a373ad73a504971]::fmt::Display>::fmt
[INFO] [stdout]    1:     0x63bf0732125a - core[a373ad73a504971]::fmt::write
[INFO] [stdout]    2:     0x63bf0730f4fc - <alloc[2e1b2a31b91974c5]::vec::Vec<u8> as core[a373ad73a504971]::io::write::Write>::write_fmt
[INFO] [stdout]    3:     0x63bf072e2116 - std[617be2ca0a6fd877]::panicking::default_hook::{closure#0}
[INFO] [stdout]    4:     0x63bf07300ac9 - std[617be2ca0a6fd877]::panicking::default_hook
[INFO] [stdout]    5:     0x63bf06f9cfd0 - test[aada8e7e76ba119b]::test_main_inner::{closure#0}
[INFO] [stdout]    6:     0x63bf07300df2 - std[617be2ca0a6fd877]::panicking::panic_with_hook
[INFO] [stdout]    7:     0x63bf072e21c2 - std[617be2ca0a6fd877]::panicking::panic_handler::{closure#0}
[INFO] [stdout]    8:     0x63bf072da519 - std[617be2ca0a6fd877]::sys::backtrace::__rust_end_short_backtrace::<std[617be2ca0a6fd877]::panicking::panic_handler::{closure#0}, !>
[INFO] [stdout]    9:     0x63bf072e30cd - __rustc[ea4f61d10b84890b]::rust_begin_unwind
[INFO] [stdout]   10:     0x63bf07321a3c - core[a373ad73a504971]::panicking::panic_fmt
[INFO] [stdout]   11:     0x63bf07321812 - core[a373ad73a504971]::result::unwrap_failed
[INFO] [stdout]   12:     0x63bf06cfbf59 - testcontainers[36310310a9ca2e3d]::runners::async_runner::tests::get_server_image::{closure#0}
[INFO] [stdout]   13:     0x63bf06d1db60 - testcontainers[36310310a9ca2e3d]::runners::async_runner::tests::async_should_rely_on_network_mode_when_network_is_provided_and_settings_bridge_empty::{closure#0}
[INFO] [stdout]   14:     0x63bf06e14ccc - <tokio[7c82eff53331b35b]::runtime::scheduler::current_thread::CurrentThread>::block_on::<core[a373ad73a504971]::pin::Pin<&mut dyn core[a373ad73a504971]::future::future::Future<Output = core[a373ad73a504971]::result::Result<(), anyhow[99151d60601c3017]::Error>>>>
[INFO] [stdout]   15:     0x63bf06d8e2f2 - <tokio[7c82eff53331b35b]::runtime::runtime::Runtime>::block_on::<core[a373ad73a504971]::pin::Pin<&mut dyn core[a373ad73a504971]::future::future::Future<Output = core[a373ad73a504971]::result::Result<(), anyhow[99151d60601c3017]::Error>>>>
[INFO] [stdout]   16:     0x63bf06d31c11 - <testcontainers[36310310a9ca2e3d]::runners::async_runner::tests::async_should_rely_on_network_mode_when_network_is_provided_and_settings_bridge_empty::{closure#0} as core[a373ad73a504971]::ops::function::FnOnce<()>>::call_once
[INFO] [stdout]   17:     0x63bf06f9041b - test[aada8e7e76ba119b]::__rust_begin_short_backtrace::<core[a373ad73a504971]::result::Result<(), alloc[2e1b2a31b91974c5]::string::String>, fn() -> core[a373ad73a504971]::result::Result<(), alloc[2e1b2a31b91974c5]::string::String>>
[INFO] [stdout]   18:     0x63bf06f9d5f5 - test[aada8e7e76ba119b]::run_test::{closure#0}
[INFO] [stdout]   19:     0x63bf06f96ee4 - std[617be2ca0a6fd877]::sys::backtrace::__rust_begin_short_backtrace::<test[aada8e7e76ba119b]::run_test::{closure#1}, ()>
[INFO] [stdout]   20:     0x63bf06fa0682 - <std[617be2ca0a6fd877]::thread::lifecycle::spawn_unchecked<test[aada8e7e76ba119b]::run_test::{closure#1}, ()>::{closure#1} as core[a373ad73a504971]::ops::function::FnOnce<()>>::call_once::{shim:vtable#0}
[INFO] [stdout]   21:     0x63bf07308ccf - <std[617be2ca0a6fd877]::sys::thread::unix::Thread>::new::thread_start
[INFO] [stdout]   22:     0x7d52f2ab4dfa - <unknown>
[INFO] [stdout]   23:     0x7d52f2b483d4 - clone
[INFO] [stdout]   24:                0x0 - <unknown>
[INFO] [stdout] 
[INFO] [stdout] ---- runners::async_runner::tests::async_should_return_error_when_non_bridged_network_selected stdout ----
[INFO] [stdout] 
[INFO] [stdout] thread 'runners::async_runner::tests::async_should_return_error_when_non_bridged_network_selected' (3522) panicked at src/runners/async_runner.rs:469:74:
[INFO] [stdout] called `Result::unwrap()` on an `Err` value: Os { code: 2, kind: NotFound, message: "No such file or directory" }
[INFO] [stdout] stack backtrace:
[INFO] [stdout]    0:     0x63bf07309e91 - <<std[617be2ca0a6fd877]::sys::backtrace::BacktraceLock>::print::DisplayBacktrace as core[a373ad73a504971]::fmt::Display>::fmt
[INFO] [stdout]    1:     0x63bf0732125a - core[a373ad73a504971]::fmt::write
[INFO] [stdout]    2:     0x63bf0730f4fc - <alloc[2e1b2a31b91974c5]::vec::Vec<u8> as core[a373ad73a504971]::io::write::Write>::write_fmt
[INFO] [stdout]    3:     0x63bf072e2116 - std[617be2ca0a6fd877]::panicking::default_hook::{closure#0}
[INFO] [stdout]    4:     0x63bf07300ac9 - std[617be2ca0a6fd877]::panicking::default_hook
[INFO] [stdout]    5:     0x63bf06f9cfd0 - test[aada8e7e76ba119b]::test_main_inner::{closure#0}
[INFO] [stdout]    6:     0x63bf07300df2 - std[617be2ca0a6fd877]::panicking::panic_with_hook
[INFO] [stdout]    7:     0x63bf072e21c2 - std[617be2ca0a6fd877]::panicking::panic_handler::{closure#0}
[INFO] [stdout]    8:     0x63bf072da519 - std[617be2ca0a6fd877]::sys::backtrace::__rust_end_short_backtrace::<std[617be2ca0a6fd877]::panicking::panic_handler::{closure#0}, !>
[INFO] [stdout]    9:     0x63bf072e30cd - __rustc[ea4f61d10b84890b]::rust_begin_unwind
[INFO] [stdout]   10:     0x63bf07321a3c - core[a373ad73a504971]::panicking::panic_fmt
[INFO] [stdout]   11:     0x63bf07321812 - core[a373ad73a504971]::result::unwrap_failed
[INFO] [stdout]   12:     0x63bf06cfbf59 - testcontainers[36310310a9ca2e3d]::runners::async_runner::tests::get_server_image::{closure#0}
[INFO] [stdout]   13:     0x63bf06d1b5bd - testcontainers[36310310a9ca2e3d]::runners::async_runner::tests::async_should_return_error_when_non_bridged_network_selected::{closure#0}
[INFO] [stdout]   14:     0x63bf06e14ccc - <tokio[7c82eff53331b35b]::runtime::scheduler::current_thread::CurrentThread>::block_on::<core[a373ad73a504971]::pin::Pin<&mut dyn core[a373ad73a504971]::future::future::Future<Output = core[a373ad73a504971]::result::Result<(), anyhow[99151d60601c3017]::Error>>>>
[INFO] [stdout]   15:     0x63bf06d8e2f2 - <tokio[7c82eff53331b35b]::runtime::runtime::Runtime>::block_on::<core[a373ad73a504971]::pin::Pin<&mut dyn core[a373ad73a504971]::future::future::Future<Output = core[a373ad73a504971]::result::Result<(), anyhow[99151d60601c3017]::Error>>>>
[INFO] [stdout]   16:     0x63bf06d315d1 - <testcontainers[36310310a9ca2e3d]::runners::async_runner::tests::async_should_return_error_when_non_bridged_network_selected::{closure#0} as core[a373ad73a504971]::ops::function::FnOnce<()>>::call_once
[INFO] [stdout]   17:     0x63bf06f9041b - test[aada8e7e76ba119b]::__rust_begin_short_backtrace::<core[a373ad73a504971]::result::Result<(), alloc[2e1b2a31b91974c5]::string::String>, fn() -> core[a373ad73a504971]::result::Result<(), alloc[2e1b2a31b91974c5]::string::String>>
[INFO] [stdout]   18:     0x63bf06f9d5f5 - test[aada8e7e76ba119b]::run_test::{closure#0}
[INFO] [stdout]   19:     0x63bf06f96ee4 - std[617be2ca0a6fd877]::sys::backtrace::__rust_begin_short_backtrace::<test[aada8e7e76ba119b]::run_test::{closure#1}, ()>
[INFO] [stdout]   20:     0x63bf06fa0682 - <std[617be2ca0a6fd877]::thread::lifecycle::spawn_unchecked<test[aada8e7e76ba119b]::run_test::{closure#1}, ()>::{closure#1} as core[a373ad73a504971]::ops::function::FnOnce<()>>::call_once::{shim:vtable#0}
[INFO] [stdout]   21:     0x63bf07308ccf - <std[617be2ca0a6fd877]::sys::thread::unix::Thread>::new::thread_start
[INFO] [stdout]   22:     0x7d52f2ab4dfa - <unknown>
[INFO] [stdout]   23:     0x7d52f2b483d4 - clone
[INFO] [stdout]   24:                0x0 - <unknown>
[INFO] [stdout] 
[INFO] [stdout] ---- runners::async_runner::tests::async_run_command_should_include_privileged stdout ----
[INFO] [stdout] Error: failed to initialize a docker client: Socket not found: /var/run/docker.sock
[INFO] [stdout] 
[INFO] [stdout] Stack backtrace:
[INFO] [stdout]    0: <anyhow::Error as core::convert::From<testcontainers::core::error::TestcontainersError>>::from
[INFO] [stdout]    1: testcontainers::runners::async_runner::tests::async_run_command_should_include_privileged::{closure#0}
[INFO] [stdout]    2: <tokio::runtime::scheduler::current_thread::CurrentThread>::block_on::<core::pin::Pin<&mut dyn core::future::future::Future<Output = core::result::Result<(), anyhow::Error>>>>
[INFO] [stdout]    3: <tokio::runtime::runtime::Runtime>::block_on::<core::pin::Pin<&mut dyn core::future::future::Future<Output = core::result::Result<(), anyhow::Error>>>>
[INFO] [stdout]    4: <testcontainers::runners::async_runner::tests::async_run_command_should_include_privileged::{closure#0} as core::ops::function::FnOnce<()>>::call_once
[INFO] [stdout]    5: test::__rust_begin_short_backtrace::<core::result::Result<(), alloc::string::String>, fn() -> core::result::Result<(), alloc::string::String>>
[INFO] [stdout]    6: test::run_test::{closure#0}
[INFO] [stdout]    7: std::sys::backtrace::__rust_begin_short_backtrace::<test::run_test::{closure#1}, ()>
[INFO] [stdout]    8: <std::thread::lifecycle::spawn_unchecked<test::run_test::{closure#1}, ()>::{closure#1} as core::ops::function::FnOnce<()>>::call_once::{shim:vtable#0}
[INFO] [stdout]    9: <std::sys::thread::unix::Thread>::new::thread_start
[INFO] [stdout]   10: <unknown>
[INFO] [stdout]   11: clone
[INFO] [stdout] 
[INFO] [stdout] ---- runners::async_runner::tests::async_run_command_should_include_ulimits stdout ----
[INFO] [stdout] Error: failed to initialize a docker client: Socket not found: /var/run/docker.sock
[INFO] [stdout] 
[INFO] [stdout] Stack backtrace:
[INFO] [stdout]    0: <anyhow::Error as core::convert::From<testcontainers::core::error::TestcontainersError>>::from
[INFO] [stdout]    1: testcontainers::runners::async_runner::tests::async_run_command_should_include_ulimits::{closure#0}
[INFO] [stdout]    2: <tokio::runtime::scheduler::current_thread::CurrentThread>::block_on::<core::pin::Pin<&mut dyn core::future::future::Future<Output = core::result::Result<(), anyhow::Error>>>>
[INFO] [stdout]    3: <tokio::runtime::runtime::Runtime>::block_on::<core::pin::Pin<&mut dyn core::future::future::Future<Output = core::result::Result<(), anyhow::Error>>>>
[INFO] [stdout]    4: <testcontainers::runners::async_runner::tests::async_run_command_should_include_ulimits::{closure#0} as core::ops::function::FnOnce<()>>::call_once
[INFO] [stdout]    5: test::__rust_begin_short_backtrace::<core::result::Result<(), alloc::string::String>, fn() -> core::result::Result<(), alloc::string::String>>
[INFO] [stdout]    6: test::run_test::{closure#0}
[INFO] [stdout]    7: std::sys::backtrace::__rust_begin_short_backtrace::<test::run_test::{closure#1}, ()>
[INFO] [stdout]    8: <std::thread::lifecycle::spawn_unchecked<test::run_test::{closure#1}, ()>::{closure#1} as core::ops::function::FnOnce<()>>::call_once::{shim:vtable#0}
[INFO] [stdout]    9: <std::sys::thread::unix::Thread>::new::thread_start
[INFO] [stdout]   10: <unknown>
[INFO] [stdout]   11: clone
[INFO] [stdout] 
[INFO] [stdout] ---- runners::async_runner::tests::async_run_command_should_map_exposed_port_udp_sctp stdout ----
[INFO] [stdout] Error: failed to initialize a docker client: Socket not found: /var/run/docker.sock
[INFO] [stdout] 
[INFO] [stdout] Stack backtrace:
[INFO] [stdout]    0: <anyhow::Error as core::convert::From<testcontainers::core::client::ClientError>>::from
[INFO] [stdout]    1: testcontainers::runners::async_runner::tests::async_run_command_should_map_exposed_port_udp_sctp::{closure#0}
[INFO] [stdout]    2: <tokio::runtime::scheduler::current_thread::CurrentThread>::block_on::<core::pin::Pin<&mut dyn core::future::future::Future<Output = core::result::Result<(), anyhow::Error>>>>
[INFO] [stdout]    3: <tokio::runtime::runtime::Runtime>::block_on::<core::pin::Pin<&mut dyn core::future::future::Future<Output = core::result::Result<(), anyhow::Error>>>>
[INFO] [stdout]    4: <testcontainers::runners::async_runner::tests::async_run_command_should_map_exposed_port_udp_sctp::{closure#0} as core::ops::function::FnOnce<()>>::call_once
[INFO] [stdout]    5: test::__rust_begin_short_backtrace::<core::result::Result<(), alloc::string::String>, fn() -> core::result::Result<(), alloc::string::String>>
[INFO] [stdout]    6: test::run_test::{closure#0}
[INFO] [stdout]    7: std::sys::backtrace::__rust_begin_short_backtrace::<test::run_test::{closure#1}, ()>
[INFO] [stdout]    8: <std::thread::lifecycle::spawn_unchecked<test::run_test::{closure#1}, ()>::{closure#1} as core::ops::function::FnOnce<()>>::call_once::{shim:vtable#0}
[INFO] [stdout]    9: <std::sys::thread::unix::Thread>::new::thread_start
[INFO] [stdout]   10: <unknown>
[INFO] [stdout]   11: clone
[INFO] [stdout] 
[INFO] [stdout] ---- runners::async_runner::tests::async_run_command_should_map_ports_udp_sctp stdout ----
[INFO] [stdout] Error: failed to initialize a docker client: Socket not found: /var/run/docker.sock
[INFO] [stdout] 
[INFO] [stdout] Stack backtrace:
[INFO] [stdout]    0: <anyhow::Error as core::convert::From<testcontainers::core::client::ClientError>>::from
[INFO] [stdout]    1: testcontainers::runners::async_runner::tests::async_run_command_should_map_ports_udp_sctp::{closure#0}
[INFO] [stdout]    2: <tokio::runtime::scheduler::current_thread::CurrentThread>::block_on::<core::pin::Pin<&mut dyn core::future::future::Future<Output = core::result::Result<(), anyhow::Error>>>>
[INFO] [stdout]    3: <tokio::runtime::runtime::Runtime>::block_on::<core::pin::Pin<&mut dyn core::future::future::Future<Output = core::result::Result<(), anyhow::Error>>>>
[INFO] [stdout]    4: <testcontainers::runners::async_runner::tests::async_run_command_should_map_ports_udp_sctp::{closure#0} as core::ops::function::FnOnce<()>>::call_once
[INFO] [stdout]    5: test::__rust_begin_short_backtrace::<core::result::Result<(), alloc::string::String>, fn() -> core::result::Result<(), alloc::string::String>>
[INFO] [stdout]    6: test::run_test::{closure#0}
[INFO] [stdout]    7: std::sys::backtrace::__rust_begin_short_backtrace::<test::run_test::{closure#1}, ()>
[INFO] [stdout]    8: <std::thread::lifecycle::spawn_unchecked<test::run_test::{closure#1}, ()>::{closure#1} as core::ops::function::FnOnce<()>>::call_once::{shim:vtable#0}
[INFO] [stdout]    9: <std::sys::thread::unix::Thread>::new::thread_start
[INFO] [stdout]   10: <unknown>
[INFO] [stdout]   11: clone
[INFO] [stdout] 
[INFO] [stdout] ---- runners::async_runner::tests::async_run_command_should_set_shared_memory_size stdout ----
[INFO] [stdout] Error: failed to initialize a docker client: Socket not found: /var/run/docker.sock
[INFO] [stdout] 
[INFO] [stdout] Stack backtrace:
[INFO] [stdout]    0: <anyhow::Error as core::convert::From<testcontainers::core::client::ClientError>>::from
[INFO] [stdout]    1: testcontainers::runners::async_runner::tests::async_run_command_should_set_shared_memory_size::{closure#0}
[INFO] [stdout]    2: <tokio::runtime::scheduler::current_thread::CurrentThread>::block_on::<core::pin::Pin<&mut dyn core::future::future::Future<Output = core::result::Result<(), anyhow::Error>>>>
[INFO] [stdout]    3: <tokio::runtime::runtime::Runtime>::block_on::<core::pin::Pin<&mut dyn core::future::future::Future<Output = core::result::Result<(), anyhow::Error>>>>
[INFO] [stdout]    4: <testcontainers::runners::async_runner::tests::async_run_command_should_set_shared_memory_size::{closure#0} as core::ops::function::FnOnce<()>>::call_once
[INFO] [stdout]    5: test::__rust_begin_short_backtrace::<core::result::Result<(), alloc::string::String>, fn() -> core::result::Result<(), alloc::string::String>>
[INFO] [stdout]    6: test::run_test::{closure#0}
[INFO] [stdout]    7: std::sys::backtrace::__rust_begin_short_backtrace::<test::run_test::{closure#1}, ()>
[INFO] [stdout]    8: <std::thread::lifecycle::spawn_unchecked<test::run_test::{closure#1}, ()>::{closure#1} as core::ops::function::FnOnce<()>>::call_once::{shim:vtable#0}
[INFO] [stdout]    9: <std::sys::thread::unix::Thread>::new::thread_start
[INFO] [stdout]   10: <unknown>
[INFO] [stdout]   11: clone
[INFO] [stdout] 
[INFO] [stdout] ---- runners::async_runner::tests::async_should_create_network_if_image_needs_it_and_drop_it_in_the_end stdout ----
[INFO] [stdout] Error: failed to initialize a docker client: Socket not found: /var/run/docker.sock
[INFO] [stdout] 
[INFO] [stdout] Stack backtrace:
[INFO] [stdout]    0: <anyhow::Error as core::convert::From<testcontainers::core::client::ClientError>>::from
[INFO] [stdout]    1: testcontainers::runners::async_runner::tests::async_should_create_network_if_image_needs_it_and_drop_it_in_the_end::{closure#0}
[INFO] [stdout]    2: <tokio::runtime::scheduler::current_thread::CurrentThread>::block_on::<core::pin::Pin<&mut dyn core::future::future::Future<Output = core::result::Result<(), anyhow::Error>>>>
[INFO] [stdout]    3: <tokio::runtime::runtime::Runtime>::block_on::<core::pin::Pin<&mut dyn core::future::future::Future<Output = core::result::Result<(), anyhow::Error>>>>
[INFO] [stdout]    4: <testcontainers::runners::async_runner::tests::async_should_create_network_if_image_needs_it_and_drop_it_in_the_end::{closure#0} as core::ops::function::FnOnce<()>>::call_once
[INFO] [stdout]    5: test::__rust_begin_short_backtrace::<core::result::Result<(), alloc::string::String>, fn() -> core::result::Result<(), alloc::string::String>>
[INFO] [stdout]    6: test::run_test::{closure#0}
[INFO] [stdout]    7: std::sys::backtrace::__rust_begin_short_backtrace::<test::run_test::{closure#1}, ()>
[INFO] [stdout]    8: <std::thread::lifecycle::spawn_unchecked<test::run_test::{closure#1}, ()>::{closure#1} as core::ops::function::FnOnce<()>>::call_once::{shim:vtable#0}
[INFO] [stdout]    9: <std::sys::thread::unix::Thread>::new::thread_start
[INFO] [stdout]   10: <unknown>
[INFO] [stdout]   11: clone
[INFO] [stdout] 
[INFO] [stdout] ---- runners::async_runner::tests::async_start_should_apply_expected_labels stdout ----
[INFO] [stdout] Error: failed to initialize a docker client: Socket not found: /var/run/docker.sock
[INFO] [stdout] 
[INFO] [stdout] Stack backtrace:
[INFO] [stdout]    0: <anyhow::Error as core::convert::From<testcontainers::core::error::TestcontainersError>>::from
[INFO] [stdout]    1: testcontainers::runners::async_runner::tests::async_start_should_apply_expected_labels::{closure#0}
[INFO] [stdout]    2: <tokio::runtime::scheduler::current_thread::CurrentThread>::block_on::<core::pin::Pin<&mut dyn core::future::future::Future<Output = core::result::Result<(), anyhow::Error>>>>
[INFO] [stdout]    3: <tokio::runtime::runtime::Runtime>::block_on::<core::pin::Pin<&mut dyn core::future::future::Future<Output = core::result::Result<(), anyhow::Error>>>>
[INFO] [stdout]    4: <testcontainers::runners::async_runner::tests::async_start_should_apply_expected_labels::{closure#0} as core::ops::function::FnOnce<()>>::call_once
[INFO] [stdout]    5: test::__rust_begin_short_backtrace::<core::result::Result<(), alloc::string::String>, fn() -> core::result::Result<(), alloc::string::String>>
[INFO] [stdout]    6: test::run_test::{closure#0}
[INFO] [stdout]    7: std::sys::backtrace::__rust_begin_short_backtrace::<test::run_test::{closure#1}, ()>
[INFO] [stdout]    8: <std::thread::lifecycle::spawn_unchecked<test::run_test::{closure#1}, ()>::{closure#1} as core::ops::function::FnOnce<()>>::call_once::{shim:vtable#0}
[INFO] [stdout]    9: <std::sys::thread::unix::Thread>::new::thread_start
[INFO] [stdout]   10: <unknown>
[INFO] [stdout]   11: clone
[INFO] [stdout] 
[INFO] [stdout] 
[INFO] [stdout] failures:
[INFO] [stdout]     core::client::tests::test_client_pull_image_with_platform
[INFO] [stdout]     core::containers::async_container::tests::async_containers_custom_ready_conditions_are_used
[INFO] [stdout]     core::containers::async_container::tests::async_custom_healthcheck_is_applied
[INFO] [stdout]     core::containers::async_container::tests::async_logs_are_accessible
[INFO] [stdout]     runners::async_builder::tests::build_image_and_run
[INFO] [stdout]     runners::async_builder::tests::build_image_parallel_with_skip_if_exists
[INFO] [stdout]     runners::async_builder::tests::build_image_skip_if_exists
[INFO] [stdout]     runners::async_builder::tests::build_image_with_build_args
[INFO] [stdout]     runners::async_builder::tests::build_image_with_options
[INFO] [stdout]     runners::async_runner::tests::async_run_command_should_expose_all_ports_if_no_explicit_mapping_requested
[INFO] [stdout]     runners::async_runner::tests::async_run_command_should_expose_only_requested_ports
[INFO] [stdout]     runners::async_runner::tests::async_run_command_should_have_cap_add
[INFO] [stdout]     runners::async_runner::tests::async_run_command_should_have_cap_drop
[INFO] [stdout]     runners::async_runner::tests::async_run_command_should_have_host_cgroupns_mode
[INFO] [stdout]     runners::async_runner::tests::async_run_command_should_have_host_userns_mode
[INFO] [stdout]     runners::async_runner::tests::async_run_command_should_have_private_cgroupns_mode
[INFO] [stdout]     runners::async_runner::tests::async_run_command_should_have_user
[INFO] [stdout]     runners::async_runner::tests::async_run_command_should_have_working_dir
[INFO] [stdout]     runners::async_runner::tests::async_run_command_should_include_name
[INFO] [stdout]     runners::async_runner::tests::async_run_command_should_include_network
[INFO] [stdout]     runners::async_runner::tests::async_run_command_should_include_privileged
[INFO] [stdout]     runners::async_runner::tests::async_run_command_should_include_ulimits
[INFO] [stdout]     runners::async_runner::tests::async_run_command_should_map_exposed_port
[INFO] [stdout]     runners::async_runner::tests::async_run_command_should_map_exposed_port_udp_sctp
[INFO] [stdout]     runners::async_runner::tests::async_run_command_should_map_ports_udp_sctp
[INFO] [stdout]     runners::async_runner::tests::async_run_command_should_set_shared_memory_size
[INFO] [stdout]     runners::async_runner::tests::async_should_create_network_if_image_needs_it_and_drop_it_in_the_end
[INFO] [stdout]     runners::async_runner::tests::async_should_rely_on_network_mode_when_network_is_provided_and_settings_bridge_empty
[INFO] [stdout]     runners::async_runner::tests::async_should_return_error_when_non_bridged_network_selected
[INFO] [stdout]     runners::async_runner::tests::async_start_should_apply_expected_labels
[INFO] [stdout] 
[INFO] [stdout] test result: FAILED. 38 passed; 30 failed; 0 ignored; 0 measured; 0 filtered out; finished in 0.07s
[INFO] [stdout] 
[INFO] running `Command { std: "docker" "inspect" "dabf4cab328e72de04dfb105d77b345c80261121365902ed1ebc8132a4b07851", kill_on_drop: false }`
[INFO] running `Command { std: "docker" "rm" "-f" "dabf4cab328e72de04dfb105d77b345c80261121365902ed1ebc8132a4b07851", kill_on_drop: false }`
[INFO] [stdout] dabf4cab328e72de04dfb105d77b345c80261121365902ed1ebc8132a4b07851
