[INFO] fetching crate test_crate_01 0.1.8...
[INFO] testing test_crate_01-0.1.8 against 1.99.0-beta.8+cargoflags=--release for beta-release-1.100-2
[INFO] extracting crate test_crate_01 0.1.8 into /workspace/builds/worker-5-tc1/source
[INFO] started tweaking crates.io crate test_crate_01 0.1.8
[INFO] finished tweaking crates.io crate test_crate_01 0.1.8
[INFO] tweaked toml for crates.io crate test_crate_01 0.1.8 written to /workspace/builds/worker-5-tc1/source/Cargo.toml
[INFO] validating manifest of crates.io crate test_crate_01 0.1.8 on toolchain 1.99.0-beta.8
[INFO] running `Command { std: CARGO_HOME="/workspace/cargo-home" RUSTUP_HOME="/workspace/rustup-home" "/workspace/cargo-home/bin/cargo" "+1.99.0-beta.8" "metadata" "--manifest-path" "Cargo.toml" "--no-deps", kill_on_drop: false }`
[INFO] running `Command { std: CARGO_HOME="/workspace/cargo-home" RUSTUP_HOME="/workspace/rustup-home" "/workspace/cargo-home/bin/cargo" "+1.99.0-beta.8" "generate-lockfile" "--manifest-path" "Cargo.toml", kill_on_drop: false }`
[INFO] running `Command { std: CARGO_HOME="/workspace/cargo-home" RUSTUP_HOME="/workspace/rustup-home" "/workspace/cargo-home/bin/cargo" "+1.99.0-beta.8" "fetch" "--manifest-path" "Cargo.toml", kill_on_drop: false }`
[INFO] running `Command { std: "docker" "create" "-v" "/var/lib/crater-agent-workspace/builds/worker-5-tc1/source:/opt/rustwide/workdir:ro,Z" "-v" "/var/lib/crater-agent-workspace/builds/worker-5-tc1/target:/opt/rustwide/target:rw,Z" "-v" "/var/lib/crater-agent-workspace/cargo-home:/opt/rustwide/cargo-home:ro,Z" "-v" "/var/lib/crater-agent-workspace/rustup-home:/opt/rustwide/rustup-home:ro,Z" "-m" "1610612736" "--network" "none" "ghcr.io/rust-lang/crates-build-env/linux@sha256:77db811e55d90add9212f6832c23229e3de5f1c1f9905e8cb07319ea15df73ac" "sleep" "infinity", kill_on_drop: false }`
[INFO] [stdout] adea34413f3441dd69fc4a3b75b719502770e67976b83196b8a57805b12695be
[INFO] running `Command { std: "docker" "start" "adea34413f3441dd69fc4a3b75b719502770e67976b83196b8a57805b12695be", kill_on_drop: false }`
[INFO] running `Command { std: "docker" "inspect" "adea34413f3441dd69fc4a3b75b719502770e67976b83196b8a57805b12695be", kill_on_drop: false }`
[INFO] running `Command { std: "docker" "exec" "-e" "SOURCE_DIR=/opt/rustwide/workdir" "-e" "CARGO_HOME=/opt/rustwide/cargo-home" "-e" "RUSTUP_HOME=/opt/rustwide/rustup-home" "-e" "CARGO_TARGET_DIR=/opt/rustwide/target" "-w" "/opt/rustwide/workdir" "--user" "0:0" "adea34413f3441dd69fc4a3b75b719502770e67976b83196b8a57805b12695be" "/opt/rustwide/cargo-home/bin/cargo" "+1.99.0-beta.8" "metadata" "--no-deps" "--format-version=1", kill_on_drop: false }`
[INFO] running `Command { std: "docker" "inspect" "adea34413f3441dd69fc4a3b75b719502770e67976b83196b8a57805b12695be", kill_on_drop: false }`
[INFO] running `Command { std: "docker" "exec" "-e" "SOURCE_DIR=/opt/rustwide/workdir" "-e" "CARGO_HOME=/opt/rustwide/cargo-home" "-e" "RUSTUP_HOME=/opt/rustwide/rustup-home" "-e" "CARGO_TARGET_DIR=/opt/rustwide/target" "-e" "CARGO_INCREMENTAL=0" "-e" "RUST_BACKTRACE=full" "-e" "RUSTFLAGS=--cap-lints=warn" "-e" "RUSTDOCFLAGS=--cap-lints=warn" "-w" "/opt/rustwide/workdir" "--user" "0:0" "adea34413f3441dd69fc4a3b75b719502770e67976b83196b8a57805b12695be" "/opt/rustwide/cargo-home/bin/cargo" "+1.99.0-beta.8" "build" "--frozen" "--message-format=json" "--release", kill_on_drop: false }`
[INFO] [stderr]    Compiling test_crate_01 v0.1.8 (/opt/rustwide/workdir)
[INFO] [stderr]     Finished `release` profile [optimized] target(s) in 0.13s
[INFO] running `Command { std: "docker" "inspect" "adea34413f3441dd69fc4a3b75b719502770e67976b83196b8a57805b12695be", kill_on_drop: false }`
[INFO] running `Command { std: "docker" "exec" "-e" "SOURCE_DIR=/opt/rustwide/workdir" "-e" "CARGO_HOME=/opt/rustwide/cargo-home" "-e" "RUSTUP_HOME=/opt/rustwide/rustup-home" "-e" "CARGO_TARGET_DIR=/opt/rustwide/target" "-e" "CARGO_INCREMENTAL=0" "-e" "RUST_BACKTRACE=full" "-e" "RUSTFLAGS=--cap-lints=warn" "-e" "RUSTDOCFLAGS=--cap-lints=warn" "-w" "/opt/rustwide/workdir" "--user" "0:0" "adea34413f3441dd69fc4a3b75b719502770e67976b83196b8a57805b12695be" "/opt/rustwide/cargo-home/bin/cargo" "+1.99.0-beta.8" "test" "--frozen" "--no-run" "--message-format=json" "--release", kill_on_drop: false }`
[INFO] [stderr]    Compiling test_crate_01 v0.1.8 (/opt/rustwide/workdir)
[INFO] [stderr]     Finished `release` profile [optimized] target(s) in 0.14s
[INFO] running `Command { std: "docker" "inspect" "adea34413f3441dd69fc4a3b75b719502770e67976b83196b8a57805b12695be", kill_on_drop: false }`
[INFO] running `Command { std: "docker" "exec" "-e" "SOURCE_DIR=/opt/rustwide/workdir" "-e" "CARGO_HOME=/opt/rustwide/cargo-home" "-e" "RUSTUP_HOME=/opt/rustwide/rustup-home" "-e" "CARGO_TARGET_DIR=/opt/rustwide/target" "-e" "CARGO_INCREMENTAL=0" "-e" "RUST_BACKTRACE=full" "-e" "RUSTFLAGS=--cap-lints=warn" "-e" "RUSTDOCFLAGS=--cap-lints=warn" "-w" "/opt/rustwide/workdir" "--user" "0:0" "adea34413f3441dd69fc4a3b75b719502770e67976b83196b8a57805b12695be" "/opt/rustwide/cargo-home/bin/cargo" "+1.99.0-beta.8" "test" "--frozen" "--release", kill_on_drop: false }`
[INFO] [stderr]     Finished `release` profile [optimized] target(s) in 0.04s
[INFO] [stderr]      Running unittests src/lib.rs (/opt/rustwide/target/release/deps/test_crate_01-29ab552ceb8778bf)
[INFO] [stdout] 
[INFO] [stdout] running 4 tests
[INFO] [stdout] test tests::it_works ... ok
[INFO] [stdout] test tests::it_works3 ... ok
[INFO] [stdout] test tests::it_works4 ... ok
[INFO] [stdout] test tests::it_works2 ... ok
[INFO] [stdout] 
[INFO] [stdout] test result: ok. 4 passed; 0 failed; 0 ignored; 0 measured; 0 filtered out; finished in 0.00s
[INFO] [stdout] 
[INFO] [stderr]    Doc-tests test_crate_01
[INFO] [stdout] 
[INFO] [stdout] running 4 tests
[INFO] [stdout] test src/lib.rs - get_data (line 82) ... FAILED
[INFO] [stdout] test src/lib.rs - perimeter (line 60) ... FAILED
[INFO] [stdout] test src/lib.rs - volume (line 40) ... FAILED
[INFO] [stdout] test src/lib.rs - area (line 19) ... FAILED
[INFO] [stdout] 
[INFO] [stdout] failures:
[INFO] [stdout] 
[INFO] [stdout] ---- src/lib.rs - get_data (line 82) stdout ----
[INFO] [stdout] error[E0433]: cannot find module or crate `test_crate` in this scope
[INFO] [stdout]   --> src/lib.rs:83:14
[INFO] [stdout]    |
[INFO] [stdout] 83 | let result = test_crate::get_data((5,2,3));
[INFO] [stdout]    |              ^^^^^^^^^^ use of unresolved module or unlinked crate `test_crate`
[INFO] [stdout]    |
[INFO] [stdout] help: there is a crate or module with a similar name
[INFO] [stdout]    |
[INFO] [stdout] 83 | let result = test_crate_01::get_data((5,2,3));
[INFO] [stdout]    |                        +++
[INFO] [stdout] 
[INFO] [stdout] error: aborting due to 1 previous error
[INFO] [stdout] 
[INFO] [stdout] For more information about this error, try `rustc --explain E0433`.
[INFO] [stdout] Couldn't compile the test.
[INFO] [stdout] ---- src/lib.rs - perimeter (line 60) stdout ----
[INFO] [stdout] error[E0433]: cannot find module or crate `test_crate` in this scope
[INFO] [stdout]   --> src/lib.rs:61:14
[INFO] [stdout]    |
[INFO] [stdout] 61 | let result = test_crate::perimeter(5,2);
[INFO] [stdout]    |              ^^^^^^^^^^ use of unresolved module or unlinked crate `test_crate`
[INFO] [stdout]    |
[INFO] [stdout] help: there is a crate or module with a similar name
[INFO] [stdout]    |
[INFO] [stdout] 61 | let result = test_crate_01::perimeter(5,2);
[INFO] [stdout]    |                        +++
[INFO] [stdout] 
[INFO] [stdout] error: aborting due to 1 previous error
[INFO] [stdout] 
[INFO] [stdout] For more information about this error, try `rustc --explain E0433`.
[INFO] [stdout] Couldn't compile the test.
[INFO] [stdout] ---- src/lib.rs - volume (line 40) stdout ----
[INFO] [stdout] error[E0433]: cannot find module or crate `test_crate` in this scope
[INFO] [stdout]   --> src/lib.rs:41:14
[INFO] [stdout]    |
[INFO] [stdout] 41 | let result = test_crate::volume(5,2,3);
[INFO] [stdout]    |              ^^^^^^^^^^ use of unresolved module or unlinked crate `test_crate`
[INFO] [stdout]    |
[INFO] [stdout] help: there is a crate or module with a similar name
[INFO] [stdout]    |
[INFO] [stdout] 41 | let result = test_crate_01::volume(5,2,3);
[INFO] [stdout]    |                        +++
[INFO] [stdout] 
[INFO] [stdout] error: aborting due to 1 previous error
[INFO] [stdout] 
[INFO] [stdout] For more information about this error, try `rustc --explain E0433`.
[INFO] [stdout] Couldn't compile the test.
[INFO] [stdout] ---- src/lib.rs - area (line 19) stdout ----
[INFO] [stdout] error[E0433]: cannot find module or crate `test_crate` in this scope
[INFO] [stdout]   --> src/lib.rs:20:14
[INFO] [stdout]    |
[INFO] [stdout] 20 | let result = test_crate::area(5,2);
[INFO] [stdout]    |              ^^^^^^^^^^ use of unresolved module or unlinked crate `test_crate`
[INFO] [stdout]    |
[INFO] [stdout] help: there is a crate or module with a similar name
[INFO] [stdout]    |
[INFO] [stdout] 20 | let result = test_crate_01::area(5,2);
[INFO] [stdout]    |                        +++
[INFO] [stdout] 
[INFO] [stdout] error: aborting due to 1 previous error
[INFO] [stdout] 
[INFO] [stdout] For more information about this error, try `rustc --explain E0433`.
[INFO] [stdout] Couldn't compile the test.
[INFO] [stdout] 
[INFO] [stdout] failures:
[INFO] [stdout]     src/lib.rs - area (line 19)
[INFO] [stdout]     src/lib.rs - get_data (line 82)
[INFO] [stdout]     src/lib.rs - perimeter (line 60)
[INFO] [stdout]     src/lib.rs - volume (line 40)
[INFO] [stdout] 
[INFO] [stdout] test result: FAILED. 0 passed; 4 failed; 0 ignored; 0 measured; 0 filtered out; finished in 0.17s
[INFO] [stdout] 
[INFO] [stderr] error: doctest failed, to rerun pass `--doc`
[INFO] running `Command { std: "docker" "inspect" "adea34413f3441dd69fc4a3b75b719502770e67976b83196b8a57805b12695be", kill_on_drop: false }`
[INFO] running `Command { std: "docker" "rm" "-f" "adea34413f3441dd69fc4a3b75b719502770e67976b83196b8a57805b12695be", kill_on_drop: false }`
[INFO] [stdout] adea34413f3441dd69fc4a3b75b719502770e67976b83196b8a57805b12695be
